113.211.131.131 - - [08/Oct/2025:06:24:03 +0000] "GET /wp-content/uploads/2025/08/N0004-b-569x758.jpg HTTP/1.1" 200 60109 "https://sweetmassagekl.net/premium-b2b-massage-kuala-lumpur-sensual-services/" "Mozilla/5.0 (Linux; Android 10; K) AppleWebKit/537.36 (KHTML, like Gecko) Chrome/140.0.0.0 Mobile Safari/537.36"
113.211.131.131 - - [08/Oct/2025:06:24:04 +0000] "GET /wp-content/uploads/2025/06/N0004-569x758.jpg HTTP/1.1" 200 63647 "https://sweetmassagekl.net/premium-b2b-massage-kuala-lumpur-sensual-services/" "Mozilla/5.0 (Linux; Android 10; K) AppleWebKit/537.36 (KHTML, like Gecko) Chrome/140.0.0.0 Mobile Safari/537.36"
113.211.131.131 - - [08/Oct/2025:06:24:09 +0000] "GET /wp-content/uploads/2025/08/N0004-b.jpg HTTP/1.1" 200 174680 "https://sweetmassagekl.net/premium-b2b-massage-kuala-lumpur-sensual-services/" "Mozilla/5.0 (Linux; Android 10; K) AppleWebKit/537.36 (KHTML, like Gecko) Chrome/140.0.0.0 Mobile Safari/537.36"
113.211.131.131 - - [08/Oct/2025:06:24:09 +0000] "GET /wp-content/uploads/2025/08/N0004-c.jpg HTTP/1.1" 200 121131 "https://sweetmassagekl.net/premium-b2b-massage-kuala-lumpur-sensual-services/" "Mozilla/5.0 (Linux; Android 10; K) AppleWebKit/537.36 (KHTML, like Gecko) Chrome/140.0.0.0 Mobile Safari/537.36"
113.211.131.131 - - [08/Oct/2025:06:24:03 +0000] "GET /wp-content/uploads/2025/08/N0004-mov.mp4 HTTP/1.1" 206 6027587 "https://sweetmassagekl.net/premium-b2b-massage-kuala-lumpur-sensual-services/" "Mozilla/5.0 (Linux; Android 10; K) AppleWebKit/537.36 (KHTML, like Gecko) Chrome/140.0.0.0 Mobile Safari/537.36"
113.211.131.131 - - [08/Oct/2025:06:24:15 +0000] "GET /wp-content/uploads/2025/08/N0004-d.jpg HTTP/1.1" 200 120391 "https://sweetmassagekl.net/premium-b2b-massage-kuala-lumpur-sensual-services/" "Mozilla/5.0 (Linux; Android 10; K) AppleWebKit/537.36 (KHTML, like Gecko) Chrome/140.0.0.0 Mobile Safari/537.36"
113.211.131.131 - - [08/Oct/2025:06:24:16 +0000] "GET /wp-content/uploads/2025/08/N0004-e.jpg HTTP/1.1" 200 129081 "https://sweetmassagekl.net/premium-b2b-massage-kuala-lumpur-sensual-services/" "Mozilla/5.0 (Linux; Android 10; K) AppleWebKit/537.36 (KHTML, like Gecko) Chrome/140.0.0.0 Mobile Safari/537.36"
203.161.56.247 - - [08/Oct/2025:06:24:26 +0000] "POST /wp-cron.php?doing_wp_cron=1759904666.2710700035095214843750 HTTP/1.1" 200 - "-" "WordPress/6.8.3; https://sweetmassagekl.net"
113.211.131.131 - - [08/Oct/2025:06:24:25 +0000] "GET /kl-escort-model-sexy-girl-kuala-lumpur/ HTTP/1.1" 200 17324 "https://sweetmassagekl.net/b2b-sensual-massage-kuala-lumpur/" "Mozilla/5.0 (Linux; Android 10; K) AppleWebKit/537.36 (KHTML, like Gecko) Chrome/140.0.0.0 Mobile Safari/537.36"
113.211.131.131 - - [08/Oct/2025:06:24:27 +0000] "GET /n0002/ HTTP/1.1" 200 17154 "https://sweetmassagekl.net/b2b-sensual-massage-kuala-lumpur/" "Mozilla/5.0 (Linux; Android 10; K) AppleWebKit/537.36 (KHTML, like Gecko) Chrome/140.0.0.0 Mobile Safari/537.36"
113.211.131.131 - - [08/Oct/2025:06:24:28 +0000] "GET /n0002/ HTTP/1.1" 200 17154 "https://sweetmassagekl.net/b2b-sensual-massage-kuala-lumpur/" "Mozilla/5.0 (Linux; Android 10; K) AppleWebKit/537.36 (KHTML, like Gecko) Chrome/140.0.0.0 Mobile Safari/537.36"
203.161.56.247 - - [08/Oct/2025:06:24:42 +0000] "POST /wp-cron.php?doing_wp_cron=1759904682.0021948814392089843750 HTTP/1.1" 200 - "-" "WordPress/6.8.3; https://sweetmassagekl.net"
113.211.131.131 - - [08/Oct/2025:06:24:40 +0000] "GET /n0001/ HTTP/1.1" 200 17234 "https://sweetmassagekl.net/n0002/" "Mozilla/5.0 (Linux; Android 10; K) AppleWebKit/537.36 (KHTML, like Gecko) Chrome/140.0.0.0 Mobile Safari/537.36"
113.211.131.131 - - [08/Oct/2025:06:24:55 +0000] "GET / HTTP/1.1" 200 21772 "https://sweetmassagekl.net/n0001/" "Mozilla/5.0 (Linux; Android 10; K) AppleWebKit/537.36 (KHTML, like Gecko) Chrome/140.0.0.0 Mobile Safari/537.36"
203.161.56.247 - - [08/Oct/2025:06:25:18 +0000] "POST /wp-cron.php?doing_wp_cron=1759904718.7794399261474609375000 HTTP/1.1" 200 - "-" "WordPress/6.8.3; https://sweetmassagekl.net"
113.211.131.131 - - [08/Oct/2025:06:25:17 +0000] "GET /n0002/ HTTP/1.1" 200 17154 "https://sweetmassagekl.net/" "Mozilla/5.0 (Linux; Android 10; K) AppleWebKit/537.36 (KHTML, like Gecko) Chrome/140.0.0.0 Mobile Safari/537.36"
113.211.131.131 - - [08/Oct/2025:06:25:19 +0000] "GET / HTTP/1.1" 200 21778 "https://sweetmassagekl.net/" "Mozilla/5.0 (Linux; Android 10; K) AppleWebKit/537.36 (KHTML, like Gecko) Chrome/140.0.0.0 Mobile Safari/537.36"
203.161.56.247 - - [08/Oct/2025:06:25:31 +0000] "POST /wp-cron.php?doing_wp_cron=1759904731.5463509559631347656250 HTTP/1.1" 200 - "-" "WordPress/6.8.3; https://sweetmassagekl.net"
113.211.131.131 - - [08/Oct/2025:06:25:30 +0000] "GET /kl-escort-model-sexy-girl-kuala-lumpur/ HTTP/1.1" 200 17323 "https://sweetmassagekl.net/n0001/" "Mozilla/5.0 (Linux; Android 10; K) AppleWebKit/537.36 (KHTML, like Gecko) Chrome/140.0.0.0 Mobile Safari/537.36"
203.161.56.247 - - [08/Oct/2025:06:28:27 +0000] "POST /wp-cron.php?doing_wp_cron=1759904907.4320330619812011718750 HTTP/1.1" 200 - "-" "WordPress/6.8.3; https://sweetmassagekl.net"
103.116.44.84 - - [08/Oct/2025:06:28:25 +0000] "GET / HTTP/1.1" 200 21792 "http://www.openurls.com.cn/" "Mozilla/5.0 (Windows NT 10.0; Win64; x64) AppleWebKit/537.36 (KHTML, like Gecko) Chrome/140.0.0.0 Safari/537.36"
103.116.44.92 - - [08/Oct/2025:06:28:29 +0000] "GET / HTTP/1.1" 200 21782 "http://www.openurls.com.cn/" "Mozilla/5.0 (Windows NT 10.0; Win64; x64) AppleWebKit/537.36 (KHTML, like Gecko) Chrome/140.0.0.0 Safari/537.36"
103.116.44.92 - - [08/Oct/2025:06:28:31 +0000] "GET /wp-includes/css/dist/block-library/style.min.css?ver=6.8.3 HTTP/1.1" 200 15315 "https://sweetmassagekl.net/" "Mozilla/5.0 (Windows NT 10.0; Win64; x64) AppleWebKit/537.36 (KHTML, like Gecko) Chrome/140.0.0.0 Safari/537.36"
103.116.44.92 - - [08/Oct/2025:06:28:31 +0000] "GET /wp-content/plugins/html5-video-player/build/blocks/view.css?ver=6.8.3 HTTP/1.1" 200 7111 "https://sweetmassagekl.net/" "Mozilla/5.0 (Windows NT 10.0; Win64; x64) AppleWebKit/537.36 (KHTML, like Gecko) Chrome/140.0.0.0 Safari/537.36"
103.116.44.100 - - [08/Oct/2025:06:28:32 +0000] "GET /wp-content/plugins/contact-form-7/includes/css/styles.css?ver=6.1.2 HTTP/1.1" 200 1031 "https://sweetmassagekl.net/" "Mozilla/5.0 (Windows NT 10.0; Win64; x64) AppleWebKit/537.36 (KHTML, like Gecko) Chrome/140.0.0.0 Safari/537.36"
103.116.44.93 - - [08/Oct/2025:06:28:32 +0000] "GET /wp-content/themes/dt-the7/fonts/icomoon-the7-font/icomoon-the7-font.min.css?ver=12.9.1 HTTP/1.1" 200 3014 "https://sweetmassagekl.net/" "Mozilla/5.0 (Windows NT 10.0; Win64; x64) AppleWebKit/537.36 (KHTML, like Gecko) Chrome/140.0.0.0 Safari/537.36"
103.116.44.100 - - [08/Oct/2025:06:28:32 +0000] "GET /wp-content/themes/dt-the7/fonts/FontAwesome/css/all.min.css?ver=12.9.1 HTTP/1.1" 200 21501 "https://sweetmassagekl.net/" "Mozilla/5.0 (Windows NT 10.0; Win64; x64) AppleWebKit/537.36 (KHTML, like Gecko) Chrome/140.0.0.0 Safari/537.36"
103.116.44.93 - - [08/Oct/2025:06:28:32 +0000] "GET /wp-content/themes/dt-the7/fonts/FontAwesome/back-compat.min.css?ver=12.9.1 HTTP/1.1" 200 4073 "https://sweetmassagekl.net/" "Mozilla/5.0 (Windows NT 10.0; Win64; x64) AppleWebKit/537.36 (KHTML, like Gecko) Chrome/140.0.0.0 Safari/537.36"
103.116.44.100 - - [08/Oct/2025:06:28:32 +0000] "GET /wp-content/uploads/smile_fonts/icomoon-font-awesome-14x14/icomoon-font-awesome-14x14.css?ver=6.8.3 HTTP/1.1" 200 6599 "https://sweetmassagekl.net/" "Mozilla/5.0 (Windows NT 10.0; Win64; x64) AppleWebKit/537.36 (KHTML, like Gecko) Chrome/140.0.0.0 Safari/537.36"
103.116.44.100 - - [08/Oct/2025:06:28:32 +0000] "GET /wp-content/plugins/js_composer/assets/css/js_composer.min.css?ver=8.6.1 HTTP/1.1" 200 45657 "https://sweetmassagekl.net/" "Mozilla/5.0 (Windows NT 10.0; Win64; x64) AppleWebKit/537.36 (KHTML, like Gecko) Chrome/140.0.0.0 Safari/537.36"
103.116.44.93 - - [08/Oct/2025:06:28:32 +0000] "GET /wp-content/uploads/js_composer/custom.css?ver=8.6.1 HTTP/1.1" 200 102 "https://sweetmassagekl.net/" "Mozilla/5.0 (Windows NT 10.0; Win64; x64) AppleWebKit/537.36 (KHTML, like Gecko) Chrome/140.0.0.0 Safari/537.36"
103.116.44.92 - - [08/Oct/2025:06:28:33 +0000] "GET /wp-content/themes/dt-the7/css/main.min.css?ver=12.9.1 HTTP/1.1" 200 41703 "https://sweetmassagekl.net/" "Mozilla/5.0 (Windows NT 10.0; Win64; x64) AppleWebKit/537.36 (KHTML, like Gecko) Chrome/140.0.0.0 Safari/537.36"
103.116.44.99 - - [08/Oct/2025:06:28:33 +0000] "GET /wp-content/themes/dt-the7/lib/custom-scrollbar/custom-scrollbar.min.css?ver=12.9.1 HTTP/1.1" 200 1522 "https://sweetmassagekl.net/" "Mozilla/5.0 (Windows NT 10.0; Win64; x64) AppleWebKit/537.36 (KHTML, like Gecko) Chrome/140.0.0.0 Safari/537.36"
103.116.44.100 - - [08/Oct/2025:06:28:33 +0000] "GET /wp-content/themes/dt-the7/css/wpbakery.min.css?ver=12.9.1 HTTP/1.1" 200 4406 "https://sweetmassagekl.net/" "Mozilla/5.0 (Windows NT 10.0; Win64; x64) AppleWebKit/537.36 (KHTML, like Gecko) Chrome/140.0.0.0 Safari/537.36"
103.116.44.93 - - [08/Oct/2025:06:28:33 +0000] "GET /wp-content/plugins/dt-the7-core/assets/css/post-type.min.css?ver=2.7.12 HTTP/1.1" 200 6245 "https://sweetmassagekl.net/" "Mozilla/5.0 (Windows NT 10.0; Win64; x64) AppleWebKit/537.36 (KHTML, like Gecko) Chrome/140.0.0.0 Safari/537.36"
103.116.44.94 - - [08/Oct/2025:06:28:33 +0000] "GET /wp-content/uploads/the7-css/css-vars.css?ver=535eb982793e HTTP/1.1" 200 4417 "https://sweetmassagekl.net/" "Mozilla/5.0 (Windows NT 10.0; Win64; x64) AppleWebKit/537.36 (KHTML, like Gecko) Chrome/140.0.0.0 Safari/537.36"
103.116.44.99 - - [08/Oct/2025:06:28:33 +0000] "GET /wp-content/uploads/the7-css/custom.css?ver=535eb982793e HTTP/1.1" 200 30732 "https://sweetmassagekl.net/" "Mozilla/5.0 (Windows NT 10.0; Win64; x64) AppleWebKit/537.36 (KHTML, like Gecko) Chrome/140.0.0.0 Safari/537.36"
103.116.44.100 - - [08/Oct/2025:06:28:33 +0000] "GET /wp-content/uploads/the7-css/media.css?ver=535eb982793e HTTP/1.1" 200 9475 "https://sweetmassagekl.net/" "Mozilla/5.0 (Windows NT 10.0; Win64; x64) AppleWebKit/537.36 (KHTML, like Gecko) Chrome/140.0.0.0 Safari/537.36"
103.116.44.93 - - [08/Oct/2025:06:28:33 +0000] "GET /wp-content/uploads/the7-css/mega-menu.css?ver=535eb982793e HTTP/1.1" 200 2896 "https://sweetmassagekl.net/" "Mozilla/5.0 (Windows NT 10.0; Win64; x64) AppleWebKit/537.36 (KHTML, like Gecko) Chrome/140.0.0.0 Safari/537.36"
103.116.44.94 - - [08/Oct/2025:06:28:33 +0000] "GET /wp-content/uploads/the7-css/the7-elements-albums-portfolio.css?ver=535eb982793e HTTP/1.1" 200 2663 "https://sweetmassagekl.net/" "Mozilla/5.0 (Windows NT 10.0; Win64; x64) AppleWebKit/537.36 (KHTML, like Gecko) Chrome/140.0.0.0 Safari/537.36"
103.116.44.100 - - [08/Oct/2025:06:28:33 +0000] "GET /wp-content/uploads/the7-css/post-type-dynamic.css?ver=535eb982793e HTTP/1.1" 200 1298 "https://sweetmassagekl.net/" "Mozilla/5.0 (Windows NT 10.0; Win64; x64) AppleWebKit/537.36 (KHTML, like Gecko) Chrome/140.0.0.0 Safari/537.36"
103.116.44.93 - - [08/Oct/2025:06:28:33 +0000] "GET /wp-content/plugins/Ultimate_VC_Addons/assets/min-css/style.min.css?ver=3.21.1 HTTP/1.1" 200 2786 "https://sweetmassagekl.net/" "Mozilla/5.0 (Windows NT 10.0; Win64; x64) AppleWebKit/537.36 (KHTML, like Gecko) Chrome/140.0.0.0 Safari/537.36"
103.116.44.99 - - [08/Oct/2025:06:28:33 +0000] "GET /wp-content/plugins/Ultimate_VC_Addons/assets/min-css/advanced-buttons.min.css?ver=3.21.1 HTTP/1.1" 200 3390 "https://sweetmassagekl.net/" "Mozilla/5.0 (Windows NT 10.0; Win64; x64) AppleWebKit/537.36 (KHTML, like Gecko) Chrome/140.0.0.0 Safari/537.36"
103.116.44.100 - - [08/Oct/2025:06:28:34 +0000] "GET /wp-content/plugins/Ultimate_VC_Addons/assets/min-css/headings.min.css?ver=3.21.1 HTTP/1.1" 200 415 "https://sweetmassagekl.net/" "Mozilla/5.0 (Windows NT 10.0; Win64; x64) AppleWebKit/537.36 (KHTML, like Gecko) Chrome/140.0.0.0 Safari/537.36"
103.116.44.100 - - [08/Oct/2025:06:28:34 +0000] "GET /wp-content/themes/dt-the7/style.css?ver=12.9.1 HTTP/1.1" 200 812 "https://sweetmassagekl.net/" "Mozilla/5.0 (Windows NT 10.0; Win64; x64) AppleWebKit/537.36 (KHTML, like Gecko) Chrome/140.0.0.0 Safari/537.36"
103.116.44.99 - - [08/Oct/2025:06:28:34 +0000] "GET /wp-content/themes/dt-the7/js/above-the-fold.min.js?ver=12.9.1 HTTP/1.1" 200 4778 "https://sweetmassagekl.net/" "Mozilla/5.0 (Windows NT 10.0; Win64; x64) AppleWebKit/537.36 (KHTML, like Gecko) Chrome/140.0.0.0 Safari/537.36"
103.116.44.93 - - [08/Oct/2025:06:28:34 +0000] "GET /wp-includes/js/jquery/jquery-migrate.min.js?ver=3.4.1 HTTP/1.1" 200 4872 "https://sweetmassagekl.net/" "Mozilla/5.0 (Windows NT 10.0; Win64; x64) AppleWebKit/537.36 (KHTML, like Gecko) Chrome/140.0.0.0 Safari/537.36"
103.116.44.94 - - [08/Oct/2025:06:28:34 +0000] "GET /wp-content/plugins/Ultimate_VC_Addons/assets/min-js/ultimate-params.min.js?ver=3.21.1 HTTP/1.1" 200 527 "https://sweetmassagekl.net/" "Mozilla/5.0 (Windows NT 10.0; Win64; x64) AppleWebKit/537.36 (KHTML, like Gecko) Chrome/140.0.0.0 Safari/537.36"
103.116.44.100 - - [08/Oct/2025:06:28:34 +0000] "GET /wp-content/plugins/Ultimate_VC_Addons/assets/min-js/custom.min.js?ver=3.21.1 HTTP/1.1" 200 4719 "https://sweetmassagekl.net/" "Mozilla/5.0 (Windows NT 10.0; Win64; x64) AppleWebKit/537.36 (KHTML, like Gecko) Chrome/140.0.0.0 Safari/537.36"
103.116.44.100 - - [08/Oct/2025:06:28:34 +0000] "GET /wp-content/plugins/Ultimate_VC_Addons/assets/min-js/headings.min.js?ver=3.21.1 HTTP/1.1" 200 857 "https://sweetmassagekl.net/" "Mozilla/5.0 (Windows NT 10.0; Win64; x64) AppleWebKit/537.36 (KHTML, like Gecko) Chrome/140.0.0.0 Safari/537.36"
103.116.44.92 - - [08/Oct/2025:06:28:34 +0000] "GET /wp-includes/js/jquery/jquery.min.js?ver=3.7.1 HTTP/1.1" 200 30368 "https://sweetmassagekl.net/" "Mozilla/5.0 (Windows NT 10.0; Win64; x64) AppleWebKit/537.36 (KHTML, like Gecko) Chrome/140.0.0.0 Safari/537.36"
103.116.44.99 - - [08/Oct/2025:06:28:34 +0000] "GET /wp-content/plugins/revslider/sr6/assets/fonts/revicons/revicons.woff?5510888 HTTP/1.1" 200 7491 "https://sweetmassagekl.net/" "Mozilla/5.0 (Windows NT 10.0; Win64; x64) AppleWebKit/537.36 (KHTML, like Gecko) Chrome/140.0.0.0 Safari/537.36"
103.116.44.92 - - [08/Oct/2025:06:28:34 +0000] "GET /wp-content/plugins/revslider/sr6/assets/assets/dummy.png HTTP/1.1" 200 68 "https://sweetmassagekl.net/" "Mozilla/5.0 (Windows NT 10.0; Win64; x64) AppleWebKit/537.36 (KHTML, like Gecko) Chrome/140.0.0.0 Safari/537.36"
103.116.44.92 - - [08/Oct/2025:06:28:35 +0000] "GET /wp-content/plugins/Ultimate_VC_Addons/assets/min-css/background-style.min.css?ver=3.21.1 HTTP/1.1" 200 1761 "https://sweetmassagekl.net/" "Mozilla/5.0 (Windows NT 10.0; Win64; x64) AppleWebKit/537.36 (KHTML, like Gecko) Chrome/140.0.0.0 Safari/537.36"
103.116.44.92 - - [08/Oct/2025:06:28:35 +0000] "GET /wp-content/plugins/creame-whatsapp-me/public/css/joinchat-btn.min.css?ver=6.0.8 HTTP/1.1" 200 2304 "https://sweetmassagekl.net/" "Mozilla/5.0 (Windows NT 10.0; Win64; x64) AppleWebKit/537.36 (KHTML, like Gecko) Chrome/140.0.0.0 Safari/537.36"
103.116.44.92 - - [08/Oct/2025:06:28:35 +0000] "GET /wp-content/plugins/revslider/sr6/assets/css/rs6.css?ver=6.7.38 HTTP/1.1" 200 12492 "https://sweetmassagekl.net/" "Mozilla/5.0 (Windows NT 10.0; Win64; x64) AppleWebKit/537.36 (KHTML, like Gecko) Chrome/140.0.0.0 Safari/537.36"
103.116.44.92 - - [08/Oct/2025:06:28:36 +0000] "GET /wp-content/themes/dt-the7/js/main.min.js?ver=12.9.1 HTTP/1.1" 200 96632 "https://sweetmassagekl.net/" "Mozilla/5.0 (Windows NT 10.0; Win64; x64) AppleWebKit/537.36 (KHTML, like Gecko) Chrome/140.0.0.0 Safari/537.36"
103.116.44.99 - - [08/Oct/2025:06:28:37 +0000] "GET /wp-includes/js/dist/hooks.min.js?ver=4d63a3d491d11ffd8ac6 HTTP/1.1" 200 1648 "https://sweetmassagekl.net/" "Mozilla/5.0 (Windows NT 10.0; Win64; x64) AppleWebKit/537.36 (KHTML, like Gecko) Chrome/140.0.0.0 Safari/537.36"
103.116.44.94 - - [08/Oct/2025:06:28:37 +0000] "GET /wp-content/plugins/contact-form-7/includes/swv/js/index.js?ver=6.1.2 HTTP/1.1" 200 3503 "https://sweetmassagekl.net/" "Mozilla/5.0 (Windows NT 10.0; Win64; x64) AppleWebKit/537.36 (KHTML, like Gecko) Chrome/140.0.0.0 Safari/537.36"
103.116.44.100 - - [08/Oct/2025:06:28:37 +0000] "GET /wp-content/themes/dt-the7/images/backgrounds/patterns/full/crisp_paper_ruffles.jpg HTTP/1.1" 200 25714 "https://sweetmassagekl.net/wp-content/uploads/the7-css/custom.css?ver=535eb982793e" "Mozilla/5.0 (Windows NT 10.0; Win64; x64) AppleWebKit/537.36 (KHTML, like Gecko) Chrome/140.0.0.0 Safari/537.36"
103.116.44.93 - - [08/Oct/2025:06:28:37 +0000] "GET /wp-content/plugins/contact-form-7/includes/js/index.js?ver=6.1.2 HTTP/1.1" 200 4265 "https://sweetmassagekl.net/" "Mozilla/5.0 (Windows NT 10.0; Win64; x64) AppleWebKit/537.36 (KHTML, like Gecko) Chrome/140.0.0.0 Safari/537.36"
103.116.44.100 - - [08/Oct/2025:06:28:37 +0000] "GET /wp-includes/js/dist/i18n.min.js?ver=5e580eb46a90c2b997e6 HTTP/1.1" 200 3667 "https://sweetmassagekl.net/" "Mozilla/5.0 (Windows NT 10.0; Win64; x64) AppleWebKit/537.36 (KHTML, like Gecko) Chrome/140.0.0.0 Safari/537.36"
103.116.44.92 - - [08/Oct/2025:06:28:37 +0000] "GET /wp-content/themes/dt-the7/js/legacy.min.js?ver=12.9.1 HTTP/1.1" 200 582 "https://sweetmassagekl.net/" "Mozilla/5.0 (Windows NT 10.0; Win64; x64) AppleWebKit/537.36 (KHTML, like Gecko) Chrome/140.0.0.0 Safari/537.36"
103.116.44.92 - - [08/Oct/2025:06:28:37 +0000] "GET /wp-content/themes/dt-the7/lib/jquery-mousewheel/jquery-mousewheel.min.js?ver=12.9.1 HTTP/1.1" 200 1185 "https://sweetmassagekl.net/" "Mozilla/5.0 (Windows NT 10.0; Win64; x64) AppleWebKit/537.36 (KHTML, like Gecko) Chrome/140.0.0.0 Safari/537.36"
103.116.44.92 - - [08/Oct/2025:06:28:38 +0000] "GET /wp-content/themes/dt-the7/lib/custom-scrollbar/custom-scrollbar.min.js?ver=12.9.1 HTTP/1.1" 200 11975 "https://sweetmassagekl.net/" "Mozilla/5.0 (Windows NT 10.0; Win64; x64) AppleWebKit/537.36 (KHTML, like Gecko) Chrome/140.0.0.0 Safari/537.36"
103.116.44.100 - - [08/Oct/2025:06:28:38 +0000] "GET /wp-content/plugins/dt-the7-core/assets/js/post-type.min.js?ver=2.7.12 HTTP/1.1" 200 5077 "https://sweetmassagekl.net/" "Mozilla/5.0 (Windows NT 10.0; Win64; x64) AppleWebKit/537.36 (KHTML, like Gecko) Chrome/140.0.0.0 Safari/537.36"
103.116.44.94 - - [08/Oct/2025:06:28:38 +0000] "GET /wp-content/plugins/Ultimate_VC_Addons/assets/min-js/ultimate_bg.min.js?ver=3.21.1 HTTP/1.1" 200 9485 "https://sweetmassagekl.net/" "Mozilla/5.0 (Windows NT 10.0; Win64; x64) AppleWebKit/537.36 (KHTML, like Gecko) Chrome/140.0.0.0 Safari/537.36"
103.116.44.93 - - [08/Oct/2025:06:28:38 +0000] "GET /wp-content/plugins/js_composer/assets/js/dist/js_composer_front.min.js?ver=8.6.1 HTTP/1.1" 200 5223 "https://sweetmassagekl.net/" "Mozilla/5.0 (Windows NT 10.0; Win64; x64) AppleWebKit/537.36 (KHTML, like Gecko) Chrome/140.0.0.0 Safari/537.36"
103.116.44.100 - - [08/Oct/2025:06:28:38 +0000] "GET /wp-content/plugins/Ultimate_VC_Addons/assets/min-js/jquery-appear.min.js?ver=3.21.1 HTTP/1.1" 200 620 "https://sweetmassagekl.net/" "Mozilla/5.0 (Windows NT 10.0; Win64; x64) AppleWebKit/537.36 (KHTML, like Gecko) Chrome/140.0.0.0 Safari/537.36"
103.116.44.100 - - [08/Oct/2025:06:28:38 +0000] "GET /wp-content/plugins/revslider/sr6/assets/js/rbtools.min.js?ver=6.7.38 HTTP/1.1" 200 61824 "https://sweetmassagekl.net/" "Mozilla/5.0 (Windows NT 10.0; Win64; x64) AppleWebKit/537.36 (KHTML, like Gecko) Chrome/140.0.0.0 Safari/537.36"
103.116.44.100 - - [08/Oct/2025:06:28:38 +0000] "GET /wp-content/plugins/revslider/sr6/assets/js/rs6.min.js?ver=6.7.38 HTTP/1.1" 200 108972 "https://sweetmassagekl.net/" "Mozilla/5.0 (Windows NT 10.0; Win64; x64) AppleWebKit/537.36 (KHTML, like Gecko) Chrome/140.0.0.0 Safari/537.36"
103.116.44.92 - - [08/Oct/2025:06:28:38 +0000] "GET /wp-content/plugins/creame-whatsapp-me/public/js/joinchat.min.js?ver=6.0.8 HTTP/1.1" 200 3372 "https://sweetmassagekl.net/" "Mozilla/5.0 (Windows NT 10.0; Win64; x64) AppleWebKit/537.36 (KHTML, like Gecko) Chrome/140.0.0.0 Safari/537.36"
103.116.44.92 - - [08/Oct/2025:06:28:39 +0000] "GET /wp-includes/js/wp-emoji-release.min.js?ver=6.8.3 HTTP/1.1" 200 5163 "https://sweetmassagekl.net/" "Mozilla/5.0 (Windows NT 10.0; Win64; x64) AppleWebKit/537.36 (KHTML, like Gecko) Chrome/140.0.0.0 Safari/537.36"
103.116.44.92 - - [08/Oct/2025:06:28:39 +0000] "GET /wp-content/uploads/2025/06/N0003-957x1280.jpg HTTP/1.1" 200 134840 "https://sweetmassagekl.net/" "Mozilla/5.0 (Windows NT 10.0; Win64; x64) AppleWebKit/537.36 (KHTML, like Gecko) Chrome/140.0.0.0 Safari/537.36"
103.116.44.94 - - [08/Oct/2025:06:28:39 +0000] "GET /wp-content/uploads/2025/06/N0002-957x1280.jpg HTTP/1.1" 200 106785 "https://sweetmassagekl.net/" "Mozilla/5.0 (Windows NT 10.0; Win64; x64) AppleWebKit/537.36 (KHTML, like Gecko) Chrome/140.0.0.0 Safari/537.36"
103.116.44.100 - - [08/Oct/2025:06:28:40 +0000] "GET /wp-content/uploads/2025/06/N0005-938x1280.jpg HTTP/1.1" 200 112196 "https://sweetmassagekl.net/" "Mozilla/5.0 (Windows NT 10.0; Win64; x64) AppleWebKit/537.36 (KHTML, like Gecko) Chrome/140.0.0.0 Safari/537.36"
103.116.44.99 - - [08/Oct/2025:06:28:39 +0000] "GET /wp-content/uploads/2025/06/N0004-957x1280.jpg HTTP/1.1" 200 175468 "https://sweetmassagekl.net/" "Mozilla/5.0 (Windows NT 10.0; Win64; x64) AppleWebKit/537.36 (KHTML, like Gecko) Chrome/140.0.0.0 Safari/537.36"
103.116.44.93 - - [08/Oct/2025:06:28:39 +0000] "GET /wp-content/uploads/2025/06/N0001-938x1280.jpg HTTP/1.1" 200 149773 "https://sweetmassagekl.net/" "Mozilla/5.0 (Windows NT 10.0; Win64; x64) AppleWebKit/537.36 (KHTML, like Gecko) Chrome/140.0.0.0 Safari/537.36"
103.116.44.100 - - [08/Oct/2025:06:28:40 +0000] "GET /wp-content/uploads/2025/06/A1128-1-957x1280.jpg HTTP/1.1" 200 169076 "https://sweetmassagekl.net/" "Mozilla/5.0 (Windows NT 10.0; Win64; x64) AppleWebKit/537.36 (KHTML, like Gecko) Chrome/140.0.0.0 Safari/537.36"
103.116.44.92 - - [08/Oct/2025:06:28:42 +0000] "GET /wp-content/uploads/2025/06/A1168-1-957x1280.jpg HTTP/1.1" 200 177685 "https://sweetmassagekl.net/" "Mozilla/5.0 (Windows NT 10.0; Win64; x64) AppleWebKit/537.36 (KHTML, like Gecko) Chrome/140.0.0.0 Safari/537.36"
103.116.44.93 - - [08/Oct/2025:06:28:43 +0000] "GET /wp-content/uploads/2025/06/sweet-kl-b2b-massage-Slide-01-200x200.webp HTTP/1.1" 200 7703 "https://sweetmassagekl.net/" "Mozilla/5.0 (Windows NT 10.0; Win64; x64) AppleWebKit/537.36 (KHTML, like Gecko) Chrome/140.0.0.0 Safari/537.36"
103.116.44.100 - - [08/Oct/2025:06:28:43 +0000] "GET /wp-content/uploads/2022/08/sweet-b2b-massage-Slide-02-200x200.jpg HTTP/1.1" 200 21587 "https://sweetmassagekl.net/" "Mozilla/5.0 (Windows NT 10.0; Win64; x64) AppleWebKit/537.36 (KHTML, like Gecko) Chrome/140.0.0.0 Safari/537.36"
103.116.44.93 - - [08/Oct/2025:06:28:43 +0000] "GET /wp-content/uploads/2025/06/C8888-957x1280.jpg HTTP/1.1" 200 133056 "https://sweetmassagekl.net/" "Mozilla/5.0 (Windows NT 10.0; Win64; x64) AppleWebKit/537.36 (KHTML, like Gecko) Chrome/140.0.0.0 Safari/537.36"
103.116.44.100 - - [08/Oct/2025:06:28:44 +0000] "GET /wp-content/uploads/2025/06/C8268-938x1280.jpg HTTP/1.1" 200 121288 "https://sweetmassagekl.net/" "Mozilla/5.0 (Windows NT 10.0; Win64; x64) AppleWebKit/537.36 (KHTML, like Gecko) Chrome/140.0.0.0 Safari/537.36"
103.116.44.99 - - [08/Oct/2025:06:28:44 +0000] "GET /wp-content/uploads/2025/06/M2316-957x1280.jpg HTTP/1.1" 200 92610 "https://sweetmassagekl.net/" "Mozilla/5.0 (Windows NT 10.0; Win64; x64) AppleWebKit/537.36 (KHTML, like Gecko) Chrome/140.0.0.0 Safari/537.36"
103.116.44.92 - - [08/Oct/2025:06:28:44 +0000] "GET /wp-content/uploads/2025/06/M2213-957x1280.jpg HTTP/1.1" 200 94520 "https://sweetmassagekl.net/" "Mozilla/5.0 (Windows NT 10.0; Win64; x64) AppleWebKit/537.36 (KHTML, like Gecko) Chrome/140.0.0.0 Safari/537.36"
103.116.44.94 - - [08/Oct/2025:06:28:42 +0000] "GET /wp-content/uploads/2025/06/N0006-957x1280.jpg HTTP/1.1" 200 160694 "https://sweetmassagekl.net/" "Mozilla/5.0 (Windows NT 10.0; Win64; x64) AppleWebKit/537.36 (KHTML, like Gecko) Chrome/140.0.0.0 Safari/537.36"
103.116.44.94 - - [08/Oct/2025:06:28:47 +0000] "GET /wp-content/uploads/2025/06/sweet-kl-b2b-massage-Slide-01.webp HTTP/1.1" 200 46846 "https://sweetmassagekl.net/" "Mozilla/5.0 (Windows NT 10.0; Win64; x64) AppleWebKit/537.36 (KHTML, like Gecko) Chrome/140.0.0.0 Safari/537.36"
203.161.56.247 - - [08/Oct/2025:06:28:50 +0000] "POST /wp-cron.php?doing_wp_cron=1759904930.6784710884094238281250 HTTP/1.1" 200 - "-" "WordPress/6.8.3; https://sweetmassagekl.net"
103.116.44.94 - - [08/Oct/2025:06:28:49 +0000] "GET /favicon.ico HTTP/1.1" 302 - "https://sweetmassagekl.net/" "Mozilla/5.0 (Windows NT 10.0; Win64; x64) AppleWebKit/537.36 (KHTML, like Gecko) Chrome/140.0.0.0 Safari/537.36"
103.116.44.94 - - [08/Oct/2025:06:28:51 +0000] "GET /wp-includes/images/w-logo-blue-white-bg.png HTTP/1.1" 200 4119 "https://sweetmassagekl.net/" "Mozilla/5.0 (Windows NT 10.0; Win64; x64) AppleWebKit/537.36 (KHTML, like Gecko) Chrome/140.0.0.0 Safari/537.36"