103.199.217.2 - - [07/Oct/2025:15:34:25 +0000] "GET /wp-content/themes/dt-the7/fonts/icomoon-the7-font/icomoon-the7-font.min.css?ver=12.9.1 HTTP/1.1" 200 3014 "https://sweetmassagekl.net/" "Mozilla/5.0 (iPhone; CPU iPhone OS 18_7 like Mac OS X) AppleWebKit/605.1.15 (KHTML, like Gecko) Version/26.0.1 Mobile/15E148 Safari/604.1"
103.199.217.2 - - [07/Oct/2025:15:34:25 +0000] "GET /wp-content/plugins/html5-video-player/build/blocks/view.css?ver=6.8.3 HTTP/1.1" 200 7111 "https://sweetmassagekl.net/" "Mozilla/5.0 (iPhone; CPU iPhone OS 18_7 like Mac OS X) AppleWebKit/605.1.15 (KHTML, like Gecko) Version/26.0.1 Mobile/15E148 Safari/604.1"
103.199.217.2 - - [07/Oct/2025:15:34:25 +0000] "GET /wp-content/themes/dt-the7/fonts/FontAwesome/css/all.min.css?ver=12.9.1 HTTP/1.1" 200 21501 "https://sweetmassagekl.net/" "Mozilla/5.0 (iPhone; CPU iPhone OS 18_7 like Mac OS X) AppleWebKit/605.1.15 (KHTML, like Gecko) Version/26.0.1 Mobile/15E148 Safari/604.1"
103.199.217.2 - - [07/Oct/2025:15:34:25 +0000] "GET /wp-content/uploads/js_composer/custom.css?ver=8.6.1 HTTP/1.1" 200 102 "https://sweetmassagekl.net/" "Mozilla/5.0 (iPhone; CPU iPhone OS 18_7 like Mac OS X) AppleWebKit/605.1.15 (KHTML, like Gecko) Version/26.0.1 Mobile/15E148 Safari/604.1"
103.199.217.2 - - [07/Oct/2025:15:34:25 +0000] "GET /wp-content/themes/dt-the7/lib/custom-scrollbar/custom-scrollbar.min.css?ver=12.9.1 HTTP/1.1" 200 1522 "https://sweetmassagekl.net/" "Mozilla/5.0 (iPhone; CPU iPhone OS 18_7 like Mac OS X) AppleWebKit/605.1.15 (KHTML, like Gecko) Version/26.0.1 Mobile/15E148 Safari/604.1"
103.199.217.2 - - [07/Oct/2025:15:34:25 +0000] "GET /wp-content/themes/dt-the7/css/wpbakery.min.css?ver=12.9.1 HTTP/1.1" 200 4406 "https://sweetmassagekl.net/" "Mozilla/5.0 (iPhone; CPU iPhone OS 18_7 like Mac OS X) AppleWebKit/605.1.15 (KHTML, like Gecko) Version/26.0.1 Mobile/15E148 Safari/604.1"
103.199.217.2 - - [07/Oct/2025:15:34:25 +0000] "GET /wp-content/themes/dt-the7/css/main.min.css?ver=12.9.1 HTTP/1.1" 200 41703 "https://sweetmassagekl.net/" "Mozilla/5.0 (iPhone; CPU iPhone OS 18_7 like Mac OS X) AppleWebKit/605.1.15 (KHTML, like Gecko) Version/26.0.1 Mobile/15E148 Safari/604.1"
103.199.217.2 - - [07/Oct/2025:15:34:25 +0000] "GET /wp-content/plugins/dt-the7-core/assets/css/post-type.min.css?ver=2.7.12 HTTP/1.1" 200 6245 "https://sweetmassagekl.net/" "Mozilla/5.0 (iPhone; CPU iPhone OS 18_7 like Mac OS X) AppleWebKit/605.1.15 (KHTML, like Gecko) Version/26.0.1 Mobile/15E148 Safari/604.1"
103.199.217.2 - - [07/Oct/2025:15:34:25 +0000] "GET /wp-content/uploads/the7-css/css-vars.css?ver=535eb982793e HTTP/1.1" 200 4417 "https://sweetmassagekl.net/" "Mozilla/5.0 (iPhone; CPU iPhone OS 18_7 like Mac OS X) AppleWebKit/605.1.15 (KHTML, like Gecko) Version/26.0.1 Mobile/15E148 Safari/604.1"
103.199.217.2 - - [07/Oct/2025:15:34:25 +0000] "GET /wp-content/uploads/the7-css/custom.css?ver=535eb982793e HTTP/1.1" 200 30732 "https://sweetmassagekl.net/" "Mozilla/5.0 (iPhone; CPU iPhone OS 18_7 like Mac OS X) AppleWebKit/605.1.15 (KHTML, like Gecko) Version/26.0.1 Mobile/15E148 Safari/604.1"
103.199.217.2 - - [07/Oct/2025:15:34:25 +0000] "GET /wp-content/uploads/the7-css/media.css?ver=535eb982793e HTTP/1.1" 200 9475 "https://sweetmassagekl.net/" "Mozilla/5.0 (iPhone; CPU iPhone OS 18_7 like Mac OS X) AppleWebKit/605.1.15 (KHTML, like Gecko) Version/26.0.1 Mobile/15E148 Safari/604.1"
103.199.217.2 - - [07/Oct/2025:15:34:25 +0000] "GET /wp-content/uploads/the7-css/mega-menu.css?ver=535eb982793e HTTP/1.1" 200 2896 "https://sweetmassagekl.net/" "Mozilla/5.0 (iPhone; CPU iPhone OS 18_7 like Mac OS X) AppleWebKit/605.1.15 (KHTML, like Gecko) Version/26.0.1 Mobile/15E148 Safari/604.1"
103.199.217.2 - - [07/Oct/2025:15:34:25 +0000] "GET /wp-content/uploads/the7-css/the7-elements-albums-portfolio.css?ver=535eb982793e HTTP/1.1" 200 2663 "https://sweetmassagekl.net/" "Mozilla/5.0 (iPhone; CPU iPhone OS 18_7 like Mac OS X) AppleWebKit/605.1.15 (KHTML, like Gecko) Version/26.0.1 Mobile/15E148 Safari/604.1"
103.199.217.2 - - [07/Oct/2025:15:34:25 +0000] "GET /wp-content/uploads/the7-css/post-type-dynamic.css?ver=535eb982793e HTTP/1.1" 200 1298 "https://sweetmassagekl.net/" "Mozilla/5.0 (iPhone; CPU iPhone OS 18_7 like Mac OS X) AppleWebKit/605.1.15 (KHTML, like Gecko) Version/26.0.1 Mobile/15E148 Safari/604.1"
103.199.217.2 - - [07/Oct/2025:15:34:25 +0000] "GET /wp-content/themes/dt-the7/style.css?ver=12.9.1 HTTP/1.1" 200 812 "https://sweetmassagekl.net/" "Mozilla/5.0 (iPhone; CPU iPhone OS 18_7 like Mac OS X) AppleWebKit/605.1.15 (KHTML, like Gecko) Version/26.0.1 Mobile/15E148 Safari/604.1"
103.199.217.2 - - [07/Oct/2025:15:34:25 +0000] "GET /wp-content/plugins/Ultimate_VC_Addons/assets/min-css/style.min.css?ver=3.21.1 HTTP/1.1" 200 2786 "https://sweetmassagekl.net/" "Mozilla/5.0 (iPhone; CPU iPhone OS 18_7 like Mac OS X) AppleWebKit/605.1.15 (KHTML, like Gecko) Version/26.0.1 Mobile/15E148 Safari/604.1"
103.199.217.2 - - [07/Oct/2025:15:34:26 +0000] "GET /wp-content/plugins/Ultimate_VC_Addons/assets/min-css/advanced-buttons.min.css?ver=3.21.1 HTTP/1.1" 200 3390 "https://sweetmassagekl.net/" "Mozilla/5.0 (iPhone; CPU iPhone OS 18_7 like Mac OS X) AppleWebKit/605.1.15 (KHTML, like Gecko) Version/26.0.1 Mobile/15E148 Safari/604.1"
103.199.217.2 - - [07/Oct/2025:15:34:26 +0000] "GET /wp-content/plugins/Ultimate_VC_Addons/assets/min-css/headings.min.css?ver=3.21.1 HTTP/1.1" 200 415 "https://sweetmassagekl.net/" "Mozilla/5.0 (iPhone; CPU iPhone OS 18_7 like Mac OS X) AppleWebKit/605.1.15 (KHTML, like Gecko) Version/26.0.1 Mobile/15E148 Safari/604.1"
103.199.217.2 - - [07/Oct/2025:15:34:26 +0000] "GET /wp-includes/js/jquery/jquery.min.js?ver=3.7.1 HTTP/1.1" 200 30368 "https://sweetmassagekl.net/" "Mozilla/5.0 (iPhone; CPU iPhone OS 18_7 like Mac OS X) AppleWebKit/605.1.15 (KHTML, like Gecko) Version/26.0.1 Mobile/15E148 Safari/604.1"
103.199.217.2 - - [07/Oct/2025:15:34:26 +0000] "GET /wp-includes/js/jquery/jquery-migrate.min.js?ver=3.4.1 HTTP/1.1" 200 4872 "https://sweetmassagekl.net/" "Mozilla/5.0 (iPhone; CPU iPhone OS 18_7 like Mac OS X) AppleWebKit/605.1.15 (KHTML, like Gecko) Version/26.0.1 Mobile/15E148 Safari/604.1"
103.199.217.2 - - [07/Oct/2025:15:34:26 +0000] "GET /wp-content/themes/dt-the7/js/above-the-fold.min.js?ver=12.9.1 HTTP/1.1" 200 4778 "https://sweetmassagekl.net/" "Mozilla/5.0 (iPhone; CPU iPhone OS 18_7 like Mac OS X) AppleWebKit/605.1.15 (KHTML, like Gecko) Version/26.0.1 Mobile/15E148 Safari/604.1"
103.199.217.2 - - [07/Oct/2025:15:34:26 +0000] "GET /wp-content/plugins/Ultimate_VC_Addons/assets/min-js/ultimate-params.min.js?ver=3.21.1 HTTP/1.1" 200 527 "https://sweetmassagekl.net/" "Mozilla/5.0 (iPhone; CPU iPhone OS 18_7 like Mac OS X) AppleWebKit/605.1.15 (KHTML, like Gecko) Version/26.0.1 Mobile/15E148 Safari/604.1"
103.199.217.2 - - [07/Oct/2025:15:34:26 +0000] "GET /wp-content/plugins/Ultimate_VC_Addons/assets/min-js/custom.min.js?ver=3.21.1 HTTP/1.1" 200 4719 "https://sweetmassagekl.net/" "Mozilla/5.0 (iPhone; CPU iPhone OS 18_7 like Mac OS X) AppleWebKit/605.1.15 (KHTML, like Gecko) Version/26.0.1 Mobile/15E148 Safari/604.1"
103.199.217.2 - - [07/Oct/2025:15:34:26 +0000] "GET /wp-content/plugins/Ultimate_VC_Addons/assets/min-js/headings.min.js?ver=3.21.1 HTTP/1.1" 200 857 "https://sweetmassagekl.net/" "Mozilla/5.0 (iPhone; CPU iPhone OS 18_7 like Mac OS X) AppleWebKit/605.1.15 (KHTML, like Gecko) Version/26.0.1 Mobile/15E148 Safari/604.1"
103.199.217.2 - - [07/Oct/2025:15:34:26 +0000] "GET /wp-content/plugins/revslider/sr6/assets/fonts/revicons/revicons.woff?5510888 HTTP/1.1" 200 7491 "https://sweetmassagekl.net/" "Mozilla/5.0 (iPhone; CPU iPhone OS 18_7 like Mac OS X) AppleWebKit/605.1.15 (KHTML, like Gecko) Version/26.0.1 Mobile/15E148 Safari/604.1"
103.199.217.2 - - [07/Oct/2025:15:34:26 +0000] "GET /wp-content/plugins/Ultimate_VC_Addons/assets/min-css/background-style.min.css?ver=3.21.1 HTTP/1.1" 200 1761 "https://sweetmassagekl.net/" "Mozilla/5.0 (iPhone; CPU iPhone OS 18_7 like Mac OS X) AppleWebKit/605.1.15 (KHTML, like Gecko) Version/26.0.1 Mobile/15E148 Safari/604.1"
103.199.217.2 - - [07/Oct/2025:15:34:26 +0000] "GET /wp-content/plugins/creame-whatsapp-me/public/css/joinchat-btn.min.css?ver=6.0.8 HTTP/1.1" 200 2304 "https://sweetmassagekl.net/" "Mozilla/5.0 (iPhone; CPU iPhone OS 18_7 like Mac OS X) AppleWebKit/605.1.15 (KHTML, like Gecko) Version/26.0.1 Mobile/15E148 Safari/604.1"
103.199.217.2 - - [07/Oct/2025:15:34:26 +0000] "GET /wp-content/plugins/revslider/sr6/assets/css/rs6.css?ver=6.7.38 HTTP/1.1" 200 12492 "https://sweetmassagekl.net/" "Mozilla/5.0 (iPhone; CPU iPhone OS 18_7 like Mac OS X) AppleWebKit/605.1.15 (KHTML, like Gecko) Version/26.0.1 Mobile/15E148 Safari/604.1"
103.199.217.2 - - [07/Oct/2025:15:34:26 +0000] "GET /wp-content/themes/dt-the7/js/main.min.js?ver=12.9.1 HTTP/1.1" 200 96632 "https://sweetmassagekl.net/" "Mozilla/5.0 (iPhone; CPU iPhone OS 18_7 like Mac OS X) AppleWebKit/605.1.15 (KHTML, like Gecko) Version/26.0.1 Mobile/15E148 Safari/604.1"
103.199.217.2 - - [07/Oct/2025:15:34:26 +0000] "GET /wp-includes/js/dist/hooks.min.js?ver=4d63a3d491d11ffd8ac6 HTTP/1.1" 200 1648 "https://sweetmassagekl.net/" "Mozilla/5.0 (iPhone; CPU iPhone OS 18_7 like Mac OS X) AppleWebKit/605.1.15 (KHTML, like Gecko) Version/26.0.1 Mobile/15E148 Safari/604.1"
103.199.217.2 - - [07/Oct/2025:15:34:26 +0000] "GET /wp-includes/js/dist/i18n.min.js?ver=5e580eb46a90c2b997e6 HTTP/1.1" 200 3667 "https://sweetmassagekl.net/" "Mozilla/5.0 (iPhone; CPU iPhone OS 18_7 like Mac OS X) AppleWebKit/605.1.15 (KHTML, like Gecko) Version/26.0.1 Mobile/15E148 Safari/604.1"
103.199.217.2 - - [07/Oct/2025:15:34:26 +0000] "GET /wp-content/plugins/contact-form-7/includes/swv/js/index.js?ver=6.1.2 HTTP/1.1" 200 3503 "https://sweetmassagekl.net/" "Mozilla/5.0 (iPhone; CPU iPhone OS 18_7 like Mac OS X) AppleWebKit/605.1.15 (KHTML, like Gecko) Version/26.0.1 Mobile/15E148 Safari/604.1"
103.199.217.2 - - [07/Oct/2025:15:34:26 +0000] "GET /wp-content/plugins/contact-form-7/includes/js/index.js?ver=6.1.2 HTTP/1.1" 200 4265 "https://sweetmassagekl.net/" "Mozilla/5.0 (iPhone; CPU iPhone OS 18_7 like Mac OS X) AppleWebKit/605.1.15 (KHTML, like Gecko) Version/26.0.1 Mobile/15E148 Safari/604.1"
103.199.217.2 - - [07/Oct/2025:15:34:26 +0000] "GET /wp-content/plugins/revslider/sr6/assets/js/rbtools.min.js?ver=6.7.38 HTTP/1.1" 200 61824 "https://sweetmassagekl.net/" "Mozilla/5.0 (iPhone; CPU iPhone OS 18_7 like Mac OS X) AppleWebKit/605.1.15 (KHTML, like Gecko) Version/26.0.1 Mobile/15E148 Safari/604.1"
103.199.217.2 - - [07/Oct/2025:15:34:26 +0000] "GET /wp-content/plugins/creame-whatsapp-me/public/js/joinchat.min.js?ver=6.0.8 HTTP/1.1" 200 3372 "https://sweetmassagekl.net/" "Mozilla/5.0 (iPhone; CPU iPhone OS 18_7 like Mac OS X) AppleWebKit/605.1.15 (KHTML, like Gecko) Version/26.0.1 Mobile/15E148 Safari/604.1"
103.199.217.2 - - [07/Oct/2025:15:34:26 +0000] "GET /wp-content/themes/dt-the7/js/legacy.min.js?ver=12.9.1 HTTP/1.1" 200 582 "https://sweetmassagekl.net/" "Mozilla/5.0 (iPhone; CPU iPhone OS 18_7 like Mac OS X) AppleWebKit/605.1.15 (KHTML, like Gecko) Version/26.0.1 Mobile/15E148 Safari/604.1"
103.199.217.2 - - [07/Oct/2025:15:34:26 +0000] "GET /wp-content/themes/dt-the7/lib/jquery-mousewheel/jquery-mousewheel.min.js?ver=12.9.1 HTTP/1.1" 200 1185 "https://sweetmassagekl.net/" "Mozilla/5.0 (iPhone; CPU iPhone OS 18_7 like Mac OS X) AppleWebKit/605.1.15 (KHTML, like Gecko) Version/26.0.1 Mobile/15E148 Safari/604.1"
103.199.217.2 - - [07/Oct/2025:15:34:27 +0000] "GET /wp-content/themes/dt-the7/lib/custom-scrollbar/custom-scrollbar.min.js?ver=12.9.1 HTTP/1.1" 200 11975 "https://sweetmassagekl.net/" "Mozilla/5.0 (iPhone; CPU iPhone OS 18_7 like Mac OS X) AppleWebKit/605.1.15 (KHTML, like Gecko) Version/26.0.1 Mobile/15E148 Safari/604.1"
103.199.217.2 - - [07/Oct/2025:15:34:26 +0000] "GET /wp-content/plugins/revslider/sr6/assets/js/rs6.min.js?ver=6.7.38 HTTP/1.1" 200 108972 "https://sweetmassagekl.net/" "Mozilla/5.0 (iPhone; CPU iPhone OS 18_7 like Mac OS X) AppleWebKit/605.1.15 (KHTML, like Gecko) Version/26.0.1 Mobile/15E148 Safari/604.1"
103.199.217.2 - - [07/Oct/2025:15:34:27 +0000] "GET /wp-content/plugins/dt-the7-core/assets/js/post-type.min.js?ver=2.7.12 HTTP/1.1" 200 5077 "https://sweetmassagekl.net/" "Mozilla/5.0 (iPhone; CPU iPhone OS 18_7 like Mac OS X) AppleWebKit/605.1.15 (KHTML, like Gecko) Version/26.0.1 Mobile/15E148 Safari/604.1"
103.199.217.2 - - [07/Oct/2025:15:34:27 +0000] "GET /wp-content/plugins/js_composer/assets/js/dist/js_composer_front.min.js?ver=8.6.1 HTTP/1.1" 200 5223 "https://sweetmassagekl.net/" "Mozilla/5.0 (iPhone; CPU iPhone OS 18_7 like Mac OS X) AppleWebKit/605.1.15 (KHTML, like Gecko) Version/26.0.1 Mobile/15E148 Safari/604.1"
103.199.217.2 - - [07/Oct/2025:15:34:27 +0000] "GET /wp-content/plugins/Ultimate_VC_Addons/assets/min-js/jquery-appear.min.js?ver=3.21.1 HTTP/1.1" 200 620 "https://sweetmassagekl.net/" "Mozilla/5.0 (iPhone; CPU iPhone OS 18_7 like Mac OS X) AppleWebKit/605.1.15 (KHTML, like Gecko) Version/26.0.1 Mobile/15E148 Safari/604.1"
103.199.217.2 - - [07/Oct/2025:15:34:27 +0000] "GET /wp-content/plugins/Ultimate_VC_Addons/assets/min-js/ultimate_bg.min.js?ver=3.21.1 HTTP/1.1" 200 9485 "https://sweetmassagekl.net/" "Mozilla/5.0 (iPhone; CPU iPhone OS 18_7 like Mac OS X) AppleWebKit/605.1.15 (KHTML, like Gecko) Version/26.0.1 Mobile/15E148 Safari/604.1"
103.199.217.2 - - [07/Oct/2025:15:34:27 +0000] "GET /wp-content/themes/dt-the7/images/backgrounds/patterns/full/crisp_paper_ruffles.jpg HTTP/1.1" 200 25714 "https://sweetmassagekl.net/" "Mozilla/5.0 (iPhone; CPU iPhone OS 18_7 like Mac OS X) AppleWebKit/605.1.15 (KHTML, like Gecko) Version/26.0.1 Mobile/15E148 Safari/604.1"
103.199.217.2 - - [07/Oct/2025:15:34:27 +0000] "GET /wp-content/plugins/revslider/sr6/assets/assets/dummy.png HTTP/1.1" 200 68 "https://sweetmassagekl.net/" "Mozilla/5.0 (iPhone; CPU iPhone OS 18_7 like Mac OS X) AppleWebKit/605.1.15 (KHTML, like Gecko) Version/26.0.1 Mobile/15E148 Safari/604.1"
103.199.217.2 - - [07/Oct/2025:15:34:27 +0000] "GET /wp-content/uploads/2025/06/N0001-938x1280.jpg HTTP/1.1" 200 149773 "https://sweetmassagekl.net/" "Mozilla/5.0 (iPhone; CPU iPhone OS 18_7 like Mac OS X) AppleWebKit/605.1.15 (KHTML, like Gecko) Version/26.0.1 Mobile/15E148 Safari/604.1"
103.199.217.2 - - [07/Oct/2025:15:34:27 +0000] "GET /wp-content/uploads/2025/06/N0003-957x1280.jpg HTTP/1.1" 200 134840 "https://sweetmassagekl.net/" "Mozilla/5.0 (iPhone; CPU iPhone OS 18_7 like Mac OS X) AppleWebKit/605.1.15 (KHTML, like Gecko) Version/26.0.1 Mobile/15E148 Safari/604.1"
103.199.217.2 - - [07/Oct/2025:15:34:27 +0000] "GET /wp-content/uploads/2025/06/N0002-957x1280.jpg HTTP/1.1" 200 106785 "https://sweetmassagekl.net/" "Mozilla/5.0 (iPhone; CPU iPhone OS 18_7 like Mac OS X) AppleWebKit/605.1.15 (KHTML, like Gecko) Version/26.0.1 Mobile/15E148 Safari/604.1"
103.199.217.2 - - [07/Oct/2025:15:34:28 +0000] "GET /wp-content/uploads/2025/06/sweet-kl-b2b-massage-Slide-01-200x200.webp HTTP/1.1" 200 7703 "https://sweetmassagekl.net/" "Mozilla/5.0 (iPhone; CPU iPhone OS 18_7 like Mac OS X) AppleWebKit/605.1.15 (KHTML, like Gecko) Version/26.0.1 Mobile/15E148 Safari/604.1"
103.199.217.2 - - [07/Oct/2025:15:34:28 +0000] "GET /wp-content/uploads/2025/06/sweet-kl-b2b-massage-Slide-01.webp HTTP/1.1" 200 46846 "https://sweetmassagekl.net/" "Mozilla/5.0 (iPhone; CPU iPhone OS 18_7 like Mac OS X) AppleWebKit/605.1.15 (KHTML, like Gecko) Version/26.0.1 Mobile/15E148 Safari/604.1"
103.199.217.2 - - [07/Oct/2025:15:34:28 +0000] "GET /wp-content/uploads/2022/08/sweet-b2b-massage-Slide-02-200x200.jpg HTTP/1.1" 200 21587 "https://sweetmassagekl.net/" "Mozilla/5.0 (iPhone; CPU iPhone OS 18_7 like Mac OS X) AppleWebKit/605.1.15 (KHTML, like Gecko) Version/26.0.1 Mobile/15E148 Safari/604.1"
103.199.217.2 - - [07/Oct/2025:15:34:28 +0000] "GET /wp-content/uploads/2022/08/sweet-b2b-massage-Slide-02.jpg HTTP/1.1" 200 184256 "https://sweetmassagekl.net/" "Mozilla/5.0 (iPhone; CPU iPhone OS 18_7 like Mac OS X) AppleWebKit/605.1.15 (KHTML, like Gecko) Version/26.0.1 Mobile/15E148 Safari/604.1"
103.199.217.2 - - [07/Oct/2025:15:34:28 +0000] "GET /favicon.ico HTTP/1.1" 302 - "https://sweetmassagekl.net/" "Mozilla/5.0 (iPhone; CPU iPhone OS 18_7 like Mac OS X) AppleWebKit/605.1.15 (KHTML, like Gecko) Version/26.0.1 Mobile/15E148 Safari/604.1"
103.199.217.2 - - [07/Oct/2025:15:34:30 +0000] "GET /wp-includes/images/w-logo-blue-white-bg.png HTTP/1.1" 200 4119 "https://sweetmassagekl.net/" "Mozilla/5.0 (iPhone; CPU iPhone OS 18_7 like Mac OS X) AppleWebKit/605.1.15 (KHTML, like Gecko) Version/26.0.1 Mobile/15E148 Safari/604.1"
203.161.56.247 - - [07/Oct/2025:15:34:38 +0000] "POST /wp-cron.php?doing_wp_cron=1759851278.5874500274658203125000 HTTP/1.1" 200 - "-" "WordPress/6.8.3; https://sweetmassagekl.net"
103.199.217.2 - - [07/Oct/2025:15:34:37 +0000] "GET /n0001/ HTTP/1.1" 200 17232 "https://sweetmassagekl.net/" "Mozilla/5.0 (iPhone; CPU iPhone OS 18_7 like Mac OS X) AppleWebKit/605.1.15 (KHTML, like Gecko) Version/26.0.1 Mobile/15E148 Safari/604.1"
103.199.217.2 - - [07/Oct/2025:15:34:39 +0000] "GET /wp-content/themes/dt-the7/fonts/icomoon-the7-font/icomoon-the7-font.ttf?wi57p5 HTTP/1.1" 200 23540 "https://sweetmassagekl.net/" "Mozilla/5.0 (iPhone; CPU iPhone OS 18_7 like Mac OS X) AppleWebKit/605.1.15 (KHTML, like Gecko) Version/26.0.1 Mobile/15E148 Safari/604.1"
103.199.217.2 - - [07/Oct/2025:15:34:39 +0000] "GET /wp-content/uploads/2025/06/N0001-379x505.jpg HTTP/1.1" 200 31708 "https://sweetmassagekl.net/n0001/" "Mozilla/5.0 (iPhone; CPU iPhone OS 18_7 like Mac OS X) AppleWebKit/605.1.15 (KHTML, like Gecko) Version/26.0.1 Mobile/15E148 Safari/604.1"
103.199.217.2 - - [07/Oct/2025:15:34:39 +0000] "GET /wp-content/uploads/2025/06/N0001.jpg HTTP/1.1" 200 163311 "https://sweetmassagekl.net/n0001/" "Mozilla/5.0 (iPhone; CPU iPhone OS 18_7 like Mac OS X) AppleWebKit/605.1.15 (KHTML, like Gecko) Version/26.0.1 Mobile/15E148 Safari/604.1"
103.199.217.2 - - [07/Oct/2025:15:34:39 +0000] "GET /wp-content/uploads/2025/06/N0003-1-569x758.jpg HTTP/1.1" 200 51964 "https://sweetmassagekl.net/n0001/" "Mozilla/5.0 (iPhone; CPU iPhone OS 18_7 like Mac OS X) AppleWebKit/605.1.15 (KHTML, like Gecko) Version/26.0.1 Mobile/15E148 Safari/604.1"
103.199.217.2 - - [07/Oct/2025:15:34:39 +0000] "GET /wp-content/uploads/2025/06/N0001-mov.mov HTTP/1.1" 206 2 "https://sweetmassagekl.net/n0001/" "Mozilla/5.0 (iPhone; CPU iPhone OS 18_7 like Mac OS X) AppleWebKit/605.1.15 (KHTML, like Gecko) Version/26.0.1 Mobile/15E148 Safari/604.1"
103.199.217.2 - - [07/Oct/2025:15:34:39 +0000] "GET /wp-content/uploads/2025/06/N0002-1-569x758.jpg HTTP/1.1" 200 57651 "https://sweetmassagekl.net/n0001/" "Mozilla/5.0 (iPhone; CPU iPhone OS 18_7 like Mac OS X) AppleWebKit/605.1.15 (KHTML, like Gecko) Version/26.0.1 Mobile/15E148 Safari/604.1"
103.199.217.2 - - [07/Oct/2025:15:34:40 +0000] "GET /wp-content/uploads/2025/06/N0003-1-379x505.jpg HTTP/1.1" 200 27061 "https://sweetmassagekl.net/n0001/" "Mozilla/5.0 (iPhone; CPU iPhone OS 18_7 like Mac OS X) AppleWebKit/605.1.15 (KHTML, like Gecko) Version/26.0.1 Mobile/15E148 Safari/604.1"
103.199.217.2 - - [07/Oct/2025:15:34:40 +0000] "GET /wp-content/uploads/2025/06/N0002-1-379x505.jpg HTTP/1.1" 200 28689 "https://sweetmassagekl.net/n0001/" "Mozilla/5.0 (iPhone; CPU iPhone OS 18_7 like Mac OS X) AppleWebKit/605.1.15 (KHTML, like Gecko) Version/26.0.1 Mobile/15E148 Safari/604.1"
103.199.217.2 - - [07/Oct/2025:15:34:40 +0000] "GET /wp-content/uploads/2025/06/N0001-569x758.jpg HTTP/1.1" 200 62004 "https://sweetmassagekl.net/n0001/" "Mozilla/5.0 (iPhone; CPU iPhone OS 18_7 like Mac OS X) AppleWebKit/605.1.15 (KHTML, like Gecko) Version/26.0.1 Mobile/15E148 Safari/604.1"
103.199.217.2 - - [07/Oct/2025:15:34:40 +0000] "GET /wp-content/uploads/2025/06/N0001-mov.mov HTTP/1.1" 206 22988 "https://sweetmassagekl.net/n0001/" "Mozilla/5.0 (iPhone; CPU iPhone OS 18_7 like Mac OS X) AppleWebKit/605.1.15 (KHTML, like Gecko) Version/26.0.1 Mobile/15E148 Safari/604.1"
103.199.217.2 - - [07/Oct/2025:15:34:40 +0000] "GET /wp-content/uploads/2025/06/N0001-mov.mov HTTP/1.1" 206 3119564 "https://sweetmassagekl.net/n0001/" "Mozilla/5.0 (iPhone; CPU iPhone OS 18_7 like Mac OS X) AppleWebKit/605.1.15 (KHTML, like Gecko) Version/26.0.1 Mobile/15E148 Safari/604.1"
103.199.217.2 - - [07/Oct/2025:15:34:40 +0000] "GET /wp-content/uploads/2025/06/N0001-mov.mov HTTP/1.1" 206 3088722 "https://sweetmassagekl.net/n0001/" "Mozilla/5.0 (iPhone; CPU iPhone OS 18_7 like Mac OS X) AppleWebKit/605.1.15 (KHTML, like Gecko) Version/26.0.1 Mobile/15E148 Safari/604.1"
103.199.217.2 - - [07/Oct/2025:15:34:59 +0000] "GET /wp-content/uploads/2025/06/N0005-110x80.jpg HTTP/1.1" 200 2816 "https://sweetmassagekl.net/n0001/" "Mozilla/5.0 (iPhone; CPU iPhone OS 18_7 like Mac OS X) AppleWebKit/605.1.15 (KHTML, like Gecko) Version/26.0.1 Mobile/15E148 Safari/604.1"
103.199.217.2 - - [07/Oct/2025:15:35:00 +0000] "GET /wp-content/uploads/2025/06/N0004-110x80.jpg HTTP/1.1" 200 2938 "https://sweetmassagekl.net/n0001/" "Mozilla/5.0 (iPhone; CPU iPhone OS 18_7 like Mac OS X) AppleWebKit/605.1.15 (KHTML, like Gecko) Version/26.0.1 Mobile/15E148 Safari/604.1"
103.199.217.2 - - [07/Oct/2025:15:35:00 +0000] "GET /wp-content/uploads/2025/06/N0005-220x160.jpg HTTP/1.1" 200 6609 "https://sweetmassagekl.net/n0001/" "Mozilla/5.0 (iPhone; CPU iPhone OS 18_7 like Mac OS X) AppleWebKit/605.1.15 (KHTML, like Gecko) Version/26.0.1 Mobile/15E148 Safari/604.1"
103.199.217.2 - - [07/Oct/2025:15:35:00 +0000] "GET /wp-content/uploads/2025/06/N0004-220x160.jpg HTTP/1.1" 200 7267 "https://sweetmassagekl.net/n0001/" "Mozilla/5.0 (iPhone; CPU iPhone OS 18_7 like Mac OS X) AppleWebKit/605.1.15 (KHTML, like Gecko) Version/26.0.1 Mobile/15E148 Safari/604.1"
103.199.217.2 - - [07/Oct/2025:15:35:00 +0000] "GET /wp-content/uploads/2025/07/N0002-b-110x80.jpg HTTP/1.1" 200 2345 "https://sweetmassagekl.net/n0001/" "Mozilla/5.0 (iPhone; CPU iPhone OS 18_7 like Mac OS X) AppleWebKit/605.1.15 (KHTML, like Gecko) Version/26.0.1 Mobile/15E148 Safari/604.1"
103.199.217.2 - - [07/Oct/2025:15:35:02 +0000] "GET /wp-content/uploads/2025/07/N0002-b-220x160.jpg HTTP/1.1" 200 5712 "https://sweetmassagekl.net/n0001/" "Mozilla/5.0 (iPhone; CPU iPhone OS 18_7 like Mac OS X) AppleWebKit/605.1.15 (KHTML, like Gecko) Version/26.0.1 Mobile/15E148 Safari/604.1"
103.199.217.2 - - [07/Oct/2025:15:35:13 +0000] "GET /wp-content/uploads/2025/06/N0005-938x1280.jpg HTTP/1.1" 200 112196 "https://sweetmassagekl.net/" "Mozilla/5.0 (iPhone; CPU iPhone OS 18_7 like Mac OS X) AppleWebKit/605.1.15 (KHTML, like Gecko) Version/26.0.1 Mobile/15E148 Safari/604.1"
103.199.217.2 - - [07/Oct/2025:15:35:12 +0000] "GET /wp-content/uploads/2025/06/N0004-957x1280.jpg HTTP/1.1" 200 175468 "https://sweetmassagekl.net/" "Mozilla/5.0 (iPhone; CPU iPhone OS 18_7 like Mac OS X) AppleWebKit/605.1.15 (KHTML, like Gecko) Version/26.0.1 Mobile/15E148 Safari/604.1"
203.161.56.247 - - [07/Oct/2025:15:36:14 +0000] "POST /wp-cron.php?doing_wp_cron=1759851374.3248910903930664062500 HTTP/1.1" 200 - "-" "WordPress/6.8.3; https://sweetmassagekl.net"
216.73.216.143 - - [07/Oct/2025:15:36:12 +0000] "GET /sitemap.rss HTTP/1.1" 200 710 "-" "Mozilla/5.0 AppleWebKit/537.36 (KHTML, like Gecko; compatible; ClaudeBot/1.0; +claudebot@anthropic.com)"
203.161.56.247 - - [07/Oct/2025:15:43:43 +0000] "POST /wp-cron.php?doing_wp_cron=1759851823.7576620578765869140625 HTTP/1.1" 200 - "-" "WordPress/6.8.3; https://sweetmassagekl.net"
216.73.216.143 - - [07/Oct/2025:15:43:41 +0000] "GET /video-sitemap.xml HTTP/1.1" 200 345 "-" "Mozilla/5.0 AppleWebKit/537.36 (KHTML, like Gecko; compatible; ClaudeBot/1.0; +claudebot@anthropic.com)"
203.161.56.247 - - [07/Oct/2025:16:00:05 +0000] "POST /wp-cron.php?doing_wp_cron=1759852805.8665781021118164062500 HTTP/1.1" 200 - "-" "WordPress/6.8.3; https://sweetmassagekl.net"
104.28.245.127 - - [07/Oct/2025:16:00:01 +0000] "GET / HTTP/1.1" 200 21781 "https://sweetb2bmassage.com/" "Mozilla/5.0 (Linux; Android 10; K) AppleWebKit/537.36 (KHTML, like Gecko) Chrome/141.0.0.0 Mobile Safari/537.36"
203.161.56.247 - - [07/Oct/2025:16:16:52 +0000] "POST /wp-cron.php?doing_wp_cron=1759853812.1206219196319580078125 HTTP/1.1" 200 - "-" "WordPress/6.8.3; https://sweetmassagekl.net"
17.241.227.124 - - [07/Oct/2025:16:16:50 +0000] "GET /news-sitemap.xml HTTP/1.1" 404 285 "-" "Mozilla/5.0 (Macintosh; Intel Mac OS X 10_15_7) AppleWebKit/605.1.15 (KHTML, like Gecko) Version/17.4 Safari/605.1.15 (Applebot/0.1; +http://www.apple.com/go/applebot)"
203.161.56.247 - - [07/Oct/2025:16:17:59 +0000] "POST /wp-cron.php?doing_wp_cron=1759853879.1867299079895019531250 HTTP/1.1" 200 - "-" "WordPress/6.8.3; https://sweetmassagekl.net"
216.73.216.181 - - [07/Oct/2025:16:17:57 +0000] "GET /robots.txt HTTP/1.1" 200 134 "-" "Mozilla/5.0 AppleWebKit/537.36 (KHTML, like Gecko; compatible; ClaudeBot/1.0; +claudebot@anthropic.com)"
216.73.216.181 - - [07/Oct/2025:16:17:59 +0000] "GET /sitemap.xml HTTP/1.1" 200 383 "-" "Mozilla/5.0 AppleWebKit/537.36 (KHTML, like Gecko; compatible; ClaudeBot/1.0; +claudebot@anthropic.com)"
203.161.56.247 - - [07/Oct/2025:16:22:01 +0000] "POST /wp-cron.php?doing_wp_cron=1759854120.9922471046447753906250 HTTP/1.1" 200 - "-" "WordPress/6.8.3; https://sweetmassagekl.net"
216.73.216.181 - - [07/Oct/2025:16:21:59 +0000] "GET /sitemap.rss HTTP/1.1" 200 710 "-" "Mozilla/5.0 AppleWebKit/537.36 (KHTML, like Gecko; compatible; ClaudeBot/1.0; +claudebot@anthropic.com)"
203.161.56.247 - - [07/Oct/2025:16:32:45 +0000] "POST /wp-cron.php?doing_wp_cron=1759854765.2526640892028808593750 HTTP/1.1" 200 - "-" "WordPress/6.8.3; https://sweetmassagekl.net"
136.243.220.209 - - [07/Oct/2025:16:32:43 +0000] "GET /comments/feed/ HTTP/1.1" 200 414 "-" "Mozilla/5.0 (compatible; DataForSeoBot/1.0; +https://dataforseo.com/dataforseo-bot)"
46.29.25.68 - - [07/Oct/2025:16:32:50 +0000] "GET /user/login HTTP/1.1" 404 44331 "https://sweetmassagekl.net/user/login" "Mozilla/5.0 (Windows NT 10.0; WOW64) AppleWebKit/537.36 (KHTML, like Gecko) Chrome/62.0.3198.0 Safari/537.36 OPR/49.0.2711.0"
46.29.25.68 - - [07/Oct/2025:16:32:52 +0000] "GET /user/login HTTP/1.1" 404 44331 "https://sweetmassagekl.net/user/login" "Mozilla/5.0 (Windows NT 10.0; WOW64) AppleWebKit/537.36 (KHTML, like Gecko) Chrome/62.0.3198.0 Safari/537.36 OPR/49.0.2711.0"
46.29.25.68 - - [07/Oct/2025:16:32:53 +0000] "GET /user/login HTTP/1.1" 404 44331 "https://sweetmassagekl.net/user/login" "Mozilla/5.0 (Windows NT 10.0; WOW64) AppleWebKit/537.36 (KHTML, like Gecko) Chrome/62.0.3198.0 Safari/537.36 OPR/49.0.2711.0"
46.29.25.68 - - [07/Oct/2025:16:32:55 +0000] "POST /user/login HTTP/1.1" 404 44261 "https://sweetmassagekl.net/user/login" "Mozilla/5.0 (Windows NT 10.0; WOW64) AppleWebKit/537.36 (KHTML, like Gecko) Chrome/62.0.3198.0 Safari/537.36 OPR/49.0.2711.0"
203.161.56.247 - - [07/Oct/2025:16:41:54 +0000] "POST /wp-cron.php?doing_wp_cron=1759855314.8923759460449218750000 HTTP/1.1" 200 - "-" "WordPress/6.8.3; https://sweetmassagekl.net"
54.39.210.107 - - [07/Oct/2025:16:41:53 +0000] "GET /sitemap.rss HTTP/1.1" 200 710 "-" "Mozilla/5.0 (compatible; AhrefsBot/7.0; +http://ahrefs.com/robot/)"
203.161.56.247 - - [07/Oct/2025:16:48:03 +0000] "POST /wp-cron.php?doing_wp_cron=1759855683.5754690170288085937500 HTTP/1.1" 200 - "-" "WordPress/6.8.3; https://sweetmassagekl.net"
216.73.216.181 - - [07/Oct/2025:16:48:01 +0000] "GET /sitemap.xml HTTP/1.1" 200 383 "-" "Mozilla/5.0 AppleWebKit/537.36 (KHTML, like Gecko; compatible; ClaudeBot/1.0; +claudebot@anthropic.com)"
203.161.56.247 - - [07/Oct/2025:17:13:08 +0000] "POST /wp-cron.php?doing_wp_cron=1759857188.3532938957214355468750 HTTP/1.1" 200 - "-" "WordPress/6.8.3; https://sweetmassagekl.net"
216.73.216.181 - - [07/Oct/2025:17:13:06 +0000] "GET /sitemap.rss HTTP/1.1" 200 710 "-" "Mozilla/5.0 AppleWebKit/537.36 (KHTML, like Gecko; compatible; ClaudeBot/1.0; +claudebot@anthropic.com)"
203.161.56.247 - - [07/Oct/2025:17:21:32 +0000] "POST /wp-cron.php?doing_wp_cron=1759857692.4592750072479248046875 HTTP/1.1" 200 - "-" "WordPress/6.8.3; https://sweetmassagekl.net"
109.111.197.20 - - [07/Oct/2025:17:21:30 +0000] "GET /user/login HTTP/1.1" 404 12052 "-" "Mozilla/5.0 (Windows NT 10.0; WOW64) AppleWebKit/537.36 (KHTML, like Gecko) Chrome/75.0.3770.100 Safari/537.36"
203.161.56.247 - - [07/Oct/2025:17:23:51 +0000] "POST /wp-cron.php?doing_wp_cron=1759857831.0243699550628662109375 HTTP/1.1" 200 - "-" "WordPress/6.8.3; https://sweetmassagekl.net"
18.97.9.175 - - [07/Oct/2025:17:23:49 +0000] "GET /robots.txt HTTP/1.1" 200 134 "-" "CCBot/2.0 (https://commoncrawl.org/faq/)"
18.97.9.175 - - [07/Oct/2025:17:23:51 +0000] "GET /author/sweet-b2b-massage/ HTTP/1.1" 200 13856 "-" "CCBot/2.0 (https://commoncrawl.org/faq/)"
43.157.148.38 - - [07/Oct/2025:17:33:25 +0000] "GET / HTTP/1.1" 200 21786 "http://www.sweetmassagekl.net" "Mozilla/5.0 (iPhone; CPU iPhone OS 13_2_3 like Mac OS X) AppleWebKit/605.1.15 (KHTML, like Gecko) Version/13.0.3 Mobile/15E148 Safari/604.1"
203.161.56.247 - - [07/Oct/2025:17:37:17 +0000] "POST /wp-cron.php?doing_wp_cron=1759858637.5008819103240966796875 HTTP/1.1" 200 - "-" "WordPress/6.8.3; https://sweetmassagekl.net"
88.235.207.103 - - [07/Oct/2025:17:37:15 +0000] "POST /xmlrpc.php HTTP/1.1" 503 18949 "-" "Mozilla/5.0 (Windows NT 10.0; Win64; x64) AppleWebKit/537.36 (KHTML, like Gecko) Chrome/91.0.4472.124 Safari/537.36"
203.161.56.247 - - [07/Oct/2025:17:42:30 +0000] "POST /wp-cron.php?doing_wp_cron=1759858950.1343100070953369140625 HTTP/1.1" 200 - "-" "WordPress/6.8.3; https://sweetmassagekl.net"
216.73.216.181 - - [07/Oct/2025:17:42:28 +0000] "GET /robots.txt HTTP/1.1" 200 134 "-" "Mozilla/5.0 AppleWebKit/537.36 (KHTML, like Gecko; compatible; ClaudeBot/1.0; +claudebot@anthropic.com)"
216.73.216.181 - - [07/Oct/2025:17:42:30 +0000] "GET /sitemap.xml HTTP/1.1" 200 383 "-" "Mozilla/5.0 AppleWebKit/537.36 (KHTML, like Gecko; compatible; ClaudeBot/1.0; +claudebot@anthropic.com)"
203.161.56.247 - - [07/Oct/2025:17:48:19 +0000] "POST /wp-cron.php?doing_wp_cron=1759859299.3268930912017822265625 HTTP/1.1" 200 - "-" "WordPress/6.8.3; https://sweetmassagekl.net"
43.131.39.179 - - [07/Oct/2025:17:48:17 +0000] "GET /m97/ HTTP/1.1" 404 12042 "-" "Mozilla/5.0 (iPhone; CPU iPhone OS 13_2_3 like Mac OS X) AppleWebKit/605.1.15 (KHTML, like Gecko) Version/13.0.3 Mobile/15E148 Safari/604.1"
203.161.56.247 - - [07/Oct/2025:17:53:26 +0000] "POST /wp-cron.php?doing_wp_cron=1759859606.3096110820770263671875 HTTP/1.1" 200 - "-" "WordPress/6.8.3; https://sweetmassagekl.net"
216.73.216.181 - - [07/Oct/2025:17:53:24 +0000] "GET /sitemap.rss HTTP/1.1" 200 710 "-" "Mozilla/5.0 AppleWebKit/537.36 (KHTML, like Gecko; compatible; ClaudeBot/1.0; +claudebot@anthropic.com)"
203.161.56.247 - - [07/Oct/2025:17:58:20 +0000] "POST /wp-cron.php?doing_wp_cron=1759859900.1293020248413085937500 HTTP/1.1" 200 - "-" "WordPress/6.8.3; https://sweetmassagekl.net"
43.130.91.95 - - [07/Oct/2025:17:58:18 +0000] "GET /b2b-sensual-massage-kuala-lumpur/ HTTP/1.1" 200 17428 "-" "Mozilla/5.0 (iPhone; CPU iPhone OS 13_2_3 like Mac OS X) AppleWebKit/605.1.15 (KHTML, like Gecko) Version/13.0.3 Mobile/15E148 Safari/604.1"
203.161.56.247 - - [07/Oct/2025:18:00:08 +0000] "POST /wp-cron.php?doing_wp_cron=1759860008.3238151073455810546875 HTTP/1.1" 200 - "-" "WordPress/6.8.3; https://sweetmassagekl.net"
165.231.183.28 - - [07/Oct/2025:18:00:06 +0000] "GET /user/login HTTP/1.1" 404 12052 "-" "Mozilla/5.0 (Windows NT 10.0; WOW64) AppleWebKit/537.36 (KHTML, like Gecko) Chrome/75.0.3770.100 Safari/537.36"
203.161.56.247 - - [07/Oct/2025:18:02:07 +0000] "POST /wp-cron.php?doing_wp_cron=1759860127.3170731067657470703125 HTTP/1.1" 200 - "-" "WordPress/6.8.3; https://sweetmassagekl.net"
40.77.167.75 - - [07/Oct/2025:18:02:05 +0000] "GET /sitemap.txt HTTP/1.1" 302 - "-" "Mozilla/5.0 AppleWebKit/537.36 (KHTML, like Gecko; compatible; bingbot/2.0; +http://www.bing.com/bingbot.htm) Chrome/116.0.1938.76 Safari/537.36"
40.77.167.75 - - [07/Oct/2025:18:02:08 +0000] "GET /sitemap.xml HTTP/1.1" 200 383 "-" "Mozilla/5.0 AppleWebKit/537.36 (KHTML, like Gecko; compatible; bingbot/2.0; +http://www.bing.com/bingbot.htm) Chrome/116.0.1938.76 Safari/537.36"
203.161.56.247 - - [07/Oct/2025:18:06:54 +0000] "POST /wp-cron.php?doing_wp_cron=1759860414.9038350582122802734375 HTTP/1.1" 200 - "-" "WordPress/6.8.3; https://sweetmassagekl.net"
216.73.216.181 - - [07/Oct/2025:18:06:53 +0000] "GET /video-sitemap.xml HTTP/1.1" 200 345 "-" "Mozilla/5.0 AppleWebKit/537.36 (KHTML, like Gecko; compatible; ClaudeBot/1.0; +claudebot@anthropic.com)"
203.161.56.247 - - [07/Oct/2025:18:12:12 +0000] "POST /wp-cron.php?doing_wp_cron=1759860732.1911048889160156250000 HTTP/1.1" 200 - "-" "WordPress/6.8.3; https://sweetmassagekl.net"
43.153.87.54 - - [07/Oct/2025:18:12:10 +0000] "GET /wp-json/oembed/1.0/embed?url=https%3A%2F%2Fsweetmassagekl.net%2F&format=xml HTTP/1.1" 200 1038 "-" "Mozilla/5.0 (iPhone; CPU iPhone OS 13_2_3 like Mac OS X) AppleWebKit/605.1.15 (KHTML, like Gecko) Version/13.0.3 Mobile/15E148 Safari/604.1"
203.161.56.247 - - [07/Oct/2025:18:13:58 +0000] "POST /wp-cron.php?doing_wp_cron=1759860838.6853508949279785156250 HTTP/1.1" 200 - "-" "WordPress/6.8.3; https://sweetmassagekl.net"
142.44.225.86 - - [07/Oct/2025:18:13:56 +0000] "GET /feed/ HTTP/1.1" 200 8517 "-" "Mozilla/5.0 (compatible; AhrefsBot/7.0; +http://ahrefs.com/robot/)"
203.161.56.247 - - [07/Oct/2025:18:16:17 +0000] "POST /wp-cron.php?doing_wp_cron=1759860977.7784171104431152343750 HTTP/1.1" 200 - "-" "WordPress/6.8.3; https://sweetmassagekl.net"
216.73.216.181 - - [07/Oct/2025:18:16:15 +0000] "GET /video-sitemap.xml HTTP/1.1" 200 345 "-" "Mozilla/5.0 AppleWebKit/537.36 (KHTML, like Gecko; compatible; ClaudeBot/1.0; +claudebot@anthropic.com)"
203.161.56.247 - - [07/Oct/2025:18:18:47 +0000] "POST /wp-cron.php?doing_wp_cron=1759861127.2576990127563476562500 HTTP/1.1" 200 - "-" "WordPress/6.8.3; https://sweetmassagekl.net"
18.97.9.175 - - [07/Oct/2025:18:18:45 +0000] "GET /n0002/ HTTP/1.1" 200 17153 "-" "CCBot/2.0 (https://commoncrawl.org/faq/)"
203.161.56.247 - - [07/Oct/2025:18:19:57 +0000] "POST /wp-cron.php?doing_wp_cron=1759861197.4064300060272216796875 HTTP/1.1" 200 - "-" "WordPress/6.8.3; https://sweetmassagekl.net"
18.97.9.175 - - [07/Oct/2025:18:19:55 +0000] "GET /2025/07/03/ HTTP/1.1" 200 12884 "-" "CCBot/2.0 (https://commoncrawl.org/faq/)"
203.161.56.247 - - [07/Oct/2025:18:20:14 +0000] "POST /wp-cron.php?doing_wp_cron=1759861214.3500669002532958984375 HTTP/1.1" 200 - "-" "WordPress/6.8.3; https://sweetmassagekl.net"
49.51.183.84 - - [07/Oct/2025:18:20:13 +0000] "GET /t89/ HTTP/1.1" 404 12042 "-" "Mozilla/5.0 (iPhone; CPU iPhone OS 13_2_3 like Mac OS X) AppleWebKit/605.1.15 (KHTML, like Gecko) Version/13.0.3 Mobile/15E148 Safari/604.1"
203.161.56.247 - - [07/Oct/2025:18:21:08 +0000] "POST /wp-cron.php?doing_wp_cron=1759861268.0227239131927490234375 HTTP/1.1" 200 - "-" "WordPress/6.8.3; https://sweetmassagekl.net"
69.171.249.8 - - [07/Oct/2025:18:21:06 +0000] "GET /robots.txt HTTP/1.1" 301 - "-" "facebookexternalhit/1.1 (+http://www.facebook.com/externalhit_uatext.php)"
69.171.249.8 - - [07/Oct/2025:18:21:08 +0000] "GET /robots.txt HTTP/1.1" 200 278 "-" "facebookexternalhit/1.1 (+http://www.facebook.com/externalhit_uatext.php)"
203.161.56.247 - - [07/Oct/2025:18:23:00 +0000] "POST /wp-cron.php?doing_wp_cron=1759861380.3867490291595458984375 HTTP/1.1" 200 - "-" "WordPress/6.8.3; https://sweetmassagekl.net"
18.97.9.175 - - [07/Oct/2025:18:22:58 +0000] "GET /m92/ HTTP/1.1" 404 12041 "-" "CCBot/2.0 (https://commoncrawl.org/faq/)"
203.161.56.247 - - [07/Oct/2025:18:24:34 +0000] "POST /wp-cron.php?doing_wp_cron=1759861474.9022040367126464843750 HTTP/1.1" 200 - "-" "WordPress/6.8.3; https://sweetmassagekl.net"
18.97.9.175 - - [07/Oct/2025:18:24:33 +0000] "GET /m99/ HTTP/1.1" 404 12042 "-" "CCBot/2.0 (https://commoncrawl.org/faq/)"
203.161.56.247 - - [07/Oct/2025:18:28:29 +0000] "POST /wp-cron.php?doing_wp_cron=1759861709.4493150711059570312500 HTTP/1.1" 200 - "-" "WordPress/6.8.3; https://sweetmassagekl.net"
216.73.216.181 - - [07/Oct/2025:18:28:27 +0000] "GET /video-sitemap.xml HTTP/1.1" 200 345 "-" "Mozilla/5.0 AppleWebKit/537.36 (KHTML, like Gecko; compatible; ClaudeBot/1.0; +claudebot@anthropic.com)"
18.97.9.175 - - [07/Oct/2025:18:28:29 +0000] "GET /2025/06/07/ HTTP/1.1" 200 13142 "-" "CCBot/2.0 (https://commoncrawl.org/faq/)"
203.161.56.247 - - [07/Oct/2025:18:29:26 +0000] "POST /wp-cron.php?doing_wp_cron=1759861766.2389860153198242187500 HTTP/1.1" 200 - "-" "WordPress/6.8.3; https://sweetmassagekl.net"
43.153.102.138 - - [07/Oct/2025:18:29:23 +0000] "GET /m97/ HTTP/1.1" 404 12042 "-" "Mozilla/5.0 (iPhone; CPU iPhone OS 13_2_3 like Mac OS X) AppleWebKit/605.1.15 (KHTML, like Gecko) Version/13.0.3 Mobile/15E148 Safari/604.1"
203.161.56.247 - - [07/Oct/2025:18:34:40 +0000] "POST /wp-cron.php?doing_wp_cron=1759862080.8141000270843505859375 HTTP/1.1" 200 - "-" "WordPress/6.8.3; https://sweetmassagekl.net"
37.0.12.236 - - [07/Oct/2025:18:34:39 +0000] "GET /user/login HTTP/1.1" 404 12052 "-" "Mozilla/5.0 (Windows NT 10.0; WOW64) AppleWebKit/537.36 (KHTML, like Gecko) Chrome/75.0.3770.100 Safari/537.36"
203.161.56.247 - - [07/Oct/2025:18:41:08 +0000] "POST /wp-cron.php?doing_wp_cron=1759862468.5800929069519042968750 HTTP/1.1" 200 - "-" "WordPress/6.8.3; https://sweetmassagekl.net"
18.97.9.175 - - [07/Oct/2025:18:41:06 +0000] "GET /v78/ HTTP/1.1" 404 12042 "-" "CCBot/2.0 (https://commoncrawl.org/faq/)"
203.161.56.247 - - [07/Oct/2025:18:41:20 +0000] "POST /wp-cron.php?doing_wp_cron=1759862480.8064820766448974609375 HTTP/1.1" 200 - "-" "WordPress/6.8.3; https://sweetmassagekl.net"
87.249.139.167 - - [07/Oct/2025:18:41:19 +0000] "GET /user/login HTTP/1.1" 404 12051 "-" "Mozilla/5.0 (Windows NT 10.0; WOW64) AppleWebKit/537.36 (KHTML, like Gecko) Chrome/75.0.3770.100 Safari/537.36"
203.161.56.247 - - [07/Oct/2025:18:41:40 +0000] "POST /wp-cron.php?doing_wp_cron=1759862500.8655838966369628906250 HTTP/1.1" 200 - "-" "WordPress/6.8.3; https://sweetmassagekl.net"
216.73.216.181 - - [07/Oct/2025:18:41:39 +0000] "GET /video-sitemap.xml HTTP/1.1" 200 345 "-" "Mozilla/5.0 AppleWebKit/537.36 (KHTML, like Gecko; compatible; ClaudeBot/1.0; +claudebot@anthropic.com)"
203.161.56.247 - - [07/Oct/2025:18:44:01 +0000] "POST /wp-cron.php?doing_wp_cron=1759862641.8954300880432128906250 HTTP/1.1" 200 - "-" "WordPress/6.8.3; https://sweetmassagekl.net"
156.146.55.227 - - [07/Oct/2025:18:43:59 +0000] "GET /user/login HTTP/1.1" 404 12052 "-" "Mozilla/5.0 (Windows NT 10.0; WOW64) AppleWebKit/537.36 (KHTML, like Gecko) Chrome/75.0.3770.100 Safari/537.36"
175.27.164.113 - - [07/Oct/2025:18:45:07 +0000] "GET / HTTP/1.1" 200 21789 "http://www.sweetmassagekl.net" "Mozilla/5.0 (iPhone; CPU iPhone OS 13_2_3 like Mac OS X) AppleWebKit/605.1.15 (KHTML, like Gecko) Version/13.0.3 Mobile/15E148 Safari/604.1"
203.161.56.247 - - [07/Oct/2025:18:46:40 +0000] "POST /wp-cron.php?doing_wp_cron=1759862800.7399339675903320312500 HTTP/1.1" 200 - "-" "WordPress/6.8.3; https://sweetmassagekl.net"
18.97.9.175 - - [07/Oct/2025:18:46:38 +0000] "GET /2025/08/24/ HTTP/1.1" 200 13207 "-" "CCBot/2.0 (https://commoncrawl.org/faq/)"
124.156.157.91 - - [07/Oct/2025:18:47:05 +0000] "GET /wp-json/oembed/1.0/embed?url=https%3A%2F%2Fsweetmassagekl.net%2Fb2b-sensual-massage-kuala-lumpur%2F&format=xml HTTP/1.1" 200 1063 "-" "Mozilla/5.0 (iPhone; CPU iPhone OS 13_2_3 like Mac OS X) AppleWebKit/605.1.15 (KHTML, like Gecko) Version/13.0.3 Mobile/15E148 Safari/604.1"
203.161.56.247 - - [07/Oct/2025:18:47:35 +0000] "POST /wp-cron.php?doing_wp_cron=1759862855.2555139064788818359375 HTTP/1.1" 200 - "-" "WordPress/6.8.3; https://sweetmassagekl.net"
57.141.0.8 - - [07/Oct/2025:18:47:33 +0000] "GET / HTTP/1.1" 200 133410 "-" "meta-externalagent/1.1 (+https://developers.facebook.com/docs/sharing/webmasters/crawler)"
43.133.187.11 - - [07/Oct/2025:18:47:47 +0000] "GET /wp-content/uploads/2025/07/N0003-mov.mp4 HTTP/1.1" 200 558634 "-" "Mozilla/5.0 (iPhone; CPU iPhone OS 13_2_3 like Mac OS X) AppleWebKit/605.1.15 (KHTML, like Gecko) Version/13.0.3 Mobile/15E148 Safari/604.1"
203.161.56.247 - - [07/Oct/2025:18:48:29 +0000] "POST /wp-cron.php?doing_wp_cron=1759862909.7702710628509521484375 HTTP/1.1" 200 - "-" "WordPress/6.8.3; https://sweetmassagekl.net"
18.97.9.175 - - [07/Oct/2025:18:48:27 +0000] "GET /2025/08/03/ HTTP/1.1" 200 13319 "-" "CCBot/2.0 (https://commoncrawl.org/faq/)"
203.161.56.247 - - [07/Oct/2025:18:59:23 +0000] "POST /wp-cron.php?doing_wp_cron=1759863563.0440599918365478515625 HTTP/1.1" 200 - "-" "WordPress/6.8.3; https://sweetmassagekl.net"
43.130.39.254 - - [07/Oct/2025:18:59:20 +0000] "GET /?p=1675 HTTP/1.1" 301 - "-" "Mozilla/5.0 (iPhone; CPU iPhone OS 13_2_3 like Mac OS X) AppleWebKit/605.1.15 (KHTML, like Gecko) Version/13.0.3 Mobile/15E148 Safari/604.1"
203.161.56.247 - - [07/Oct/2025:18:59:27 +0000] "POST /wp-cron.php?doing_wp_cron=1759863567.8864419460296630859375 HTTP/1.1" 200 - "-" "WordPress/6.8.3; https://sweetmassagekl.net"
43.130.39.254 - - [07/Oct/2025:18:59:26 +0000] "GET /b2b-sensual-massage-kuala-lumpur/ HTTP/1.1" 200 17427 "https://sweetmassagekl.net/?p=1675" "Mozilla/5.0 (iPhone; CPU iPhone OS 13_2_3 like Mac OS X) AppleWebKit/605.1.15 (KHTML, like Gecko) Version/13.0.3 Mobile/15E148 Safari/604.1"
203.161.56.247 - - [07/Oct/2025:19:03:02 +0000] "POST /wp-cron.php?doing_wp_cron=1759863782.1056690216064453125000 HTTP/1.1" 200 - "-" "WordPress/6.8.3; https://sweetmassagekl.net"
130.195.243.14 - - [07/Oct/2025:19:03:00 +0000] "GET /user/login HTTP/1.1" 404 44331 "https://sweetmassagekl.net/user/login" "Mozilla/5.0 (Windows NT 10.0; WOW64) AppleWebKit/537.36 (KHTML, like Gecko) Chrome/62.0.3198.0 Safari/537.36 OPR/49.0.2711.0"
130.195.243.14 - - [07/Oct/2025:19:03:03 +0000] "GET /user/login HTTP/1.1" 404 44331 "https://sweetmassagekl.net/user/login" "Mozilla/5.0 (Windows NT 10.0; WOW64) AppleWebKit/537.36 (KHTML, like Gecko) Chrome/62.0.3198.0 Safari/537.36 OPR/49.0.2711.0"
130.195.243.14 - - [07/Oct/2025:19:03:05 +0000] "GET /user/login HTTP/1.1" 404 44331 "https://sweetmassagekl.net/user/login" "Mozilla/5.0 (Windows NT 10.0; WOW64) AppleWebKit/537.36 (KHTML, like Gecko) Chrome/62.0.3198.0 Safari/537.36 OPR/49.0.2711.0"
130.195.243.14 - - [07/Oct/2025:19:03:07 +0000] "POST /user/login HTTP/1.1" 404 44261 "https://sweetmassagekl.net/user/login" "Mozilla/5.0 (Windows NT 10.0; WOW64) AppleWebKit/537.36 (KHTML, like Gecko) Chrome/62.0.3198.0 Safari/537.36 OPR/49.0.2711.0"
203.161.56.247 - - [07/Oct/2025:19:07:42 +0000] "POST /wp-cron.php?doing_wp_cron=1759864062.8546950817108154296875 HTTP/1.1" 200 - "-" "WordPress/6.8.3; https://sweetmassagekl.net"
40.77.167.57 - - [07/Oct/2025:19:07:40 +0000] "GET /sitemap.txt HTTP/1.1" 302 - "-" "Mozilla/5.0 AppleWebKit/537.36 (KHTML, like Gecko; compatible; bingbot/2.0; +http://www.bing.com/bingbot.htm) Chrome/116.0.1938.76 Safari/537.36"
40.77.167.57 - - [07/Oct/2025:19:07:43 +0000] "GET /sitemap.xml HTTP/1.1" 200 383 "-" "Mozilla/5.0 AppleWebKit/537.36 (KHTML, like Gecko; compatible; bingbot/2.0; +http://www.bing.com/bingbot.htm) Chrome/116.0.1938.76 Safari/537.36"
203.161.56.247 - - [07/Oct/2025:19:08:19 +0000] "POST /wp-cron.php?doing_wp_cron=1759864099.7996299266815185546875 HTTP/1.1" 200 - "-" "WordPress/6.8.3; https://sweetmassagekl.net"
43.156.228.27 - - [07/Oct/2025:19:08:18 +0000] "GET /embed/ HTTP/1.1" 301 - "-" "Mozilla/5.0 (iPhone; CPU iPhone OS 13_2_3 like Mac OS X) AppleWebKit/605.1.15 (KHTML, like Gecko) Version/13.0.3 Mobile/15E148 Safari/604.1"
203.161.56.247 - - [07/Oct/2025:19:08:25 +0000] "POST /wp-cron.php?doing_wp_cron=1759864105.6643888950347900390625 HTTP/1.1" 200 - "-" "WordPress/6.8.3; https://sweetmassagekl.net"
43.156.228.27 - - [07/Oct/2025:19:08:24 +0000] "GET / HTTP/1.1" 200 21782 "https://sweetmassagekl.net/embed/" "Mozilla/5.0 (iPhone; CPU iPhone OS 13_2_3 like Mac OS X) AppleWebKit/605.1.15 (KHTML, like Gecko) Version/13.0.3 Mobile/15E148 Safari/604.1"
216.73.216.181 - - [07/Oct/2025:19:08:28 +0000] "GET /robots.txt HTTP/1.1" 200 134 "-" "Mozilla/5.0 AppleWebKit/537.36 (KHTML, like Gecko; compatible; ClaudeBot/1.0; +claudebot@anthropic.com)"
216.73.216.181 - - [07/Oct/2025:19:08:29 +0000] "GET /video-sitemap.xml HTTP/1.1" 200 345 "-" "Mozilla/5.0 AppleWebKit/537.36 (KHTML, like Gecko; compatible; ClaudeBot/1.0; +claudebot@anthropic.com)"
170.106.113.159 - - [07/Oct/2025:19:10:18 +0000] "GET / HTTP/1.1" 200 21778 "http://sweetmassagekl.net" "Mozilla/5.0 (iPhone; CPU iPhone OS 13_2_3 like Mac OS X) AppleWebKit/605.1.15 (KHTML, like Gecko) Version/13.0.3 Mobile/15E148 Safari/604.1"
203.161.56.247 - - [07/Oct/2025:19:10:42 +0000] "POST /wp-cron.php?doing_wp_cron=1759864242.3745141029357910156250 HTTP/1.1" 200 - "-" "WordPress/6.8.3; https://sweetmassagekl.net"
146.70.245.136 - - [07/Oct/2025:19:10:41 +0000] "GET /user/login HTTP/1.1" 404 44331 "https://sweetmassagekl.net/user/login" "Mozilla/5.0 (Windows NT 10.0; WOW64) AppleWebKit/537.36 (KHTML, like Gecko) Chrome/62.0.3198.0 Safari/537.36 OPR/49.0.2711.0"
146.70.245.136 - - [07/Oct/2025:19:10:43 +0000] "GET /user/login HTTP/1.1" 404 44331 "https://sweetmassagekl.net/user/login" "Mozilla/5.0 (Windows NT 10.0; WOW64) AppleWebKit/537.36 (KHTML, like Gecko) Chrome/62.0.3198.0 Safari/537.36 OPR/49.0.2711.0"
146.70.245.136 - - [07/Oct/2025:19:10:45 +0000] "GET /user/login HTTP/1.1" 404 44331 "https://sweetmassagekl.net/user/login" "Mozilla/5.0 (Windows NT 10.0; WOW64) AppleWebKit/537.36 (KHTML, like Gecko) Chrome/62.0.3198.0 Safari/537.36 OPR/49.0.2711.0"
146.70.245.136 - - [07/Oct/2025:19:10:46 +0000] "POST /user/login HTTP/1.1" 404 44261 "https://sweetmassagekl.net/user/login" "Mozilla/5.0 (Windows NT 10.0; WOW64) AppleWebKit/537.36 (KHTML, like Gecko) Chrome/62.0.3198.0 Safari/537.36 OPR/49.0.2711.0"
203.161.56.247 - - [07/Oct/2025:19:11:48 +0000] "POST /wp-cron.php?doing_wp_cron=1759864308.8899860382080078125000 HTTP/1.1" 200 - "-" "WordPress/6.8.3; https://sweetmassagekl.net"
18.97.9.175 - - [07/Oct/2025:19:11:47 +0000] "GET /t87/ HTTP/1.1" 404 12042 "-" "CCBot/2.0 (https://commoncrawl.org/faq/)"
203.161.56.247 - - [07/Oct/2025:19:14:07 +0000] "POST /wp-cron.php?doing_wp_cron=1759864447.8606469631195068359375 HTTP/1.1" 200 - "-" "WordPress/6.8.3; https://sweetmassagekl.net"
65.111.10.232 - - [07/Oct/2025:19:14:05 +0000] "GET /wp-admin/user-new.php HTTP/1.1" 302 - "-" "Mozilla/5.0 (Windows NT 10.0; Win64; x64) AppleWebKit/537.36 (KHTML, like Gecko) Chrome/115.0.0.0 Safari/537.36 Edg/115.0.1901.203"
65.111.10.232 - - [07/Oct/2025:19:14:08 +0000] "GET /wp-login.php?redirect_to=https%3A%2F%2Fsweetmassagekl.net%2Fwp-admin%2Fuser-new.php&reauth=1 HTTP/1.1" 200 1951 "-" "Mozilla/5.0 (Windows NT 10.0; Win64; x64) AppleWebKit/537.36 (KHTML, like Gecko) Chrome/115.0.0.0 Safari/537.36 Edg/115.0.1901.203"
65.111.10.232 - - [07/Oct/2025:19:14:10 +0000] "POST /wp-login.php HTTP/1.1" 200 2055 "https://sweetmassagekl.net/wp-login.php" "Mozilla/5.0 (Windows NT 10.0; Win64; x64) AppleWebKit/537.36 (KHTML, like Gecko) Chrome/115.0.0.0 Safari/537.36 Edg/115.0.1901.203"
203.161.56.247 - - [07/Oct/2025:19:16:58 +0000] "POST /wp-cron.php?doing_wp_cron=1759864618.8664870262145996093750 HTTP/1.1" 200 - "-" "WordPress/6.8.3; https://sweetmassagekl.net"
54.39.89.188 - - [07/Oct/2025:19:16:57 +0000] "GET /sitemap.rss HTTP/1.1" 200 710 "-" "Mozilla/5.0 (compatible; AhrefsBot/7.0; +http://ahrefs.com/robot/)"
203.161.56.247 - - [07/Oct/2025:19:17:47 +0000] "POST /wp-cron.php?doing_wp_cron=1759864667.9560019969940185546875 HTTP/1.1" 200 - "-" "WordPress/6.8.3; https://sweetmassagekl.net"
216.73.216.181 - - [07/Oct/2025:19:17:45 +0000] "GET /news-sitemap.xml HTTP/1.1" 404 285 "-" "Mozilla/5.0 AppleWebKit/537.36 (KHTML, like Gecko; compatible; ClaudeBot/1.0; +claudebot@anthropic.com)"
203.161.56.247 - - [07/Oct/2025:19:18:50 +0000] "POST /wp-cron.php?doing_wp_cron=1759864730.0732181072235107421875 HTTP/1.1" 200 - "-" "WordPress/6.8.3; https://sweetmassagekl.net"
216.73.216.181 - - [07/Oct/2025:19:18:48 +0000] "GET /video-sitemap.xml HTTP/1.1" 200 345 "-" "Mozilla/5.0 AppleWebKit/537.36 (KHTML, like Gecko; compatible; ClaudeBot/1.0; +claudebot@anthropic.com)"
203.161.56.247 - - [07/Oct/2025:19:24:50 +0000] "POST /wp-cron.php?doing_wp_cron=1759865090.2937309741973876953125 HTTP/1.1" 200 - "-" "WordPress/6.8.3; https://sweetmassagekl.net"
43.153.192.98 - - [07/Oct/2025:19:24:48 +0000] "GET /t89/ HTTP/1.1" 404 12042 "-" "Mozilla/5.0 (iPhone; CPU iPhone OS 13_2_3 like Mac OS X) AppleWebKit/605.1.15 (KHTML, like Gecko) Version/13.0.3 Mobile/15E148 Safari/604.1"
203.161.56.247 - - [07/Oct/2025:19:25:39 +0000] "POST /wp-cron.php?doing_wp_cron=1759865139.5111629962921142578125 HTTP/1.1" 200 - "-" "WordPress/6.8.3; https://sweetmassagekl.net"
216.73.216.181 - - [07/Oct/2025:19:25:37 +0000] "GET /sitemap.rss HTTP/1.1" 200 710 "-" "Mozilla/5.0 AppleWebKit/537.36 (KHTML, like Gecko; compatible; ClaudeBot/1.0; +claudebot@anthropic.com)"
203.161.56.247 - - [07/Oct/2025:19:28:17 +0000] "POST /wp-cron.php?doing_wp_cron=1759865297.7197151184082031250000 HTTP/1.1" 200 - "-" "WordPress/6.8.3; https://sweetmassagekl.net"
43.157.22.57 - - [07/Oct/2025:19:28:15 +0000] "GET /b2b-sensual-massage-kuala-lumpur/embed/ HTTP/1.1" 200 6457 "-" "Mozilla/5.0 (iPhone; CPU iPhone OS 13_2_3 like Mac OS X) AppleWebKit/605.1.15 (KHTML, like Gecko) Version/13.0.3 Mobile/15E148 Safari/604.1"
203.161.56.247 - - [07/Oct/2025:19:28:48 +0000] "POST /wp-cron.php?doing_wp_cron=1759865328.5293309688568115234375 HTTP/1.1" 200 - "-" "WordPress/6.8.3; https://sweetmassagekl.net"
216.73.216.181 - - [07/Oct/2025:19:28:47 +0000] "GET /video-sitemap.xml HTTP/1.1" 200 345 "-" "Mozilla/5.0 AppleWebKit/537.36 (KHTML, like Gecko; compatible; ClaudeBot/1.0; +claudebot@anthropic.com)"
