119.234.34.79 - - [08/Oct/2025:05:00:24 +0000] "GET /wp-content/uploads/2025/06/N0003-1-569x758.jpg HTTP/1.1" 200 51964 "https://sweetmassagekl.net/n0001/" "Mozilla/5.0 (iPhone; CPU iPhone OS 26_0_1 like Mac OS X) AppleWebKit/605.1.15 (KHTML, like Gecko) CriOS/141.0.7390.69 Mobile/15E148 Safari/604.1"
119.234.34.79 - - [08/Oct/2025:05:00:24 +0000] "GET /wp-content/uploads/2025/06/N0001-569x758.jpg HTTP/1.1" 200 62004 "https://sweetmassagekl.net/n0001/" "Mozilla/5.0 (iPhone; CPU iPhone OS 26_0_1 like Mac OS X) AppleWebKit/605.1.15 (KHTML, like Gecko) CriOS/141.0.7390.69 Mobile/15E148 Safari/604.1"
203.161.56.247 - - [08/Oct/2025:05:00:25 +0000] "POST /wp-cron.php?doing_wp_cron=1759899625.3644559383392333984375 HTTP/1.1" 200 - "-" "WordPress/6.8.3; https://sweetmassagekl.net"
119.234.34.79 - - [08/Oct/2025:05:00:23 +0000] "GET /favicon.ico HTTP/1.1" 302 - "-" "Mozilla/5.0 (iPhone; CPU iPhone OS 26_0_1 like Mac OS X) AppleWebKit/605.1.15 (KHTML, like Gecko) CriOS/141.0.7390.69 Mobile/15E148 Safari/604.1"
119.234.34.79 - - [08/Oct/2025:05:00:25 +0000] "GET /wp-content/uploads/2025/06/N0001-mov.mov HTTP/1.1" 206 22988 "https://sweetmassagekl.net/n0001/" "Mozilla/5.0 (iPhone; CPU iPhone OS 26_0_1 like Mac OS X) AppleWebKit/605.1.15 (KHTML, like Gecko) CriOS/141.0.7390.69 Mobile/15E148 Safari/604.1"
119.234.34.79 - - [08/Oct/2025:05:00:25 +0000] "GET /wp-content/uploads/2025/06/N0001-mov.mov HTTP/1.1" 206 3119564 "https://sweetmassagekl.net/n0001/" "Mozilla/5.0 (iPhone; CPU iPhone OS 26_0_1 like Mac OS X) AppleWebKit/605.1.15 (KHTML, like Gecko) CriOS/141.0.7390.69 Mobile/15E148 Safari/604.1"
119.234.34.79 - - [08/Oct/2025:05:00:26 +0000] "GET /wp-content/uploads/2025/06/N0001-mov.mov HTTP/1.1" 206 3088722 "https://sweetmassagekl.net/n0001/" "Mozilla/5.0 (iPhone; CPU iPhone OS 26_0_1 like Mac OS X) AppleWebKit/605.1.15 (KHTML, like Gecko) CriOS/141.0.7390.69 Mobile/15E148 Safari/604.1"
203.161.56.247 - - [08/Oct/2025:05:06:13 +0000] "POST /wp-cron.php?doing_wp_cron=1759899973.3009600639343261718750 HTTP/1.1" 200 - "-" "WordPress/6.8.3; https://sweetmassagekl.net"
216.73.216.181 - - [08/Oct/2025:05:06:11 +0000] "GET /news-sitemap.xml HTTP/1.1" 404 285 "-" "Mozilla/5.0 AppleWebKit/537.36 (KHTML, like Gecko; compatible; ClaudeBot/1.0; +claudebot@anthropic.com)"
203.161.56.247 - - [08/Oct/2025:05:07:47 +0000] "POST /wp-cron.php?doing_wp_cron=1759900067.7649769783020019531250 HTTP/1.1" 200 - "-" "WordPress/6.8.3; https://sweetmassagekl.net"
216.73.216.181 - - [08/Oct/2025:05:07:45 +0000] "GET /sitemap.rss HTTP/1.1" 200 710 "-" "Mozilla/5.0 AppleWebKit/537.36 (KHTML, like Gecko; compatible; ClaudeBot/1.0; +claudebot@anthropic.com)"
40.88.21.235 - - [08/Oct/2025:05:18:01 +0000] "GET / HTTP/1.1" 200 21786 "https://sweetmassagekl.net/" "DuckDuckBot/1.1; (+http://duckduckgo.com/duckduckbot.html)"
40.88.21.235 - - [08/Oct/2025:05:18:03 +0000] "GET /favicon.ico HTTP/1.1" 302 - "https://sweetmassagekl.net/favicon.ico" "DuckDuckBot/1.1; (+http://duckduckgo.com/duckduckbot.html)"
40.88.21.235 - - [08/Oct/2025:05:18:04 +0000] "GET /wp-includes/images/w-logo-blue-white-bg.png HTTP/1.1" 200 4119 "https://sweetmassagekl.net/wp-includes/images/w-logo-blue-white-bg.png" "DuckDuckBot/1.1; (+http://duckduckgo.com/duckduckbot.html)"
40.88.21.235 - - [08/Oct/2025:05:18:09 +0000] "GET / HTTP/1.1" 200 21777 "https://sweetmassagekl.net/" "DuckDuckBot/1.1; (+http://duckduckgo.com/duckduckbot.html)"
40.88.21.235 - - [08/Oct/2025:05:18:11 +0000] "GET /favicon.ico HTTP/1.1" 302 - "https://sweetmassagekl.net/favicon.ico" "DuckDuckBot/1.1; (+http://duckduckgo.com/duckduckbot.html)"
40.88.21.235 - - [08/Oct/2025:05:18:13 +0000] "GET /wp-includes/images/w-logo-blue-white-bg.png HTTP/1.1" 200 4119 "https://sweetmassagekl.net/wp-includes/images/w-logo-blue-white-bg.png" "DuckDuckBot/1.1; (+http://duckduckgo.com/duckduckbot.html)"
203.161.56.247 - - [08/Oct/2025:05:22:00 +0000] "POST /wp-cron.php?doing_wp_cron=1759900920.8279349803924560546875 HTTP/1.1" 200 - "-" "WordPress/6.8.3; https://sweetmassagekl.net"
167.114.139.103 - - [08/Oct/2025:05:21:58 +0000] "GET /category/myr-380-1h/feed/ HTTP/1.1" 200 8523 "-" "Mozilla/5.0 (compatible; AhrefsBot/7.0; +http://ahrefs.com/robot/)"
203.161.56.247 - - [08/Oct/2025:05:22:18 +0000] "POST /wp-cron.php?doing_wp_cron=1759900938.5857579708099365234375 HTTP/1.1" 200 - "-" "WordPress/6.8.3; https://sweetmassagekl.net"
216.73.216.181 - - [08/Oct/2025:05:22:17 +0000] "GET /news-sitemap.xml HTTP/1.1" 404 285 "-" "Mozilla/5.0 AppleWebKit/537.36 (KHTML, like Gecko; compatible; ClaudeBot/1.0; +claudebot@anthropic.com)"
203.161.56.247 - - [08/Oct/2025:05:34:10 +0000] "POST /wp-cron.php?doing_wp_cron=1759901650.1806418895721435546875 HTTP/1.1" 200 - "-" "WordPress/6.8.3; https://sweetmassagekl.net"
20.171.207.219 - - [08/Oct/2025:05:34:08 +0000] "GET /news-sitemap.xml HTTP/1.1" 404 285 "-" "Mozilla/5.0 AppleWebKit/537.36 (KHTML, like Gecko; compatible; GPTBot/1.2; +https://openai.com/gptbot)"
203.161.56.247 - - [08/Oct/2025:05:35:16 +0000] "POST /wp-cron.php?doing_wp_cron=1759901716.2273240089416503906250 HTTP/1.1" 200 - "-" "WordPress/6.8.3; https://sweetmassagekl.net"
183.7.148.204 - - [08/Oct/2025:05:35:14 +0000] "GET /robots.txt HTTP/1.1" 200 134 "-" "Mozilla/5.0 (Windows NT 10.0; WOW64) AppleWebKit/537.36 (KHTML, like Gecko) Chrome/81.0.3067.53 Safari/537.36 QIHU 360EE"
218.66.32.24 - - [08/Oct/2025:05:35:16 +0000] "GET /favicon.ico HTTP/1.1" 302 - "-" "Mozilla/5.081397758 Mozilla/5.0 (compatible; MSIE 10.0; Windows NT 6.1; WOW64; Trident/6.0)"
218.66.32.24 - - [08/Oct/2025:05:35:17 +0000] "GET /wp-includes/images/w-logo-blue-white-bg.png HTTP/1.1" 200 4119 "-" "Mozilla/5.081397758 Mozilla/5.0 (compatible; MSIE 10.0; Windows NT 6.1; WOW64; Trident/6.0)"
171.36.6.31 - - [08/Oct/2025:05:35:18 +0000] "GET / HTTP/1.1" 200 21777 "-" "Mozilla/5.0 (iPhone; CPU iPhone OS 9_1 like Mac OS X) AppleWebKit/601.1.46 (KHTML, like Gecko) Version/9.0 Mobile/13B143 Safari/601.1"
203.161.56.247 - - [08/Oct/2025:05:37:52 +0000] "POST /wp-cron.php?doing_wp_cron=1759901872.5760519504547119140625 HTTP/1.1" 200 - "-" "WordPress/6.8.3; https://sweetmassagekl.net"
20.171.207.219 - - [08/Oct/2025:05:37:50 +0000] "GET /sitemap.rss HTTP/1.1" 200 710 "-" "Mozilla/5.0 AppleWebKit/537.36 (KHTML, like Gecko; compatible; GPTBot/1.2; +https://openai.com/gptbot)"
203.161.56.247 - - [08/Oct/2025:05:40:28 +0000] "POST /wp-cron.php?doing_wp_cron=1759902028.5724029541015625000000 HTTP/1.1" 200 - "-" "WordPress/6.8.3; https://sweetmassagekl.net"
20.171.207.219 - - [08/Oct/2025:05:40:25 +0000] "GET /video-sitemap.xml HTTP/1.1" 200 345 "-" "Mozilla/5.0 AppleWebKit/537.36 (KHTML, like Gecko; compatible; GPTBot/1.2; +https://openai.com/gptbot)"
203.161.56.247 - - [08/Oct/2025:05:41:19 +0000] "POST /wp-cron.php?doing_wp_cron=1759902079.6046340465545654296875 HTTP/1.1" 200 - "-" "WordPress/6.8.3; https://sweetmassagekl.net"
20.171.207.219 - - [08/Oct/2025:05:41:17 +0000] "GET /sitemap.xml HTTP/1.1" 200 383 "-" "Mozilla/5.0 AppleWebKit/537.36 (KHTML, like Gecko; compatible; GPTBot/1.2; +https://openai.com/gptbot)"
203.161.56.247 - - [08/Oct/2025:05:45:28 +0000] "POST /wp-cron.php?doing_wp_cron=1759902328.8803439140319824218750 HTTP/1.1" 200 - "-" "WordPress/6.8.3; https://sweetmassagekl.net"
216.73.216.181 - - [08/Oct/2025:05:45:26 +0000] "GET /robots.txt HTTP/1.1" 200 134 "-" "Mozilla/5.0 AppleWebKit/537.36 (KHTML, like Gecko; compatible; ClaudeBot/1.0; +claudebot@anthropic.com)"
216.73.216.181 - - [08/Oct/2025:05:45:29 +0000] "GET /sitemap.rss HTTP/1.1" 200 710 "-" "Mozilla/5.0 AppleWebKit/537.36 (KHTML, like Gecko; compatible; ClaudeBot/1.0; +claudebot@anthropic.com)"
203.161.56.247 - - [08/Oct/2025:05:48:11 +0000] "POST /wp-cron.php?doing_wp_cron=1759902491.3642940521240234375000 HTTP/1.1" 200 - "-" "WordPress/6.8.3; https://sweetmassagekl.net"
203.161.56.247 - - [08/Oct/2025:05:48:16 +0000] "POST /wp-cron.php?doing_wp_cron=1759902496.2789580821990966796875 HTTP/1.1" 200 - "-" "WordPress/6.8.3; https://sweetmassagekl.net"
203.161.56.247 - - [08/Oct/2025:05:48:25 +0000] "POST /wp-cron.php?doing_wp_cron=1759902505.9697709083557128906250 HTTP/1.1" 200 - "-" "WordPress/6.8.3; https://sweetmassagekl.net"
203.161.56.247 - - [08/Oct/2025:05:49:43 +0000] "POST /wp-cron.php?doing_wp_cron=1759902583.3260710239410400390625 HTTP/1.1" 200 - "-" "WordPress/6.8.3; https://sweetmassagekl.net"
203.161.56.247 - - [08/Oct/2025:05:51:01 +0000] "POST /wp-cron.php?doing_wp_cron=1759902661.4479598999023437500000 HTTP/1.1" 200 - "-" "WordPress/6.8.3; https://sweetmassagekl.net"
40.77.167.20 - - [08/Oct/2025:05:50:59 +0000] "GET /sitemap.rss HTTP/1.1" 200 710 "-" "Mozilla/5.0 AppleWebKit/537.36 (KHTML, like Gecko; compatible; bingbot/2.0; +http://www.bing.com/bingbot.htm) Chrome/116.0.1938.76 Safari/537.36"
203.161.56.247 - - [08/Oct/2025:05:55:49 +0000] "POST /wp-cron.php?doing_wp_cron=1759902949.4357619285583496093750 HTTP/1.1" 200 - "-" "WordPress/6.8.3; https://sweetmassagekl.net"
130.195.243.14 - - [08/Oct/2025:05:55:47 +0000] "GET /user/login HTTP/1.1" 404 44331 "https://sweetmassagekl.net/user/login" "Mozilla/5.0 (Windows NT 10.0; WOW64) AppleWebKit/537.36 (KHTML, like Gecko) Chrome/62.0.3198.0 Safari/537.36 OPR/49.0.2711.0"
130.195.243.14 - - [08/Oct/2025:05:55:50 +0000] "GET /user/login HTTP/1.1" 404 44331 "https://sweetmassagekl.net/user/login" "Mozilla/5.0 (Windows NT 10.0; WOW64) AppleWebKit/537.36 (KHTML, like Gecko) Chrome/62.0.3198.0 Safari/537.36 OPR/49.0.2711.0"
130.195.243.14 - - [08/Oct/2025:05:55:52 +0000] "GET /user/login HTTP/1.1" 404 44331 "https://sweetmassagekl.net/user/login" "Mozilla/5.0 (Windows NT 10.0; WOW64) AppleWebKit/537.36 (KHTML, like Gecko) Chrome/62.0.3198.0 Safari/537.36 OPR/49.0.2711.0"
130.195.243.14 - - [08/Oct/2025:05:55:54 +0000] "POST /user/login HTTP/1.1" 404 44261 "https://sweetmassagekl.net/user/login" "Mozilla/5.0 (Windows NT 10.0; WOW64) AppleWebKit/537.36 (KHTML, like Gecko) Chrome/62.0.3198.0 Safari/537.36 OPR/49.0.2711.0"
203.161.56.247 - - [08/Oct/2025:06:07:52 +0000] "POST /wp-cron.php?doing_wp_cron=1759903672.5836589336395263671875 HTTP/1.1" 200 - "-" "WordPress/6.8.3; https://sweetmassagekl.net"
87.249.139.167 - - [08/Oct/2025:06:07:50 +0000] "GET /user/login HTTP/1.1" 404 12053 "-" "Mozilla/5.0 (Windows NT 10.0; WOW64) AppleWebKit/537.36 (KHTML, like Gecko) Chrome/75.0.3770.100 Safari/537.36"
203.161.56.247 - - [08/Oct/2025:06:15:43 +0000] "POST /wp-cron.php?doing_wp_cron=1759904143.2370760440826416015625 HTTP/1.1" 200 - "-" "WordPress/6.8.3; https://sweetmassagekl.net"
216.73.216.181 - - [08/Oct/2025:06:15:41 +0000] "GET /news-sitemap.xml HTTP/1.1" 404 285 "-" "Mozilla/5.0 AppleWebKit/537.36 (KHTML, like Gecko; compatible; ClaudeBot/1.0; +claudebot@anthropic.com)"
203.161.56.247 - - [08/Oct/2025:06:18:17 +0000] "POST /wp-cron.php?doing_wp_cron=1759904297.9745240211486816406250 HTTP/1.1" 200 - "-" "WordPress/6.8.3; https://sweetmassagekl.net"
216.73.216.181 - - [08/Oct/2025:06:18:16 +0000] "GET /video-sitemap.xml HTTP/1.1" 200 345 "-" "Mozilla/5.0 AppleWebKit/537.36 (KHTML, like Gecko; compatible; ClaudeBot/1.0; +claudebot@anthropic.com)"
203.161.56.247 - - [08/Oct/2025:06:18:53 +0000] "POST /wp-cron.php?doing_wp_cron=1759904333.8556671142578125000000 HTTP/1.1" 200 - "-" "WordPress/6.8.3; https://sweetmassagekl.net"
156.146.55.227 - - [08/Oct/2025:06:18:52 +0000] "GET /user/login HTTP/1.1" 404 12053 "-" "Mozilla/5.0 (Windows NT 10.0; WOW64) AppleWebKit/537.36 (KHTML, like Gecko) Chrome/75.0.3770.100 Safari/537.36"
203.161.56.247 - - [08/Oct/2025:06:20:25 +0000] "POST /wp-cron.php?doing_wp_cron=1759904425.1005458831787109375000 HTTP/1.1" 200 - "-" "WordPress/6.8.3; https://sweetmassagekl.net"
113.211.131.131 - - [08/Oct/2025:06:20:23 +0000] "GET / HTTP/1.1" 200 21778 "https://sweetb2bmassage.com/" "Mozilla/5.0 (Linux; Android 10; K) AppleWebKit/537.36 (KHTML, like Gecko) Chrome/140.0.0.0 Mobile Safari/537.36"
113.211.131.131 - - [08/Oct/2025:06:20:25 +0000] "GET /wp-includes/css/dist/block-library/style.min.css?ver=6.8.3 HTTP/1.1" 200 15315 "https://sweetmassagekl.net/" "Mozilla/5.0 (Linux; Android 10; K) AppleWebKit/537.36 (KHTML, like Gecko) Chrome/140.0.0.0 Mobile Safari/537.36"
113.211.131.131 - - [08/Oct/2025:06:20:26 +0000] "GET /wp-content/plugins/html5-video-player/build/blocks/view.css?ver=6.8.3 HTTP/1.1" 200 7111 "https://sweetmassagekl.net/" "Mozilla/5.0 (Linux; Android 10; K) AppleWebKit/537.36 (KHTML, like Gecko) Chrome/140.0.0.0 Mobile Safari/537.36"
113.211.131.131 - - [08/Oct/2025:06:20:26 +0000] "GET /wp-content/themes/dt-the7/fonts/FontAwesome/back-compat.min.css?ver=12.9.1 HTTP/1.1" 200 4073 "https://sweetmassagekl.net/" "Mozilla/5.0 (Linux; Android 10; K) AppleWebKit/537.36 (KHTML, like Gecko) Chrome/140.0.0.0 Mobile Safari/537.36"
113.211.131.131 - - [08/Oct/2025:06:20:26 +0000] "GET /wp-content/plugins/contact-form-7/includes/css/styles.css?ver=6.1.2 HTTP/1.1" 200 1031 "https://sweetmassagekl.net/" "Mozilla/5.0 (Linux; Android 10; K) AppleWebKit/537.36 (KHTML, like Gecko) Chrome/140.0.0.0 Mobile Safari/537.36"
113.211.131.131 - - [08/Oct/2025:06:20:26 +0000] "GET /wp-content/themes/dt-the7/fonts/icomoon-the7-font/icomoon-the7-font.min.css?ver=12.9.1 HTTP/1.1" 200 3014 "https://sweetmassagekl.net/" "Mozilla/5.0 (Linux; Android 10; K) AppleWebKit/537.36 (KHTML, like Gecko) Chrome/140.0.0.0 Mobile Safari/537.36"
113.211.131.131 - - [08/Oct/2025:06:20:26 +0000] "GET /wp-content/themes/dt-the7/fonts/FontAwesome/css/all.min.css?ver=12.9.1 HTTP/1.1" 200 21501 "https://sweetmassagekl.net/" "Mozilla/5.0 (Linux; Android 10; K) AppleWebKit/537.36 (KHTML, like Gecko) Chrome/140.0.0.0 Mobile Safari/537.36"
113.211.131.131 - - [08/Oct/2025:06:20:26 +0000] "GET /wp-content/plugins/js_composer/assets/css/js_composer.min.css?ver=8.6.1 HTTP/1.1" 200 45657 "https://sweetmassagekl.net/" "Mozilla/5.0 (Linux; Android 10; K) AppleWebKit/537.36 (KHTML, like Gecko) Chrome/140.0.0.0 Mobile Safari/537.36"
113.211.131.131 - - [08/Oct/2025:06:20:26 +0000] "GET /wp-content/uploads/smile_fonts/icomoon-font-awesome-14x14/icomoon-font-awesome-14x14.css?ver=6.8.3 HTTP/1.1" 200 6599 "https://sweetmassagekl.net/" "Mozilla/5.0 (Linux; Android 10; K) AppleWebKit/537.36 (KHTML, like Gecko) Chrome/140.0.0.0 Mobile Safari/537.36"
113.211.131.131 - - [08/Oct/2025:06:20:26 +0000] "GET /wp-content/uploads/js_composer/custom.css?ver=8.6.1 HTTP/1.1" 200 102 "https://sweetmassagekl.net/" "Mozilla/5.0 (Linux; Android 10; K) AppleWebKit/537.36 (KHTML, like Gecko) Chrome/140.0.0.0 Mobile Safari/537.36"
113.211.131.131 - - [08/Oct/2025:06:20:26 +0000] "GET /wp-content/themes/dt-the7/css/main.min.css?ver=12.9.1 HTTP/1.1" 200 41703 "https://sweetmassagekl.net/" "Mozilla/5.0 (Linux; Android 10; K) AppleWebKit/537.36 (KHTML, like Gecko) Chrome/140.0.0.0 Mobile Safari/537.36"
113.211.131.131 - - [08/Oct/2025:06:20:26 +0000] "GET /wp-content/themes/dt-the7/lib/custom-scrollbar/custom-scrollbar.min.css?ver=12.9.1 HTTP/1.1" 200 1522 "https://sweetmassagekl.net/" "Mozilla/5.0 (Linux; Android 10; K) AppleWebKit/537.36 (KHTML, like Gecko) Chrome/140.0.0.0 Mobile Safari/537.36"
113.211.131.131 - - [08/Oct/2025:06:20:27 +0000] "GET /wp-content/themes/dt-the7/css/wpbakery.min.css?ver=12.9.1 HTTP/1.1" 200 4406 "https://sweetmassagekl.net/" "Mozilla/5.0 (Linux; Android 10; K) AppleWebKit/537.36 (KHTML, like Gecko) Chrome/140.0.0.0 Mobile Safari/537.36"
113.211.131.131 - - [08/Oct/2025:06:20:27 +0000] "GET /wp-content/uploads/the7-css/css-vars.css?ver=535eb982793e HTTP/1.1" 200 4417 "https://sweetmassagekl.net/" "Mozilla/5.0 (Linux; Android 10; K) AppleWebKit/537.36 (KHTML, like Gecko) Chrome/140.0.0.0 Mobile Safari/537.36"
113.211.131.131 - - [08/Oct/2025:06:20:27 +0000] "GET /wp-content/plugins/dt-the7-core/assets/css/post-type.min.css?ver=2.7.12 HTTP/1.1" 200 6245 "https://sweetmassagekl.net/" "Mozilla/5.0 (Linux; Android 10; K) AppleWebKit/537.36 (KHTML, like Gecko) Chrome/140.0.0.0 Mobile Safari/537.36"
113.211.131.131 - - [08/Oct/2025:06:20:27 +0000] "GET /wp-content/uploads/the7-css/media.css?ver=535eb982793e HTTP/1.1" 200 9475 "https://sweetmassagekl.net/" "Mozilla/5.0 (Linux; Android 10; K) AppleWebKit/537.36 (KHTML, like Gecko) Chrome/140.0.0.0 Mobile Safari/537.36"
113.211.131.131 - - [08/Oct/2025:06:20:27 +0000] "GET /wp-content/uploads/the7-css/custom.css?ver=535eb982793e HTTP/1.1" 200 30732 "https://sweetmassagekl.net/" "Mozilla/5.0 (Linux; Android 10; K) AppleWebKit/537.36 (KHTML, like Gecko) Chrome/140.0.0.0 Mobile Safari/537.36"
113.211.131.131 - - [08/Oct/2025:06:20:27 +0000] "GET /wp-content/uploads/the7-css/the7-elements-albums-portfolio.css?ver=535eb982793e HTTP/1.1" 200 2663 "https://sweetmassagekl.net/" "Mozilla/5.0 (Linux; Android 10; K) AppleWebKit/537.36 (KHTML, like Gecko) Chrome/140.0.0.0 Mobile Safari/537.36"
113.211.131.131 - - [08/Oct/2025:06:20:27 +0000] "GET /wp-content/uploads/the7-css/post-type-dynamic.css?ver=535eb982793e HTTP/1.1" 200 1298 "https://sweetmassagekl.net/" "Mozilla/5.0 (Linux; Android 10; K) AppleWebKit/537.36 (KHTML, like Gecko) Chrome/140.0.0.0 Mobile Safari/537.36"
113.211.131.131 - - [08/Oct/2025:06:20:27 +0000] "GET /wp-content/uploads/the7-css/mega-menu.css?ver=535eb982793e HTTP/1.1" 200 2896 "https://sweetmassagekl.net/" "Mozilla/5.0 (Linux; Android 10; K) AppleWebKit/537.36 (KHTML, like Gecko) Chrome/140.0.0.0 Mobile Safari/537.36"
113.211.131.131 - - [08/Oct/2025:06:20:27 +0000] "GET /wp-content/themes/dt-the7/style.css?ver=12.9.1 HTTP/1.1" 200 812 "https://sweetmassagekl.net/" "Mozilla/5.0 (Linux; Android 10; K) AppleWebKit/537.36 (KHTML, like Gecko) Chrome/140.0.0.0 Mobile Safari/537.36"
113.211.131.131 - - [08/Oct/2025:06:20:27 +0000] "GET /wp-content/plugins/Ultimate_VC_Addons/assets/min-css/advanced-buttons.min.css?ver=3.21.1 HTTP/1.1" 200 3390 "https://sweetmassagekl.net/" "Mozilla/5.0 (Linux; Android 10; K) AppleWebKit/537.36 (KHTML, like Gecko) Chrome/140.0.0.0 Mobile Safari/537.36"
113.211.131.131 - - [08/Oct/2025:06:20:27 +0000] "GET /wp-content/plugins/Ultimate_VC_Addons/assets/min-css/style.min.css?ver=3.21.1 HTTP/1.1" 200 2786 "https://sweetmassagekl.net/" "Mozilla/5.0 (Linux; Android 10; K) AppleWebKit/537.36 (KHTML, like Gecko) Chrome/140.0.0.0 Mobile Safari/537.36"
113.211.131.131 - - [08/Oct/2025:06:20:27 +0000] "GET /wp-content/plugins/Ultimate_VC_Addons/assets/min-css/headings.min.css?ver=3.21.1 HTTP/1.1" 200 415 "https://sweetmassagekl.net/" "Mozilla/5.0 (Linux; Android 10; K) AppleWebKit/537.36 (KHTML, like Gecko) Chrome/140.0.0.0 Mobile Safari/537.36"
113.211.131.131 - - [08/Oct/2025:06:20:27 +0000] "GET /wp-includes/js/jquery/jquery.min.js?ver=3.7.1 HTTP/1.1" 200 30368 "https://sweetmassagekl.net/" "Mozilla/5.0 (Linux; Android 10; K) AppleWebKit/537.36 (KHTML, like Gecko) Chrome/140.0.0.0 Mobile Safari/537.36"
113.211.131.131 - - [08/Oct/2025:06:20:27 +0000] "GET /wp-includes/js/jquery/jquery-migrate.min.js?ver=3.4.1 HTTP/1.1" 200 4872 "https://sweetmassagekl.net/" "Mozilla/5.0 (Linux; Android 10; K) AppleWebKit/537.36 (KHTML, like Gecko) Chrome/140.0.0.0 Mobile Safari/537.36"
113.211.131.131 - - [08/Oct/2025:06:20:27 +0000] "GET /wp-content/themes/dt-the7/js/above-the-fold.min.js?ver=12.9.1 HTTP/1.1" 200 4778 "https://sweetmassagekl.net/" "Mozilla/5.0 (Linux; Android 10; K) AppleWebKit/537.36 (KHTML, like Gecko) Chrome/140.0.0.0 Mobile Safari/537.36"
113.211.131.131 - - [08/Oct/2025:06:20:27 +0000] "GET /wp-content/plugins/Ultimate_VC_Addons/assets/min-js/ultimate-params.min.js?ver=3.21.1 HTTP/1.1" 200 527 "https://sweetmassagekl.net/" "Mozilla/5.0 (Linux; Android 10; K) AppleWebKit/537.36 (KHTML, like Gecko) Chrome/140.0.0.0 Mobile Safari/537.36"
113.211.131.131 - - [08/Oct/2025:06:20:27 +0000] "GET /wp-content/plugins/Ultimate_VC_Addons/assets/min-js/custom.min.js?ver=3.21.1 HTTP/1.1" 200 4719 "https://sweetmassagekl.net/" "Mozilla/5.0 (Linux; Android 10; K) AppleWebKit/537.36 (KHTML, like Gecko) Chrome/140.0.0.0 Mobile Safari/537.36"
113.211.131.131 - - [08/Oct/2025:06:20:27 +0000] "GET /wp-content/plugins/Ultimate_VC_Addons/assets/min-js/headings.min.js?ver=3.21.1 HTTP/1.1" 200 857 "https://sweetmassagekl.net/" "Mozilla/5.0 (Linux; Android 10; K) AppleWebKit/537.36 (KHTML, like Gecko) Chrome/140.0.0.0 Mobile Safari/537.36"
113.211.131.131 - - [08/Oct/2025:06:20:28 +0000] "GET /wp-content/plugins/revslider/sr6/assets/fonts/revicons/revicons.woff?5510888 HTTP/1.1" 200 7491 "https://sweetmassagekl.net/" "Mozilla/5.0 (Linux; Android 10; K) AppleWebKit/537.36 (KHTML, like Gecko) Chrome/140.0.0.0 Mobile Safari/537.36"
113.211.131.131 - - [08/Oct/2025:06:20:28 +0000] "GET /wp-content/plugins/revslider/sr6/assets/assets/dummy.png HTTP/1.1" 200 68 "https://sweetmassagekl.net/" "Mozilla/5.0 (Linux; Android 10; K) AppleWebKit/537.36 (KHTML, like Gecko) Chrome/140.0.0.0 Mobile Safari/537.36"
113.211.131.131 - - [08/Oct/2025:06:20:28 +0000] "GET /wp-content/plugins/Ultimate_VC_Addons/assets/min-css/background-style.min.css?ver=3.21.1 HTTP/1.1" 200 1761 "https://sweetmassagekl.net/" "Mozilla/5.0 (Linux; Android 10; K) AppleWebKit/537.36 (KHTML, like Gecko) Chrome/140.0.0.0 Mobile Safari/537.36"
113.211.131.131 - - [08/Oct/2025:06:20:28 +0000] "GET /wp-content/plugins/creame-whatsapp-me/public/css/joinchat-btn.min.css?ver=6.0.8 HTTP/1.1" 200 2304 "https://sweetmassagekl.net/" "Mozilla/5.0 (Linux; Android 10; K) AppleWebKit/537.36 (KHTML, like Gecko) Chrome/140.0.0.0 Mobile Safari/537.36"
113.211.131.131 - - [08/Oct/2025:06:20:28 +0000] "GET /wp-content/plugins/revslider/sr6/assets/css/rs6.css?ver=6.7.38 HTTP/1.1" 200 12492 "https://sweetmassagekl.net/" "Mozilla/5.0 (Linux; Android 10; K) AppleWebKit/537.36 (KHTML, like Gecko) Chrome/140.0.0.0 Mobile Safari/537.36"
113.211.131.131 - - [08/Oct/2025:06:20:28 +0000] "GET /wp-includes/js/dist/hooks.min.js?ver=4d63a3d491d11ffd8ac6 HTTP/1.1" 200 1648 "https://sweetmassagekl.net/" "Mozilla/5.0 (Linux; Android 10; K) AppleWebKit/537.36 (KHTML, like Gecko) Chrome/140.0.0.0 Mobile Safari/537.36"
113.211.131.131 - - [08/Oct/2025:06:20:28 +0000] "GET /wp-content/plugins/contact-form-7/includes/swv/js/index.js?ver=6.1.2 HTTP/1.1" 200 3503 "https://sweetmassagekl.net/" "Mozilla/5.0 (Linux; Android 10; K) AppleWebKit/537.36 (KHTML, like Gecko) Chrome/140.0.0.0 Mobile Safari/537.36"
113.211.131.131 - - [08/Oct/2025:06:20:28 +0000] "GET /wp-includes/js/dist/i18n.min.js?ver=5e580eb46a90c2b997e6 HTTP/1.1" 200 3667 "https://sweetmassagekl.net/" "Mozilla/5.0 (Linux; Android 10; K) AppleWebKit/537.36 (KHTML, like Gecko) Chrome/140.0.0.0 Mobile Safari/537.36"
113.211.131.131 - - [08/Oct/2025:06:20:28 +0000] "GET /wp-content/themes/dt-the7/js/legacy.min.js?ver=12.9.1 HTTP/1.1" 200 582 "https://sweetmassagekl.net/" "Mozilla/5.0 (Linux; Android 10; K) AppleWebKit/537.36 (KHTML, like Gecko) Chrome/140.0.0.0 Mobile Safari/537.36"
113.211.131.131 - - [08/Oct/2025:06:20:28 +0000] "GET /wp-content/plugins/contact-form-7/includes/js/index.js?ver=6.1.2 HTTP/1.1" 200 4265 "https://sweetmassagekl.net/" "Mozilla/5.0 (Linux; Android 10; K) AppleWebKit/537.36 (KHTML, like Gecko) Chrome/140.0.0.0 Mobile Safari/537.36"
113.211.131.131 - - [08/Oct/2025:06:20:28 +0000] "GET /wp-content/themes/dt-the7/js/main.min.js?ver=12.9.1 HTTP/1.1" 200 96632 "https://sweetmassagekl.net/" "Mozilla/5.0 (Linux; Android 10; K) AppleWebKit/537.36 (KHTML, like Gecko) Chrome/140.0.0.0 Mobile Safari/537.36"
113.211.131.131 - - [08/Oct/2025:06:20:28 +0000] "GET /wp-content/themes/dt-the7/images/backgrounds/patterns/full/crisp_paper_ruffles.jpg HTTP/1.1" 200 25714 "https://sweetmassagekl.net/wp-content/uploads/the7-css/custom.css?ver=535eb982793e" "Mozilla/5.0 (Linux; Android 10; K) AppleWebKit/537.36 (KHTML, like Gecko) Chrome/140.0.0.0 Mobile Safari/537.36"
113.211.131.131 - - [08/Oct/2025:06:20:29 +0000] "GET /wp-content/themes/dt-the7/lib/jquery-mousewheel/jquery-mousewheel.min.js?ver=12.9.1 HTTP/1.1" 200 1185 "https://sweetmassagekl.net/" "Mozilla/5.0 (Linux; Android 10; K) AppleWebKit/537.36 (KHTML, like Gecko) Chrome/140.0.0.0 Mobile Safari/537.36"
113.211.131.131 - - [08/Oct/2025:06:20:29 +0000] "GET /wp-content/plugins/js_composer/assets/js/dist/js_composer_front.min.js?ver=8.6.1 HTTP/1.1" 200 5223 "https://sweetmassagekl.net/" "Mozilla/5.0 (Linux; Android 10; K) AppleWebKit/537.36 (KHTML, like Gecko) Chrome/140.0.0.0 Mobile Safari/537.36"
113.211.131.131 - - [08/Oct/2025:06:20:29 +0000] "GET /wp-content/themes/dt-the7/lib/custom-scrollbar/custom-scrollbar.min.js?ver=12.9.1 HTTP/1.1" 200 11975 "https://sweetmassagekl.net/" "Mozilla/5.0 (Linux; Android 10; K) AppleWebKit/537.36 (KHTML, like Gecko) Chrome/140.0.0.0 Mobile Safari/537.36"
113.211.131.131 - - [08/Oct/2025:06:20:29 +0000] "GET /wp-content/plugins/dt-the7-core/assets/js/post-type.min.js?ver=2.7.12 HTTP/1.1" 200 5077 "https://sweetmassagekl.net/" "Mozilla/5.0 (Linux; Android 10; K) AppleWebKit/537.36 (KHTML, like Gecko) Chrome/140.0.0.0 Mobile Safari/537.36"
113.211.131.131 - - [08/Oct/2025:06:20:29 +0000] "GET /wp-content/plugins/Ultimate_VC_Addons/assets/min-js/jquery-appear.min.js?ver=3.21.1 HTTP/1.1" 200 620 "https://sweetmassagekl.net/" "Mozilla/5.0 (Linux; Android 10; K) AppleWebKit/537.36 (KHTML, like Gecko) Chrome/140.0.0.0 Mobile Safari/537.36"
113.211.131.131 - - [08/Oct/2025:06:20:29 +0000] "GET /wp-content/plugins/Ultimate_VC_Addons/assets/min-js/ultimate_bg.min.js?ver=3.21.1 HTTP/1.1" 200 9485 "https://sweetmassagekl.net/" "Mozilla/5.0 (Linux; Android 10; K) AppleWebKit/537.36 (KHTML, like Gecko) Chrome/140.0.0.0 Mobile Safari/537.36"
113.211.131.131 - - [08/Oct/2025:06:20:29 +0000] "GET /wp-content/plugins/revslider/sr6/assets/js/rbtools.min.js?ver=6.7.38 HTTP/1.1" 200 61824 "https://sweetmassagekl.net/" "Mozilla/5.0 (Linux; Android 10; K) AppleWebKit/537.36 (KHTML, like Gecko) Chrome/140.0.0.0 Mobile Safari/537.36"
113.211.131.131 - - [08/Oct/2025:06:20:29 +0000] "GET /wp-content/plugins/creame-whatsapp-me/public/js/joinchat.min.js?ver=6.0.8 HTTP/1.1" 200 3372 "https://sweetmassagekl.net/" "Mozilla/5.0 (Linux; Android 10; K) AppleWebKit/537.36 (KHTML, like Gecko) Chrome/140.0.0.0 Mobile Safari/537.36"
113.211.131.131 - - [08/Oct/2025:06:20:29 +0000] "GET /wp-content/plugins/revslider/sr6/assets/js/rs6.min.js?ver=6.7.38 HTTP/1.1" 200 108972 "https://sweetmassagekl.net/" "Mozilla/5.0 (Linux; Android 10; K) AppleWebKit/537.36 (KHTML, like Gecko) Chrome/140.0.0.0 Mobile Safari/537.36"
113.211.131.131 - - [08/Oct/2025:06:20:29 +0000] "GET /wp-includes/js/wp-emoji-release.min.js?ver=6.8.3 HTTP/1.1" 200 5163 "https://sweetmassagekl.net/" "Mozilla/5.0 (Linux; Android 10; K) AppleWebKit/537.36 (KHTML, like Gecko) Chrome/140.0.0.0 Mobile Safari/537.36"
113.211.131.131 - - [08/Oct/2025:06:20:31 +0000] "GET /wp-content/uploads/2025/06/sweet-kl-b2b-massage-Slide-01.webp HTTP/1.1" 200 46846 "https://sweetmassagekl.net/" "Mozilla/5.0 (Linux; Android 10; K) AppleWebKit/537.36 (KHTML, like Gecko) Chrome/140.0.0.0 Mobile Safari/537.36"
113.211.131.131 - - [08/Oct/2025:06:20:31 +0000] "GET /wp-content/uploads/2025/06/sweet-kl-b2b-massage-Slide-01-200x200.webp HTTP/1.1" 200 7703 "https://sweetmassagekl.net/" "Mozilla/5.0 (Linux; Android 10; K) AppleWebKit/537.36 (KHTML, like Gecko) Chrome/140.0.0.0 Mobile Safari/537.36"
113.211.131.131 - - [08/Oct/2025:06:20:31 +0000] "GET /wp-content/uploads/2022/08/sweet-b2b-massage-Slide-02-200x200.jpg HTTP/1.1" 200 21587 "https://sweetmassagekl.net/" "Mozilla/5.0 (Linux; Android 10; K) AppleWebKit/537.36 (KHTML, like Gecko) Chrome/140.0.0.0 Mobile Safari/537.36"
113.211.131.131 - - [08/Oct/2025:06:20:31 +0000] "GET /favicon.ico HTTP/1.1" 302 - "https://sweetmassagekl.net/" "Mozilla/5.0 (Linux; Android 10; K) AppleWebKit/537.36 (KHTML, like Gecko) Chrome/140.0.0.0 Mobile Safari/537.36"
113.211.131.131 - - [08/Oct/2025:06:20:32 +0000] "GET /wp-includes/images/w-logo-blue-white-bg.png HTTP/1.1" 200 4119 "https://sweetmassagekl.net/" "Mozilla/5.0 (Linux; Android 10; K) AppleWebKit/537.36 (KHTML, like Gecko) Chrome/140.0.0.0 Mobile Safari/537.36"
113.211.131.131 - - [08/Oct/2025:06:20:32 +0000] "GET /wp-content/uploads/2022/08/sweet-b2b-massage-Slide-02.jpg HTTP/1.1" 200 184256 "https://sweetmassagekl.net/" "Mozilla/5.0 (Linux; Android 10; K) AppleWebKit/537.36 (KHTML, like Gecko) Chrome/140.0.0.0 Mobile Safari/537.36"
113.211.131.131 - - [08/Oct/2025:06:20:44 +0000] "GET /wp-content/uploads/2025/06/N0002-957x1280.jpg HTTP/1.1" 200 106785 "https://sweetmassagekl.net/" "Mozilla/5.0 (Linux; Android 10; K) AppleWebKit/537.36 (KHTML, like Gecko) Chrome/140.0.0.0 Mobile Safari/537.36"
113.211.131.131 - - [08/Oct/2025:06:20:44 +0000] "GET /wp-content/uploads/2025/06/N0001-938x1280.jpg HTTP/1.1" 200 149773 "https://sweetmassagekl.net/" "Mozilla/5.0 (Linux; Android 10; K) AppleWebKit/537.36 (KHTML, like Gecko) Chrome/140.0.0.0 Mobile Safari/537.36"
113.211.131.131 - - [08/Oct/2025:06:20:45 +0000] "GET /wp-content/uploads/2025/06/N0003-957x1280.jpg HTTP/1.1" 200 134840 "https://sweetmassagekl.net/" "Mozilla/5.0 (Linux; Android 10; K) AppleWebKit/537.36 (KHTML, like Gecko) Chrome/140.0.0.0 Mobile Safari/537.36"
203.161.56.247 - - [08/Oct/2025:06:20:46 +0000] "POST /wp-cron.php?doing_wp_cron=1759904446.8386700153350830078125 HTTP/1.1" 200 - "-" "WordPress/6.8.3; https://sweetmassagekl.net"
113.211.131.131 - - [08/Oct/2025:06:20:45 +0000] "GET /n0002/ HTTP/1.1" 200 17154 "https://sweetmassagekl.net/" "Mozilla/5.0 (Linux; Android 10; K) AppleWebKit/537.36 (KHTML, like Gecko) Chrome/140.0.0.0 Mobile Safari/537.36"
113.211.131.131 - - [08/Oct/2025:06:20:47 +0000] "GET /n0001/ HTTP/1.1" 200 17233 "https://sweetmassagekl.net/" "Mozilla/5.0 (Linux; Android 10; K) AppleWebKit/537.36 (KHTML, like Gecko) Chrome/140.0.0.0 Mobile Safari/537.36"
113.211.131.131 - - [08/Oct/2025:06:20:54 +0000] "GET /wp-content/themes/dt-the7/fonts/icomoon-the7-font/icomoon-the7-font.ttf?wi57p5 HTTP/1.1" 200 23540 "https://sweetmassagekl.net/wp-content/themes/dt-the7/fonts/icomoon-the7-font/icomoon-the7-font.min.css?ver=12.9.1" "Mozilla/5.0 (Linux; Android 10; K) AppleWebKit/537.36 (KHTML, like Gecko) Chrome/140.0.0.0 Mobile Safari/537.36"
113.211.131.131 - - [08/Oct/2025:06:20:54 +0000] "GET /wp-content/uploads/2025/06/N0001-mov.mov HTTP/1.1" 206 3119564 "https://sweetmassagekl.net/n0001/" "Mozilla/5.0 (Linux; Android 10; K) AppleWebKit/537.36 (KHTML, like Gecko) Chrome/140.0.0.0 Mobile Safari/537.36"
113.211.131.131 - - [08/Oct/2025:06:20:53 +0000] "GET /wp-content/uploads/2025/06/N0001.jpg HTTP/1.1" 200 163311 "https://sweetmassagekl.net/n0001/" "Mozilla/5.0 (Linux; Android 10; K) AppleWebKit/537.36 (KHTML, like Gecko) Chrome/140.0.0.0 Mobile Safari/537.36"
113.211.131.131 - - [08/Oct/2025:06:20:54 +0000] "GET /wp-content/uploads/2025/06/N0003-1-569x758.jpg HTTP/1.1" 200 51964 "https://sweetmassagekl.net/n0001/" "Mozilla/5.0 (Linux; Android 10; K) AppleWebKit/537.36 (KHTML, like Gecko) Chrome/140.0.0.0 Mobile Safari/537.36"
113.211.131.131 - - [08/Oct/2025:06:20:54 +0000] "GET /wp-content/uploads/2025/06/N0001-569x758.jpg HTTP/1.1" 200 62004 "https://sweetmassagekl.net/n0001/" "Mozilla/5.0 (Linux; Android 10; K) AppleWebKit/537.36 (KHTML, like Gecko) Chrome/140.0.0.0 Mobile Safari/537.36"
113.211.131.131 - - [08/Oct/2025:06:20:54 +0000] "GET /wp-content/uploads/2025/06/N0002-1-569x758.jpg HTTP/1.1" 200 57651 "https://sweetmassagekl.net/n0001/" "Mozilla/5.0 (Linux; Android 10; K) AppleWebKit/537.36 (KHTML, like Gecko) Chrome/140.0.0.0 Mobile Safari/537.36"
113.211.131.131 - - [08/Oct/2025:06:20:55 +0000] "GET /wp-content/uploads/2025/06/N0001-mov.mov HTTP/1.1" 206 39372 "https://sweetmassagekl.net/n0001/" "Mozilla/5.0 (Linux; Android 10; K) AppleWebKit/537.36 (KHTML, like Gecko) Chrome/140.0.0.0 Mobile Safari/537.36"
113.211.131.131 - - [08/Oct/2025:06:20:55 +0000] "GET /wp-content/uploads/2025/06/N0001-mov.mov HTTP/1.1" 206 3040339 "https://sweetmassagekl.net/n0001/" "Mozilla/5.0 (Linux; Android 10; K) AppleWebKit/537.36 (KHTML, like Gecko) Chrome/140.0.0.0 Mobile Safari/537.36"
113.211.131.131 - - [08/Oct/2025:06:21:22 +0000] "GET /wp-content/uploads/2025/07/N0002-c-569x758.jpg HTTP/1.1" 200 44364 "https://sweetmassagekl.net/n0002/" "Mozilla/5.0 (Linux; Android 10; K) AppleWebKit/537.36 (KHTML, like Gecko) Chrome/140.0.0.0 Mobile Safari/537.36"
113.211.131.131 - - [08/Oct/2025:06:21:22 +0000] "GET /wp-content/uploads/2025/07/N0002-d-569x758.jpg HTTP/1.1" 200 46130 "https://sweetmassagekl.net/n0002/" "Mozilla/5.0 (Linux; Android 10; K) AppleWebKit/537.36 (KHTML, like Gecko) Chrome/140.0.0.0 Mobile Safari/537.36"
113.211.131.131 - - [08/Oct/2025:06:21:21 +0000] "GET /wp-content/uploads/2025/07/N0002-b-569x758.jpg HTTP/1.1" 200 48300 "https://sweetmassagekl.net/n0002/" "Mozilla/5.0 (Linux; Android 10; K) AppleWebKit/537.36 (KHTML, like Gecko) Chrome/140.0.0.0 Mobile Safari/537.36"
113.211.131.131 - - [08/Oct/2025:06:21:21 +0000] "GET /wp-content/uploads/2025/06/N0002.jpg HTTP/1.1" 200 137828 "https://sweetmassagekl.net/n0002/" "Mozilla/5.0 (Linux; Android 10; K) AppleWebKit/537.36 (KHTML, like Gecko) Chrome/140.0.0.0 Mobile Safari/537.36"
113.211.131.131 - - [08/Oct/2025:06:21:22 +0000] "GET /wp-content/uploads/2025/07/N0002-mov-s.mp4 HTTP/1.1" 206 179919 "https://sweetmassagekl.net/n0002/" "Mozilla/5.0 (Linux; Android 10; K) AppleWebKit/537.36 (KHTML, like Gecko) Chrome/140.0.0.0 Mobile Safari/537.36"
113.211.131.131 - - [08/Oct/2025:06:21:37 +0000] "GET /wp-content/uploads/2025/06/N0004-957x1280.jpg HTTP/1.1" 200 175468 "https://sweetmassagekl.net/" "Mozilla/5.0 (Linux; Android 10; K) AppleWebKit/537.36 (KHTML, like Gecko) Chrome/140.0.0.0 Mobile Safari/537.36"
203.161.56.247 - - [08/Oct/2025:06:21:38 +0000] "POST /wp-cron.php?doing_wp_cron=1759904498.9089210033416748046875 HTTP/1.1" 200 - "-" "WordPress/6.8.3; https://sweetmassagekl.net"
113.211.131.131 - - [08/Oct/2025:06:21:37 +0000] "GET / HTTP/1.1" 200 21782 "https://sweetmassagekl.net/" "Mozilla/5.0 (Linux; Android 10; K) AppleWebKit/537.36 (KHTML, like Gecko) Chrome/140.0.0.0 Mobile Safari/537.36"
113.211.131.131 - - [08/Oct/2025:06:21:39 +0000] "GET /b2b-sensual-massage-kuala-lumpur/ HTTP/1.1" 200 17428 "https://sweetmassagekl.net/" "Mozilla/5.0 (Linux; Android 10; K) AppleWebKit/537.36 (KHTML, like Gecko) Chrome/140.0.0.0 Mobile Safari/537.36"
113.211.131.131 - - [08/Oct/2025:06:21:41 +0000] "GET /wp-content/uploads/2025/06/N0003.jpg HTTP/1.1" 200 175355 "https://sweetmassagekl.net/b2b-sensual-massage-kuala-lumpur/" "Mozilla/5.0 (Linux; Android 10; K) AppleWebKit/537.36 (KHTML, like Gecko) Chrome/140.0.0.0 Mobile Safari/537.36"
113.211.131.131 - - [08/Oct/2025:06:21:41 +0000] "GET /wp-content/uploads/2025/07/N0003-mov.mp4 HTTP/1.1" 206 1825222 "https://sweetmassagekl.net/b2b-sensual-massage-kuala-lumpur/" "Mozilla/5.0 (Linux; Android 10; K) AppleWebKit/537.36 (KHTML, like Gecko) Chrome/140.0.0.0 Mobile Safari/537.36"
113.211.131.131 - - [08/Oct/2025:06:21:42 +0000] "GET /wp-content/uploads/2025/07/N0003-f-569x758.jpg HTTP/1.1" 200 46889 "https://sweetmassagekl.net/b2b-sensual-massage-kuala-lumpur/" "Mozilla/5.0 (Linux; Android 10; K) AppleWebKit/537.36 (KHTML, like Gecko) Chrome/140.0.0.0 Mobile Safari/537.36"
113.211.131.131 - - [08/Oct/2025:06:21:42 +0000] "GET /wp-content/uploads/2025/07/N0003-e-569x758.jpg HTTP/1.1" 200 49274 "https://sweetmassagekl.net/b2b-sensual-massage-kuala-lumpur/" "Mozilla/5.0 (Linux; Android 10; K) AppleWebKit/537.36 (KHTML, like Gecko) Chrome/140.0.0.0 Mobile Safari/537.36"
113.211.131.131 - - [08/Oct/2025:06:21:42 +0000] "GET /wp-content/uploads/2025/07/N0003-d-569x758.jpg HTTP/1.1" 200 57265 "https://sweetmassagekl.net/b2b-sensual-massage-kuala-lumpur/" "Mozilla/5.0 (Linux; Android 10; K) AppleWebKit/537.36 (KHTML, like Gecko) Chrome/140.0.0.0 Mobile Safari/537.36"
113.211.131.131 - - [08/Oct/2025:06:21:42 +0000] "GET /wp-content/uploads/2025/07/N0003-c-569x758.jpg HTTP/1.1" 200 57098 "https://sweetmassagekl.net/b2b-sensual-massage-kuala-lumpur/" "Mozilla/5.0 (Linux; Android 10; K) AppleWebKit/537.36 (KHTML, like Gecko) Chrome/140.0.0.0 Mobile Safari/537.36"
113.211.131.131 - - [08/Oct/2025:06:21:41 +0000] "GET /b2b-sensual-massage-kuala-lumpur/ HTTP/1.1" 200 17428 "https://sweetmassagekl.net/" "Mozilla/5.0 (Linux; Android 10; K) AppleWebKit/537.36 (KHTML, like Gecko) Chrome/140.0.0.0 Mobile Safari/537.36"
113.211.131.131 - - [08/Oct/2025:06:21:43 +0000] "GET /wp-content/uploads/2025/07/N0003-mov.mp4 HTTP/1.1" 206 22982 "https://sweetmassagekl.net/b2b-sensual-massage-kuala-lumpur/" "Mozilla/5.0 (Linux; Android 10; K) AppleWebKit/537.36 (KHTML, like Gecko) Chrome/140.0.0.0 Mobile Safari/537.36"
113.211.131.131 - - [08/Oct/2025:06:21:42 +0000] "GET /wp-content/uploads/2025/07/N0003-b-569x758.jpg HTTP/1.1" 200 58188 "https://sweetmassagekl.net/b2b-sensual-massage-kuala-lumpur/" "Mozilla/5.0 (Linux; Android 10; K) AppleWebKit/537.36 (KHTML, like Gecko) Chrome/140.0.0.0 Mobile Safari/537.36"
113.211.131.131 - - [08/Oct/2025:06:21:45 +0000] "GET /wp-content/themes/dt-the7/images/x-lg.svg HTTP/1.1" 200 220 "https://sweetmassagekl.net/wp-content/themes/dt-the7/css/main.min.css?ver=12.9.1" "Mozilla/5.0 (Linux; Android 10; K) AppleWebKit/537.36 (KHTML, like Gecko) Chrome/140.0.0.0 Mobile Safari/537.36"
113.211.131.131 - - [08/Oct/2025:06:21:45 +0000] "GET /wp-content/themes/dt-the7/images/fullscreen.svg HTTP/1.1" 200 257 "https://sweetmassagekl.net/wp-content/themes/dt-the7/css/main.min.css?ver=12.9.1" "Mozilla/5.0 (Linux; Android 10; K) AppleWebKit/537.36 (KHTML, like Gecko) Chrome/140.0.0.0 Mobile Safari/537.36"
113.211.131.131 - - [08/Oct/2025:06:21:45 +0000] "GET /wp-content/themes/dt-the7/images/the7-chevron-left.svg HTTP/1.1" 200 412 "https://sweetmassagekl.net/wp-content/themes/dt-the7/css/main.min.css?ver=12.9.1" "Mozilla/5.0 (Linux; Android 10; K) AppleWebKit/537.36 (KHTML, like Gecko) Chrome/140.0.0.0 Mobile Safari/537.36"
113.211.131.131 - - [08/Oct/2025:06:21:45 +0000] "GET /wp-content/themes/dt-the7/images/the7-chevron-right.svg HTTP/1.1" 200 413 "https://sweetmassagekl.net/wp-content/themes/dt-the7/css/main.min.css?ver=12.9.1" "Mozilla/5.0 (Linux; Android 10; K) AppleWebKit/537.36 (KHTML, like Gecko) Chrome/140.0.0.0 Mobile Safari/537.36"
113.211.131.131 - - [08/Oct/2025:06:21:46 +0000] "GET /wp-content/uploads/2025/07/N0003-e.jpg HTTP/1.1" 200 145013 "https://sweetmassagekl.net/b2b-sensual-massage-kuala-lumpur/" "Mozilla/5.0 (Linux; Android 10; K) AppleWebKit/537.36 (KHTML, like Gecko) Chrome/140.0.0.0 Mobile Safari/537.36"
113.211.131.131 - - [08/Oct/2025:06:21:46 +0000] "GET /wp-content/uploads/2025/07/N0003-b.jpg HTTP/1.1" 200 170175 "https://sweetmassagekl.net/b2b-sensual-massage-kuala-lumpur/" "Mozilla/5.0 (Linux; Android 10; K) AppleWebKit/537.36 (KHTML, like Gecko) Chrome/140.0.0.0 Mobile Safari/537.36"
113.211.131.131 - - [08/Oct/2025:06:21:45 +0000] "GET /wp-content/uploads/2025/07/N0003-f.jpg HTTP/1.1" 200 137539 "https://sweetmassagekl.net/b2b-sensual-massage-kuala-lumpur/" "Mozilla/5.0 (Linux; Android 10; K) AppleWebKit/537.36 (KHTML, like Gecko) Chrome/140.0.0.0 Mobile Safari/537.36"
113.211.131.131 - - [08/Oct/2025:06:21:48 +0000] "GET /wp-content/uploads/2025/07/N0003-d.jpg HTTP/1.1" 200 169406 "https://sweetmassagekl.net/b2b-sensual-massage-kuala-lumpur/" "Mozilla/5.0 (Linux; Android 10; K) AppleWebKit/537.36 (KHTML, like Gecko) Chrome/140.0.0.0 Mobile Safari/537.36"
113.211.131.131 - - [08/Oct/2025:06:21:49 +0000] "GET /wp-content/uploads/2025/07/N0003-c.jpg HTTP/1.1" 200 172995 "https://sweetmassagekl.net/b2b-sensual-massage-kuala-lumpur/" "Mozilla/5.0 (Linux; Android 10; K) AppleWebKit/537.36 (KHTML, like Gecko) Chrome/140.0.0.0 Mobile Safari/537.36"
113.211.131.131 - - [08/Oct/2025:06:21:43 +0000] "GET /wp-content/uploads/2025/07/N0003-mov.mp4 HTTP/1.1" 206 1762381 "https://sweetmassagekl.net/b2b-sensual-massage-kuala-lumpur/" "Mozilla/5.0 (Linux; Android 10; K) AppleWebKit/537.36 (KHTML, like Gecko) Chrome/140.0.0.0 Mobile Safari/537.36"
113.211.131.131 - - [08/Oct/2025:06:22:05 +0000] "GET /wp-content/uploads/2025/06/N0005-220x160.jpg HTTP/1.1" 200 6609 "https://sweetmassagekl.net/b2b-sensual-massage-kuala-lumpur/" "Mozilla/5.0 (Linux; Android 10; K) AppleWebKit/537.36 (KHTML, like Gecko) Chrome/140.0.0.0 Mobile Safari/537.36"
113.211.131.131 - - [08/Oct/2025:06:22:05 +0000] "GET /wp-content/uploads/2025/06/N0004-220x160.jpg HTTP/1.1" 200 7267 "https://sweetmassagekl.net/b2b-sensual-massage-kuala-lumpur/" "Mozilla/5.0 (Linux; Android 10; K) AppleWebKit/537.36 (KHTML, like Gecko) Chrome/140.0.0.0 Mobile Safari/537.36"
113.211.131.131 - - [08/Oct/2025:06:22:05 +0000] "GET /wp-content/uploads/2025/07/N0002-b-220x160.jpg HTTP/1.1" 200 5712 "https://sweetmassagekl.net/b2b-sensual-massage-kuala-lumpur/" "Mozilla/5.0 (Linux; Android 10; K) AppleWebKit/537.36 (KHTML, like Gecko) Chrome/140.0.0.0 Mobile Safari/537.36"
113.211.131.131 - - [08/Oct/2025:06:22:05 +0000] "GET /wp-content/uploads/2025/06/N0001-220x160.jpg HTTP/1.1" 200 6702 "https://sweetmassagekl.net/b2b-sensual-massage-kuala-lumpur/" "Mozilla/5.0 (Linux; Android 10; K) AppleWebKit/537.36 (KHTML, like Gecko) Chrome/140.0.0.0 Mobile Safari/537.36"
113.211.131.131 - - [08/Oct/2025:06:22:05 +0000] "GET /n0002/ HTTP/1.1" 200 17154 "https://sweetmassagekl.net/b2b-sensual-massage-kuala-lumpur/" "Mozilla/5.0 (Linux; Android 10; K) AppleWebKit/537.36 (KHTML, like Gecko) Chrome/140.0.0.0 Mobile Safari/537.36"
113.211.131.131 - - [08/Oct/2025:06:22:11 +0000] "GET /wp-content/uploads/2025/06/N0005-938x1280.jpg HTTP/1.1" 200 112196 "https://sweetmassagekl.net/" "Mozilla/5.0 (Linux; Android 10; K) AppleWebKit/537.36 (KHTML, like Gecko) Chrome/140.0.0.0 Mobile Safari/537.36"
113.211.131.131 - - [08/Oct/2025:06:22:13 +0000] "GET /wp-content/uploads/2025/06/N0006-957x1280.jpg HTTP/1.1" 200 160694 "https://sweetmassagekl.net/" "Mozilla/5.0 (Linux; Android 10; K) AppleWebKit/537.36 (KHTML, like Gecko) Chrome/140.0.0.0 Mobile Safari/537.36"
113.211.131.131 - - [08/Oct/2025:06:22:16 +0000] "GET /wp-content/uploads/2025/06/A1128-1-957x1280.jpg HTTP/1.1" 200 169076 "https://sweetmassagekl.net/" "Mozilla/5.0 (Linux; Android 10; K) AppleWebKit/537.36 (KHTML, like Gecko) Chrome/140.0.0.0 Mobile Safari/537.36"
113.211.131.131 - - [08/Oct/2025:06:22:19 +0000] "GET /wp-content/uploads/2025/06/A1168-1-957x1280.jpg HTTP/1.1" 200 177685 "https://sweetmassagekl.net/" "Mozilla/5.0 (Linux; Android 10; K) AppleWebKit/537.36 (KHTML, like Gecko) Chrome/140.0.0.0 Mobile Safari/537.36"
203.161.56.247 - - [08/Oct/2025:06:22:22 +0000] "POST /wp-cron.php?doing_wp_cron=1759904542.1690840721130371093750 HTTP/1.1" 200 - "-" "WordPress/6.8.3; https://sweetmassagekl.net"
113.211.131.131 - - [08/Oct/2025:06:22:20 +0000] "GET /v71/ HTTP/1.1" 404 12041 "https://sweetmassagekl.net/" "Mozilla/5.0 (Linux; Android 10; K) AppleWebKit/537.36 (KHTML, like Gecko) Chrome/140.0.0.0 Mobile Safari/537.36"
113.211.131.131 - - [08/Oct/2025:06:22:22 +0000] "GET /v71/ HTTP/1.1" 404 12042 "https://sweetmassagekl.net/" "Mozilla/5.0 (Linux; Android 10; K) AppleWebKit/537.36 (KHTML, like Gecko) Chrome/140.0.0.0 Mobile Safari/537.36"
203.161.56.247 - - [08/Oct/2025:06:22:28 +0000] "POST /wp-cron.php?doing_wp_cron=1759904548.6769800186157226562500 HTTP/1.1" 200 - "-" "WordPress/6.8.3; https://sweetmassagekl.net"
113.211.131.131 - - [08/Oct/2025:06:22:27 +0000] "GET /v71/ HTTP/1.1" 404 12042 "https://sweetmassagekl.net/" "Mozilla/5.0 (Linux; Android 10; K) AppleWebKit/537.36 (KHTML, like Gecko) Chrome/140.0.0.0 Mobile Safari/537.36"
113.211.131.131 - - [08/Oct/2025:06:22:32 +0000] "GET / HTTP/1.1" 200 21783 "https://sweetmassagekl.net/" "Mozilla/5.0 (Linux; Android 10; K) AppleWebKit/537.36 (KHTML, like Gecko) Chrome/140.0.0.0 Mobile Safari/537.36"
203.161.56.247 - - [08/Oct/2025:06:22:36 +0000] "POST /wp-cron.php?doing_wp_cron=1759904556.3855099678039550781250 HTTP/1.1" 200 - "-" "WordPress/6.8.3; https://sweetmassagekl.net"
113.211.131.131 - - [08/Oct/2025:06:22:35 +0000] "GET /m99/ HTTP/1.1" 404 12043 "https://sweetmassagekl.net/" "Mozilla/5.0 (Linux; Android 10; K) AppleWebKit/537.36 (KHTML, like Gecko) Chrome/140.0.0.0 Mobile Safari/537.36"
113.211.131.131 - - [08/Oct/2025:06:22:36 +0000] "GET /m99/ HTTP/1.1" 404 12043 "https://sweetmassagekl.net/" "Mozilla/5.0 (Linux; Android 10; K) AppleWebKit/537.36 (KHTML, like Gecko) Chrome/140.0.0.0 Mobile Safari/537.36"
113.211.131.131 - - [08/Oct/2025:06:22:40 +0000] "GET /wp-content/uploads/2025/06/C8268-938x1280.jpg HTTP/1.1" 200 121288 "https://sweetmassagekl.net/" "Mozilla/5.0 (Linux; Android 10; K) AppleWebKit/537.36 (KHTML, like Gecko) Chrome/140.0.0.0 Mobile Safari/537.36"
113.211.131.131 - - [08/Oct/2025:06:22:44 +0000] "GET /wp-content/uploads/2025/06/C8888-957x1280.jpg HTTP/1.1" 200 133056 "https://sweetmassagekl.net/" "Mozilla/5.0 (Linux; Android 10; K) AppleWebKit/537.36 (KHTML, like Gecko) Chrome/140.0.0.0 Mobile Safari/537.36"
113.211.131.131 - - [08/Oct/2025:06:22:45 +0000] "GET /t89/ HTTP/1.1" 404 12043 "https://sweetmassagekl.net/" "Mozilla/5.0 (Linux; Android 10; K) AppleWebKit/537.36 (KHTML, like Gecko) Chrome/140.0.0.0 Mobile Safari/537.36"
113.211.131.131 - - [08/Oct/2025:06:22:47 +0000] "GET /t89/ HTTP/1.1" 404 12043 "https://sweetmassagekl.net/" "Mozilla/5.0 (Linux; Android 10; K) AppleWebKit/537.36 (KHTML, like Gecko) Chrome/140.0.0.0 Mobile Safari/537.36"
113.211.131.131 - - [08/Oct/2025:06:22:51 +0000] "GET /wp-content/uploads/2025/06/M2213-957x1280.jpg HTTP/1.1" 200 94520 "https://sweetmassagekl.net/" "Mozilla/5.0 (Linux; Android 10; K) AppleWebKit/537.36 (KHTML, like Gecko) Chrome/140.0.0.0 Mobile Safari/537.36"
113.211.131.131 - - [08/Oct/2025:06:22:52 +0000] "GET /wp-content/uploads/2025/06/M2316-957x1280.jpg HTTP/1.1" 200 92610 "https://sweetmassagekl.net/" "Mozilla/5.0 (Linux; Android 10; K) AppleWebKit/537.36 (KHTML, like Gecko) Chrome/140.0.0.0 Mobile Safari/537.36"
113.211.131.131 - - [08/Oct/2025:06:22:55 +0000] "GET /wp-content/uploads/2025/06/M2679-938x1280.jpg HTTP/1.1" 200 220836 "https://sweetmassagekl.net/" "Mozilla/5.0 (Linux; Android 10; K) AppleWebKit/537.36 (KHTML, like Gecko) Chrome/140.0.0.0 Mobile Safari/537.36"
113.211.131.131 - - [08/Oct/2025:06:22:58 +0000] "GET /wp-content/uploads/2025/06/M2717-957x1280.jpg HTTP/1.1" 200 91436 "https://sweetmassagekl.net/" "Mozilla/5.0 (Linux; Android 10; K) AppleWebKit/537.36 (KHTML, like Gecko) Chrome/140.0.0.0 Mobile Safari/537.36"
113.211.131.131 - - [08/Oct/2025:06:23:00 +0000] "GET /wp-content/uploads/2025/06/M2783-957x1280.jpg HTTP/1.1" 200 180411 "https://sweetmassagekl.net/" "Mozilla/5.0 (Linux; Android 10; K) AppleWebKit/537.36 (KHTML, like Gecko) Chrome/140.0.0.0 Mobile Safari/537.36"
113.211.131.131 - - [08/Oct/2025:06:23:03 +0000] "GET /wp-content/uploads/2025/06/M2899-957x1280.jpg HTTP/1.1" 200 197882 "https://sweetmassagekl.net/" "Mozilla/5.0 (Linux; Android 10; K) AppleWebKit/537.36 (KHTML, like Gecko) Chrome/140.0.0.0 Mobile Safari/537.36"
113.211.131.131 - - [08/Oct/2025:06:23:13 +0000] "GET /wp-content/uploads/2022/08/01-594x396.jpg HTTP/1.1" 200 60126 "https://sweetmassagekl.net/" "Mozilla/5.0 (Linux; Android 10; K) AppleWebKit/537.36 (KHTML, like Gecko) Chrome/140.0.0.0 Mobile Safari/537.36"
113.211.131.131 - - [08/Oct/2025:06:23:14 +0000] "GET /wp-content/uploads/2022/08/02-594x396.jpg HTTP/1.1" 200 62050 "https://sweetmassagekl.net/" "Mozilla/5.0 (Linux; Android 10; K) AppleWebKit/537.36 (KHTML, like Gecko) Chrome/140.0.0.0 Mobile Safari/537.36"
203.161.56.247 - - [08/Oct/2025:06:23:25 +0000] "POST /wp-cron.php?doing_wp_cron=1759904605.1310219764709472656250 HTTP/1.1" 200 - "-" "WordPress/6.8.3; https://sweetmassagekl.net"
113.211.131.131 - - [08/Oct/2025:06:23:23 +0000] "GET /v78/ HTTP/1.1" 404 12043 "https://sweetmassagekl.net/" "Mozilla/5.0 (Linux; Android 10; K) AppleWebKit/537.36 (KHTML, like Gecko) Chrome/140.0.0.0 Mobile Safari/537.36"
113.211.131.131 - - [08/Oct/2025:06:23:25 +0000] "GET /v78/ HTTP/1.1" 404 12043 "https://sweetmassagekl.net/" "Mozilla/5.0 (Linux; Android 10; K) AppleWebKit/537.36 (KHTML, like Gecko) Chrome/140.0.0.0 Mobile Safari/537.36"
203.161.56.247 - - [08/Oct/2025:06:23:45 +0000] "POST /wp-cron.php?doing_wp_cron=1759904625.9678940773010253906250 HTTP/1.1" 200 - "-" "WordPress/6.8.3; https://sweetmassagekl.net"
113.211.131.131 - - [08/Oct/2025:06:23:44 +0000] "GET /b2b-sensual-massage-kuala-lumpur/ HTTP/1.1" 200 17429 "https://sweetmassagekl.net/" "Mozilla/5.0 (Linux; Android 10; K) AppleWebKit/537.36 (KHTML, like Gecko) Chrome/140.0.0.0 Mobile Safari/537.36"
113.211.131.131 - - [08/Oct/2025:06:24:01 +0000] "GET /premium-b2b-massage-kuala-lumpur-sensual-services/ HTTP/1.1" 200 17515 "https://sweetmassagekl.net/b2b-sensual-massage-kuala-lumpur/" "Mozilla/5.0 (Linux; Android 10; K) AppleWebKit/537.36 (KHTML, like Gecko) Chrome/140.0.0.0 Mobile Safari/537.36"
113.211.131.131 - - [08/Oct/2025:06:24:03 +0000] "GET /wp-content/uploads/2025/06/N0004.jpg HTTP/1.1" 200 216842 "https://sweetmassagekl.net/premium-b2b-massage-kuala-lumpur-sensual-services/" "Mozilla/5.0 (Linux; Android 10; K) AppleWebKit/537.36 (KHTML, like Gecko) Chrome/140.0.0.0 Mobile Safari/537.36"
113.211.131.131 - - [08/Oct/2025:06:24:03 +0000] "GET /wp-content/uploads/2025/08/N0004-c-569x758.jpg HTTP/1.1" 200 42350 "https://sweetmassagekl.net/premium-b2b-massage-kuala-lumpur-sensual-services/" "Mozilla/5.0 (Linux; Android 10; K) AppleWebKit/537.36 (KHTML, like Gecko) Chrome/140.0.0.0 Mobile Safari/537.36"
113.211.131.131 - - [08/Oct/2025:06:24:04 +0000] "GET /wp-content/uploads/2025/08/N0004-d-569x758.jpg HTTP/1.1" 200 45052 "https://sweetmassagekl.net/premium-b2b-massage-kuala-lumpur-sensual-services/" "Mozilla/5.0 (Linux; Android 10; K) AppleWebKit/537.36 (KHTML, like Gecko) Chrome/140.0.0.0 Mobile Safari/537.36"
113.211.131.131 - - [08/Oct/2025:06:24:04 +0000] "GET /wp-content/uploads/2025/08/N0004-e-569x758.jpg HTTP/1.1" 200 44203 "https://sweetmassagekl.net/premium-b2b-massage-kuala-lumpur-sensual-services/" "Mozilla/5.0 (Linux; Android 10; K) AppleWebKit/537.36 (KHTML, like Gecko) Chrome/140.0.0.0 Mobile Safari/537.36"
