/home/klesmriw/access-logs/klescortguide.klescortgirldirectory.com-ssl_log
203.161.56.247 - - [07/Oct/2025:12:10:51 +0000] "POST /wp-cron.php?doing_wp_cron=1759839051.8126740455627441406250 HTTP/1.1" 200 - "-" "WordPress/6.8.3; https://klescortguide.com"
43.166.242.189 - - [07/Oct/2025:12:10:50 +0000] "GET /listing/rooster/ HTTP/1.1" 200 16833 "-" "Mozilla/5.0 (iPhone; CPU iPhone OS 13_2_3 like Mac OS X) AppleWebKit/605.1.15 (KHTML, like Gecko) Version/13.0.3 Mobile/15E148 Safari/604.1"
203.161.56.247 - - [07/Oct/2025:12:18:05 +0000] "POST /wp-cron.php?doing_wp_cron=1759839485.4740109443664550781250 HTTP/1.1" 200 - "-" "WordPress/6.8.3; https://klescortguide.com"
43.167.241.46 - - [07/Oct/2025:12:18:03 +0000] "GET /listing/soraya/ HTTP/1.1" 200 16826 "-" "Mozilla/5.0 (iPhone; CPU iPhone OS 13_2_3 like Mac OS X) AppleWebKit/605.1.15 (KHTML, like Gecko) Version/13.0.3 Mobile/15E148 Safari/604.1"
203.161.56.247 - - [07/Oct/2025:12:28:47 +0000] "POST /wp-cron.php?doing_wp_cron=1759840127.7926869392395019531250 HTTP/1.1" 200 - "-" "WordPress/6.8.3; https://klescortguide.com"
43.166.250.187 - - [07/Oct/2025:12:28:46 +0000] "GET /?s=&fo=tax_dasmoke HTTP/1.1" 200 14039 "-" "Mozilla/5.0 (iPhone; CPU iPhone OS 13_2_3 like Mac OS X) AppleWebKit/605.1.15 (KHTML, like Gecko) Version/13.0.3 Mobile/15E148 Safari/604.1"
203.161.56.247 - - [07/Oct/2025:12:37:25 +0000] "POST /wp-cron.php?doing_wp_cron=1759840645.6056189537048339843750 HTTP/1.1" 200 - "-" "WordPress/6.8.3; https://klescortguide.com"
43.165.189.110 - - [07/Oct/2025:12:37:24 +0000] "GET /?s=&fo=date_added HTTP/1.1" 200 14035 "-" "Mozilla/5.0 (iPhone; CPU iPhone OS 13_2_3 like Mac OS X) AppleWebKit/605.1.15 (KHTML, like Gecko) Version/13.0.3 Mobile/15E148 Safari/604.1"
203.161.56.247 - - [07/Oct/2025:12:48:55 +0000] "POST /wp-cron.php?doing_wp_cron=1759841335.0087699890136718750000 HTTP/1.1" 200 - "-" "WordPress/6.8.3; https://klescortguide.com"
43.153.74.75 - - [07/Oct/2025:12:48:53 +0000] "GET / HTTP/1.1" 200 14329 "-" "Mozilla/5.0 (iPhone; CPU iPhone OS 13_2_3 like Mac OS X) AppleWebKit/605.1.15 (KHTML, like Gecko) Version/13.0.3 Mobile/15E148 Safari/604.1"
203.161.56.247 - - [07/Oct/2025:12:57:43 +0000] "POST /wp-cron.php?doing_wp_cron=1759841863.0478680133819580078125 HTTP/1.1" 200 - "-" "WordPress/6.8.3; https://klescortguide.com"
49.36.59.100 - - [07/Oct/2025:12:57:41 +0000] "POST /xmlrpc.php HTTP/1.1" 200 403 "-" "Mozilla/5.0 (Windows NT 10.0; Win64; x64) AppleWebKit/537.36 (KHTML, like Gecko) Chrome/91.0.4472.124 Safari/537.36"
203.161.56.247 - - [07/Oct/2025:12:58:30 +0000] "POST /wp-cron.php?doing_wp_cron=1759841910.4706349372863769531250 HTTP/1.1" 200 - "-" "WordPress/6.8.3; https://klescortguide.com"
43.153.107.22 - - [07/Oct/2025:12:58:29 +0000] "GET /listing/gertrude/ HTTP/1.1" 200 16789 "-" "Mozilla/5.0 (iPhone; CPU iPhone OS 13_2_3 like Mac OS X) AppleWebKit/605.1.15 (KHTML, like Gecko) Version/13.0.3 Mobile/15E148 Safari/604.1"
203.161.56.247 - - [07/Oct/2025:13:08:37 +0000] "POST /wp-cron.php?doing_wp_cron=1759842517.1105260848999023437500 HTTP/1.1" 200 - "-" "WordPress/6.8.3; https://klescortguide.com"
43.165.189.110 - - [07/Oct/2025:13:08:35 +0000] "GET /author/kl-escort-guide/ HTTP/1.1" 200 12713 "-" "Mozilla/5.0 (iPhone; CPU iPhone OS 13_2_3 like Mac OS X) AppleWebKit/605.1.15 (KHTML, like Gecko) Version/13.0.3 Mobile/15E148 Safari/604.1"
203.161.56.247 - - [07/Oct/2025:13:18:48 +0000] "POST /wp-cron.php?doing_wp_cron=1759843128.0808479785919189453125 HTTP/1.1" 200 - "-" "WordPress/6.8.3; https://klescortguide.com"
49.51.245.241 - - [07/Oct/2025:13:18:46 +0000] "GET /?s= HTTP/1.1" 200 13974 "-" "Mozilla/5.0 (iPhone; CPU iPhone OS 13_2_3 like Mac OS X) AppleWebKit/605.1.15 (KHTML, like Gecko) Version/13.0.3 Mobile/15E148 Safari/604.1"
203.161.56.247 - - [07/Oct/2025:13:27:30 +0000] "POST /wp-cron.php?doing_wp_cron=1759843650.1468110084533691406250 HTTP/1.1" 200 - "-" "WordPress/6.8.3; https://klescortguide.com"
43.156.232.190 - - [07/Oct/2025:13:27:28 +0000] "GET /contact/ HTTP/1.1" 200 10552 "-" "Mozilla/5.0 (iPhone; CPU iPhone OS 13_2_3 like Mac OS X) AppleWebKit/605.1.15 (KHTML, like Gecko) Version/13.0.3 Mobile/15E148 Safari/604.1"
203.161.56.247 - - [07/Oct/2025:13:38:09 +0000] "POST /wp-cron.php?doing_wp_cron=1759844289.8057820796966552734375 HTTP/1.1" 200 - "-" "WordPress/6.8.3; https://klescortguide.com"
43.173.1.57 - - [07/Oct/2025:13:38:07 +0000] "GET /?reset=1 HTTP/1.1" 200 14309 "-" "Mozilla/5.0 (iPhone; CPU iPhone OS 13_2_3 like Mac OS X) AppleWebKit/605.1.15 (KHTML, like Gecko) Version/13.0.3 Mobile/15E148 Safari/604.1"
203.161.56.247 - - [07/Oct/2025:13:47:19 +0000] "POST /wp-cron.php?doing_wp_cron=1759844839.2320148944854736328125 HTTP/1.1" 200 - "-" "WordPress/6.8.3; https://klescortguide.com"
43.157.180.116 - - [07/Oct/2025:13:47:17 +0000] "GET /listing/adrianna/ HTTP/1.1" 200 16839 "-" "Mozilla/5.0 (iPhone; CPU iPhone OS 13_2_3 like Mac OS X) AppleWebKit/605.1.15 (KHTML, like Gecko) Version/13.0.3 Mobile/15E148 Safari/604.1"
157.55.39.205 - - [07/Oct/2025:13:49:31 +0000] "GET / HTTP/1.1" 200 19479 "-" "Mozilla/5.0 AppleWebKit/537.36 (KHTML, like Gecko; compatible; bingbot/2.0; +http://www.bing.com/bingbot.htm) Chrome/116.0.1938.76 Safari/537.36"
203.161.56.247 - - [07/Oct/2025:14:07:55 +0000] "POST /wp-cron.php?doing_wp_cron=1759846075.9663400650024414062500 HTTP/1.1" 200 - "-" "WordPress/6.8.3; https://klescortguide.com"
49.51.204.74 - - [07/Oct/2025:14:07:54 +0000] "GET /how-it-works/ HTTP/1.1" 200 10858 "-" "Mozilla/5.0 (iPhone; CPU iPhone OS 13_2_3 like Mac OS X) AppleWebKit/605.1.15 (KHTML, like Gecko) Version/13.0.3 Mobile/15E148 Safari/604.1"
203.161.56.247 - - [07/Oct/2025:14:18:41 +0000] "POST /wp-cron.php?doing_wp_cron=1759846720.9890449047088623046875 HTTP/1.1" 200 - "-" "WordPress/6.8.3; https://klescortguide.com"
43.157.38.131 - - [07/Oct/2025:14:18:39 +0000] "GET / HTTP/1.1" 200 14311 "-" "Mozilla/5.0 (iPhone; CPU iPhone OS 13_2_3 like Mac OS X) AppleWebKit/605.1.15 (KHTML, like Gecko) Version/13.0.3 Mobile/15E148 Safari/604.1"
43.157.172.39 - - [07/Oct/2025:14:26:42 +0000] "GET /wp-content/themes/ES10/ HTTP/1.1" 403 - "-" "Mozilla/5.0 (iPhone; CPU iPhone OS 13_2_3 like Mac OS X) AppleWebKit/605.1.15 (KHTML, like Gecko) Version/13.0.3 Mobile/15E148 Safari/604.1"
216.73.216.149 - - [07/Oct/2025:14:34:33 +0000] "GET /robots.txt HTTP/1.1" 200 167 "-" "Mozilla/5.0 AppleWebKit/537.36 (KHTML, like Gecko; compatible; ClaudeBot/1.0; +claudebot@anthropic.com)"
216.73.216.149 - - [07/Oct/2025:14:34:33 +0000] "GET /sitemap.xml HTTP/1.1" 403 - "-" "Mozilla/5.0 AppleWebKit/537.36 (KHTML, like Gecko; compatible; ClaudeBot/1.0; +claudebot@anthropic.com)"
216.73.216.149 - - [07/Oct/2025:14:36:01 +0000] "GET /news-sitemap.xml HTTP/1.1" 403 - "-" "Mozilla/5.0 AppleWebKit/537.36 (KHTML, like Gecko; compatible; ClaudeBot/1.0; +claudebot@anthropic.com)"
203.161.56.247 - - [07/Oct/2025:14:38:20 +0000] "POST /wp-cron.php?doing_wp_cron=1759847900.7441918849945068359375 HTTP/1.1" 200 - "-" "WordPress/6.8.3; https://klescortguide.com"
43.157.52.37 - - [07/Oct/2025:14:38:18 +0000] "GET /about-us/ HTTP/1.1" 200 10616 "-" "Mozilla/5.0 (iPhone; CPU iPhone OS 13_2_3 like Mac OS X) AppleWebKit/605.1.15 (KHTML, like Gecko) Version/13.0.3 Mobile/15E148 Safari/604.1"
34.231.181.240 - - [07/Oct/2025:14:42:42 +0000] "GET /listing/giuliana/ HTTP/1.1" 403 - "-" "Mozilla/5.0 AppleWebKit/537.36 (KHTML, like Gecko; compatible; Amazonbot/0.1; +https://developer.amazon.com/support/amazonbot) Chrome/119.0.6045.214 Safari/537.36"
18.232.12.157 - - [07/Oct/2025:14:42:45 +0000] "GET /about-us/ HTTP/1.1" 403 - "-" "Mozilla/5.0 AppleWebKit/537.36 (KHTML, like Gecko; compatible; Amazonbot/0.1; +https://developer.amazon.com/support/amazonbot) Chrome/119.0.6045.214 Safari/537.36"
203.161.56.247 - - [07/Oct/2025:14:44:02 +0000] "POST /wp-cron.php?doing_wp_cron=1759848242.2563810348510742187500 HTTP/1.1" 200 - "-" "WordPress/6.8.3; https://klescortguide.com"
34.228.51.37 - - [07/Oct/2025:14:44:00 +0000] "HEAD /listing/giuliana/ HTTP/1.1" 200 - "-" "Mozilla/5.0 AppleWebKit/605.1.15 (KHTML, like Gecko) Chrome/139.0.0.0 Safari/605.1.15"
203.161.56.247 - - [07/Oct/2025:14:48:54 +0000] "POST /wp-cron.php?doing_wp_cron=1759848534.6946189403533935546875 HTTP/1.1" 200 - "-" "WordPress/6.8.3; https://klescortguide.com"
43.153.12.58 - - [07/Oct/2025:14:48:53 +0000] "GET /privacy/ HTTP/1.1" 200 9970 "-" "Mozilla/5.0 (iPhone; CPU iPhone OS 13_2_3 like Mac OS X) AppleWebKit/605.1.15 (KHTML, like Gecko) Version/13.0.3 Mobile/15E148 Safari/604.1"
203.161.56.247 - - [07/Oct/2025:14:53:44 +0000] "POST /wp-cron.php?doing_wp_cron=1759848824.4283769130706787109375 HTTP/1.1" 200 - "-" "WordPress/6.8.3; https://klescortguide.com"
54.82.230.114 - - [07/Oct/2025:14:53:42 +0000] "HEAD /about-us/ HTTP/1.1" 200 - "-" "Mozilla/5.0 AppleWebKit/605.1.15 (KHTML, like Gecko) Chrome/139.0.0.0 Safari/605.1.15"
203.161.56.247 - - [07/Oct/2025:15:52:27 +0000] "POST /wp-cron.php?doing_wp_cron=1759852347.5568130016326904296875 HTTP/1.1" 200 - "-" "WordPress/6.8.3; https://klescortguide.com"
213.202.253.4 - - [07/Oct/2025:15:52:26 +0000] "GET /about.php?action=p&api=p&path=p&token= HTTP/1.1" 404 9250 "www.google.com" "Mozlila/5.0 (Linux; Android 7.0; SM-G892A Bulid/NRD90M; wv) AppleWebKit/537.36 (KHTML, like Gecko) Version/4.0 Chrome/60.0.3112.107 Moblie Safari/537.36"
213.202.253.4 - - [07/Oct/2025:15:52:31 +0000] "GET /admin.php?action=p&api=p&path=p&token= HTTP/1.1" 404 9248 "www.google.com" "Mozlila/5.0 (Linux; Android 7.0; SM-G892A Bulid/NRD90M; wv) AppleWebKit/537.36 (KHTML, like Gecko) Version/4.0 Chrome/60.0.3112.107 Moblie Safari/537.36"
213.202.253.4 - - [07/Oct/2025:15:52:38 +0000] "GET /admin.php?action=p&api=p&path=p&token= HTTP/1.1" 404 9247 "www.google.com" "Mozlila/5.0 (Linux; Android 7.0; SM-G892A Bulid/NRD90M; wv) AppleWebKit/537.36 (KHTML, like Gecko) Version/4.0 Chrome/60.0.3112.107 Moblie Safari/537.36"
44.223.115.10 - - [07/Oct/2025:15:55:36 +0000] "GET /?reset=1 HTTP/1.1" 403 - "-" "Mozilla/5.0 AppleWebKit/537.36 (KHTML, like Gecko; compatible; Amazonbot/0.1; +https://developer.amazon.com/support/amazonbot) Chrome/119.0.6045.214 Safari/537.36"
203.161.56.247 - - [07/Oct/2025:15:57:59 +0000] "POST /wp-cron.php?doing_wp_cron=1759852679.2252860069274902343750 HTTP/1.1" 200 - "-" "WordPress/6.8.3; https://klescortguide.com"
18.213.196.225 - - [07/Oct/2025:15:57:57 +0000] "HEAD /?reset=1 HTTP/1.1" 200 - "-" "Mozilla/5.0 AppleWebKit/605.1.15 (KHTML, like Gecko) Chrome/139.0.0.0 Safari/605.1.15"
216.73.216.96 - - [07/Oct/2025:16:01:21 +0000] "GET /robots.txt HTTP/1.1" 200 167 "-" "Mozilla/5.0 AppleWebKit/537.36 (KHTML, like Gecko; compatible; ClaudeBot/1.0; +claudebot@anthropic.com)"
216.73.216.96 - - [07/Oct/2025:16:01:21 +0000] "GET /video-sitemap.xml HTTP/1.1" 403 - "-" "Mozilla/5.0 AppleWebKit/537.36 (KHTML, like Gecko; compatible; ClaudeBot/1.0; +claudebot@anthropic.com)"
216.73.216.96 - - [07/Oct/2025:16:44:55 +0000] "GET /sitemap.rss HTTP/1.1" 403 - "-" "Mozilla/5.0 AppleWebKit/537.36 (KHTML, like Gecko; compatible; ClaudeBot/1.0; +claudebot@anthropic.com)"
216.73.216.96 - - [07/Oct/2025:16:50:50 +0000] "GET /video-sitemap.xml HTTP/1.1" 403 - "-" "Mozilla/5.0 AppleWebKit/537.36 (KHTML, like Gecko; compatible; ClaudeBot/1.0; +claudebot@anthropic.com)"
54.167.32.123 - - [07/Oct/2025:16:55:26 +0000] "GET /robots.txt HTTP/1.1" 200 167 "-" "Mozilla/5.0 AppleWebKit/537.36 (KHTML, like Gecko; compatible; Amazonbot/0.1; +https://developer.amazon.com/support/amazonbot) Chrome/119.0.6045.214 Safari/537.36"
35.168.238.50 - - [07/Oct/2025:16:55:26 +0000] "GET /listing/alessandra/ HTTP/1.1" 403 - "-" "Mozilla/5.0 AppleWebKit/537.36 (KHTML, like Gecko; compatible; Amazonbot/0.1; +https://developer.amazon.com/support/amazonbot) Chrome/119.0.6045.214 Safari/537.36"
216.73.216.96 - - [07/Oct/2025:16:55:35 +0000] "GET /news-sitemap.xml HTTP/1.1" 403 - "-" "Mozilla/5.0 AppleWebKit/537.36 (KHTML, like Gecko; compatible; ClaudeBot/1.0; +claudebot@anthropic.com)"
203.161.56.247 - - [07/Oct/2025:16:57:35 +0000] "POST /wp-cron.php?doing_wp_cron=1759856254.9846971035003662109375 HTTP/1.1" 200 - "-" "WordPress/6.8.3; https://klescortguide.com"
44.211.100.242 - - [07/Oct/2025:16:57:33 +0000] "HEAD /listing/alessandra/ HTTP/1.1" 200 - "-" "Mozilla/5.0 AppleWebKit/605.1.15 (KHTML, like Gecko) Chrome/139.0.0.0 Safari/605.1.15"
216.73.216.96 - - [07/Oct/2025:16:59:35 +0000] "GET /sitemap.xml HTTP/1.1" 403 - "-" "Mozilla/5.0 AppleWebKit/537.36 (KHTML, like Gecko; compatible; ClaudeBot/1.0; +claudebot@anthropic.com)"
54.159.98.248 - - [07/Oct/2025:17:06:44 +0000] "GET /category/corporate/ HTTP/1.1" 403 - "-" "Mozilla/5.0 AppleWebKit/537.36 (KHTML, like Gecko; compatible; Amazonbot/0.1; +https://developer.amazon.com/support/amazonbot) Chrome/119.0.6045.214 Safari/537.36"
203.161.56.247 - - [07/Oct/2025:17:07:50 +0000] "POST /wp-cron.php?doing_wp_cron=1759856870.6886970996856689453125 HTTP/1.1" 200 - "-" "WordPress/6.8.3; https://klescortguide.com"
52.22.28.61 - - [07/Oct/2025:17:07:49 +0000] "HEAD /category/corporate/ HTTP/1.1" 200 - "-" "Mozilla/5.0 AppleWebKit/605.1.15 (KHTML, like Gecko) Chrome/139.0.0.0 Safari/605.1.15"
216.73.216.96 - - [07/Oct/2025:17:17:50 +0000] "GET /robots.txt HTTP/1.1" 200 167 "-" "Mozilla/5.0 AppleWebKit/537.36 (KHTML, like Gecko; compatible; ClaudeBot/1.0; +claudebot@anthropic.com)"
216.73.216.96 - - [07/Oct/2025:17:17:50 +0000] "GET /video-sitemap.xml HTTP/1.1" 403 - "-" "Mozilla/5.0 AppleWebKit/537.36 (KHTML, like Gecko; compatible; ClaudeBot/1.0; +claudebot@anthropic.com)"
157.55.39.56 - - [07/Oct/2025:17:21:02 +0000] "GET / HTTP/1.1" 200 19479 "-" "Mozilla/5.0 AppleWebKit/537.36 (KHTML, like Gecko; compatible; bingbot/2.0; +http://www.bing.com/bingbot.htm) Chrome/116.0.1938.76 Safari/537.36"
3.221.50.71 - - [07/Oct/2025:17:49:32 +0000] "GET /listing-category/non-asian-girls/ HTTP/1.1" 403 - "-" "Mozilla/5.0 AppleWebKit/537.36 (KHTML, like Gecko; compatible; Amazonbot/0.1; +https://developer.amazon.com/support/amazonbot) Chrome/119.0.6045.214 Safari/537.36"
203.161.56.247 - - [07/Oct/2025:17:50:12 +0000] "POST /wp-cron.php?doing_wp_cron=1759859412.7585990428924560546875 HTTP/1.1" 200 - "-" "WordPress/6.8.3; https://klescortguide.com"
18.204.161.232 - - [07/Oct/2025:17:50:10 +0000] "HEAD /listing-category/non-asian-girls/ HTTP/1.1" 200 - "-" "Mozilla/5.0 AppleWebKit/605.1.15 (KHTML, like Gecko) Chrome/139.0.0.0 Safari/605.1.15"
3.89.176.255 - - [07/Oct/2025:17:50:52 +0000] "GET /listing/paulina/ HTTP/1.1" 403 - "-" "Mozilla/5.0 AppleWebKit/537.36 (KHTML, like Gecko; compatible; Amazonbot/0.1; +https://developer.amazon.com/support/amazonbot) Chrome/119.0.6045.214 Safari/537.36"
203.161.56.247 - - [07/Oct/2025:17:52:47 +0000] "POST /wp-cron.php?doing_wp_cron=1759859567.1060531139373779296875 HTTP/1.1" 200 - "-" "WordPress/6.8.3; https://klescortguide.com"
54.173.143.193 - - [07/Oct/2025:17:52:45 +0000] "HEAD /listing/paulina/ HTTP/1.1" 200 - "-" "Mozilla/5.0 AppleWebKit/605.1.15 (KHTML, like Gecko) Chrome/139.0.0.0 Safari/605.1.15"
216.73.216.96 - - [07/Oct/2025:17:54:10 +0000] "GET /sitemap.rss HTTP/1.1" 403 - "-" "Mozilla/5.0 AppleWebKit/537.36 (KHTML, like Gecko; compatible; ClaudeBot/1.0; +claudebot@anthropic.com)"
98.84.131.195 - - [07/Oct/2025:17:55:17 +0000] "GET /contact/ HTTP/1.1" 403 - "-" "Mozilla/5.0 AppleWebKit/537.36 (KHTML, like Gecko; compatible; Amazonbot/0.1; +https://developer.amazon.com/support/amazonbot) Chrome/119.0.6045.214 Safari/537.36"
203.161.56.247 - - [07/Oct/2025:17:56:08 +0000] "POST /wp-cron.php?doing_wp_cron=1759859768.8525290489196777343750 HTTP/1.1" 200 - "-" "WordPress/6.8.3; https://klescortguide.com"
18.214.181.7 - - [07/Oct/2025:17:56:07 +0000] "HEAD /contact/ HTTP/1.1" 200 - "-" "Mozilla/5.0 AppleWebKit/605.1.15 (KHTML, like Gecko) Chrome/139.0.0.0 Safari/605.1.15"
203.161.56.247 - - [07/Oct/2025:18:06:46 +0000] "POST /wp-cron.php?doing_wp_cron=1759860406.8921639919281005859375 HTTP/1.1" 200 - "-" "WordPress/6.8.3; https://klescortguide.com"
78.153.140.218 - - [07/Oct/2025:18:06:46 +0000] "GET /.env HTTP/1.1" 404 32590 "-" "Mozilla/5.0 (Windows; U; Windows NT 5.1; en-US; rv:1.9.0.13) Gecko/2009073022 Firefox/3.0.13 (.NET CLR 3.5.30729)"
78.153.140.218 - - [07/Oct/2025:18:06:50 +0000] "GET / HTTP/1.1" 200 85579 "-" "Mozilla/5.0 (Macintosh; Intel Mac OS X 10_11_6) AppleWebKit/602.1.40 (KHTML, like Gecko) Version/10.0 Safari/602.1.40"
78.153.140.218 - - [07/Oct/2025:18:06:53 +0000] "GET /sendgrid.env HTTP/1.1" 404 32622 "-" "Mozilla/5.0 (Windows NT 5.1; Win64; x64) AppleWebKit/537.36 (KHTML, like Gecko) Chrome/59.0.3071.115 Safari/537.36 OPR/46.0.2597.57"
78.153.140.218 - - [07/Oct/2025:18:06:56 +0000] "GET /twilio.env HTTP/1.1" 404 32614 "-" "Mozilla/5.0 (Windows NT 6.1; WOW64) AppleWebKit/537.36 (KHTML, like Gecko) Chrome/40.0.2214.111 Safari/537.36 OPR/27.0.1689.69 (Edition Campaign 49)"
78.153.140.218 - - [07/Oct/2025:18:07:00 +0000] "GET /api/.env HTTP/1.1" 404 32628 "-" "Mozilla/5.0 (Android; Mobile; rv:17.0) Gecko/17.0 Firefox/17.0"
78.153.140.218 - - [07/Oct/2025:18:07:02 +0000] "GET /phpinfo/ HTTP/1.1" 404 32620 "-" "Mozilla/5.0 (Linux; U; Android 4.0.4; en-us; DROID RAZR Build/6.7.2-180_DHD-16_M4-31) AppleWebKit/534.30 (KHTML, like Gecko) Version/4.0 Mobile Safari/534.30"
78.153.140.218 - - [07/Oct/2025:18:07:06 +0000] "GET /dev/.env HTTP/1.1" 404 32628 "-" "Mozilla/5.0 (Linux; U; Android 2.2; en-us; SGH-T959 Build/FROYO) AppleWebKit/533.1 (KHTML, like Gecko) Version/4.0 Mobile Safari/533.1"
78.153.140.218 - - [07/Oct/2025:18:07:10 +0000] "GET /app_dev.php/_profiler/phpinfo HTTP/1.1" 404 32698 "-" "Mozilla/5.0 (Macintosh; Intel Mac OS X 10_10_5) AppleWebKit/537.36 (KHTML, like Gecko) Chrome/54.0.2840.71 Safari/537.36"
78.153.140.218 - - [07/Oct/2025:18:07:12 +0000] "GET /admin/.env HTTP/1.1" 404 32618 "-" "Mozilla/5.0 (Windows NT 6.3; WOW64) AppleWebKit/537.36 (KHTML, like Gecko) Chrome/43.0.2357.81 Safari/537.36 OPR/30.1835.49 (Edition beta)"
78.153.140.218 - - [07/Oct/2025:18:07:18 +0000] "GET /laravel/.env HTTP/1.1" 404 32644 "-" "Mozilla/5.0 (Linux; U; Android 2.1-update1; en-us; HUAWEI-M860 Build/ERE27) AppleWebKit/530.17 (KHTML, like Gecko) Version/4.0 Mobile Safari/530.17"
78.153.140.218 - - [07/Oct/2025:18:07:21 +0000] "GET /.config.yaml HTTP/1.1" 404 32622 "-" "Mozilla/5.0 (Macintosh; U; Intel Mac OS X 10_6_6; es-es) AppleWebKit/533.20.25 (KHTML, like Gecko) Version/5.0.4 Safari/533.20.27"
203.161.56.247 - - [07/Oct/2025:18:07:25 +0000] "POST /wp-cron.php?doing_wp_cron=1759860445.2906351089477539062500 HTTP/1.1" 200 - "-" "WordPress/6.8.3; https://klescortguide.com"
78.153.140.218 - - [07/Oct/2025:18:07:24 +0000] "GET /backend/.env HTTP/1.1" 404 32644 "-" "Mozilla/5.0 (Linux; Android 7.0; SM-G955U Build/NRD90M) AppleWebKit/537.36 (KHTML, like Gecko) Chrome/62.0.3202.84 Mobile Safari/537.36"
78.153.140.218 - - [07/Oct/2025:18:07:27 +0000] "GET /secrets.env HTTP/1.1" 404 32618 "-" "Mozilla/5.0 (Windows NT 6.3; Win64; x64; Trident/7.0; Touch; LCJB; rv:11.0) like Gecko"
78.153.140.218 - - [07/Oct/2025:18:07:31 +0000] "GET /.env.example HTTP/1.1" 404 32640 "-" "Mozilla/5.0 (Linux; U; Android 4.2.2; en-gb; Vodafone 785 Build/JDQ39) AppleWebKit/534.30 (KHTML, like Gecko) Version/4.2 Mobile Safari/534.30 SVN/120HEG1"
78.153.140.218 - - [07/Oct/2025:18:07:34 +0000] "GET /web/.env HTTP/1.1" 404 32610 "-" "Mozilla/5.0 (Windows NT 10.0; Win64; x64) AppleWebKit/537.36 (KHTML, like Gecko) Chrome/80.0.3987.106 Safari/537.36"
78.153.140.218 - - [07/Oct/2025:18:07:38 +0000] "GET /.env.bak HTTP/1.1" 404 32606 "-" "Mozilla/5.0 (X11; U; Linux i686; en-US; rv:1.9.1.3) Gecko/20090912 Gentoo Firefox/3.5.3 FirePHP/0.3"
78.153.140.218 - - [07/Oct/2025:18:07:41 +0000] "GET /staging/.env HTTP/1.1" 404 32626 "-" "Mozilla/4.0 (compatible; MSIE 8.0; Windows NT 6.1; WOW64; Trident/4.0; SLCC2; .NET CLR 2.0.50727; .NET CLR 3.5.30729; .NET CLR 3.0.30729; MS-RTC LM 8; .NET4.0C; .NET4.0E; InfoPath.3; HO32600; HO32600R)"
78.153.140.218 - - [07/Oct/2025:18:07:44 +0000] "GET /debug/default/view?panel=config HTTP/1.1" 404 32654 "-" "Mozilla/5.0 (Windows; U; Windows NT 5.1; ru; rv:1.9.2.2) Gecko/20100316 Firefox/3.6.2 ( .NET CLR 3.5.30729)"
78.153.140.218 - - [07/Oct/2025:18:07:47 +0000] "GET /core/.env HTTP/1.1" 404 32586 "-" "Mozilla/5.0 (Windows NT 6.3; Win64; x64) AppleWebKit/537.36 (KHTML, like Gecko) Chrome/63.0.3239.132 Safari/537.36 OPR/50.0.2762.58"
78.153.140.218 - - [07/Oct/2025:18:07:50 +0000] "GET /phpinfo.php HTTP/1.1" 404 32618 "-" "Mozilla/5.0 (Macintosh; Intel Mac OS X 10_10_3) AppleWebKit/537.36 (KHTML, like Gecko) Chrome/44.0.2403.52 Safari/537.36 OPR/31.0.1889.50 (Edition beta)"
78.153.140.218 - - [07/Oct/2025:18:07:53 +0000] "GET /info/ HTTP/1.1" 404 32594 "-" "Mozilla/5.0 (Linux; U; Android 4.3; en-us; SCH-I545 Build/JSS15J) AppleWebKit/534.30 (KHTML, like Gecko) Version/4.0 Mobile Safari/534.30"
78.153.140.218 - - [07/Oct/2025:18:07:56 +0000] "GET /images/.env HTTP/1.1" 404 32622 "-" "Opera/9.80 (X11; Linux i686; U; en-GB) Presto/2.2.15 Version/10.00"
78.153.140.218 - - [07/Oct/2025:18:07:59 +0000] "GET /.env.save.1 HTTP/1.1" 404 32636 "-" "Mozilla/5.0 (iPad; U; CPU OS 4_3_5 like Mac OS X; pt-br) AppleWebKit/533.17.9 (KHTML, like Gecko) Version/5.0.2 Mobile/8L1 Safari/6533.18.5"
78.153.140.218 - - [07/Oct/2025:18:08:02 +0000] "GET /.env.save HTTP/1.1" 404 32610 "-" "Mozilla/5.0 (Windows NT 5.1) AppleWebKit/537.31 (KHTML, like Gecko) Chrome/26.0.1410.64 Safari/537.31"
78.153.140.218 - - [07/Oct/2025:18:08:05 +0000] "GET /API/.env HTTP/1.1" 404 32610 "-" "Mozilla/5.0 (Windows; U; Windows NT 6.0; en-US; rv:1.9.1.8) Gecko/20100202 Firefox/3.5.8 (.NET CLR 3.5.30729) FirePHP/0.4"
78.153.140.218 - - [07/Oct/2025:18:08:12 +0000] "GET /app/.env HTTP/1.1" 404 32610 "-" "Mozilla/5.0 (compatible; MSIE 10.0; Windows NT 6.2; Win64; x64; Trident/6.0; MAPBJS)"
78.153.140.218 - - [07/Oct/2025:18:08:16 +0000] "GET /test HTTP/1.1" 301 - "-" "Mozilla/5.0 (X11; U; Linux i686; en-US) AppleWebKit/534.3 (KHTML, like Gecko) Chrome/6.0.458.0 Safari/534.3"
51.161.37.24 - - [07/Oct/2025:18:10:07 +0000] "GET /robots.txt HTTP/1.1" 200 167 "-" "Mozilla/5.0 (compatible; AhrefsBot/7.0; +http://ahrefs.com/robot/)"
142.44.233.235 - - [07/Oct/2025:18:10:08 +0000] "GET /sitemap.xml HTTP/1.1" 403 - "-" "Mozilla/5.0 (compatible; AhrefsBot/7.0; +http://ahrefs.com/robot/)"
216.73.216.96 - - [07/Oct/2025:18:39:49 +0000] "GET /robots.txt HTTP/1.1" 200 167 "-" "Mozilla/5.0 AppleWebKit/537.36 (KHTML, like Gecko; compatible; ClaudeBot/1.0; +claudebot@anthropic.com)"
216.73.216.96 - - [07/Oct/2025:18:39:49 +0000] "GET /sitemap.rss HTTP/1.1" 403 - "-" "Mozilla/5.0 AppleWebKit/537.36 (KHTML, like Gecko; compatible; ClaudeBot/1.0; +claudebot@anthropic.com)"
3.81.253.213 - - [07/Oct/2025:18:43:54 +0000] "GET /agency/agency-name-10/ HTTP/1.1" 403 - "-" "Mozilla/5.0 AppleWebKit/537.36 (KHTML, like Gecko; compatible; Amazonbot/0.1; +https://developer.amazon.com/support/amazonbot) Chrome/119.0.6045.214 Safari/537.36"
203.161.56.247 - - [07/Oct/2025:18:45:30 +0000] "POST /wp-cron.php?doing_wp_cron=1759862730.8138790130615234375000 HTTP/1.1" 200 - "-" "WordPress/6.8.3; https://klescortguide.com"
44.217.108.89 - - [07/Oct/2025:18:45:29 +0000] "HEAD /agency/agency-name-10/ HTTP/1.1" 200 - "-" "Mozilla/5.0 AppleWebKit/605.1.15 (KHTML, like Gecko) Chrome/139.0.0.0 Safari/605.1.15"
203.161.56.247 - - [07/Oct/2025:18:56:34 +0000] "POST /wp-cron.php?doing_wp_cron=1759863394.3991858959197998046875 HTTP/1.1" 200 - "-" "WordPress/6.8.3; https://klescortguide.com"
43.157.53.115 - - [07/Oct/2025:18:56:30 +0000] "GET /listing/heartbreaker/ HTTP/1.1" 200 16853 "-" "Mozilla/5.0 (iPhone; CPU iPhone OS 13_2_3 like Mac OS X) AppleWebKit/605.1.15 (KHTML, like Gecko) Version/13.0.3 Mobile/15E148 Safari/604.1"
203.161.56.247 - - [07/Oct/2025:19:03:53 +0000] "POST /wp-cron.php?doing_wp_cron=1759863833.2837810516357421875000 HTTP/1.1" 200 - "-" "WordPress/6.8.3; https://klescortguide.com"
129.226.93.214 - - [07/Oct/2025:19:03:51 +0000] "GET /listing/bowie/ HTTP/1.1" 200 16808 "-" "Mozilla/5.0 (iPhone; CPU iPhone OS 13_2_3 like Mac OS X) AppleWebKit/605.1.15 (KHTML, like Gecko) Version/13.0.3 Mobile/15E148 Safari/604.1"
203.161.56.247 - - [07/Oct/2025:19:03:55 +0000] "POST /wp-cron.php HTTP/1.1" 200 - "-" "WordPress/6.8.3; https://klescortguide.com"
203.161.56.247 - - [07/Oct/2025:19:03:55 +0000] "GET / HTTP/1.1" 200 14316 "-" "WordPress/6.8.3; https://klescortguide.com"
203.161.56.247 - - [07/Oct/2025:19:03:57 +0000] "GET / HTTP/1.1" 200 14322 "-" "WordPress/6.8.3; https://klescortguide.com"
203.161.56.247 - - [07/Oct/2025:19:04:00 +0000] "GET / HTTP/1.1" 200 14324 "-" "WordPress/6.8.3; https://klescortguide.com"
203.161.56.247 - - [07/Oct/2025:19:04:02 +0000] "GET / HTTP/1.1" 200 14321 "-" "WordPress/6.8.3; https://klescortguide.com"
203.161.56.247 - - [07/Oct/2025:19:04:04 +0000] "POST /wp-admin/admin-ajax.php HTTP/1.1" 400 21 "-" "WordPress/6.8.3; https://klescortguide.com"
203.161.56.247 - - [07/Oct/2025:19:04:05 +0000] "POST /wp-admin/admin-ajax.php?action=as_async_request_queue_runner&nonce=d3a123224d HTTP/1.1" 200 - "-" "WordPress/6.8.3; https://klescortguide.com"
52.167.144.56 - - [07/Oct/2025:19:14:59 +0000] "GET /robots.txt HTTP/1.1" 200 167 "-" "Mozilla/5.0 AppleWebKit/537.36 (KHTML, like Gecko; compatible; bingbot/2.0; +http://www.bing.com/bingbot.htm) Chrome/116.0.1938.76 Safari/537.36"
203.161.56.247 - - [07/Oct/2025:19:15:05 +0000] "POST /wp-cron.php?doing_wp_cron=1759864505.4969170093536376953125 HTTP/1.1" 200 - "-" "WordPress/6.8.3; https://klescortguide.com"
207.46.13.128 - - [07/Oct/2025:19:15:01 +0000] "GET /wp-admin/ HTTP/1.1" 302 - "-" "Mozilla/5.0 AppleWebKit/537.36 (KHTML, like Gecko; compatible; bingbot/2.0; +http://www.bing.com/bingbot.htm) Chrome/116.0.1938.76 Safari/537.36"
203.161.56.247 - - [07/Oct/2025:19:15:05 +0000] "POST /wp-admin/admin-ajax.php?action=as_async_request_queue_runner&nonce=d3a123224d HTTP/1.1" 200 - "-" "WordPress/6.8.3; https://klescortguide.com"
207.46.13.128 - - [07/Oct/2025:19:15:11 +0000] "GET /wp-login.php?redirect_to=https%3A%2F%2Fklescortguide.com%2Fwp-admin%2F&reauth=1 HTTP/1.1" 200 1913 "-" "Mozilla/5.0 AppleWebKit/537.36 (KHTML, like Gecko; compatible; bingbot/2.0; +http://www.bing.com/bingbot.htm) Chrome/116.0.1938.76 Safari/537.36"
43.135.183.82 - - [07/Oct/2025:19:15:16 +0000] "GET /?s=&fo=tax_dabody HTTP/1.1" 200 14037 "-" "Mozilla/5.0 (iPhone; CPU iPhone OS 13_2_3 like Mac OS X) AppleWebKit/605.1.15 (KHTML, like Gecko) Version/13.0.3 Mobile/15E148 Safari/604.1"
203.161.56.247 - - [07/Oct/2025:19:25:05 +0000] "POST /wp-cron.php?doing_wp_cron=1759865105.2404570579528808593750 HTTP/1.1" 200 - "-" "WordPress/6.8.3; https://klescortguide.com"
43.159.145.149 - - [07/Oct/2025:19:25:03 +0000] "GET /?s=&fo=tax_monsterinsights_note_category HTTP/1.1" 200 14055 "-" "Mozilla/5.0 (iPhone; CPU iPhone OS 13_2_3 like Mac OS X) AppleWebKit/605.1.15 (KHTML, like Gecko) Version/13.0.3 Mobile/15E148 Safari/604.1"
203.161.56.247 - - [07/Oct/2025:19:34:51 +0000] "POST /wp-cron.php?doing_wp_cron=1759865691.1879470348358154296875 HTTP/1.1" 200 - "-" "WordPress/6.8.3; https://klescortguide.com"
43.153.71.132 - - [07/Oct/2025:19:34:49 +0000] "GET /listing/nicolette/ HTTP/1.1" 200 16783 "-" "Mozilla/5.0 (iPhone; CPU iPhone OS 13_2_3 like Mac OS X) AppleWebKit/605.1.15 (KHTML, like Gecko) Version/13.0.3 Mobile/15E148 Safari/604.1"
203.161.56.247 - - [07/Oct/2025:19:39:03 +0000] "POST /wp-cron.php?doing_wp_cron=1759865943.2808370590209960937500 HTTP/1.1" 200 - "-" "WordPress/6.8.3; https://klescortguide.com"
93.159.230.84 - - [07/Oct/2025:19:39:01 +0000] "GET / HTTP/1.1" 200 14313 "-" "Mozilla/5.0 (Linux; arm_64; Android 12; CPH2205) AppleWebKit/537.36 (KHTML, like Gecko) Chrome/110.0.0.0 YaBrowser/23.3.3.86.00 SA/3 Mobile Safari/537.36"
203.161.56.247 - - [07/Oct/2025:19:50:56 +0000] "POST /wp-cron.php?doing_wp_cron=1759866656.1738820075988769531250 HTTP/1.1" 200 - "-" "WordPress/6.8.3; https://klescortguide.com"
43.130.31.17 - - [07/Oct/2025:19:50:54 +0000] "GET /my-account/ HTTP/1.1" 302 - "-" "Mozilla/5.0 (iPhone; CPU iPhone OS 13_2_3 like Mac OS X) AppleWebKit/605.1.15 (KHTML, like Gecko) Version/13.0.3 Mobile/15E148 Safari/604.1"
43.130.31.17 - - [07/Oct/2025:19:51:07 +0000] "GET /wp-login.php?noaccess=1&redirect_to=%2Fmy-account%2F HTTP/1.1" 200 6146 "https://klescortguide.com/my-account/" "Mozilla/5.0 (iPhone; CPU iPhone OS 13_2_3 like Mac OS X) AppleWebKit/605.1.15 (KHTML, like Gecko) Version/13.0.3 Mobile/15E148 Safari/604.1"
18.207.79.144 - - [07/Oct/2025:20:04:36 +0000] "GET /agency/agency-name-1/ HTTP/1.1" 403 - "-" "Mozilla/5.0 AppleWebKit/537.36 (KHTML, like Gecko; compatible; Amazonbot/0.1; +https://developer.amazon.com/support/amazonbot) Chrome/119.0.6045.214 Safari/537.36"
18.211.148.239 - - [07/Oct/2025:20:04:41 +0000] "GET /categories/ HTTP/1.1" 403 - "-" "Mozilla/5.0 AppleWebKit/537.36 (KHTML, like Gecko; compatible; Amazonbot/0.1; +https://developer.amazon.com/support/amazonbot) Chrome/119.0.6045.214 Safari/537.36"
203.161.56.247 - - [07/Oct/2025:20:05:38 +0000] "POST /wp-cron.php?doing_wp_cron=1759867538.0278210639953613281250 HTTP/1.1" 200 - "-" "WordPress/6.8.3; https://klescortguide.com"
52.207.90.159 - - [07/Oct/2025:20:05:36 +0000] "HEAD /categories/ HTTP/1.1" 200 - "-" "Mozilla/5.0 AppleWebKit/605.1.15 (KHTML, like Gecko) Chrome/139.0.0.0 Safari/605.1.15"
203.161.56.247 - - [07/Oct/2025:20:07:57 +0000] "POST /wp-cron.php?doing_wp_cron=1759867677.9653940200805664062500 HTTP/1.1" 200 - "-" "WordPress/6.8.3; https://klescortguide.com"
3.221.36.231 - - [07/Oct/2025:20:07:56 +0000] "HEAD /agency/agency-name-1/ HTTP/1.1" 200 - "-" "Mozilla/5.0 AppleWebKit/605.1.15 (KHTML, like Gecko) Chrome/139.0.0.0 Safari/605.1.15"
203.161.56.247 - - [07/Oct/2025:20:20:28 +0000] "POST /wp-cron.php?doing_wp_cron=1759868428.8514640331268310546875 HTTP/1.1" 200 - "-" "WordPress/6.8.3; https://klescortguide.com"
43.130.102.223 - - [07/Oct/2025:20:20:28 +0000] "GET /?s=&sort=pop HTTP/1.1" 200 13979 "-" "Mozilla/5.0 (iPhone; CPU iPhone OS 13_2_3 like Mac OS X) AppleWebKit/605.1.15 (KHTML, like Gecko) Version/13.0.3 Mobile/15E148 Safari/604.1"
185.241.208.111 - - [07/Oct/2025:20:28:01 +0000] "GET /wp-content/themes/seotheme/db.php?u HTTP/1.1" 404 32718 "www.google.com" "Mozlila/5.0 (Linux; Android 7.0; SM-G892A Bulid/NRD90M; wv) AppleWebKit/537.36 (KHTML, like Gecko) Version/4.0 Chrome/60.0.3112.107 Moblie Safari/537.36"
185.241.208.111 - - [07/Oct/2025:20:28:05 +0000] "POST /wp-plain.php HTTP/1.1" 404 37123 "www.google.com" "Mozilla/5.0 (Linux; Android 7.0; SM-G892A Bulid/NRD90M; wv) AppleWebKit/537.36 (KHTML, like Gecko) Version/4.0 Chrome/60.0.3112.107 Moblie Safari/537.36"
185.241.208.111 - - [07/Oct/2025:20:28:08 +0000] "GET /gblmkowk.php?Fox=d3wL7 HTTP/1.1" 404 32622 "www.google.com" "Mozilla/5.0 (Linux; Android 7.0; SM-G892A Bulid/NRD90M; wv) AppleWebKit/537.36 (KHTML, like Gecko) Version/4.0 Chrome/60.0.3112.107 Moblie Safari/537.36"
203.161.56.247 - - [07/Oct/2025:20:30:18 +0000] "POST /wp-cron.php?doing_wp_cron=1759869018.2991700172424316406250 HTTP/1.1" 200 - "-" "WordPress/6.8.3; https://klescortguide.com"
43.130.34.74 - - [07/Oct/2025:20:30:17 +0000] "GET /blog/ HTTP/1.1" 200 11505 "-" "Mozilla/5.0 (iPhone; CPU iPhone OS 13_2_3 like Mac OS X) AppleWebKit/605.1.15 (KHTML, like Gecko) Version/13.0.3 Mobile/15E148 Safari/604.1"
203.161.56.247 - - [07/Oct/2025:20:40:25 +0000] "POST /wp-cron.php?doing_wp_cron=1759869625.5220859050750732421875 HTTP/1.1" 200 - "-" "WordPress/6.8.3; https://klescortguide.com"
43.130.39.254 - - [07/Oct/2025:20:40:24 +0000] "GET /add-listing/ HTTP/1.1" 200 36051 "-" "Mozilla/5.0 (iPhone; CPU iPhone OS 13_2_3 like Mac OS X) AppleWebKit/605.1.15 (KHTML, like Gecko) Version/13.0.3 Mobile/15E148 Safari/604.1"
43.167.245.18 - - [07/Oct/2025:20:48:21 +0000] "GET /wp-login.php?action=lostpassword HTTP/1.1" 200 7578 "-" "Mozilla/5.0 (iPhone; CPU iPhone OS 13_2_3 like Mac OS X) AppleWebKit/605.1.15 (KHTML, like Gecko) Version/13.0.3 Mobile/15E148 Safari/604.1"
203.161.56.247 - - [07/Oct/2025:20:59:43 +0000] "POST /wp-cron.php?doing_wp_cron=1759870783.9305710792541503906250 HTTP/1.1" 200 - "-" "WordPress/6.8.3; https://klescortguide.com"
43.164.197.177 - - [07/Oct/2025:20:59:42 +0000] "GET /index.php HTTP/1.1" 301 - "-" "Mozilla/5.0 (iPhone; CPU iPhone OS 13_2_3 like Mac OS X) AppleWebKit/605.1.15 (KHTML, like Gecko) Version/13.0.3 Mobile/15E148 Safari/604.1"
43.164.197.177 - - [07/Oct/2025:20:59:47 +0000] "GET / HTTP/1.1" 200 14263 "https://klescortguide.com/index.php" "Mozilla/5.0 (iPhone; CPU iPhone OS 13_2_3 like Mac OS X) AppleWebKit/605.1.15 (KHTML, like Gecko) Version/13.0.3 Mobile/15E148 Safari/604.1"
203.161.56.247 - - [07/Oct/2025:21:10:11 +0000] "POST /wp-cron.php?doing_wp_cron=1759871411.8369901180267333984375 HTTP/1.1" 200 - "-" "WordPress/6.8.3; https://klescortguide.com"
43.159.143.187 - - [07/Oct/2025:21:10:10 +0000] "GET /?s=&sort=id HTTP/1.1" 200 13982 "-" "Mozilla/5.0 (iPhone; CPU iPhone OS 13_2_3 like Mac OS X) AppleWebKit/605.1.15 (KHTML, like Gecko) Version/13.0.3 Mobile/15E148 Safari/604.1"
203.161.56.247 - - [07/Oct/2025:21:19:25 +0000] "POST /wp-cron.php?doing_wp_cron=1759871965.6782650947570800781250 HTTP/1.1" 200 - "-" "WordPress/6.8.3; https://klescortguide.com"
43.157.53.115 - - [07/Oct/2025:21:19:24 +0000] "GET /?s=&map=1 HTTP/1.1" 200 21644 "-" "Mozilla/5.0 (iPhone; CPU iPhone OS 13_2_3 like Mac OS X) AppleWebKit/605.1.15 (KHTML, like Gecko) Version/13.0.3 Mobile/15E148 Safari/604.1"
216.73.216.96 - - [07/Oct/2025:21:20:56 +0000] "GET /robots.txt HTTP/1.1" 200 167 "-" "Mozilla/5.0 AppleWebKit/537.36 (KHTML, like Gecko; compatible; ClaudeBot/1.0; +claudebot@anthropic.com)"
216.73.216.96 - - [07/Oct/2025:21:20:56 +0000] "GET /sitemap.xml HTTP/1.1" 403 - "-" "Mozilla/5.0 AppleWebKit/537.36 (KHTML, like Gecko; compatible; ClaudeBot/1.0; +claudebot@anthropic.com)"
216.73.216.96 - - [07/Oct/2025:21:25:20 +0000] "GET /news-sitemap.xml HTTP/1.1" 403 - "-" "Mozilla/5.0 AppleWebKit/537.36 (KHTML, like Gecko; compatible; ClaudeBot/1.0; +claudebot@anthropic.com)"
203.161.56.247 - - [07/Oct/2025:21:28:59 +0000] "POST /wp-cron.php?doing_wp_cron=1759872539.6261029243469238281250 HTTP/1.1" 200 - "-" "WordPress/6.8.3; https://klescortguide.com"
43.159.139.164 - - [07/Oct/2025:21:28:58 +0000] "GET /?s=&listview=1 HTTP/1.1" 200 19744 "-" "Mozilla/5.0 (iPhone; CPU iPhone OS 13_2_3 like Mac OS X) AppleWebKit/605.1.15 (KHTML, like Gecko) Version/13.0.3 Mobile/15E148 Safari/604.1"
203.161.56.247 - - [07/Oct/2025:21:38:20 +0000] "POST /wp-cron.php?doing_wp_cron=1759873100.6632969379425048828125 HTTP/1.1" 200 - "-" "WordPress/6.8.3; https://klescortguide.com"
101.33.55.204 - - [07/Oct/2025:21:38:19 +0000] "GET /the-7-secrets-you-will-never-know-about-business/ HTTP/1.1" 200 12956 "-" "Mozilla/5.0 (iPhone; CPU iPhone OS 13_2_3 like Mac OS X) AppleWebKit/605.1.15 (KHTML, like Gecko) Version/13.0.3 Mobile/15E148 Safari/604.1"
170.106.180.153 - - [07/Oct/2025:21:49:30 +0000] "GET /wp-login.php HTTP/1.1" 200 6128 "-" "Mozilla/5.0 (iPhone; CPU iPhone OS 13_2_3 like Mac OS X) AppleWebKit/605.1.15 (KHTML, like Gecko) Version/13.0.3 Mobile/15E148 Safari/604.1"
43.130.16.140 - - [07/Oct/2025:21:59:46 +0000] "GET /listing/agnes/ HTTP/1.1" 200 16767 "-" "Mozilla/5.0 (iPhone; CPU iPhone OS 13_2_3 like Mac OS X) AppleWebKit/605.1.15 (KHTML, like Gecko) Version/13.0.3 Mobile/15E148 Safari/604.1"
203.161.56.247 - - [07/Oct/2025:22:12:39 +0000] "POST /wp-cron.php?doing_wp_cron=1759875159.4687900543212890625000 HTTP/1.1" 200 - "-" "WordPress/6.8.3; https://klescortguide.com"
170.106.161.78 - - [07/Oct/2025:22:12:37 +0000] "GET /?s=&fo=tax_dagender HTTP/1.1" 200 14039 "-" "Mozilla/5.0 (iPhone; CPU iPhone OS 13_2_3 like Mac OS X) AppleWebKit/605.1.15 (KHTML, like Gecko) Version/13.0.3 Mobile/15E148 Safari/604.1"
203.161.56.247 - - [07/Oct/2025:23:56:32 +0000] "POST /wp-cron.php?doing_wp_cron=1759881392.9539370536804199218750 HTTP/1.1" 200 - "-" "WordPress/6.8.3; https://klescortguide.com"
109.105.210.74 - - [07/Oct/2025:23:56:31 +0000] "GET / HTTP/1.1" 200 14310 "-" "Mozilla/5.0 (Windows NT 10.0; WOW64) AppleWebKit/537.36 (KHTML, like Gecko) Chrome/66.0.3359.117 Safari/537.36"
216.73.216.96 - - [08/Oct/2025:00:35:25 +0000] "GET /robots.txt HTTP/1.1" 200 167 "-" "Mozilla/5.0 AppleWebKit/537.36 (KHTML, like Gecko; compatible; ClaudeBot/1.0; +claudebot@anthropic.com)"
216.73.216.96 - - [08/Oct/2025:00:35:25 +0000] "GET /video-sitemap.xml HTTP/1.1" 403 - "-" "Mozilla/5.0 AppleWebKit/537.36 (KHTML, like Gecko; compatible; ClaudeBot/1.0; +claudebot@anthropic.com)"
216.73.216.96 - - [08/Oct/2025:01:01:17 +0000] "GET /sitemap.rss HTTP/1.1" 403 - "-" "Mozilla/5.0 AppleWebKit/537.36 (KHTML, like Gecko; compatible; ClaudeBot/1.0; +claudebot@anthropic.com)"
8.39.54.150 - - [08/Oct/2025:01:34:47 +0000] "GET /my-account/ HTTP/1.1" 302 - "-" "Mozilla/5.0 (X11; Linux x86_64) AppleWebKit/537.36 (KHTML, like Gecko) Chrome/128.0.0.0 Safari/537.36"
8.39.54.150 - - [08/Oct/2025:01:34:48 +0000] "GET /wp-login.php?noaccess=1&redirect_to=%2Fmy-account%2F HTTP/1.1" 200 6140 "-" "Mozilla/5.0 (X11; Linux x86_64) AppleWebKit/537.36 (KHTML, like Gecko) Chrome/128.0.0.0 Safari/537.36"
8.39.54.150 - - [08/Oct/2025:01:34:49 +0000] "GET /add-listing/ HTTP/1.1" 200 36132 "-" "Mozilla/5.0 (X11; Linux x86_64) AppleWebKit/537.36 (KHTML, like Gecko) Chrome/128.0.0.0 Safari/537.36"
8.39.54.150 - - [08/Oct/2025:01:34:50 +0000] "GET /contact/ HTTP/1.1" 200 10545 "-" "Mozilla/5.0 (X11; Linux x86_64) AppleWebKit/537.36 (KHTML, like Gecko) Chrome/128.0.0.0 Safari/537.36"
8.39.54.150 - - [08/Oct/2025:01:34:51 +0000] "GET /privacy/ HTTP/1.1" 200 9963 "-" "Mozilla/5.0 (X11; Linux x86_64) AppleWebKit/537.36 (KHTML, like Gecko) Chrome/128.0.0.0 Safari/537.36"
8.39.54.150 - - [08/Oct/2025:01:34:53 +0000] "GET /about-us/ HTTP/1.1" 200 10609 "-" "Mozilla/5.0 (X11; Linux x86_64) AppleWebKit/537.36 (KHTML, like Gecko) Chrome/128.0.0.0 Safari/537.36"
8.39.54.150 - - [08/Oct/2025:01:34:54 +0000] "GET /wp-login.php HTTP/1.1" 200 6122 "-" "Mozilla/5.0 (X11; Linux x86_64) AppleWebKit/537.36 (KHTML, like Gecko) Chrome/128.0.0.0 Safari/537.36"
203.161.56.247 - - [08/Oct/2025:01:46:19 +0000] "POST /wp-cron.php?doing_wp_cron=1759887979.7905199527740478515625 HTTP/1.1" 200 - "-" "WordPress/6.8.3; https://klescortguide.com"
3.146.111.124 - - [08/Oct/2025:01:46:18 +0000] "GET / HTTP/1.1" 200 14327 "-" "Mozilla/5.0 zgrab/0.x"
45.196.220.174 - - [08/Oct/2025:01:49:29 +0000] "GET /sudo.php HTTP/1.1" 200 393 "http://www.openurls.com.cn/" "Mozilla/5.0 (Windows NT 10.0; Win64; x64) AppleWebKit/537.36 (KHTML, like Gecko) Chrome/140.0.0.0 Safari/537.36"
45.196.220.174 - - [08/Oct/2025:01:49:29 +0000] "GET /1.php HTTP/1.1" 200 425 "http://www.openurls.com.cn/" "Mozilla/5.0 (Windows NT 10.0; Win64; x64) AppleWebKit/537.36 (KHTML, like Gecko) Chrome/140.0.0.0 Safari/537.36"
203.161.56.247 - - [08/Oct/2025:01:49:31 +0000] "POST /wp-cron.php?doing_wp_cron=1759888171.3005681037902832031250 HTTP/1.1" 200 - "-" "WordPress/6.8.3; https://klescortguide.com"
45.196.220.174 - - [08/Oct/2025:01:49:30 +0000] "GET /favicon.ico HTTP/1.1" 302 - "https://klescortguide.com/sudo.php" "Mozilla/5.0 (Windows NT 10.0; Win64; x64) AppleWebKit/537.36 (KHTML, like Gecko) Chrome/140.0.0.0 Safari/537.36"
45.196.220.174 - - [08/Oct/2025:01:49:31 +0000] "GET /wp-includes/images/w-logo-blue-white-bg.png HTTP/1.1" 200 4119 "https://klescortguide.com/sudo.php" "Mozilla/5.0 (Windows NT 10.0; Win64; x64) AppleWebKit/537.36 (KHTML, like Gecko) Chrome/140.0.0.0 Safari/537.36"
45.196.220.174 - - [08/Oct/2025:01:49:31 +0000] "GET /favicon.ico HTTP/1.1" 302 - "https://klescortguide.com/1.php" "Mozilla/5.0 (Windows NT 10.0; Win64; x64) AppleWebKit/537.36 (KHTML, like Gecko) Chrome/140.0.0.0 Safari/537.36"
45.196.220.174 - - [08/Oct/2025:01:49:32 +0000] "POST /sudo.php HTTP/1.1" 200 4551 "https://klescortguide.com/sudo.php" "Mozilla/5.0 (Windows NT 10.0; Win64; x64) AppleWebKit/537.36 (KHTML, like Gecko) Chrome/140.0.0.0 Safari/537.36"
45.196.220.174 - - [08/Oct/2025:01:49:34 +0000] "POST /sudo.php HTTP/1.1" 200 2435 "https://klescortguide.com/sudo.php" "Mozilla/5.0 (Windows NT 10.0; Win64; x64) AppleWebKit/537.36 (KHTML, like Gecko) Chrome/140.0.0.0 Safari/537.36"
45.196.220.174 - - [08/Oct/2025:01:49:42 +0000] "POST /sudo.php HTTP/1.1" 200 3333575 "https://klescortguide.com/sudo.php" "Mozilla/5.0 (Windows NT 10.0; Win64; x64) AppleWebKit/537.36 (KHTML, like Gecko) Chrome/140.0.0.0 Safari/537.36"
198.23.159.138 - - [08/Oct/2025:01:50:03 +0000] "GET //wp-content/backups-dup-pro/tmp/interactivity-api/index.php HTTP/1.1" 200 1026 "-" "Mozilla/5.0 (Windows NT 10.0; Win64; x64) AppleWebKit/537.36 (KHTML, like Gecko) Chrome/135.0.0.0 Safari/537.36"
198.23.159.138 - - [08/Oct/2025:01:50:03 +0000] "GET //.well-known/acme-challenge/redirects/index.php HTTP/1.1" 200 1309 "-" "Mozilla/5.0 (Windows NT 10.0; Win64; x64) AppleWebKit/537.36 (KHTML, like Gecko) Chrome/135.0.0.0 Safari/537.36"
198.23.159.138 - - [08/Oct/2025:01:50:03 +0000] "GET //wp-admin/user/images/index.php HTTP/1.1" 200 1808 "-" "Mozilla/5.0 (Windows NT 10.0; Win64; x64) AppleWebKit/537.36 (KHTML, like Gecko) Chrome/135.0.0.0 Safari/537.36"
198.23.159.138 - - [08/Oct/2025:01:50:03 +0000] "GET //wp-includes/pomo/06/index.php HTTP/1.1" 200 2086 "-" "Mozilla/5.0 (Windows NT 10.0; Win64; x64) AppleWebKit/537.36 (KHTML, like Gecko) Chrome/135.0.0.0 Safari/537.36"
198.23.159.138 - - [08/Oct/2025:01:50:03 +0000] "GET //wp-content/maintenance/assets/images/aioseo-eeat/index.php HTTP/1.1" 200 2425 "-" "Mozilla/5.0 (Windows NT 10.0; Win64; x64) AppleWebKit/537.36 (KHTML, like Gecko) Chrome/135.0.0.0 Safari/537.36"
198.23.159.138 - - [08/Oct/2025:01:50:03 +0000] "GET //wp-admin/images/images/index.php HTTP/1.1" 200 771 "-" "Mozilla/5.0 (Windows NT 10.0; Win64; x64) AppleWebKit/537.36 (KHTML, like Gecko) Chrome/135.0.0.0 Safari/537.36"
198.23.159.138 - - [08/Oct/2025:01:50:03 +0000] "GET //wp-admin/js/widgets/network/index.php HTTP/1.1" 200 1394 "-" "Mozilla/5.0 (Windows NT 10.0; Win64; x64) AppleWebKit/537.36 (KHTML, like Gecko) Chrome/135.0.0.0 Safari/537.36"
198.23.159.138 - - [08/Oct/2025:01:50:03 +0000] "GET //wp-admin/network/maint/index.php HTTP/1.1" 200 24 "-" "Mozilla/5.0 (Windows NT 10.0; Win64; x64) AppleWebKit/537.36 (KHTML, like Gecko) Chrome/135.0.0.0 Safari/537.36"
198.23.159.138 - - [08/Oct/2025:01:50:03 +0000] "GET //wp-content/plugins/aioseo-eeat/acme-challenge/index.php HTTP/1.1" 200 1286 "-" "Mozilla/5.0 (Windows NT 10.0; Win64; x64) AppleWebKit/537.36 (KHTML, like Gecko) Chrome/135.0.0.0 Safari/537.36"
198.23.159.138 - - [08/Oct/2025:01:50:03 +0000] "GET //wp-content/upgrade/user/index.php HTTP/1.1" 200 2429 "-" "Mozilla/5.0 (Windows NT 10.0; Win64; x64) AppleWebKit/537.36 (KHTML, like Gecko) Chrome/135.0.0.0 Safari/537.36"
198.23.159.138 - - [08/Oct/2025:01:50:03 +0000] "GET //wp-includes/interactivity-api/pomo/index.php HTTP/1.1" 404 856 "-" "Mozilla/5.0 (Windows NT 10.0; Win64; x64) AppleWebKit/537.36 (KHTML, like Gecko) Chrome/135.0.0.0 Safari/537.36"
198.23.159.138 - - [08/Oct/2025:01:50:03 +0000] "GET //wp-content/backups-dup-pro/imports/widgets/index.php HTTP/1.1" 200 6344 "-" "Mozilla/5.0 (Windows NT 10.0; Win64; x64) AppleWebKit/537.36 (KHTML, like Gecko) Chrome/135.0.0.0 Safari/537.36"
198.23.159.138 - - [08/Oct/2025:01:50:03 +0000] "GET //wp-includes/customize/style-engine/index.php HTTP/1.1" 200 836 "-" "Mozilla/5.0 (Windows NT 10.0; Win64; x64) AppleWebKit/537.36 (KHTML, like Gecko) Chrome/135.0.0.0 Safari/537.36"
198.23.159.138 - - [08/Oct/2025:01:50:03 +0000] "GET //wp-includes/js/codemirror/includes/index.php HTTP/1.1" 200 5266 "-" "Mozilla/5.0 (Windows NT 10.0; Win64; x64) AppleWebKit/537.36 (KHTML, like Gecko) Chrome/135.0.0.0 Safari/537.36"
198.23.159.138 - - [08/Oct/2025:01:50:03 +0000] "GET //wp-includes/style-engine/tmp/index.php HTTP/1.1" 200 3657 "-" "Mozilla/5.0 (Windows NT 10.0; Win64; x64) AppleWebKit/537.36 (KHTML, like Gecko) Chrome/135.0.0.0 Safari/537.36"
198.23.159.138 - - [08/Oct/2025:01:50:03 +0000] "GET //wp-includes/PHPMailer/upgrade/index.php HTTP/1.1" 200 4033 "-" "Mozilla/5.0 (Windows NT 10.0; Win64; x64) AppleWebKit/537.36 (KHTML, like Gecko) Chrome/135.0.0.0 Safari/537.36"
198.23.159.138 - - [08/Oct/2025:01:50:03 +0000] "GET //wp-content/uploads/aioseo/redirects/customize/index.php HTTP/1.1" 200 10026 "-" "Mozilla/5.0 (Windows NT 10.0; Win64; x64) AppleWebKit/537.36 (KHTML, like Gecko) Chrome/135.0.0.0 Safari/537.36"
198.23.159.138 - - [08/Oct/2025:01:50:03 +0000] "GET //wp-admin/maint/PHPMailer/index.php HTTP/1.1" 200 10034 "-" "Mozilla/5.0 (Windows NT 10.0; Win64; x64) AppleWebKit/537.36 (KHTML, like Gecko) Chrome/135.0.0.0 Safari/537.36"
198.23.159.138 - - [08/Oct/2025:01:50:03 +0000] "GET //wp-content/uploads/2025/06/codemirror/index.php HTTP/1.1" 200 425 "-" "Mozilla/5.0 (Windows NT 10.0; Win64; x64) AppleWebKit/537.36 (KHTML, like Gecko) Chrome/135.0.0.0 Safari/537.36"
198.23.159.138 - - [08/Oct/2025:01:50:03 +0000] "GET //wp-admin/includes/imports/index.php HTTP/1.1" 200 2962 "-" "Mozilla/5.0 (Windows NT 10.0; Win64; x64) AppleWebKit/537.36 (KHTML, like Gecko) Chrome/135.0.0.0 Safari/537.36"
45.196.220.174 - - [08/Oct/2025:01:50:16 +0000] "GET //wp-content/backups-dup-pro/tmp/interactivity-api/index.php HTTP/1.1" 200 1026 "http://www.openurls.com.cn/" "Mozilla/5.0 (Windows NT 10.0; Win64; x64) AppleWebKit/537.36 (KHTML, like Gecko) Chrome/140.0.0.0 Safari/537.36"
45.196.220.174 - - [08/Oct/2025:01:50:16 +0000] "GET //.well-known/acme-challenge/redirects/index.php HTTP/1.1" 200 1309 "http://www.openurls.com.cn/" "Mozilla/5.0 (Windows NT 10.0; Win64; x64) AppleWebKit/537.36 (KHTML, like Gecko) Chrome/140.0.0.0 Safari/537.36"
45.196.220.174 - - [08/Oct/2025:01:50:16 +0000] "GET //wp-includes/pomo/06/index.php HTTP/1.1" 200 2086 "http://www.openurls.com.cn/" "Mozilla/5.0 (Windows NT 10.0; Win64; x64) AppleWebKit/537.36 (KHTML, like Gecko) Chrome/140.0.0.0 Safari/537.36"
45.196.220.174 - - [08/Oct/2025:01:50:16 +0000] "GET //wp-content/maintenance/assets/images/aioseo-eeat/index.php HTTP/1.1" 200 2425 "http://www.openurls.com.cn/" "Mozilla/5.0 (Windows NT 10.0; Win64; x64) AppleWebKit/537.36 (KHTML, like Gecko) Chrome/140.0.0.0 Safari/537.36"
45.196.220.174 - - [08/Oct/2025:01:50:16 +0000] "GET //wp-admin/images/images/index.php HTTP/1.1" 200 771 "http://www.openurls.com.cn/" "Mozilla/5.0 (Windows NT 10.0; Win64; x64) AppleWebKit/537.36 (KHTML, like Gecko) Chrome/140.0.0.0 Safari/537.36"
45.196.220.174 - - [08/Oct/2025:01:50:16 +0000] "GET //wp-admin/network/maint/index.php HTTP/1.1" 200 24 "http://www.openurls.com.cn/" "Mozilla/5.0 (Windows NT 10.0; Win64; x64) AppleWebKit/537.36 (KHTML, like Gecko) Chrome/140.0.0.0 Safari/537.36"
45.196.220.174 - - [08/Oct/2025:01:50:16 +0000] "GET //wp-admin/js/widgets/network/index.php HTTP/1.1" 200 1394 "http://www.openurls.com.cn/" "Mozilla/5.0 (Windows NT 10.0; Win64; x64) AppleWebKit/537.36 (KHTML, like Gecko) Chrome/140.0.0.0 Safari/537.36"
45.196.220.174 - - [08/Oct/2025:01:50:16 +0000] "GET //wp-content/plugins/aioseo-eeat/acme-challenge/index.php HTTP/1.1" 200 1286 "http://www.openurls.com.cn/" "Mozilla/5.0 (Windows NT 10.0; Win64; x64) AppleWebKit/537.36 (KHTML, like Gecko) Chrome/140.0.0.0 Safari/537.36"
45.196.220.174 - - [08/Oct/2025:01:50:16 +0000] "GET //wp-includes/interactivity-api/pomo/index.php HTTP/1.1" 404 856 "http://www.openurls.com.cn/" "Mozilla/5.0 (Windows NT 10.0; Win64; x64) AppleWebKit/537.36 (KHTML, like Gecko) Chrome/140.0.0.0 Safari/537.36"
45.196.220.174 - - [08/Oct/2025:01:50:16 +0000] "GET //wp-content/upgrade/user/index.php HTTP/1.1" 200 2430 "http://www.openurls.com.cn/" "Mozilla/5.0 (Windows NT 10.0; Win64; x64) AppleWebKit/537.36 (KHTML, like Gecko) Chrome/140.0.0.0 Safari/537.36"
45.196.220.174 - - [08/Oct/2025:01:50:16 +0000] "GET //wp-includes/customize/style-engine/index.php HTTP/1.1" 200 836 "http://www.openurls.com.cn/" "Mozilla/5.0 (Windows NT 10.0; Win64; x64) AppleWebKit/537.36 (KHTML, like Gecko) Chrome/140.0.0.0 Safari/537.36"
45.196.220.174 - - [08/Oct/2025:01:50:16 +0000] "GET //wp-content/backups-dup-pro/imports/widgets/index.php HTTP/1.1" 200 6342 "http://www.openurls.com.cn/" "Mozilla/5.0 (Windows NT 10.0; Win64; x64) AppleWebKit/537.36 (KHTML, like Gecko) Chrome/140.0.0.0 Safari/537.36"
45.196.220.174 - - [08/Oct/2025:01:50:16 +0000] "GET //wp-includes/PHPMailer/upgrade/index.php HTTP/1.1" 200 4033 "http://www.openurls.com.cn/" "Mozilla/5.0 (Windows NT 10.0; Win64; x64) AppleWebKit/537.36 (KHTML, like Gecko) Chrome/140.0.0.0 Safari/537.36"
45.196.220.174 - - [08/Oct/2025:01:50:16 +0000] "GET //wp-admin/maint/PHPMailer/index.php HTTP/1.1" 200 10020 "http://www.openurls.com.cn/" "Mozilla/5.0 (Windows NT 10.0; Win64; x64) AppleWebKit/537.36 (KHTML, like Gecko) Chrome/140.0.0.0 Safari/537.36"
45.196.220.174 - - [08/Oct/2025:01:50:17 +0000] "GET //wp-content/maintenance/assets/images/aioseo-eeat/index.php?action=d HTTP/1.1" 200 241 "https://klescortguide.com//wp-content/maintenance/assets/images/aioseo-eeat/index.php" "Mozilla/5.0 (Windows NT 10.0; Win64; x64) AppleWebKit/537.36 (KHTML, like Gecko) Chrome/140.0.0.0 Safari/537.36"
45.196.220.174 - - [08/Oct/2025:01:50:16 +0000] "GET //wp-content/uploads/2025/06/codemirror/index.php HTTP/1.1" 200 425 "http://www.openurls.com.cn/" "Mozilla/5.0 (Windows NT 10.0; Win64; x64) AppleWebKit/537.36 (KHTML, like Gecko) Chrome/140.0.0.0 Safari/537.36"
45.196.220.174 - - [08/Oct/2025:01:50:17 +0000] "GET /favicon.ico HTTP/1.1" 302 - "https://klescortguide.com//wp-admin/network/maint/index.php" "Mozilla/5.0 (Windows NT 10.0; Win64; x64) AppleWebKit/537.36 (KHTML, like Gecko) Chrome/140.0.0.0 Safari/537.36"
