203.161.56.247 - - [07/Oct/2025:17:44:52 +0000] "GET /link-to-us/ HTTP/1.1" 200 35256 "-" "WP Rocket/Preload"
203.161.56.247 - - [07/Oct/2025:17:44:53 +0000] "GET /link-to-us/ HTTP/1.1" 200 35268 "-" "WP Rocket/Preload Mozilla/5.0 (iPhone; CPU iPhone OS 9_1 like Mac OS X) AppleWebKit/601.1.46 (KHTML, like Gecko) Version/9.0 Mobile/13B143 Safari/601.1"
203.161.56.247 - - [07/Oct/2025:17:44:55 +0000] "GET /agency/lavanya-roymay/ HTTP/1.1" 200 37556 "-" "WP Rocket/Preload"
203.161.56.247 - - [07/Oct/2025:17:44:56 +0000] "GET /agency/lavanya-roymay/ HTTP/1.1" 200 37604 "-" "WP Rocket/Preload Mozilla/5.0 (iPhone; CPU iPhone OS 9_1 like Mac OS X) AppleWebKit/601.1.46 (KHTML, like Gecko) Version/9.0 Mobile/13B143 Safari/601.1"
203.161.56.247 - - [07/Oct/2025:17:44:58 +0000] "GET /agency/ct-nursing-home/ HTTP/1.1" 200 38392 "-" "WP Rocket/Preload"
203.161.56.247 - - [07/Oct/2025:17:44:59 +0000] "GET /agency/ct-nursing-home/ HTTP/1.1" 200 38414 "-" "WP Rocket/Preload Mozilla/5.0 (iPhone; CPU iPhone OS 9_1 like Mac OS X) AppleWebKit/601.1.46 (KHTML, like Gecko) Version/9.0 Mobile/13B143 Safari/601.1"
203.161.56.247 - - [07/Oct/2025:17:45:01 +0000] "GET /independent-escorts/ HTTP/1.1" 200 36192 "-" "WP Rocket/Preload"
203.161.56.247 - - [07/Oct/2025:17:45:02 +0000] "GET /independent-escorts/ HTTP/1.1" 200 36226 "-" "WP Rocket/Preload Mozilla/5.0 (iPhone; CPU iPhone OS 9_1 like Mac OS X) AppleWebKit/601.1.46 (KHTML, like Gecko) Version/9.0 Mobile/13B143 Safari/601.1"
89.187.187.84 - - [07/Oct/2025:17:50:25 +0000] "GET /agency-registration/ HTTP/1.1" 200 37117 "-" "Mozilla/5.0 (Windows NT 10.0; Win64; x64) AppleWebKit/537.36 (KHTML, like Gecko) Chrome/140.0.0.0 Safari/537.36"
89.187.187.84 - - [07/Oct/2025:17:50:27 +0000] "GET /ibeptoxa/1715870706191.png HTTP/1.1" 200 7181 "https://klescorthub.net/agency-registration/" "Mozilla/5.0 (Windows NT 10.0; Win64; x64) AppleWebKit/537.36 (KHTML, like Gecko) Chrome/140.0.0.0 Safari/537.36"
89.187.187.84 - - [07/Oct/2025:17:50:27 +0000] "GET /ifovigum/wp-smushit/app/assets/js/smush-lazy-load.min.js HTTP/1.1" 200 7887 "https://klescorthub.net/agency-registration/" "Mozilla/5.0 (Windows NT 10.0; Win64; x64) AppleWebKit/537.36 (KHTML, like Gecko) Chrome/140.0.0.0 Safari/537.36"
89.187.187.84 - - [07/Oct/2025:17:50:28 +0000] "GET /jadoaksy/js/jquery/jquery-migrate.min.js HTTP/1.1" 200 4872 "https://klescorthub.net/agency-registration/" "Mozilla/5.0 (Windows NT 10.0; Win64; x64) AppleWebKit/537.36 (KHTML, like Gecko) Chrome/140.0.0.0 Safari/537.36"
89.187.187.84 - - [07/Oct/2025:17:50:28 +0000] "GET /jadoaksy/js/jquery/jquery.min.js HTTP/1.1" 200 30368 "https://klescorthub.net/agency-registration/" "Mozilla/5.0 (Windows NT 10.0; Win64; x64) AppleWebKit/537.36 (KHTML, like Gecko) Chrome/140.0.0.0 Safari/537.36"
89.187.187.84 - - [07/Oct/2025:17:50:28 +0000] "GET /jufisas/js/select2.min.js HTTP/1.1" 200 19907 "https://klescorthub.net/agency-registration/" "Mozilla/5.0 (Windows NT 10.0; Win64; x64) AppleWebKit/537.36 (KHTML, like Gecko) Chrome/140.0.0.0 Safari/537.36"
89.187.187.84 - - [07/Oct/2025:17:50:28 +0000] "GET /startala/cache/min/1/wp-content/themes/escortwp/js/dolceescort.js?ver=1758949368 HTTP/1.1" 200 2906 "https://klescorthub.net/agency-registration/" "Mozilla/5.0 (Windows NT 10.0; Win64; x64) AppleWebKit/537.36 (KHTML, like Gecko) Chrome/140.0.0.0 Safari/537.36"
89.187.187.84 - - [07/Oct/2025:17:50:28 +0000] "GET /startala/cache/min/1/wp-content/themes/escortwp/js/js.cookie.js?ver=1758949368 HTTP/1.1" 200 1156 "https://klescorthub.net/agency-registration/" "Mozilla/5.0 (Windows NT 10.0; Win64; x64) AppleWebKit/537.36 (KHTML, like Gecko) Chrome/140.0.0.0 Safari/537.36"
89.187.187.84 - - [07/Oct/2025:17:50:29 +0000] "GET /jufisas/js/jquery.uploadifive.min.js HTTP/1.1" 200 4096 "https://klescorthub.net/agency-registration/" "Mozilla/5.0 (Windows NT 10.0; Win64; x64) AppleWebKit/537.36 (KHTML, like Gecko) Chrome/140.0.0.0 Safari/537.36"
89.187.187.84 - - [07/Oct/2025:17:50:29 +0000] "GET /ibeptoxa/2024/05/cropped-iconfinder_kl-escort-hub-32x32.png HTTP/1.1" 200 490 "https://klescorthub.net/agency-registration/" "Mozilla/5.0 (Windows NT 10.0; Win64; x64) AppleWebKit/537.36 (KHTML, like Gecko) Chrome/140.0.0.0 Safari/537.36"
89.187.187.84 - - [07/Oct/2025:17:50:29 +0000] "GET /jufisas/js/jquery.mobile.custom.min.js HTTP/1.1" 200 2862 "https://klescorthub.net/agency-registration/" "Mozilla/5.0 (Windows NT 10.0; Win64; x64) AppleWebKit/537.36 (KHTML, like Gecko) Chrome/140.0.0.0 Safari/537.36"
89.187.187.84 - - [07/Oct/2025:17:50:29 +0000] "GET /startala/cache/min/1/wp-content/themes/escortwp/js/checkator.jquery.js?ver=1758949368 HTTP/1.1" 200 690 "https://klescorthub.net/agency-registration/" "Mozilla/5.0 (Windows NT 10.0; Win64; x64) AppleWebKit/537.36 (KHTML, like Gecko) Chrome/140.0.0.0 Safari/537.36"
203.161.56.247 - - [07/Oct/2025:17:50:30 +0000] "POST /wp-cron.php?doing_wp_cron=1759859430.6829550266265869140625 HTTP/1.1" 200 - "-" "WordPress/6.8.3; https://klescorthub.net"
89.187.187.84 - - [07/Oct/2025:17:50:29 +0000] "GET /jufisas/ajax/get-cities.php?id=9&hide_empty=0&select2=yes HTTP/1.1" 200 510 "https://klescorthub.net/agency-registration/" "Mozilla/5.0 (Windows NT 10.0; Win64; x64) AppleWebKit/537.36 (KHTML, like Gecko) Chrome/140.0.0.0 Safari/537.36"
203.161.56.247 - - [07/Oct/2025:17:50:31 +0000] "GET /agency/topusasmmshop-24/ HTTP/1.1" 200 38113 "-" "WP Rocket/Preload"
203.161.56.247 - - [07/Oct/2025:17:50:33 +0000] "GET /agency/topusasmmshop-24/ HTTP/1.1" 200 38125 "-" "WP Rocket/Preload Mozilla/5.0 (iPhone; CPU iPhone OS 9_1 like Mac OS X) AppleWebKit/601.1.46 (KHTML, like Gecko) Version/9.0 Mobile/13B143 Safari/601.1"
203.161.56.247 - - [07/Oct/2025:17:50:34 +0000] "GET /female-escorts/ HTTP/1.1" 200 39511 "-" "WP Rocket/Preload"
89.187.187.84 - - [07/Oct/2025:17:50:33 +0000] "GET /jufisas/ajax/check-username.php?user=rude4903@tiffincrane.com HTTP/1.1" 200 73 "https://klescorthub.net/agency-registration/" "Mozilla/5.0 (Windows NT 10.0; Win64; x64) AppleWebKit/537.36 (KHTML, like Gecko) Chrome/140.0.0.0 Safari/537.36"
89.187.187.84 - - [07/Oct/2025:17:50:35 +0000] "GET /jufisas/ajax/check-username.php?user=rude4903@tiffincrane.com HTTP/1.1" 200 73 "https://klescorthub.net/agency-registration/" "Mozilla/5.0 (Windows NT 10.0; Win64; x64) AppleWebKit/537.36 (KHTML, like Gecko) Chrome/140.0.0.0 Safari/537.36"
203.161.56.247 - - [07/Oct/2025:17:50:35 +0000] "GET /female-escorts/ HTTP/1.1" 200 39501 "-" "WP Rocket/Preload Mozilla/5.0 (iPhone; CPU iPhone OS 9_1 like Mac OS X) AppleWebKit/601.1.46 (KHTML, like Gecko) Version/9.0 Mobile/13B143 Safari/601.1"
89.187.187.84 - - [07/Oct/2025:17:50:36 +0000] "GET /jufisas/ajax/check-username.php?user=rude4903 HTTP/1.1" 200 73 "https://klescorthub.net/agency-registration/" "Mozilla/5.0 (Windows NT 10.0; Win64; x64) AppleWebKit/537.36 (KHTML, like Gecko) Chrome/140.0.0.0 Safari/537.36"
203.161.56.247 - - [07/Oct/2025:17:50:36 +0000] "GET /agency/topusasmmshop-4/ HTTP/1.1" 200 38771 "-" "WP Rocket/Preload"
203.161.56.247 - - [07/Oct/2025:17:50:38 +0000] "GET /agency/topusasmmshop-4/ HTTP/1.1" 200 38787 "-" "WP Rocket/Preload Mozilla/5.0 (iPhone; CPU iPhone OS 9_1 like Mac OS X) AppleWebKit/601.1.46 (KHTML, like Gecko) Version/9.0 Mobile/13B143 Safari/601.1"
203.161.56.247 - - [07/Oct/2025:17:50:39 +0000] "GET /agency/relaxation-kl-2/ HTTP/1.1" 200 38677 "-" "WP Rocket/Preload"
203.161.56.247 - - [07/Oct/2025:17:50:41 +0000] "GET /agency/relaxation-kl-2/ HTTP/1.1" 200 38688 "-" "WP Rocket/Preload Mozilla/5.0 (iPhone; CPU iPhone OS 9_1 like Mac OS X) AppleWebKit/601.1.46 (KHTML, like Gecko) Version/9.0 Mobile/13B143 Safari/601.1"
203.161.56.247 - - [07/Oct/2025:17:50:42 +0000] "GET /category/blog/ HTTP/1.1" 200 38564 "-" "WP Rocket/Preload"
203.161.56.247 - - [07/Oct/2025:17:50:44 +0000] "GET /category/blog/ HTTP/1.1" 200 38569 "-" "WP Rocket/Preload Mozilla/5.0 (iPhone; CPU iPhone OS 9_1 like Mac OS X) AppleWebKit/601.1.46 (KHTML, like Gecko) Version/9.0 Mobile/13B143 Safari/601.1"
203.161.56.247 - - [07/Oct/2025:17:50:45 +0000] "GET /agency/himancallboyapp/ HTTP/1.1" 200 38285 "-" "WP Rocket/Preload"
203.161.56.247 - - [07/Oct/2025:17:50:47 +0000] "GET /agency/himancallboyapp/ HTTP/1.1" 200 38298 "-" "WP Rocket/Preload Mozilla/5.0 (iPhone; CPU iPhone OS 9_1 like Mac OS X) AppleWebKit/601.1.46 (KHTML, like Gecko) Version/9.0 Mobile/13B143 Safari/601.1"
89.187.187.84 - - [07/Oct/2025:17:50:47 +0000] "GET /jufisas/ajax/check-username.php?user=%20Dahlia%20Stewart HTTP/1.1" 200 73 "https://klescorthub.net/agency-registration/" "Mozilla/5.0 (Windows NT 10.0; Win64; x64) AppleWebKit/537.36 (KHTML, like Gecko) Chrome/140.0.0.0 Safari/537.36"
89.187.187.84 - - [07/Oct/2025:17:50:48 +0000] "GET /jufisas/ajax/check-username.php?user=%20Dahlia%20Stewart HTTP/1.1" 200 73 "https://klescorthub.net/agency-registration/" "Mozilla/5.0 (Windows NT 10.0; Win64; x64) AppleWebKit/537.36 (KHTML, like Gecko) Chrome/140.0.0.0 Safari/537.36"
203.161.56.247 - - [07/Oct/2025:17:50:48 +0000] "GET /agency/klcc-vip/ HTTP/1.1" 200 38242 "-" "WP Rocket/Preload"
89.187.187.84 - - [07/Oct/2025:17:50:49 +0000] "GET /jufisas/ajax/check-username.php?user=Dahlia%20Stewart HTTP/1.1" 200 73 "https://klescorthub.net/agency-registration/" "Mozilla/5.0 (Windows NT 10.0; Win64; x64) AppleWebKit/537.36 (KHTML, like Gecko) Chrome/140.0.0.0 Safari/537.36"
203.161.56.247 - - [07/Oct/2025:17:50:50 +0000] "GET /agency/klcc-vip/ HTTP/1.1" 200 38253 "-" "WP Rocket/Preload Mozilla/5.0 (iPhone; CPU iPhone OS 9_1 like Mac OS X) AppleWebKit/601.1.46 (KHTML, like Gecko) Version/9.0 Mobile/13B143 Safari/601.1"
89.187.187.84 - - [07/Oct/2025:17:50:50 +0000] "GET /jufisas/ajax/check-username.php?user=%20Dahlia%20Stewart HTTP/1.1" 200 73 "https://klescorthub.net/agency-registration/" "Mozilla/5.0 (Windows NT 10.0; Win64; x64) AppleWebKit/537.36 (KHTML, like Gecko) Chrome/140.0.0.0 Safari/537.36"
89.187.187.84 - - [07/Oct/2025:17:50:51 +0000] "GET /jufisas/ajax/check-username.php?user=Dahlia%20Stewart HTTP/1.1" 200 73 "https://klescorthub.net/agency-registration/" "Mozilla/5.0 (Windows NT 10.0; Win64; x64) AppleWebKit/537.36 (KHTML, like Gecko) Chrome/140.0.0.0 Safari/537.36"
203.161.56.247 - - [07/Oct/2025:17:50:51 +0000] "GET /agency/topusasmmshop-5/ HTTP/1.1" 200 38030 "-" "WP Rocket/Preload"
203.161.56.247 - - [07/Oct/2025:17:50:53 +0000] "GET /agency/topusasmmshop-5/ HTTP/1.1" 200 38047 "-" "WP Rocket/Preload Mozilla/5.0 (iPhone; CPU iPhone OS 9_1 like Mac OS X) AppleWebKit/601.1.46 (KHTML, like Gecko) Version/9.0 Mobile/13B143 Safari/601.1"
89.187.187.84 - - [07/Oct/2025:17:52:13 +0000] "GET /agency-registration/ HTTP/1.1" 304 - "https://klescorthub.net/agency-registration/" "Mozilla/5.0 (Windows NT 10.0; Win64; x64) AppleWebKit/537.36 (KHTML, like Gecko) Chrome/140.0.0.0 Safari/537.36"
203.161.56.247 - - [07/Oct/2025:17:52:55 +0000] "POST /wp-cron.php?doing_wp_cron=1759859575.1726529598236083984375 HTTP/1.1" 200 - "-" "WordPress/6.8.3; https://klescorthub.net"
89.187.187.84 - - [07/Oct/2025:17:52:53 +0000] "POST /agency-registration/ HTTP/1.1" 302 - "https://klescorthub.net/agency-registration/" "Mozilla/5.0 (Windows NT 10.0; Win64; x64) AppleWebKit/537.36 (KHTML, like Gecko) Chrome/140.0.0.0 Safari/537.36"
203.161.56.247 - - [07/Oct/2025:17:52:56 +0000] "GET /search-for-escorts/ HTTP/1.1" 200 37472 "-" "WP Rocket/Preload"
89.187.187.84 - - [07/Oct/2025:17:52:56 +0000] "GET /agency-registration/ HTTP/1.1" 200 16794 "https://klescorthub.net/agency-registration/" "Mozilla/5.0 (Windows NT 10.0; Win64; x64) AppleWebKit/537.36 (KHTML, like Gecko) Chrome/140.0.0.0 Safari/537.36"
89.187.187.84 - - [07/Oct/2025:17:52:57 +0000] "GET /startala/cache/min/1/wp-content/themes/escortwp/style.css?ver=1759729543 HTTP/1.1" 200 14641 "https://klescorthub.net/agency-registration/" "Mozilla/5.0 (Windows NT 10.0; Win64; x64) AppleWebKit/537.36 (KHTML, like Gecko) Chrome/140.0.0.0 Safari/537.36"
89.187.187.84 - - [07/Oct/2025:17:52:57 +0000] "GET /startala/cache/min/1/wp-content/themes/escortwp/css/icon-font/style.css?ver=1759729543 HTTP/1.1" 200 9115 "https://klescorthub.net/agency-registration/" "Mozilla/5.0 (Windows NT 10.0; Win64; x64) AppleWebKit/537.36 (KHTML, like Gecko) Chrome/140.0.0.0 Safari/537.36"
89.187.187.84 - - [07/Oct/2025:17:52:58 +0000] "GET /jufisas/css/select2.min.css HTTP/1.1" 200 1998 "https://klescorthub.net/agency-registration/" "Mozilla/5.0 (Windows NT 10.0; Win64; x64) AppleWebKit/537.36 (KHTML, like Gecko) Chrome/140.0.0.0 Safari/537.36"
89.187.187.84 - - [07/Oct/2025:17:52:58 +0000] "GET /startala/cache/min/1/wp-content/themes/escortwp/css/responsive.css?ver=1759729543 HTTP/1.1" 200 1916 "https://klescorthub.net/agency-registration/" "Mozilla/5.0 (Windows NT 10.0; Win64; x64) AppleWebKit/537.36 (KHTML, like Gecko) Chrome/140.0.0.0 Safari/537.36"
203.161.56.247 - - [07/Oct/2025:17:52:57 +0000] "GET /search-for-escorts/ HTTP/1.1" 200 37521 "-" "WP Rocket/Preload Mozilla/5.0 (iPhone; CPU iPhone OS 9_1 like Mac OS X) AppleWebKit/601.1.46 (KHTML, like Gecko) Version/9.0 Mobile/13B143 Safari/601.1"
203.161.56.247 - - [07/Oct/2025:17:52:59 +0000] "GET /bbj/ HTTP/1.1" 200 35997 "-" "WP Rocket/Preload"
203.161.56.247 - - [07/Oct/2025:17:53:00 +0000] "GET /bbj/ HTTP/1.1" 200 36016 "-" "WP Rocket/Preload Mozilla/5.0 (iPhone; CPU iPhone OS 9_1 like Mac OS X) AppleWebKit/601.1.46 (KHTML, like Gecko) Version/9.0 Mobile/13B143 Safari/601.1"
203.161.56.247 - - [07/Oct/2025:17:53:02 +0000] "GET /agency/topusasmmshop-6/ HTTP/1.1" 200 38463 "-" "WP Rocket/Preload"
203.161.56.247 - - [07/Oct/2025:17:53:03 +0000] "GET /agency/topusasmmshop-6/ HTTP/1.1" 200 38479 "-" "WP Rocket/Preload Mozilla/5.0 (iPhone; CPU iPhone OS 9_1 like Mac OS X) AppleWebKit/601.1.46 (KHTML, like Gecko) Version/9.0 Mobile/13B143 Safari/601.1"
203.161.56.247 - - [07/Oct/2025:17:53:05 +0000] "GET /agency/pvasmmstore5/ HTTP/1.1" 200 39172 "-" "WP Rocket/Preload"
203.161.56.247 - - [07/Oct/2025:17:53:06 +0000] "GET /agency/pvasmmstore5/ HTTP/1.1" 200 39192 "-" "WP Rocket/Preload Mozilla/5.0 (iPhone; CPU iPhone OS 9_1 like Mac OS X) AppleWebKit/601.1.46 (KHTML, like Gecko) Version/9.0 Mobile/13B143 Safari/601.1"
203.161.56.247 - - [07/Oct/2025:17:53:08 +0000] "GET /agency/pvasmmstore20/ HTTP/1.1" 200 39000 "-" "WP Rocket/Preload"
203.161.56.247 - - [07/Oct/2025:17:53:09 +0000] "GET /agency/pvasmmstore20/ HTTP/1.1" 200 39009 "-" "WP Rocket/Preload Mozilla/5.0 (iPhone; CPU iPhone OS 9_1 like Mac OS X) AppleWebKit/601.1.46 (KHTML, like Gecko) Version/9.0 Mobile/13B143 Safari/601.1"
203.161.56.247 - - [07/Oct/2025:17:53:11 +0000] "GET /agency/seosmmit/ HTTP/1.1" 200 37924 "-" "WP Rocket/Preload"
203.161.56.247 - - [07/Oct/2025:17:53:12 +0000] "GET /agency/seosmmit/ HTTP/1.1" 200 37934 "-" "WP Rocket/Preload Mozilla/5.0 (iPhone; CPU iPhone OS 9_1 like Mac OS X) AppleWebKit/601.1.46 (KHTML, like Gecko) Version/9.0 Mobile/13B143 Safari/601.1"
203.161.56.247 - - [07/Oct/2025:17:53:14 +0000] "GET /premium-escorts/ HTTP/1.1" 200 35852 "-" "WP Rocket/Preload"
203.161.56.247 - - [07/Oct/2025:17:53:15 +0000] "GET /premium-escorts/ HTTP/1.1" 200 37157 "-" "WP Rocket/Preload Mozilla/5.0 (iPhone; CPU iPhone OS 9_1 like Mac OS X) AppleWebKit/601.1.46 (KHTML, like Gecko) Version/9.0 Mobile/13B143 Safari/601.1"
203.161.56.247 - - [07/Oct/2025:17:53:17 +0000] "GET /agency/topusasmmshop-7/ HTTP/1.1" 200 38475 "-" "WP Rocket/Preload"
203.161.56.247 - - [07/Oct/2025:17:53:18 +0000] "GET /agency/topusasmmshop-7/ HTTP/1.1" 200 38488 "-" "WP Rocket/Preload Mozilla/5.0 (iPhone; CPU iPhone OS 9_1 like Mac OS X) AppleWebKit/601.1.46 (KHTML, like Gecko) Version/9.0 Mobile/13B143 Safari/601.1"
89.187.187.84 - - [07/Oct/2025:17:54:07 +0000] "GET /jufisas/i/small-loader.gif HTTP/1.1" 200 1737 "https://klescorthub.net/startala/cache/min/1/wp-content/themes/escortwp/style.css?ver=1759729543" "Mozilla/5.0 (Windows NT 10.0; Win64; x64) AppleWebKit/537.36 (KHTML, like Gecko) Chrome/140.0.0.0 Safari/537.36"
203.161.56.247 - - [07/Oct/2025:17:54:08 +0000] "POST /wp-cron.php?doing_wp_cron=1759859648.8794739246368408203125 HTTP/1.1" 200 - "-" "WordPress/6.8.3; https://klescorthub.net"
89.187.187.84 - - [07/Oct/2025:17:54:07 +0000] "GET /jufisas/ajax/resend-validation-link.php?time=1759859577 HTTP/1.1" 200 115 "https://klescorthub.net/agency-registration/" "Mozilla/5.0 (Windows NT 10.0; Win64; x64) AppleWebKit/537.36 (KHTML, like Gecko) Chrome/140.0.0.0 Safari/537.36"
203.161.56.247 - - [07/Oct/2025:17:54:09 +0000] "GET /agency/pvasmmstore566/ HTTP/1.1" 200 39229 "-" "WP Rocket/Preload"
203.161.56.247 - - [07/Oct/2025:17:54:11 +0000] "GET /agency/pvasmmstore566/ HTTP/1.1" 200 39247 "-" "WP Rocket/Preload Mozilla/5.0 (iPhone; CPU iPhone OS 9_1 like Mac OS X) AppleWebKit/601.1.46 (KHTML, like Gecko) Version/9.0 Mobile/13B143 Safari/601.1"
203.161.56.247 - - [07/Oct/2025:17:54:12 +0000] "GET /online-escorts/ HTTP/1.1" 200 36517 "-" "WP Rocket/Preload"
203.161.56.247 - - [07/Oct/2025:17:54:14 +0000] "GET /online-escorts/ HTTP/1.1" 200 36526 "-" "WP Rocket/Preload Mozilla/5.0 (iPhone; CPU iPhone OS 9_1 like Mac OS X) AppleWebKit/601.1.46 (KHTML, like Gecko) Version/9.0 Mobile/13B143 Safari/601.1"
203.161.56.247 - - [07/Oct/2025:17:54:15 +0000] "GET /agency/topusasmmshop/ HTTP/1.1" 200 36874 "-" "WP Rocket/Preload"
203.161.56.247 - - [07/Oct/2025:17:54:17 +0000] "GET /agency/topusasmmshop/ HTTP/1.1" 200 38248 "-" "WP Rocket/Preload Mozilla/5.0 (iPhone; CPU iPhone OS 9_1 like Mac OS X) AppleWebKit/601.1.46 (KHTML, like Gecko) Version/9.0 Mobile/13B143 Safari/601.1"
203.161.56.247 - - [07/Oct/2025:17:54:18 +0000] "GET /agency/topusasmmshop-8/ HTTP/1.1" 200 37967 "-" "WP Rocket/Preload"
203.161.56.247 - - [07/Oct/2025:17:54:20 +0000] "GET /agency/topusasmmshop-8/ HTTP/1.1" 200 37982 "-" "WP Rocket/Preload Mozilla/5.0 (iPhone; CPU iPhone OS 9_1 like Mac OS X) AppleWebKit/601.1.46 (KHTML, like Gecko) Version/9.0 Mobile/13B143 Safari/601.1"
203.161.56.247 - - [07/Oct/2025:17:54:21 +0000] "GET /agency/swanand-kidney-clinic/ HTTP/1.1" 200 37899 "-" "WP Rocket/Preload"
203.161.56.247 - - [07/Oct/2025:17:54:23 +0000] "GET /agency/swanand-kidney-clinic/ HTTP/1.1" 200 37916 "-" "WP Rocket/Preload Mozilla/5.0 (iPhone; CPU iPhone OS 9_1 like Mac OS X) AppleWebKit/601.1.46 (KHTML, like Gecko) Version/9.0 Mobile/13B143 Safari/601.1"
203.161.56.247 - - [07/Oct/2025:17:54:24 +0000] "GET /gay-escorts/ HTTP/1.1" 200 36184 "-" "WP Rocket/Preload"
203.161.56.247 - - [07/Oct/2025:17:54:26 +0000] "GET /gay-escorts/ HTTP/1.1" 200 36196 "-" "WP Rocket/Preload Mozilla/5.0 (iPhone; CPU iPhone OS 9_1 like Mac OS X) AppleWebKit/601.1.46 (KHTML, like Gecko) Version/9.0 Mobile/13B143 Safari/601.1"
203.161.56.247 - - [07/Oct/2025:17:54:27 +0000] "GET /agency-reviews/ HTTP/1.1" 200 36005 "-" "WP Rocket/Preload"
203.161.56.247 - - [07/Oct/2025:17:54:29 +0000] "GET /agency-reviews/ HTTP/1.1" 200 36016 "-" "WP Rocket/Preload Mozilla/5.0 (iPhone; CPU iPhone OS 9_1 like Mac OS X) AppleWebKit/601.1.46 (KHTML, like Gecko) Version/9.0 Mobile/13B143 Safari/601.1"
203.161.56.247 - - [07/Oct/2025:17:54:57 +0000] "POST /wp-cron.php?doing_wp_cron=1759859697.2157630920410156250000 HTTP/1.1" 200 - "-" "WordPress/6.8.3; https://klescorthub.net"
89.187.187.84 - - [07/Oct/2025:17:54:56 +0000] "GET /?ekey=33fbedc7935d4995b3d89282da8f6a1a HTTP/1.1" 200 16080 "-" "Mozilla/5.0 (Windows NT 10.0; Win64; x64) AppleWebKit/537.36 (KHTML, like Gecko) Chrome/140.0.0.0 Safari/537.36"
89.187.187.84 - - [07/Oct/2025:17:54:58 +0000] "GET /jufisas/dadipon.css HTTP/1.1" 200 15557 "https://klescorthub.net/?ekey=33fbedc7935d4995b3d89282da8f6a1a" "Mozilla/5.0 (Windows NT 10.0; Win64; x64) AppleWebKit/537.36 (KHTML, like Gecko) Chrome/140.0.0.0 Safari/537.36"
89.187.187.84 - - [07/Oct/2025:17:54:59 +0000] "GET /jufisas/css/icon-font/style.css HTTP/1.1" 200 9216 "https://klescorthub.net/?ekey=33fbedc7935d4995b3d89282da8f6a1a" "Mozilla/5.0 (Windows NT 10.0; Win64; x64) AppleWebKit/537.36 (KHTML, like Gecko) Chrome/140.0.0.0 Safari/537.36"
89.187.187.84 - - [07/Oct/2025:17:54:59 +0000] "GET /jufisas/css/responsive.css HTTP/1.1" 200 2139 "https://klescorthub.net/?ekey=33fbedc7935d4995b3d89282da8f6a1a" "Mozilla/5.0 (Windows NT 10.0; Win64; x64) AppleWebKit/537.36 (KHTML, like Gecko) Chrome/140.0.0.0 Safari/537.36"
89.187.187.84 - - [07/Oct/2025:17:54:59 +0000] "GET /jufisas/js/dolceescort.js HTTP/1.1" 200 3471 "https://klescorthub.net/?ekey=33fbedc7935d4995b3d89282da8f6a1a" "Mozilla/5.0 (Windows NT 10.0; Win64; x64) AppleWebKit/537.36 (KHTML, like Gecko) Chrome/140.0.0.0 Safari/537.36"
89.187.187.84 - - [07/Oct/2025:17:54:59 +0000] "GET /jufisas/js/js.cookie.js HTTP/1.1" 200 1556 "https://klescorthub.net/?ekey=33fbedc7935d4995b3d89282da8f6a1a" "Mozilla/5.0 (Windows NT 10.0; Win64; x64) AppleWebKit/537.36 (KHTML, like Gecko) Chrome/140.0.0.0 Safari/537.36"
89.187.187.84 - - [07/Oct/2025:17:54:59 +0000] "GET /jufisas/js/checkator.jquery.js HTTP/1.1" 200 1572 "https://klescorthub.net/?ekey=33fbedc7935d4995b3d89282da8f6a1a" "Mozilla/5.0 (Windows NT 10.0; Win64; x64) AppleWebKit/537.36 (KHTML, like Gecko) Chrome/140.0.0.0 Safari/537.36"
89.187.187.84 - - [07/Oct/2025:17:55:00 +0000] "GET /ibeptoxa/1701673037890/17016730515791-400x600.jpg HTTP/1.1" 200 41006 "https://klescorthub.net/?ekey=33fbedc7935d4995b3d89282da8f6a1a" "Mozilla/5.0 (Windows NT 10.0; Win64; x64) AppleWebKit/537.36 (KHTML, like Gecko) Chrome/140.0.0.0 Safari/537.36"
89.187.187.84 - - [07/Oct/2025:17:55:00 +0000] "GET /ibeptoxa/1701672929497/17016729475960-400x600.jpg HTTP/1.1" 200 51902 "https://klescorthub.net/?ekey=33fbedc7935d4995b3d89282da8f6a1a" "Mozilla/5.0 (Windows NT 10.0; Win64; x64) AppleWebKit/537.36 (KHTML, like Gecko) Chrome/140.0.0.0 Safari/537.36"
89.187.187.84 - - [07/Oct/2025:17:55:00 +0000] "GET /ibeptoxa/1702572538365/17025725521698-400x600.jpg HTTP/1.1" 200 46792 "https://klescorthub.net/?ekey=33fbedc7935d4995b3d89282da8f6a1a" "Mozilla/5.0 (Windows NT 10.0; Win64; x64) AppleWebKit/537.36 (KHTML, like Gecko) Chrome/140.0.0.0 Safari/537.36"
89.187.187.84 - - [07/Oct/2025:17:55:00 +0000] "GET /ibeptoxa/1702572435665/17025724483886-400x600.jpg HTTP/1.1" 200 48717 "https://klescorthub.net/?ekey=33fbedc7935d4995b3d89282da8f6a1a" "Mozilla/5.0 (Windows NT 10.0; Win64; x64) AppleWebKit/537.36 (KHTML, like Gecko) Chrome/140.0.0.0 Safari/537.36"
89.187.187.84 - - [07/Oct/2025:17:55:01 +0000] "GET /ibeptoxa/1702572657109/17025726868281-400x600.jpg HTTP/1.1" 200 37343 "https://klescorthub.net/?ekey=33fbedc7935d4995b3d89282da8f6a1a" "Mozilla/5.0 (Windows NT 10.0; Win64; x64) AppleWebKit/537.36 (KHTML, like Gecko) Chrome/140.0.0.0 Safari/537.36"
89.187.187.84 - - [07/Oct/2025:17:55:01 +0000] "GET /ibeptoxa/1702572485869/17025725011111-400x600.jpg HTTP/1.1" 200 38580 "https://klescorthub.net/?ekey=33fbedc7935d4995b3d89282da8f6a1a" "Mozilla/5.0 (Windows NT 10.0; Win64; x64) AppleWebKit/537.36 (KHTML, like Gecko) Chrome/140.0.0.0 Safari/537.36"
89.187.187.84 - - [07/Oct/2025:17:55:01 +0000] "GET /ibeptoxa/1759305711552/17593057293004-400x600.jpg HTTP/1.1" 200 35631 "https://klescorthub.net/?ekey=33fbedc7935d4995b3d89282da8f6a1a" "Mozilla/5.0 (Windows NT 10.0; Win64; x64) AppleWebKit/537.36 (KHTML, like Gecko) Chrome/140.0.0.0 Safari/537.36"
89.187.187.84 - - [07/Oct/2025:17:55:01 +0000] "GET /ibeptoxa/1759302704900/17593027317922-400x600.jpg HTTP/1.1" 200 31954 "https://klescorthub.net/?ekey=33fbedc7935d4995b3d89282da8f6a1a" "Mozilla/5.0 (Windows NT 10.0; Win64; x64) AppleWebKit/537.36 (KHTML, like Gecko) Chrome/140.0.0.0 Safari/537.36"
89.187.187.84 - - [07/Oct/2025:17:55:01 +0000] "GET /ibeptoxa/1759302473446/17593025502671-400x600.jpg HTTP/1.1" 200 41242 "https://klescorthub.net/?ekey=33fbedc7935d4995b3d89282da8f6a1a" "Mozilla/5.0 (Windows NT 10.0; Win64; x64) AppleWebKit/537.36 (KHTML, like Gecko) Chrome/140.0.0.0 Safari/537.36"
89.187.187.84 - - [07/Oct/2025:17:55:02 +0000] "GET /ibeptoxa/1746899884338/17468999081148-400x600.jpg HTTP/1.1" 200 39394 "https://klescorthub.net/?ekey=33fbedc7935d4995b3d89282da8f6a1a" "Mozilla/5.0 (Windows NT 10.0; Win64; x64) AppleWebKit/537.36 (KHTML, like Gecko) Chrome/140.0.0.0 Safari/537.36"
89.187.187.84 - - [07/Oct/2025:17:55:02 +0000] "GET /ibeptoxa/1759296944562/17592969777029-400x600.jpg HTTP/1.1" 200 30552 "https://klescorthub.net/?ekey=33fbedc7935d4995b3d89282da8f6a1a" "Mozilla/5.0 (Windows NT 10.0; Win64; x64) AppleWebKit/537.36 (KHTML, like Gecko) Chrome/140.0.0.0 Safari/537.36"
89.187.187.84 - - [07/Oct/2025:17:55:02 +0000] "GET /ibeptoxa/174689923569/17468992497100-400x600.jpg HTTP/1.1" 200 47770 "https://klescorthub.net/?ekey=33fbedc7935d4995b3d89282da8f6a1a" "Mozilla/5.0 (Windows NT 10.0; Win64; x64) AppleWebKit/537.36 (KHTML, like Gecko) Chrome/140.0.0.0 Safari/537.36"
89.187.187.84 - - [07/Oct/2025:17:55:02 +0000] "GET /ibeptoxa/1746899744902/17468997647980-400x600.jpg HTTP/1.1" 200 36606 "https://klescorthub.net/?ekey=33fbedc7935d4995b3d89282da8f6a1a" "Mozilla/5.0 (Windows NT 10.0; Win64; x64) AppleWebKit/537.36 (KHTML, like Gecko) Chrome/140.0.0.0 Safari/537.36"
89.187.187.84 - - [07/Oct/2025:17:55:04 +0000] "GET /ibeptoxa/1745963506769/17459637432770-400x600.jpg HTTP/1.1" 200 44106 "https://klescorthub.net/?ekey=33fbedc7935d4995b3d89282da8f6a1a" "Mozilla/5.0 (Windows NT 10.0; Win64; x64) AppleWebKit/537.36 (KHTML, like Gecko) Chrome/140.0.0.0 Safari/537.36"
89.187.187.84 - - [07/Oct/2025:17:55:04 +0000] "GET /ibeptoxa/1745962632739/17459632995200-400x600.jpg HTTP/1.1" 200 31943 "https://klescorthub.net/?ekey=33fbedc7935d4995b3d89282da8f6a1a" "Mozilla/5.0 (Windows NT 10.0; Win64; x64) AppleWebKit/537.36 (KHTML, like Gecko) Chrome/140.0.0.0 Safari/537.36"
89.187.187.84 - - [07/Oct/2025:17:55:04 +0000] "GET /ibeptoxa/1745963887292/17459639014688-400x600.jpg HTTP/1.1" 200 35945 "https://klescorthub.net/?ekey=33fbedc7935d4995b3d89282da8f6a1a" "Mozilla/5.0 (Windows NT 10.0; Win64; x64) AppleWebKit/537.36 (KHTML, like Gecko) Chrome/140.0.0.0 Safari/537.36"
89.187.187.84 - - [07/Oct/2025:17:55:05 +0000] "GET /ibeptoxa/1745962284505/17459623043429-400x600.jpg HTTP/1.1" 200 35190 "https://klescorthub.net/?ekey=33fbedc7935d4995b3d89282da8f6a1a" "Mozilla/5.0 (Windows NT 10.0; Win64; x64) AppleWebKit/537.36 (KHTML, like Gecko) Chrome/140.0.0.0 Safari/537.36"
89.187.187.84 - - [07/Oct/2025:17:55:05 +0000] "GET /ibeptoxa/1745962003542/17459620256839-400x600.jpg HTTP/1.1" 200 39375 "https://klescorthub.net/?ekey=33fbedc7935d4995b3d89282da8f6a1a" "Mozilla/5.0 (Windows NT 10.0; Win64; x64) AppleWebKit/537.36 (KHTML, like Gecko) Chrome/140.0.0.0 Safari/537.36"
89.187.187.84 - - [07/Oct/2025:17:55:05 +0000] "GET /ibeptoxa/1746899070629/17468990969850-400x600.jpg HTTP/1.1" 200 34094 "https://klescorthub.net/?ekey=33fbedc7935d4995b3d89282da8f6a1a" "Mozilla/5.0 (Windows NT 10.0; Win64; x64) AppleWebKit/537.36 (KHTML, like Gecko) Chrome/140.0.0.0 Safari/537.36"
89.187.187.84 - - [07/Oct/2025:17:55:05 +0000] "GET /ibeptoxa/1706783643798/17067836607619-400x600.jpg HTTP/1.1" 200 44072 "https://klescorthub.net/?ekey=33fbedc7935d4995b3d89282da8f6a1a" "Mozilla/5.0 (Windows NT 10.0; Win64; x64) AppleWebKit/537.36 (KHTML, like Gecko) Chrome/140.0.0.0 Safari/537.36"
89.187.187.84 - - [07/Oct/2025:17:55:05 +0000] "GET /ibeptoxa/1702572591995/17025726091009-400x600.jpg HTTP/1.1" 200 37814 "https://klescorthub.net/?ekey=33fbedc7935d4995b3d89282da8f6a1a" "Mozilla/5.0 (Windows NT 10.0; Win64; x64) AppleWebKit/537.36 (KHTML, like Gecko) Chrome/140.0.0.0 Safari/537.36"
89.187.187.84 - - [07/Oct/2025:17:55:05 +0000] "GET /ibeptoxa/1706783232238/17067832711077-400x600.jpg HTTP/1.1" 200 40053 "https://klescorthub.net/?ekey=33fbedc7935d4995b3d89282da8f6a1a" "Mozilla/5.0 (Windows NT 10.0; Win64; x64) AppleWebKit/537.36 (KHTML, like Gecko) Chrome/140.0.0.0 Safari/537.36"
89.187.187.84 - - [07/Oct/2025:17:55:05 +0000] "GET /ibeptoxa/1702572328253/17025723506772-400x600.jpg HTTP/1.1" 200 41123 "https://klescorthub.net/?ekey=33fbedc7935d4995b3d89282da8f6a1a" "Mozilla/5.0 (Windows NT 10.0; Win64; x64) AppleWebKit/537.36 (KHTML, like Gecko) Chrome/140.0.0.0 Safari/537.36"
89.187.187.84 - - [07/Oct/2025:17:55:05 +0000] "GET /ibeptoxa/1702572725668/17025727397192-400x600.jpg HTTP/1.1" 200 48553 "https://klescorthub.net/?ekey=33fbedc7935d4995b3d89282da8f6a1a" "Mozilla/5.0 (Windows NT 10.0; Win64; x64) AppleWebKit/537.36 (KHTML, like Gecko) Chrome/140.0.0.0 Safari/537.36"
89.187.187.84 - - [07/Oct/2025:17:55:06 +0000] "GET /ibeptoxa/1706783543293/17067835817177-400x600.jpg HTTP/1.1" 200 45345 "https://klescorthub.net/?ekey=33fbedc7935d4995b3d89282da8f6a1a" "Mozilla/5.0 (Windows NT 10.0; Win64; x64) AppleWebKit/537.36 (KHTML, like Gecko) Chrome/140.0.0.0 Safari/537.36"
203.161.56.247 - - [07/Oct/2025:17:55:21 +0000] "POST /wp-cron.php?doing_wp_cron=1759859721.8287389278411865234375 HTTP/1.1" 200 - "-" "WordPress/6.8.3; https://klescorthub.net"
89.187.187.84 - - [07/Oct/2025:17:55:20 +0000] "GET / HTTP/1.1" 200 22461 "https://klescorthub.net/?ekey=33fbedc7935d4995b3d89282da8f6a1a" "Mozilla/5.0 (Windows NT 10.0; Win64; x64) AppleWebKit/537.36 (KHTML, like Gecko) Chrome/140.0.0.0 Safari/537.36"
203.161.56.247 - - [07/Oct/2025:17:55:22 +0000] "GET /agency/topusasmmshop-9/ HTTP/1.1" 200 38470 "-" "WP Rocket/Preload"
203.161.56.247 - - [07/Oct/2025:17:55:24 +0000] "GET /agency/topusasmmshop-9/ HTTP/1.1" 200 38482 "-" "WP Rocket/Preload Mozilla/5.0 (iPhone; CPU iPhone OS 9_1 like Mac OS X) AppleWebKit/601.1.46 (KHTML, like Gecko) Version/9.0 Mobile/13B143 Safari/601.1"
203.161.56.247 - - [07/Oct/2025:17:55:25 +0000] "GET /agency/vipindianescortsinmalaysia/ HTTP/1.1" 200 38402 "-" "WP Rocket/Preload"
203.161.56.247 - - [07/Oct/2025:17:55:27 +0000] "GET /agency/vipindianescortsinmalaysia/ HTTP/1.1" 200 38416 "-" "WP Rocket/Preload Mozilla/5.0 (iPhone; CPU iPhone OS 9_1 like Mac OS X) AppleWebKit/601.1.46 (KHTML, like Gecko) Version/9.0 Mobile/13B143 Safari/601.1"
203.161.56.247 - - [07/Oct/2025:17:55:28 +0000] "GET /agency/topusasmmshop-10/ HTTP/1.1" 200 37973 "-" "WP Rocket/Preload"
203.161.56.247 - - [07/Oct/2025:17:55:30 +0000] "GET /agency/topusasmmshop-10/ HTTP/1.1" 200 37987 "-" "WP Rocket/Preload Mozilla/5.0 (iPhone; CPU iPhone OS 9_1 like Mac OS X) AppleWebKit/601.1.46 (KHTML, like Gecko) Version/9.0 Mobile/13B143 Safari/601.1"
203.161.56.247 - - [07/Oct/2025:17:55:31 +0000] "GET /agency/jb-escort-angels/ HTTP/1.1" 200 37735 "-" "WP Rocket/Preload"
156.253.170.53 - - [07/Oct/2025:17:55:33 +0000] "GET /contact-us/ HTTP/1.1" 200 36832 "-" "Mozilla/5.0 (Windows NT 10.0; Win64; x64) AppleWebKit/537.36 (KHTML, like Gecko) Chrome/114.0.0.0 YaBrowser/22.7.0 Yowser/2.5 Safari/537.36"
203.161.56.247 - - [07/Oct/2025:17:55:33 +0000] "GET /agency/jb-escort-angels/ HTTP/1.1" 200 37749 "-" "WP Rocket/Preload Mozilla/5.0 (iPhone; CPU iPhone OS 9_1 like Mac OS X) AppleWebKit/601.1.46 (KHTML, like Gecko) Version/9.0 Mobile/13B143 Safari/601.1"
89.187.187.84 - - [07/Oct/2025:17:55:35 +0000] "GET /ibeptoxa/1702572277319/17025722901395-400x600.jpg HTTP/1.1" 200 51902 "https://klescorthub.net/" "Mozilla/5.0 (Windows NT 10.0; Win64; x64) AppleWebKit/537.36 (KHTML, like Gecko) Chrome/140.0.0.0 Safari/537.36"
203.161.56.247 - - [07/Oct/2025:17:55:34 +0000] "GET /agency/best-escort-malaysia/ HTTP/1.1" 200 37688 "-" "WP Rocket/Preload"
89.187.187.84 - - [07/Oct/2025:17:55:33 +0000] "GET /agency/dahlia-stewart/ HTTP/1.1" 200 22355 "https://klescorthub.net/" "Mozilla/5.0 (Windows NT 10.0; Win64; x64) AppleWebKit/537.36 (KHTML, like Gecko) Chrome/140.0.0.0 Safari/537.36"
89.187.187.84 - - [07/Oct/2025:17:55:36 +0000] "GET /ibeptoxa/1702572185693/17025722228528-400x600.jpg HTTP/1.1" 200 40735 "https://klescorthub.net/" "Mozilla/5.0 (Windows NT 10.0; Win64; x64) AppleWebKit/537.36 (KHTML, like Gecko) Chrome/140.0.0.0 Safari/537.36"
89.187.187.84 - - [07/Oct/2025:17:55:36 +0000] "GET /ibeptoxa/1702572080231/17025721076279-400x600.jpg HTTP/1.1" 200 40566 "https://klescorthub.net/" "Mozilla/5.0 (Windows NT 10.0; Win64; x64) AppleWebKit/537.36 (KHTML, like Gecko) Chrome/140.0.0.0 Safari/537.36"
89.187.187.84 - - [07/Oct/2025:17:55:36 +0000] "GET /ibeptoxa/1701803917124/17018039288272-400x600.jpg HTTP/1.1" 200 38026 "https://klescorthub.net/" "Mozilla/5.0 (Windows NT 10.0; Win64; x64) AppleWebKit/537.36 (KHTML, like Gecko) Chrome/140.0.0.0 Safari/537.36"
89.187.187.84 - - [07/Oct/2025:17:55:36 +0000] "GET /ibeptoxa/1701803838515/17018038512258-400x600.jpg HTTP/1.1" 200 36691 "https://klescorthub.net/" "Mozilla/5.0 (Windows NT 10.0; Win64; x64) AppleWebKit/537.36 (KHTML, like Gecko) Chrome/140.0.0.0 Safari/537.36"
156.253.170.53 - - [07/Oct/2025:17:55:35 +0000] "POST /contact-us/ HTTP/1.1" 200 13995 "https://klescorthub.net/contact-us/" "Mozilla/5.0 (Windows NT 10.0; Win64; x64) AppleWebKit/537.36 (KHTML, like Gecko) Chrome/114.0.0.0 YaBrowser/22.7.0 Yowser/2.5 Safari/537.36"
203.161.56.247 - - [07/Oct/2025:17:55:36 +0000] "GET /agency/best-escort-malaysia/ HTTP/1.1" 200 37700 "-" "WP Rocket/Preload Mozilla/5.0 (iPhone; CPU iPhone OS 9_1 like Mac OS X) AppleWebKit/601.1.46 (KHTML, like Gecko) Version/9.0 Mobile/13B143 Safari/601.1"
203.161.56.247 - - [07/Oct/2025:17:55:37 +0000] "GET /agency/luxe-miami-escorts/ HTTP/1.1" 200 38148 "-" "WP Rocket/Preload"
95.108.213.89 - - [07/Oct/2025:17:55:39 +0000] "GET /robots.txt HTTP/1.1" 200 580 "-" "Mozilla/5.0 (compatible; YandexBot/3.0; +http://yandex.com/bots)"
203.161.56.247 - - [07/Oct/2025:17:55:39 +0000] "GET /agency/luxe-miami-escorts/ HTTP/1.1" 200 38161 "-" "WP Rocket/Preload Mozilla/5.0 (iPhone; CPU iPhone OS 9_1 like Mac OS X) AppleWebKit/601.1.46 (KHTML, like Gecko) Version/9.0 Mobile/13B143 Safari/601.1"
95.108.213.131 - - [07/Oct/2025:17:55:41 +0000] "GET /girls/kuala-lumpur/selayang-escorts/ HTTP/1.1" 200 38187 "-" "Mozilla/5.0 (compatible; YandexBot/3.0; +http://yandex.com/bots)"
203.161.56.247 - - [07/Oct/2025:17:55:40 +0000] "GET /agency/kl-escort-angel/ HTTP/1.1" 200 40644 "-" "WP Rocket/Preload"
203.161.56.247 - - [07/Oct/2025:17:55:42 +0000] "GET /agency/kl-escort-angel/ HTTP/1.1" 200 41187 "-" "WP Rocket/Preload Mozilla/5.0 (iPhone; CPU iPhone OS 9_1 like Mac OS X) AppleWebKit/601.1.46 (KHTML, like Gecko) Version/9.0 Mobile/13B143 Safari/601.1"
203.161.56.247 - - [07/Oct/2025:17:56:10 +0000] "POST /wp-cron.php?doing_wp_cron=1759859770.8201160430908203125000 HTTP/1.1" 200 - "-" "WordPress/6.8.3; https://klescorthub.net"
89.187.187.84 - - [07/Oct/2025:17:56:09 +0000] "GET /upload-logo/ HTTP/1.1" 200 18830 "https://klescorthub.net/agency/dahlia-stewart/" "Mozilla/5.0 (Windows NT 10.0; Win64; x64) AppleWebKit/537.36 (KHTML, like Gecko) Chrome/140.0.0.0 Safari/537.36"
203.161.56.247 - - [07/Oct/2025:17:56:11 +0000] "GET /agency/kl-outcall-girl/ HTTP/1.1" 200 38968 "-" "WP Rocket/Preload"
203.161.56.247 - - [07/Oct/2025:17:56:13 +0000] "GET /agency/kl-outcall-girl/ HTTP/1.1" 200 38976 "-" "WP Rocket/Preload Mozilla/5.0 (iPhone; CPU iPhone OS 9_1 like Mac OS X) AppleWebKit/601.1.46 (KHTML, like Gecko) Version/9.0 Mobile/13B143 Safari/601.1"
203.161.56.247 - - [07/Oct/2025:17:56:14 +0000] "GET /agency/sexy-kl-escorts-girls/ HTTP/1.1" 200 37971 "-" "WP Rocket/Preload"
203.161.56.247 - - [07/Oct/2025:17:56:16 +0000] "GET /agency/sexy-kl-escorts-girls/ HTTP/1.1" 200 37984 "-" "WP Rocket/Preload Mozilla/5.0 (iPhone; CPU iPhone OS 9_1 like Mac OS X) AppleWebKit/601.1.46 (KHTML, like Gecko) Version/9.0 Mobile/13B143 Safari/601.1"
203.161.56.247 - - [07/Oct/2025:17:56:17 +0000] "GET /agency/adorable-escort/ HTTP/1.1" 200 38641 "-" "WP Rocket/Preload"
203.161.56.247 - - [07/Oct/2025:17:56:19 +0000] "GET /agency/adorable-escort/ HTTP/1.1" 200 38654 "-" "WP Rocket/Preload Mozilla/5.0 (iPhone; CPU iPhone OS 9_1 like Mac OS X) AppleWebKit/601.1.46 (KHTML, like Gecko) Version/9.0 Mobile/13B143 Safari/601.1"
203.161.56.247 - - [07/Oct/2025:17:56:20 +0000] "GET /category/uncategorized/ HTTP/1.1" 200 36214 "-" "WP Rocket/Preload"
203.161.56.247 - - [07/Oct/2025:17:56:22 +0000] "GET /category/uncategorized/ HTTP/1.1" 200 36228 "-" "WP Rocket/Preload Mozilla/5.0 (iPhone; CPU iPhone OS 9_1 like Mac OS X) AppleWebKit/601.1.46 (KHTML, like Gecko) Version/9.0 Mobile/13B143 Safari/601.1"
203.161.56.247 - - [07/Oct/2025:17:56:23 +0000] "GET /agency/cashapp-provider/ HTTP/1.1" 200 39881 "-" "WP Rocket/Preload"
203.161.56.247 - - [07/Oct/2025:17:56:25 +0000] "GET /agency/cashapp-provider/ HTTP/1.1" 200 40285 "-" "WP Rocket/Preload Mozilla/5.0 (iPhone; CPU iPhone OS 9_1 like Mac OS X) AppleWebKit/601.1.46 (KHTML, like Gecko) Version/9.0 Mobile/13B143 Safari/601.1"
203.161.56.247 - - [07/Oct/2025:17:56:26 +0000] "GET /agency/russian-escort/ HTTP/1.1" 200 37799 "-" "WP Rocket/Preload"
203.161.56.247 - - [07/Oct/2025:17:56:28 +0000] "GET /agency/russian-escort/ HTTP/1.1" 200 36497 "-" "WP Rocket/Preload Mozilla/5.0 (iPhone; CPU iPhone OS 9_1 like Mac OS X) AppleWebKit/601.1.46 (KHTML, like Gecko) Version/9.0 Mobile/13B143 Safari/601.1"
203.161.56.247 - - [07/Oct/2025:17:56:29 +0000] "GET /agency/topusasmmshop-11/ HTTP/1.1" 200 38083 "-" "WP Rocket/Preload"
203.161.56.247 - - [07/Oct/2025:17:56:30 +0000] "GET /agency/topusasmmshop-11/ HTTP/1.1" 200 38101 "-" "WP Rocket/Preload Mozilla/5.0 (iPhone; CPU iPhone OS 9_1 like Mac OS X) AppleWebKit/601.1.46 (KHTML, like Gecko) Version/9.0 Mobile/13B143 Safari/601.1"
89.187.187.84 - - [07/Oct/2025:17:57:15 +0000] "GET /jufisas/i/cancel.png HTTP/1.1" 200 2960 "https://klescorthub.net/startala/cache/min/1/wp-content/themes/escortwp/style.css?ver=1759729543" "Mozilla/5.0 (Windows NT 10.0; Win64; x64) AppleWebKit/537.36 (KHTML, like Gecko) Chrome/140.0.0.0 Safari/537.36"
203.161.56.247 - - [07/Oct/2025:17:57:19 +0000] "POST /wp-cron.php?doing_wp_cron=1759859839.9733870029449462890625 HTTP/1.1" 200 - "-" "WordPress/6.8.3; https://klescorthub.net"
203.161.56.247 - - [07/Oct/2025:17:57:20 +0000] "GET /agency/malaysia-escorts/ HTTP/1.1" 200 37421 "-" "WP Rocket/Preload"
203.161.56.247 - - [07/Oct/2025:17:57:21 +0000] "POST /wp-admin/admin-post.php HTTP/1.1" 302 - "-" "WordPress/6.8.3; https://klescorthub.net"
203.161.56.247 - - [07/Oct/2025:17:57:22 +0000] "GET /agency/malaysia-escorts/ HTTP/1.1" 200 37479 "-" "WP Rocket/Preload Mozilla/5.0 (iPhone; CPU iPhone OS 9_1 like Mac OS X) AppleWebKit/601.1.46 (KHTML, like Gecko) Version/9.0 Mobile/13B143 Safari/601.1"
203.161.56.247 - - [07/Oct/2025:17:57:23 +0000] "GET /agency/seosmmits/ HTTP/1.1" 200 38745 "-" "WP Rocket/Preload"
203.161.56.247 - - [07/Oct/2025:17:57:25 +0000] "GET /agency/seosmmits/ HTTP/1.1" 200 38758 "-" "WP Rocket/Preload Mozilla/5.0 (iPhone; CPU iPhone OS 9_1 like Mac OS X) AppleWebKit/601.1.46 (KHTML, like Gecko) Version/9.0 Mobile/13B143 Safari/601.1"
203.161.56.247 - - [07/Oct/2025:17:57:26 +0000] "GET /agency/topusasmmshop-12/ HTTP/1.1" 200 38029 "-" "WP Rocket/Preload"
89.187.187.84 - - [07/Oct/2025:17:57:15 +0000] "POST /jufisas/register-agency-upload-logo-process.php HTTP/1.1" 200 22 "https://klescorthub.net/upload-logo/" "Mozilla/5.0 (Windows NT 10.0; Win64; x64) AppleWebKit/537.36 (KHTML, like Gecko) Chrome/140.0.0.0 Safari/537.36"
203.161.56.247 - - [07/Oct/2025:17:57:28 +0000] "GET /agency/topusasmmshop-12/ HTTP/1.1" 200 38044 "-" "WP Rocket/Preload Mozilla/5.0 (iPhone; CPU iPhone OS 9_1 like Mac OS X) AppleWebKit/601.1.46 (KHTML, like Gecko) Version/9.0 Mobile/13B143 Safari/601.1"
89.187.187.84 - - [07/Oct/2025:17:57:29 +0000] "GET /upload-logo/ HTTP/1.1" 200 18848 "https://klescorthub.net/upload-logo/" "Mozilla/5.0 (Windows NT 10.0; Win64; x64) AppleWebKit/537.36 (KHTML, like Gecko) Chrome/140.0.0.0 Safari/537.36"
203.161.56.247 - - [07/Oct/2025:17:57:29 +0000] "GET /agency/malaysia-escorts-2/ HTTP/1.1" 200 37482 "-" "WP Rocket/Preload"
203.161.56.247 - - [07/Oct/2025:17:57:30 +0000] "GET /agency/malaysia-escorts-2/ HTTP/1.1" 200 37129 "-" "WP Rocket/Preload Mozilla/5.0 (iPhone; CPU iPhone OS 9_1 like Mac OS X) AppleWebKit/601.1.46 (KHTML, like Gecko) Version/9.0 Mobile/13B143 Safari/601.1"
203.161.56.247 - - [07/Oct/2025:17:57:31 +0000] "GET /author/houssamaldinesardar/ HTTP/1.1" 200 39663 "-" "WP Rocket/Preload"
203.161.56.247 - - [07/Oct/2025:17:57:33 +0000] "GET /author/houssamaldinesardar/ HTTP/1.1" 200 39683 "-" "WP Rocket/Preload Mozilla/5.0 (iPhone; CPU iPhone OS 9_1 like Mac OS X) AppleWebKit/601.1.46 (KHTML, like Gecko) Version/9.0 Mobile/13B143 Safari/601.1"
203.161.56.247 - - [07/Oct/2025:17:57:34 +0000] "GET /agency/seosmmits-2/ HTTP/1.1" 200 36970 "-" "WP Rocket/Preload"
203.161.56.247 - - [07/Oct/2025:17:57:36 +0000] "GET /agency/seosmmits-2/ HTTP/1.1" 200 37033 "-" "WP Rocket/Preload Mozilla/5.0 (iPhone; CPU iPhone OS 9_1 like Mac OS X) AppleWebKit/601.1.46 (KHTML, like Gecko) Version/9.0 Mobile/13B143 Safari/601.1"
203.161.56.247 - - [07/Oct/2025:17:57:37 +0000] "GET /author/ketquabongdangoaihanganhclick/ HTTP/1.1" 200 39838 "-" "WP Rocket/Preload"
203.161.56.247 - - [07/Oct/2025:17:57:39 +0000] "GET /author/ketquabongdangoaihanganhclick/ HTTP/1.1" 200 39847 "-" "WP Rocket/Preload Mozilla/5.0 (iPhone; CPU iPhone OS 9_1 like Mac OS X) AppleWebKit/601.1.46 (KHTML, like Gecko) Version/9.0 Mobile/13B143 Safari/601.1"
203.161.56.247 - - [07/Oct/2025:17:57:40 +0000] "GET /author/twitter89764/ HTTP/1.1" 200 39964 "-" "WP Rocket/Preload"
203.161.56.247 - - [07/Oct/2025:17:57:42 +0000] "GET /author/twitter89764/ HTTP/1.1" 200 39980 "-" "WP Rocket/Preload Mozilla/5.0 (iPhone; CPU iPhone OS 9_1 like Mac OS X) AppleWebKit/601.1.46 (KHTML, like Gecko) Version/9.0 Mobile/13B143 Safari/601.1"
89.187.187.84 - - [07/Oct/2025:17:58:26 +0000] "GET /agency/dahlia-stewart/ HTTP/1.1" 200 22373 "https://klescorthub.net/upload-logo/" "Mozilla/5.0 (Windows NT 10.0; Win64; x64) AppleWebKit/537.36 (KHTML, like Gecko) Chrome/140.0.0.0 Safari/537.36"
89.187.187.84 - - [07/Oct/2025:17:58:29 +0000] "GET /agency/dahlia-stewart/ HTTP/1.1" 304 - "https://klescorthub.net/upload-logo/" "Mozilla/5.0 (Windows NT 10.0; Win64; x64) AppleWebKit/537.36 (KHTML, like Gecko) Chrome/140.0.0.0 Safari/537.36"
89.187.187.84 - - [07/Oct/2025:17:58:32 +0000] "GET /agency/dahlia-stewart/ HTTP/1.1" 304 - "https://klescorthub.net/upload-logo/" "Mozilla/5.0 (Windows NT 10.0; Win64; x64) AppleWebKit/537.36 (KHTML, like Gecko) Chrome/140.0.0.0 Safari/537.36"
89.187.187.84 - - [07/Oct/2025:17:58:36 +0000] "GET /agency/dahlia-stewart/ HTTP/1.1" 304 - "https://klescorthub.net/upload-logo/" "Mozilla/5.0 (Windows NT 10.0; Win64; x64) AppleWebKit/537.36 (KHTML, like Gecko) Chrome/140.0.0.0 Safari/537.36"
89.187.187.84 - - [07/Oct/2025:17:59:01 +0000] "GET /upload-logo/ HTTP/1.1" 304 - "https://klescorthub.net/agency/dahlia-stewart/" "Mozilla/5.0 (Windows NT 10.0; Win64; x64) AppleWebKit/537.36 (KHTML, like Gecko) Chrome/140.0.0.0 Safari/537.36"
203.161.56.247 - - [07/Oct/2025:17:59:06 +0000] "POST /wp-cron.php?doing_wp_cron=1759859946.4832379817962646484375 HTTP/1.1" 200 - "-" "WordPress/6.8.3; https://klescorthub.net"
203.161.56.247 - - [07/Oct/2025:17:59:06 +0000] "POST /wp-admin/admin-post.php HTTP/1.1" 302 - "-" "WordPress/6.8.3; https://klescorthub.net"
203.161.56.247 - - [07/Oct/2025:17:59:07 +0000] "GET /agency/ket-qua-bong-da-ngoai-hang-anh/ HTTP/1.1" 200 38671 "-" "WP Rocket/Preload"
203.161.56.247 - - [07/Oct/2025:17:59:09 +0000] "GET /agency/ket-qua-bong-da-ngoai-hang-anh/ HTTP/1.1" 200 38686 "-" "WP Rocket/Preload Mozilla/5.0 (iPhone; CPU iPhone OS 9_1 like Mac OS X) AppleWebKit/601.1.46 (KHTML, like Gecko) Version/9.0 Mobile/13B143 Safari/601.1"
89.187.187.84 - - [07/Oct/2025:17:59:04 +0000] "POST /jufisas/register-agency-upload-logo-process.php HTTP/1.1" 200 22 "https://klescorthub.net/upload-logo/" "Mozilla/5.0 (Windows NT 10.0; Win64; x64) AppleWebKit/537.36 (KHTML, like Gecko) Chrome/140.0.0.0 Safari/537.36"
203.161.56.247 - - [07/Oct/2025:17:59:10 +0000] "GET /author/eshan/ HTTP/1.1" 200 39724 "-" "WP Rocket/Preload"
89.187.187.84 - - [07/Oct/2025:17:59:12 +0000] "GET /upload-logo/ HTTP/1.1" 304 - "https://klescorthub.net/upload-logo/" "Mozilla/5.0 (Windows NT 10.0; Win64; x64) AppleWebKit/537.36 (KHTML, like Gecko) Chrome/140.0.0.0 Safari/537.36"
203.161.56.247 - - [07/Oct/2025:17:59:12 +0000] "GET /author/eshan/ HTTP/1.1" 200 39739 "-" "WP Rocket/Preload Mozilla/5.0 (iPhone; CPU iPhone OS 9_1 like Mac OS X) AppleWebKit/601.1.46 (KHTML, like Gecko) Version/9.0 Mobile/13B143 Safari/601.1"
203.161.56.247 - - [07/Oct/2025:17:59:13 +0000] "GET /agency/topusasmmshop-13/ HTTP/1.1" 200 38003 "-" "WP Rocket/Preload"
203.161.56.247 - - [07/Oct/2025:17:59:15 +0000] "GET /agency/topusasmmshop-13/ HTTP/1.1" 200 38018 "-" "WP Rocket/Preload Mozilla/5.0 (iPhone; CPU iPhone OS 9_1 like Mac OS X) AppleWebKit/601.1.46 (KHTML, like Gecko) Version/9.0 Mobile/13B143 Safari/601.1"
203.161.56.247 - - [07/Oct/2025:17:59:16 +0000] "GET /agency/malabar/ HTTP/1.1" 200 38228 "-" "WP Rocket/Preload"
203.161.56.247 - - [07/Oct/2025:17:59:17 +0000] "GET /agency/malabar/ HTTP/1.1" 200 38242 "-" "WP Rocket/Preload Mozilla/5.0 (iPhone; CPU iPhone OS 9_1 like Mac OS X) AppleWebKit/601.1.46 (KHTML, like Gecko) Version/9.0 Mobile/13B143 Safari/601.1"
203.161.56.247 - - [07/Oct/2025:17:59:19 +0000] "GET /author/wise684585/ HTTP/1.1" 200 39992 "-" "WP Rocket/Preload"
203.161.56.247 - - [07/Oct/2025:17:59:20 +0000] "GET /author/wise684585/ HTTP/1.1" 200 40007 "-" "WP Rocket/Preload Mozilla/5.0 (iPhone; CPU iPhone OS 9_1 like Mac OS X) AppleWebKit/601.1.46 (KHTML, like Gecko) Version/9.0 Mobile/13B143 Safari/601.1"
203.161.56.247 - - [07/Oct/2025:17:59:22 +0000] "GET /agency/buy-verified-transferwise-accounts/ HTTP/1.1" 200 37954 "-" "WP Rocket/Preload"
203.161.56.247 - - [07/Oct/2025:17:59:23 +0000] "GET /agency/buy-verified-transferwise-accounts/ HTTP/1.1" 200 37971 "-" "WP Rocket/Preload Mozilla/5.0 (iPhone; CPU iPhone OS 9_1 like Mac OS X) AppleWebKit/601.1.46 (KHTML, like Gecko) Version/9.0 Mobile/13B143 Safari/601.1"
203.161.56.247 - - [07/Oct/2025:17:59:25 +0000] "GET /author/rinkymodel/ HTTP/1.1" 200 38701 "-" "WP Rocket/Preload"
203.161.56.247 - - [07/Oct/2025:17:59:26 +0000] "GET /author/rinkymodel/ HTTP/1.1" 200 38773 "-" "WP Rocket/Preload Mozilla/5.0 (iPhone; CPU iPhone OS 9_1 like Mac OS X) AppleWebKit/601.1.46 (KHTML, like Gecko) Version/9.0 Mobile/13B143 Safari/601.1"
203.161.56.247 - - [07/Oct/2025:17:59:27 +0000] "POST /wp-admin/admin-post.php HTTP/1.1" 302 - "-" "WordPress/6.8.3; https://klescorthub.net"
89.187.187.84 - - [07/Oct/2025:17:59:25 +0000] "POST /jufisas/register-agency-upload-logo-process.php HTTP/1.1" 200 22 "https://klescorthub.net/upload-logo/" "Mozilla/5.0 (Windows NT 10.0; Win64; x64) AppleWebKit/537.36 (KHTML, like Gecko) Chrome/140.0.0.0 Safari/537.36"
89.187.187.84 - - [07/Oct/2025:17:59:34 +0000] "GET /upload-logo/ HTTP/1.1" 304 - "https://klescorthub.net/upload-logo/" "Mozilla/5.0 (Windows NT 10.0; Win64; x64) AppleWebKit/537.36 (KHTML, like Gecko) Chrome/140.0.0.0 Safari/537.36"
203.161.56.247 - - [07/Oct/2025:18:01:50 +0000] "POST /wp-cron.php?doing_wp_cron=1759860110.7188689708709716796875 HTTP/1.1" 200 - "-" "WordPress/6.8.3; https://klescorthub.net"
216.73.216.116 - - [07/Oct/2025:18:01:49 +0000] "GET /sitemap.html HTTP/1.1" 200 1080 "-" "Mozilla/5.0 AppleWebKit/537.36 (KHTML, like Gecko; compatible; ClaudeBot/1.0; +claudebot@anthropic.com)"
203.161.56.247 - - [07/Oct/2025:18:01:51 +0000] "GET /agency/rinky-model/ HTTP/1.1" 200 37468 "-" "WP Rocket/Preload"
203.161.56.247 - - [07/Oct/2025:18:01:54 +0000] "GET /agency/rinky-model/ HTTP/1.1" 200 37529 "-" "WP Rocket/Preload Mozilla/5.0 (iPhone; CPU iPhone OS 9_1 like Mac OS X) AppleWebKit/601.1.46 (KHTML, like Gecko) Version/9.0 Mobile/13B143 Safari/601.1"
203.161.56.247 - - [07/Oct/2025:18:01:55 +0000] "GET /author/twitter8156/ HTTP/1.1" 200 39971 "-" "WP Rocket/Preload"
203.161.56.247 - - [07/Oct/2025:18:01:57 +0000] "GET /author/twitter8156/ HTTP/1.1" 200 39983 "-" "WP Rocket/Preload Mozilla/5.0 (iPhone; CPU iPhone OS 9_1 like Mac OS X) AppleWebKit/601.1.46 (KHTML, like Gecko) Version/9.0 Mobile/13B143 Safari/601.1"
203.161.56.247 - - [07/Oct/2025:18:01:58 +0000] "GET /agency/topusasmmshop-14/ HTTP/1.1" 200 37998 "-" "WP Rocket/Preload"
203.161.56.247 - - [07/Oct/2025:18:02:00 +0000] "GET /agency/topusasmmshop-14/ HTTP/1.1" 200 38012 "-" "WP Rocket/Preload Mozilla/5.0 (iPhone; CPU iPhone OS 9_1 like Mac OS X) AppleWebKit/601.1.46 (KHTML, like Gecko) Version/9.0 Mobile/13B143 Safari/601.1"
203.161.56.247 - - [07/Oct/2025:18:02:01 +0000] "GET /author/developingchristie/ HTTP/1.1" 200 38710 "-" "WP Rocket/Preload"
203.161.56.247 - - [07/Oct/2025:18:02:03 +0000] "GET /author/developingchristie/ HTTP/1.1" 200 38783 "-" "WP Rocket/Preload Mozilla/5.0 (iPhone; CPU iPhone OS 9_1 like Mac OS X) AppleWebKit/601.1.46 (KHTML, like Gecko) Version/9.0 Mobile/13B143 Safari/601.1"
203.161.56.247 - - [07/Oct/2025:18:02:04 +0000] "GET /author/wise7868/ HTTP/1.1" 200 39949 "-" "WP Rocket/Preload"
203.161.56.247 - - [07/Oct/2025:18:02:06 +0000] "GET /author/wise7868/ HTTP/1.1" 200 39963 "-" "WP Rocket/Preload Mozilla/5.0 (iPhone; CPU iPhone OS 9_1 like Mac OS X) AppleWebKit/601.1.46 (KHTML, like Gecko) Version/9.0 Mobile/13B143 Safari/601.1"
203.161.56.247 - - [07/Oct/2025:18:02:07 +0000] "GET /agency/developingchristie/ HTTP/1.1" 200 39506 "-" "WP Rocket/Preload"
203.161.56.247 - - [07/Oct/2025:18:02:08 +0000] "GET /agency/developingchristie/ HTTP/1.1" 200 39479 "-" "WP Rocket/Preload Mozilla/5.0 (iPhone; CPU iPhone OS 9_1 like Mac OS X) AppleWebKit/601.1.46 (KHTML, like Gecko) Version/9.0 Mobile/13B143 Safari/601.1"
203.161.56.247 - - [07/Oct/2025:18:02:09 +0000] "GET /agency/seosmmit-2/ HTTP/1.1" 200 38057 "-" "WP Rocket/Preload"
203.161.56.247 - - [07/Oct/2025:18:02:11 +0000] "GET /agency/seosmmit-2/ HTTP/1.1" 200 38069 "-" "WP Rocket/Preload Mozilla/5.0 (iPhone; CPU iPhone OS 9_1 like Mac OS X) AppleWebKit/601.1.46 (KHTML, like Gecko) Version/9.0 Mobile/13B143 Safari/601.1"
45.86.208.113 - - [07/Oct/2025:18:03:10 +0000] "GET /agency-registration/ HTTP/1.1" 200 37117 "-" "Mozilla/5.0 (Windows NT 10.0; Win64; x64) AppleWebKit/537.36 (KHTML, like Gecko) Chrome/140.0.0.0 Safari/537.36"
