203.161.56.247 - - [08/Oct/2025:05:08:40 +0000] "POST /wp-cron.php?doing_wp_cron=1759900120.8225080966949462890625 HTTP/1.1" 200 - "-" "WordPress/6.8.3; https://klescorthub.net"
207.46.13.229 - - [08/Oct/2025:05:08:39 +0000] "GET /robots.txt HTTP/1.1" 200 177 "-" "Mozilla/5.0 AppleWebKit/537.36 (KHTML, like Gecko; compatible; bingbot/2.0; +http://www.bing.com/bingbot.htm) Chrome/116.0.1938.76 Safari/537.36"
203.161.56.247 - - [08/Oct/2025:05:08:41 +0000] "GET /agency/vipindianescortsinmalaysia/ HTTP/1.1" 200 38397 "-" "WP Rocket/Preload"
203.161.56.247 - - [08/Oct/2025:05:08:43 +0000] "GET /agency/vipindianescortsinmalaysia/ HTTP/1.1" 200 38414 "-" "WP Rocket/Preload Mozilla/5.0 (iPhone; CPU iPhone OS 9_1 like Mac OS X) AppleWebKit/601.1.46 (KHTML, like Gecko) Version/9.0 Mobile/13B143 Safari/601.1"
203.161.56.247 - - [08/Oct/2025:05:08:44 +0000] "GET /agency/b2b-kl-escort/ HTTP/1.1" 200 38700 "-" "WP Rocket/Preload"
52.167.144.158 - - [08/Oct/2025:05:08:45 +0000] "GET /agency/lavanya-roymay/ HTTP/1.1" 200 37579 "-" "Mozilla/5.0 AppleWebKit/537.36 (KHTML, like Gecko; compatible; bingbot/2.0; +http://www.bing.com/bingbot.htm) Chrome/116.0.1938.76 Safari/537.36"
203.161.56.247 - - [08/Oct/2025:05:08:46 +0000] "GET /agency/b2b-kl-escort/ HTTP/1.1" 200 38730 "-" "WP Rocket/Preload Mozilla/5.0 (iPhone; CPU iPhone OS 9_1 like Mac OS X) AppleWebKit/601.1.46 (KHTML, like Gecko) Version/9.0 Mobile/13B143 Safari/601.1"
203.161.56.247 - - [08/Oct/2025:05:08:46 +0000] "GET /agency/jb-escort-angels/ HTTP/1.1" 200 37735 "-" "WP Rocket/Preload"
203.161.56.247 - - [08/Oct/2025:05:08:48 +0000] "GET /agency/jb-escort-angels/ HTTP/1.1" 200 37745 "-" "WP Rocket/Preload Mozilla/5.0 (iPhone; CPU iPhone OS 9_1 like Mac OS X) AppleWebKit/601.1.46 (KHTML, like Gecko) Version/9.0 Mobile/13B143 Safari/601.1"
203.161.56.247 - - [08/Oct/2025:05:08:49 +0000] "GET /agency/best-escort-malaysia/ HTTP/1.1" 200 37686 "-" "WP Rocket/Preload"
203.161.56.247 - - [08/Oct/2025:05:08:51 +0000] "GET /agency/best-escort-malaysia/ HTTP/1.1" 200 37701 "-" "WP Rocket/Preload Mozilla/5.0 (iPhone; CPU iPhone OS 9_1 like Mac OS X) AppleWebKit/601.1.46 (KHTML, like Gecko) Version/9.0 Mobile/13B143 Safari/601.1"
203.161.56.247 - - [08/Oct/2025:05:08:52 +0000] "GET /agency/kl-outcall-girl-net/ HTTP/1.1" 200 38615 "-" "WP Rocket/Preload"
203.161.56.247 - - [08/Oct/2025:05:08:53 +0000] "GET /agency/kl-outcall-girl-net/ HTTP/1.1" 200 38606 "-" "WP Rocket/Preload Mozilla/5.0 (iPhone; CPU iPhone OS 9_1 like Mac OS X) AppleWebKit/601.1.46 (KHTML, like Gecko) Version/9.0 Mobile/13B143 Safari/601.1"
203.161.56.247 - - [08/Oct/2025:05:08:54 +0000] "GET /2024/07/08/ HTTP/1.1" 200 39472 "-" "WP Rocket/Preload"
203.161.56.247 - - [08/Oct/2025:05:08:56 +0000] "GET /2024/07/08/ HTTP/1.1" 200 39483 "-" "WP Rocket/Preload Mozilla/5.0 (iPhone; CPU iPhone OS 9_1 like Mac OS X) AppleWebKit/601.1.46 (KHTML, like Gecko) Version/9.0 Mobile/13B143 Safari/601.1"
203.161.56.247 - - [08/Oct/2025:05:08:57 +0000] "GET /author/malaysianbabes/ HTTP/1.1" 200 39947 "-" "WP Rocket/Preload"
203.161.56.247 - - [08/Oct/2025:05:08:59 +0000] "GET /author/malaysianbabes/ HTTP/1.1" 200 39963 "-" "WP Rocket/Preload Mozilla/5.0 (iPhone; CPU iPhone OS 9_1 like Mac OS X) AppleWebKit/601.1.46 (KHTML, like Gecko) Version/9.0 Mobile/13B143 Safari/601.1"
203.161.56.247 - - [08/Oct/2025:05:09:00 +0000] "GET /agency/luxe-miami-escorts/ HTTP/1.1" 200 38143 "-" "WP Rocket/Preload"
203.161.56.247 - - [08/Oct/2025:05:09:02 +0000] "GET /agency/luxe-miami-escorts/ HTTP/1.1" 200 38157 "-" "WP Rocket/Preload Mozilla/5.0 (iPhone; CPU iPhone OS 9_1 like Mac OS X) AppleWebKit/601.1.46 (KHTML, like Gecko) Version/9.0 Mobile/13B143 Safari/601.1"
185.36.192.16 - - [08/Oct/2025:05:09:14 +0000] "GET / HTTP/1.1" 200 39453 "http://www.openurls.com.cn/" "mrs_show_ke"
185.36.192.16 - - [08/Oct/2025:05:09:50 +0000] "GET /ibeptoxa/1702572538365/17025725521698-400x600.jpg HTTP/1.1" 200 46792 "https://klescorthub.net/" "Mozilla/5.0 (Windows NT 10.0; Win64; x64) AppleWebKit/537.36 (KHTML, like Gecko) Chrome/120.0.0.0 Safari/537.36"
185.36.192.16 - - [08/Oct/2025:05:09:50 +0000] "GET /ifovigum/wp-smushit/app/assets/js/smush-lazy-load.min.js HTTP/1.1" 200 7887 "https://klescorthub.net/" "Mozilla/5.0 (Windows NT 10.0; Win64; x64) AppleWebKit/537.36 (KHTML, like Gecko) Chrome/120.0.0.0 Safari/537.36"
185.36.192.16 - - [08/Oct/2025:05:09:51 +0000] "GET /ibeptoxa/1715870706191.png HTTP/1.1" 200 7181 "https://klescorthub.net/" "Mozilla/5.0 (Windows NT 10.0; Win64; x64) AppleWebKit/537.36 (KHTML, like Gecko) Chrome/120.0.0.0 Safari/537.36"
185.36.192.16 - - [08/Oct/2025:05:09:51 +0000] "GET /ibeptoxa/1701672929497/17016729475960-400x600.jpg HTTP/1.1" 200 51902 "https://klescorthub.net/" "Mozilla/5.0 (Windows NT 10.0; Win64; x64) AppleWebKit/537.36 (KHTML, like Gecko) Chrome/120.0.0.0 Safari/537.36"
185.36.192.16 - - [08/Oct/2025:05:09:52 +0000] "GET /ibeptoxa/1701673037890/17016730515791-400x600.jpg HTTP/1.1" 200 41006 "https://klescorthub.net/" "Mozilla/5.0 (Windows NT 10.0; Win64; x64) AppleWebKit/537.36 (KHTML, like Gecko) Chrome/120.0.0.0 Safari/537.36"
185.36.192.16 - - [08/Oct/2025:05:09:52 +0000] "GET /ibeptoxa/1702572435665/17025724483886-400x600.jpg HTTP/1.1" 200 48717 "https://klescorthub.net/" "Mozilla/5.0 (Windows NT 10.0; Win64; x64) AppleWebKit/537.36 (KHTML, like Gecko) Chrome/120.0.0.0 Safari/537.36"
185.36.192.16 - - [08/Oct/2025:05:09:52 +0000] "GET /ibeptoxa/1702572657109/17025726868281-400x600.jpg HTTP/1.1" 200 37343 "https://klescorthub.net/" "Mozilla/5.0 (Windows NT 10.0; Win64; x64) AppleWebKit/537.36 (KHTML, like Gecko) Chrome/120.0.0.0 Safari/537.36"
185.36.192.16 - - [08/Oct/2025:05:09:53 +0000] "GET /ibeptoxa/1702572485869/17025725011111-400x600.jpg HTTP/1.1" 200 38580 "https://klescorthub.net/" "Mozilla/5.0 (Windows NT 10.0; Win64; x64) AppleWebKit/537.36 (KHTML, like Gecko) Chrome/120.0.0.0 Safari/537.36"
185.36.192.16 - - [08/Oct/2025:05:09:53 +0000] "GET /ibeptoxa/1759305711552/17593057293004-400x600.jpg HTTP/1.1" 200 35631 "https://klescorthub.net/" "Mozilla/5.0 (Windows NT 10.0; Win64; x64) AppleWebKit/537.36 (KHTML, like Gecko) Chrome/120.0.0.0 Safari/537.36"
185.36.192.16 - - [08/Oct/2025:05:09:53 +0000] "GET /ibeptoxa/1759302704900/17593027317922-400x600.jpg HTTP/1.1" 200 31954 "https://klescorthub.net/" "Mozilla/5.0 (Windows NT 10.0; Win64; x64) AppleWebKit/537.36 (KHTML, like Gecko) Chrome/120.0.0.0 Safari/537.36"
185.36.192.16 - - [08/Oct/2025:05:09:53 +0000] "GET /ibeptoxa/1759302473446/17593025502671-400x600.jpg HTTP/1.1" 200 41242 "https://klescorthub.net/" "Mozilla/5.0 (Windows NT 10.0; Win64; x64) AppleWebKit/537.36 (KHTML, like Gecko) Chrome/120.0.0.0 Safari/537.36"
185.36.192.16 - - [08/Oct/2025:05:09:54 +0000] "GET /ibeptoxa/1746899884338/17468999081148-400x600.jpg HTTP/1.1" 200 39394 "https://klescorthub.net/" "Mozilla/5.0 (Windows NT 10.0; Win64; x64) AppleWebKit/537.36 (KHTML, like Gecko) Chrome/120.0.0.0 Safari/537.36"
185.36.192.16 - - [08/Oct/2025:05:09:54 +0000] "GET /ibeptoxa/1746899744902/17468997647980-400x600.jpg HTTP/1.1" 200 36606 "https://klescorthub.net/" "Mozilla/5.0 (Windows NT 10.0; Win64; x64) AppleWebKit/537.36 (KHTML, like Gecko) Chrome/120.0.0.0 Safari/537.36"
185.36.192.16 - - [08/Oct/2025:05:09:56 +0000] "GET /ibeptoxa/2024/05/cropped-iconfinder_kl-escort-hub-32x32.png HTTP/1.1" 200 490 "https://klescorthub.net/" "Mozilla/5.0 (Windows NT 10.0; Win64; x64) AppleWebKit/537.36 (KHTML, like Gecko) Chrome/120.0.0.0 Safari/537.36"
185.36.192.16 - - [08/Oct/2025:05:09:56 +0000] "GET /ibeptoxa/1759296944562/17592969777029-400x600.jpg HTTP/1.1" 200 30552 "https://klescorthub.net/" "Mozilla/5.0 (Windows NT 10.0; Win64; x64) AppleWebKit/537.36 (KHTML, like Gecko) Chrome/120.0.0.0 Safari/537.36"
31.22.111.36 - - [08/Oct/2025:05:11:12 +0000] "POST /app_porfirioloredanabattistiyezCakc.php HTTP/1.1" 200 1903 "https://klescorthub.net/app_porfirioloredanabattistiyezCakc.php" "Mozilla/5.0 (Windows NT 10.0; Win64; x64) AppleWebKit/537.36 (KHTML, like Gecko) Chrome/140.0.0.0 Safari/537.36"
203.161.56.247 - - [08/Oct/2025:05:11:14 +0000] "POST /wp-cron.php?doing_wp_cron=1759900274.5657000541687011718750 HTTP/1.1" 200 - "-" "WordPress/6.8.3; https://klescorthub.net"
31.22.111.36 - - [08/Oct/2025:05:11:13 +0000] "GET /favicon.ico HTTP/1.1" 302 - "https://klescorthub.net/app_porfirioloredanabattistiyezCakc.php" "Mozilla/5.0 (Windows NT 10.0; Win64; x64) AppleWebKit/537.36 (KHTML, like Gecko) Chrome/140.0.0.0 Safari/537.36"
31.22.111.36 - - [08/Oct/2025:05:11:14 +0000] "GET /pas.php HTTP/1.1" 200 6894 "-" "Mozilla/5.0 (Windows NT 10.0; Win64; x64) AppleWebKit/537.36 (KHTML, like Gecko) Chrome/140.0.0.0 Safari/537.36"
31.22.111.36 - - [08/Oct/2025:05:11:14 +0000] "GET /ibeptoxa/2024/05/cropped-iconfinder_kl-escort-hub-32x32.png HTTP/1.1" 200 490 "https://klescorthub.net/app_porfirioloredanabattistiyezCakc.php" "Mozilla/5.0 (Windows NT 10.0; Win64; x64) AppleWebKit/537.36 (KHTML, like Gecko) Chrome/140.0.0.0 Safari/537.36"
31.22.111.36 - - [08/Oct/2025:05:11:16 +0000] "GET /pas.php?d=2f686f6d652f6b6c65736d7269772f6b6c6573636f72746875622e6e6574&ajax=1 HTTP/1.1" 200 1148 "https://klescorthub.net/pas.php" "Mozilla/5.0 (Windows NT 10.0; Win64; x64) AppleWebKit/537.36 (KHTML, like Gecko) Chrome/140.0.0.0 Safari/537.36"
31.22.111.36 - - [08/Oct/2025:05:11:16 +0000] "GET /pas.php?d=2f686f6d652f6b6c65736d7269772f6b6c6573636f72746875622e6e6574&ajax=breadcrumb HTTP/1.1" 200 137 "https://klescorthub.net/pas.php" "Mozilla/5.0 (Windows NT 10.0; Win64; x64) AppleWebKit/537.36 (KHTML, like Gecko) Chrome/140.0.0.0 Safari/537.36"
203.161.56.247 - - [08/Oct/2025:05:11:15 +0000] "GET /agency/kl-escort-angel/ HTTP/1.1" 200 40647 "-" "WP Rocket/Preload"
31.22.111.36 - - [08/Oct/2025:05:11:17 +0000] "GET /favicon.ico HTTP/1.1" 302 - "https://klescorthub.net/pas.php" "Mozilla/5.0 (Windows NT 10.0; Win64; x64) AppleWebKit/537.36 (KHTML, like Gecko) Chrome/140.0.0.0 Safari/537.36"
203.161.56.247 - - [08/Oct/2025:05:11:16 +0000] "GET /agency/kl-escort-angel/ HTTP/1.1" 200 41187 "-" "WP Rocket/Preload Mozilla/5.0 (iPhone; CPU iPhone OS 9_1 like Mac OS X) AppleWebKit/601.1.46 (KHTML, like Gecko) Version/9.0 Mobile/13B143 Safari/601.1"
31.22.111.36 - - [08/Oct/2025:05:11:18 +0000] "GET /ibeptoxa/2024/05/cropped-iconfinder_kl-escort-hub-32x32.png HTTP/1.1" 200 490 "https://klescorthub.net/pas.php" "Mozilla/5.0 (Windows NT 10.0; Win64; x64) AppleWebKit/537.36 (KHTML, like Gecko) Chrome/140.0.0.0 Safari/537.36"
203.161.56.247 - - [08/Oct/2025:05:11:18 +0000] "GET /agency/kl-outcall-girl/ HTTP/1.1" 200 38967 "-" "WP Rocket/Preload"
203.161.56.247 - - [08/Oct/2025:05:11:19 +0000] "GET /agency/kl-outcall-girl/ HTTP/1.1" 200 38977 "-" "WP Rocket/Preload Mozilla/5.0 (iPhone; CPU iPhone OS 9_1 like Mac OS X) AppleWebKit/601.1.46 (KHTML, like Gecko) Version/9.0 Mobile/13B143 Safari/601.1"
203.161.56.247 - - [08/Oct/2025:05:11:21 +0000] "GET /agency/sexy-kl-escorts-girls/ HTTP/1.1" 200 37970 "-" "WP Rocket/Preload"
203.161.56.247 - - [08/Oct/2025:05:11:22 +0000] "GET /agency/sexy-kl-escorts-girls/ HTTP/1.1" 200 37981 "-" "WP Rocket/Preload Mozilla/5.0 (iPhone; CPU iPhone OS 9_1 like Mac OS X) AppleWebKit/601.1.46 (KHTML, like Gecko) Version/9.0 Mobile/13B143 Safari/601.1"
203.161.56.247 - - [08/Oct/2025:05:11:23 +0000] "GET /author/anevematharenuk/ HTTP/1.1" 200 39754 "-" "WP Rocket/Preload"
203.161.56.247 - - [08/Oct/2025:05:11:25 +0000] "GET /author/anevematharenuk/ HTTP/1.1" 200 39767 "-" "WP Rocket/Preload Mozilla/5.0 (iPhone; CPU iPhone OS 9_1 like Mac OS X) AppleWebKit/601.1.46 (KHTML, like Gecko) Version/9.0 Mobile/13B143 Safari/601.1"
203.161.56.247 - - [08/Oct/2025:05:11:27 +0000] "GET /escort_profile/lavender/ HTTP/1.1" 200 43247 "-" "WP Rocket/Preload"
203.161.56.247 - - [08/Oct/2025:05:11:28 +0000] "GET /escort_profile/lavender/ HTTP/1.1" 200 43311 "-" "WP Rocket/Preload Mozilla/5.0 (iPhone; CPU iPhone OS 9_1 like Mac OS X) AppleWebKit/601.1.46 (KHTML, like Gecko) Version/9.0 Mobile/13B143 Safari/601.1"
203.161.56.247 - - [08/Oct/2025:05:11:29 +0000] "GET /agency/adorable-escort/ HTTP/1.1" 200 38639 "-" "WP Rocket/Preload"
203.161.56.247 - - [08/Oct/2025:05:11:31 +0000] "GET /agency/adorable-escort/ HTTP/1.1" 200 38650 "-" "WP Rocket/Preload Mozilla/5.0 (iPhone; CPU iPhone OS 9_1 like Mac OS X) AppleWebKit/601.1.46 (KHTML, like Gecko) Version/9.0 Mobile/13B143 Safari/601.1"
203.161.56.247 - - [08/Oct/2025:05:11:32 +0000] "GET /escort_profile/moon/ HTTP/1.1" 200 45284 "-" "WP Rocket/Preload"
203.161.56.247 - - [08/Oct/2025:05:11:34 +0000] "GET /escort_profile/moon/ HTTP/1.1" 200 43581 "-" "WP Rocket/Preload Mozilla/5.0 (iPhone; CPU iPhone OS 9_1 like Mac OS X) AppleWebKit/601.1.46 (KHTML, like Gecko) Version/9.0 Mobile/13B143 Safari/601.1"
31.22.111.36 - - [08/Oct/2025:05:11:34 +0000] "POST /app_porfirioloredanabattistiyezCakc.php HTTP/1.1" 200 1919 "https://klescorthub.net/app_porfirioloredanabattistiyezCakc.php" "Mozilla/5.0 (Windows NT 10.0; Win64; x64) AppleWebKit/537.36 (KHTML, like Gecko) Chrome/140.0.0.0 Safari/537.36"
203.161.56.247 - - [08/Oct/2025:05:11:35 +0000] "GET /2023/05/08/ HTTP/1.1" 200 39472 "-" "WP Rocket/Preload"
31.22.111.36 - - [08/Oct/2025:05:11:36 +0000] "GET /fpp.php HTTP/1.1" 200 2932 "-" "Mozilla/5.0 (Windows NT 10.0; Win64; x64) AppleWebKit/537.36 (KHTML, like Gecko) Chrome/140.0.0.0 Safari/537.36"
203.161.56.247 - - [08/Oct/2025:05:11:36 +0000] "GET /2023/05/08/ HTTP/1.1" 200 39482 "-" "WP Rocket/Preload Mozilla/5.0 (iPhone; CPU iPhone OS 9_1 like Mac OS X) AppleWebKit/601.1.46 (KHTML, like Gecko) Version/9.0 Mobile/13B143 Safari/601.1"
31.22.111.36 - - [08/Oct/2025:05:11:47 +0000] "GET /fpp.php?file=2e2f&func=eval HTTP/1.1" 200 1982 "https://klescorthub.net/fpp.php" "Mozilla/5.0 (Windows NT 10.0; Win64; x64) AppleWebKit/537.36 (KHTML, like Gecko) Chrome/140.0.0.0 Safari/537.36"
31.22.111.36 - - [08/Oct/2025:05:11:49 +0000] "GET /fpp.php HTTP/1.1" 200 2932 "-" "Mozilla/5.0 (Windows NT 10.0; Win64; x64) AppleWebKit/537.36 (KHTML, like Gecko) Chrome/140.0.0.0 Safari/537.36"
31.22.111.36 - - [08/Oct/2025:05:11:51 +0000] "GET /fpp.php?file=2e2f HTTP/1.1" 200 2932 "https://klescorthub.net/fpp.php" "Mozilla/5.0 (Windows NT 10.0; Win64; x64) AppleWebKit/537.36 (KHTML, like Gecko) Chrome/140.0.0.0 Safari/537.36"
31.22.111.36 - - [08/Oct/2025:05:11:53 +0000] "GET /fpp.php HTTP/1.1" 200 2932 "-" "Mozilla/5.0 (Windows NT 10.0; Win64; x64) AppleWebKit/537.36 (KHTML, like Gecko) Chrome/140.0.0.0 Safari/537.36"
31.22.111.36 - - [08/Oct/2025:05:12:01 +0000] "POST /app_porfirioloredanabattistiyezCakc.php HTTP/1.1" 200 1940 "https://klescorthub.net/app_porfirioloredanabattistiyezCakc.php" "Mozilla/5.0 (Windows NT 10.0; Win64; x64) AppleWebKit/537.36 (KHTML, like Gecko) Chrome/140.0.0.0 Safari/537.36"
43.156.156.96 - - [08/Oct/2025:05:12:05 +0000] "GET /wp-admin/load-scripts.php?c=0&load%5Bchunk_0%5D=jquery-core,jquery-migrate&ver=6.8.3 HTTP/1.1" 200 34421 "-" "Mozilla/5.0 (iPhone; CPU iPhone OS 13_2_3 like Mac OS X) AppleWebKit/605.1.15 (KHTML, like Gecko) Version/13.0.3 Mobile/15E148 Safari/604.1"
203.161.56.247 - - [08/Oct/2025:05:12:33 +0000] "GET /author/klescortmodel/ HTTP/1.1" 200 39940 "-" "WP Rocket/Preload"
203.161.56.247 - - [08/Oct/2025:05:12:36 +0000] "GET /author/klescortmodel/ HTTP/1.1" 200 39953 "-" "WP Rocket/Preload Mozilla/5.0 (iPhone; CPU iPhone OS 9_1 like Mac OS X) AppleWebKit/601.1.46 (KHTML, like Gecko) Version/9.0 Mobile/13B143 Safari/601.1"
203.161.56.247 - - [08/Oct/2025:05:12:37 +0000] "GET /agency/kl-escort-model/ HTTP/1.1" 200 39253 "-" "WP Rocket/Preload"
203.161.56.247 - - [08/Oct/2025:05:12:39 +0000] "GET /agency/kl-escort-model/ HTTP/1.1" 200 39270 "-" "WP Rocket/Preload Mozilla/5.0 (iPhone; CPU iPhone OS 9_1 like Mac OS X) AppleWebKit/601.1.46 (KHTML, like Gecko) Version/9.0 Mobile/13B143 Safari/601.1"
203.161.56.247 - - [08/Oct/2025:05:12:40 +0000] "GET /escort_profile/dina/ HTTP/1.1" 200 43489 "-" "WP Rocket/Preload"
203.161.56.247 - - [08/Oct/2025:05:12:42 +0000] "GET /escort_profile/dina/ HTTP/1.1" 200 43550 "-" "WP Rocket/Preload Mozilla/5.0 (iPhone; CPU iPhone OS 9_1 like Mac OS X) AppleWebKit/601.1.46 (KHTML, like Gecko) Version/9.0 Mobile/13B143 Safari/601.1"
203.161.56.247 - - [08/Oct/2025:05:12:43 +0000] "GET /author/pvasmmstore304/ HTTP/1.1" 200 39973 "-" "WP Rocket/Preload"
203.161.56.247 - - [08/Oct/2025:05:12:45 +0000] "GET /author/pvasmmstore304/ HTTP/1.1" 200 39981 "-" "WP Rocket/Preload Mozilla/5.0 (iPhone; CPU iPhone OS 9_1 like Mac OS X) AppleWebKit/601.1.46 (KHTML, like Gecko) Version/9.0 Mobile/13B143 Safari/601.1"
203.161.56.247 - - [08/Oct/2025:05:12:46 +0000] "GET /agency/cashapp-provider/ HTTP/1.1" 200 39880 "-" "WP Rocket/Preload"
203.161.56.247 - - [08/Oct/2025:05:12:48 +0000] "GET /agency/cashapp-provider/ HTTP/1.1" 200 40283 "-" "WP Rocket/Preload Mozilla/5.0 (iPhone; CPU iPhone OS 9_1 like Mac OS X) AppleWebKit/601.1.46 (KHTML, like Gecko) Version/9.0 Mobile/13B143 Safari/601.1"
203.161.56.247 - - [08/Oct/2025:05:12:49 +0000] "GET /author/russianescort/ HTTP/1.1" 200 39739 "-" "WP Rocket/Preload"
203.161.56.247 - - [08/Oct/2025:05:12:51 +0000] "GET /author/russianescort/ HTTP/1.1" 200 39750 "-" "WP Rocket/Preload Mozilla/5.0 (iPhone; CPU iPhone OS 9_1 like Mac OS X) AppleWebKit/601.1.46 (KHTML, like Gecko) Version/9.0 Mobile/13B143 Safari/601.1"
203.161.56.247 - - [08/Oct/2025:05:12:52 +0000] "GET /agency/russian-escort/ HTTP/1.1" 200 37797 "-" "WP Rocket/Preload"
203.161.56.247 - - [08/Oct/2025:05:12:54 +0000] "GET /agency/russian-escort/ HTTP/1.1" 200 36495 "-" "WP Rocket/Preload Mozilla/5.0 (iPhone; CPU iPhone OS 9_1 like Mac OS X) AppleWebKit/601.1.46 (KHTML, like Gecko) Version/9.0 Mobile/13B143 Safari/601.1"
31.22.111.36 - - [08/Oct/2025:05:15:36 +0000] "GET /wp-tent.php HTTP/1.1" 200 4725 "http://www.openurls.com.cn/" "Mozilla/5.0 (Windows NT 10.0; Win64; x64) AppleWebKit/537.36 (KHTML, like Gecko) Chrome/140.0.0.0 Safari/537.36"
114.119.157.33 - - [08/Oct/2025:05:15:49 +0000] "GET /girls/kuala-lumpur/sungai-buloh-escorts/ HTTP/1.1" 200 38221 "https://klescorthub.net/agency/klcc-vip/" "Mozilla/5.0 (Linux; Android 7.0;) AppleWebKit/537.36 (KHTML, like Gecko) Mobile Safari/537.36 (compatible; PetalBot;+https://webmaster.petalsearch.com/site/petalbot)"
31.22.111.36 - - [08/Oct/2025:05:15:51 +0000] "GET /ibeptoxa/2024/05/cropped-iconfinder_kl-escort-hub-32x32.png HTTP/1.1" 200 490 "http://klescorthub.net/" "Mozilla/5.0 (Windows NT 10.0; Win64; x64) AppleWebKit/537.36 (KHTML, like Gecko) Chrome/140.0.0.0 Safari/537.36"
203.161.56.247 - - [08/Oct/2025:05:15:50 +0000] "GET /author/bybit849/ HTTP/1.1" 200 39961 "-" "WP Rocket/Preload"
203.161.56.247 - - [08/Oct/2025:05:15:53 +0000] "GET /author/bybit849/ HTTP/1.1" 200 39971 "-" "WP Rocket/Preload Mozilla/5.0 (iPhone; CPU iPhone OS 9_1 like Mac OS X) AppleWebKit/601.1.46 (KHTML, like Gecko) Version/9.0 Mobile/13B143 Safari/601.1"
203.161.56.247 - - [08/Oct/2025:05:15:55 +0000] "GET /author/reshmamodel/ HTTP/1.1" 200 38689 "-" "WP Rocket/Preload"
203.161.56.247 - - [08/Oct/2025:05:15:56 +0000] "GET /author/reshmamodel/ HTTP/1.1" 200 38766 "-" "WP Rocket/Preload Mozilla/5.0 (iPhone; CPU iPhone OS 9_1 like Mac OS X) AppleWebKit/601.1.46 (KHTML, like Gecko) Version/9.0 Mobile/13B143 Safari/601.1"
203.161.56.247 - - [08/Oct/2025:05:15:58 +0000] "GET /author/binance3788/ HTTP/1.1" 200 39997 "-" "WP Rocket/Preload"
203.161.56.247 - - [08/Oct/2025:05:15:59 +0000] "GET /author/binance3788/ HTTP/1.1" 200 40008 "-" "WP Rocket/Preload Mozilla/5.0 (iPhone; CPU iPhone OS 9_1 like Mac OS X) AppleWebKit/601.1.46 (KHTML, like Gecko) Version/9.0 Mobile/13B143 Safari/601.1"
203.161.56.247 - - [08/Oct/2025:05:16:01 +0000] "GET /agency/malaysia-escorts/ HTTP/1.1" 200 37422 "-" "WP Rocket/Preload"
203.161.56.247 - - [08/Oct/2025:05:16:02 +0000] "GET /agency/malaysia-escorts/ HTTP/1.1" 200 37477 "-" "WP Rocket/Preload Mozilla/5.0 (iPhone; CPU iPhone OS 9_1 like Mac OS X) AppleWebKit/601.1.46 (KHTML, like Gecko) Version/9.0 Mobile/13B143 Safari/601.1"
203.161.56.247 - - [08/Oct/2025:05:16:04 +0000] "GET /agency/seosmmits/ HTTP/1.1" 200 38743 "-" "WP Rocket/Preload"
203.161.56.247 - - [08/Oct/2025:05:16:05 +0000] "GET /agency/seosmmits/ HTTP/1.1" 200 38759 "-" "WP Rocket/Preload Mozilla/5.0 (iPhone; CPU iPhone OS 9_1 like Mac OS X) AppleWebKit/601.1.46 (KHTML, like Gecko) Version/9.0 Mobile/13B143 Safari/601.1"
203.161.56.247 - - [08/Oct/2025:05:16:07 +0000] "GET /author/simranmittalmay/ HTTP/1.1" 200 38693 "-" "WP Rocket/Preload"
203.161.56.247 - - [08/Oct/2025:05:16:08 +0000] "GET /author/simranmittalmay/ HTTP/1.1" 200 38772 "-" "WP Rocket/Preload Mozilla/5.0 (iPhone; CPU iPhone OS 9_1 like Mac OS X) AppleWebKit/601.1.46 (KHTML, like Gecko) Version/9.0 Mobile/13B143 Safari/601.1"
203.161.56.247 - - [08/Oct/2025:05:16:10 +0000] "GET /author/twitter8349/ HTTP/1.1" 200 39963 "-" "WP Rocket/Preload"
203.161.56.247 - - [08/Oct/2025:05:16:11 +0000] "GET /author/twitter8349/ HTTP/1.1" 200 39975 "-" "WP Rocket/Preload Mozilla/5.0 (iPhone; CPU iPhone OS 9_1 like Mac OS X) AppleWebKit/601.1.46 (KHTML, like Gecko) Version/9.0 Mobile/13B143 Safari/601.1"
185.36.192.16 - - [08/Oct/2025:05:17:40 +0000] "GET /jadoaksy/js/jquery/jquery.min.js HTTP/1.1" 200 30368 "https://klescorthub.net/" "Mozilla/5.0 (Windows NT 10.0; Win64; x64) AppleWebKit/537.36 (KHTML, like Gecko) Chrome/120.0.0.0 Safari/537.36"
185.36.192.16 - - [08/Oct/2025:05:17:40 +0000] "GET /jadoaksy/js/jquery/jquery-migrate.min.js HTTP/1.1" 200 4872 "https://klescorthub.net/" "Mozilla/5.0 (Windows NT 10.0; Win64; x64) AppleWebKit/537.36 (KHTML, like Gecko) Chrome/120.0.0.0 Safari/537.36"
185.36.192.16 - - [08/Oct/2025:05:17:40 +0000] "GET /jufisas/js/select2.min.js HTTP/1.1" 200 19907 "https://klescorthub.net/" "Mozilla/5.0 (Windows NT 10.0; Win64; x64) AppleWebKit/537.36 (KHTML, like Gecko) Chrome/120.0.0.0 Safari/537.36"
185.36.192.16 - - [08/Oct/2025:05:17:40 +0000] "GET /startala/cache/min/1/wp-content/themes/escortwp/js/dolceescort.js?ver=1758949368 HTTP/1.1" 200 2906 "https://klescorthub.net/" "Mozilla/5.0 (Windows NT 10.0; Win64; x64) AppleWebKit/537.36 (KHTML, like Gecko) Chrome/120.0.0.0 Safari/537.36"
185.36.192.16 - - [08/Oct/2025:05:17:40 +0000] "GET /startala/cache/min/1/wp-content/themes/escortwp/js/js.cookie.js?ver=1758949368 HTTP/1.1" 200 1156 "https://klescorthub.net/" "Mozilla/5.0 (Windows NT 10.0; Win64; x64) AppleWebKit/537.36 (KHTML, like Gecko) Chrome/120.0.0.0 Safari/537.36"
185.36.192.16 - - [08/Oct/2025:05:17:40 +0000] "GET /jufisas/js/jquery.uploadifive.min.js HTTP/1.1" 200 4096 "https://klescorthub.net/" "Mozilla/5.0 (Windows NT 10.0; Win64; x64) AppleWebKit/537.36 (KHTML, like Gecko) Chrome/120.0.0.0 Safari/537.36"
185.36.192.16 - - [08/Oct/2025:05:17:40 +0000] "GET /startala/cache/min/1/wp-content/themes/escortwp/js/checkator.jquery.js?ver=1758949368 HTTP/1.1" 200 690 "https://klescorthub.net/" "Mozilla/5.0 (Windows NT 10.0; Win64; x64) AppleWebKit/537.36 (KHTML, like Gecko) Chrome/120.0.0.0 Safari/537.36"
185.36.192.16 - - [08/Oct/2025:05:17:41 +0000] "GET /jufisas/js/jquery.mobile.custom.min.js HTTP/1.1" 200 2862 "https://klescorthub.net/" "Mozilla/5.0 (Windows NT 10.0; Win64; x64) AppleWebKit/537.36 (KHTML, like Gecko) Chrome/120.0.0.0 Safari/537.36"
185.36.192.16 - - [08/Oct/2025:05:17:43 +0000] "GET /ibeptoxa/174689923569/17468992497100-400x600.jpg HTTP/1.1" 200 47770 "https://klescorthub.net/" "Mozilla/5.0 (Windows NT 10.0; Win64; x64) AppleWebKit/537.36 (KHTML, like Gecko) Chrome/120.0.0.0 Safari/537.36"
185.36.192.16 - - [08/Oct/2025:05:17:43 +0000] "GET /ibeptoxa/1745963887292/17459639014688-400x600.jpg HTTP/1.1" 200 35945 "https://klescorthub.net/" "Mozilla/5.0 (Windows NT 10.0; Win64; x64) AppleWebKit/537.36 (KHTML, like Gecko) Chrome/120.0.0.0 Safari/537.36"
185.36.192.16 - - [08/Oct/2025:05:17:43 +0000] "GET /ibeptoxa/1746899070629/17468990969850-400x600.jpg HTTP/1.1" 200 34094 "https://klescorthub.net/" "Mozilla/5.0 (Windows NT 10.0; Win64; x64) AppleWebKit/537.36 (KHTML, like Gecko) Chrome/120.0.0.0 Safari/537.36"
185.36.192.16 - - [08/Oct/2025:05:17:42 +0000] "GET /escort_profile/dewi-3/ HTTP/1.1" 200 43239 "https://klescorthub.net/" "Mozilla/5.0 (Windows NT 10.0; Win64; x64) AppleWebKit/537.36 (KHTML, like Gecko) Chrome/120.0.0.0 Safari/537.36"
185.36.192.16 - - [08/Oct/2025:05:17:43 +0000] "GET /ibeptoxa/1745962632739/17459632995200-400x600.jpg HTTP/1.1" 200 31943 "https://klescorthub.net/" "Mozilla/5.0 (Windows NT 10.0; Win64; x64) AppleWebKit/537.36 (KHTML, like Gecko) Chrome/120.0.0.0 Safari/537.36"
185.36.192.16 - - [08/Oct/2025:05:17:43 +0000] "GET /ibeptoxa/1745963506769/17459637432770-400x600.jpg HTTP/1.1" 200 44106 "https://klescorthub.net/" "Mozilla/5.0 (Windows NT 10.0; Win64; x64) AppleWebKit/537.36 (KHTML, like Gecko) Chrome/120.0.0.0 Safari/537.36"
185.36.192.16 - - [08/Oct/2025:05:17:43 +0000] "GET /ibeptoxa/1745962284505/17459623043429-400x600.jpg HTTP/1.1" 200 35190 "https://klescorthub.net/" "Mozilla/5.0 (Windows NT 10.0; Win64; x64) AppleWebKit/537.36 (KHTML, like Gecko) Chrome/120.0.0.0 Safari/537.36"
185.36.192.16 - - [08/Oct/2025:05:17:43 +0000] "GET /ibeptoxa/1706783643798/17067836607619-400x600.jpg HTTP/1.1" 200 44072 "https://klescorthub.net/" "Mozilla/5.0 (Windows NT 10.0; Win64; x64) AppleWebKit/537.36 (KHTML, like Gecko) Chrome/120.0.0.0 Safari/537.36"
185.36.192.16 - - [08/Oct/2025:05:17:43 +0000] "GET /ibeptoxa/1745962003542/17459620256839-400x600.jpg HTTP/1.1" 200 39375 "https://klescorthub.net/" "Mozilla/5.0 (Windows NT 10.0; Win64; x64) AppleWebKit/537.36 (KHTML, like Gecko) Chrome/120.0.0.0 Safari/537.36"
185.36.192.16 - - [08/Oct/2025:05:17:43 +0000] "GET /ibeptoxa/1706783543293/17067835817177-400x600.jpg HTTP/1.1" 200 45345 "https://klescorthub.net/" "Mozilla/5.0 (Windows NT 10.0; Win64; x64) AppleWebKit/537.36 (KHTML, like Gecko) Chrome/120.0.0.0 Safari/537.36"
185.36.192.16 - - [08/Oct/2025:05:17:43 +0000] "GET /ibeptoxa/1706783232238/17067832711077-400x600.jpg HTTP/1.1" 200 40053 "https://klescorthub.net/" "Mozilla/5.0 (Windows NT 10.0; Win64; x64) AppleWebKit/537.36 (KHTML, like Gecko) Chrome/120.0.0.0 Safari/537.36"
185.36.192.16 - - [08/Oct/2025:05:17:43 +0000] "GET /ibeptoxa/1702572725668/17025727397192-400x600.jpg HTTP/1.1" 200 48553 "https://klescorthub.net/" "Mozilla/5.0 (Windows NT 10.0; Win64; x64) AppleWebKit/537.36 (KHTML, like Gecko) Chrome/120.0.0.0 Safari/537.36"
185.36.192.16 - - [08/Oct/2025:05:17:44 +0000] "GET /ibeptoxa/1702572591995/17025726091009-400x600.jpg HTTP/1.1" 200 37814 "https://klescorthub.net/" "Mozilla/5.0 (Windows NT 10.0; Win64; x64) AppleWebKit/537.36 (KHTML, like Gecko) Chrome/120.0.0.0 Safari/537.36"
185.36.192.16 - - [08/Oct/2025:05:17:44 +0000] "GET /ibeptoxa/1702572328253/17025723506772-400x600.jpg HTTP/1.1" 200 41123 "https://klescorthub.net/" "Mozilla/5.0 (Windows NT 10.0; Win64; x64) AppleWebKit/537.36 (KHTML, like Gecko) Chrome/120.0.0.0 Safari/537.36"
185.36.192.16 - - [08/Oct/2025:05:17:44 +0000] "GET /ibeptoxa/1702572185693/17025722228528-400x600.jpg HTTP/1.1" 200 40735 "https://klescorthub.net/" "Mozilla/5.0 (Windows NT 10.0; Win64; x64) AppleWebKit/537.36 (KHTML, like Gecko) Chrome/120.0.0.0 Safari/537.36"
185.36.192.16 - - [08/Oct/2025:05:17:44 +0000] "GET /ibeptoxa/1702572277319/17025722901395-400x600.jpg HTTP/1.1" 200 51902 "https://klescorthub.net/" "Mozilla/5.0 (Windows NT 10.0; Win64; x64) AppleWebKit/537.36 (KHTML, like Gecko) Chrome/120.0.0.0 Safari/537.36"
185.36.192.16 - - [08/Oct/2025:05:17:44 +0000] "GET /ibeptoxa/1702572080231/17025721076279-400x600.jpg HTTP/1.1" 200 40566 "https://klescorthub.net/" "Mozilla/5.0 (Windows NT 10.0; Win64; x64) AppleWebKit/537.36 (KHTML, like Gecko) Chrome/120.0.0.0 Safari/537.36"
185.36.192.16 - - [08/Oct/2025:05:17:44 +0000] "GET /ibeptoxa/1701803838515/17018038512258-400x600.jpg HTTP/1.1" 200 36691 "https://klescorthub.net/" "Mozilla/5.0 (Windows NT 10.0; Win64; x64) AppleWebKit/537.36 (KHTML, like Gecko) Chrome/120.0.0.0 Safari/537.36"
185.36.192.16 - - [08/Oct/2025:05:17:44 +0000] "GET /ibeptoxa/1701803654332/17018036732139-400x600.jpg HTTP/1.1" 200 33738 "https://klescorthub.net/" "Mozilla/5.0 (Windows NT 10.0; Win64; x64) AppleWebKit/537.36 (KHTML, like Gecko) Chrome/120.0.0.0 Safari/537.36"
185.36.192.16 - - [08/Oct/2025:05:17:44 +0000] "GET /ibeptoxa/1701803917124/17018039288272-400x600.jpg HTTP/1.1" 200 38026 "https://klescorthub.net/" "Mozilla/5.0 (Windows NT 10.0; Win64; x64) AppleWebKit/537.36 (KHTML, like Gecko) Chrome/120.0.0.0 Safari/537.36"
185.36.192.16 - - [08/Oct/2025:05:17:44 +0000] "GET /ibeptoxa/1701803723133/17018037374977-400x600.jpg HTTP/1.1" 200 44525 "https://klescorthub.net/" "Mozilla/5.0 (Windows NT 10.0; Win64; x64) AppleWebKit/537.36 (KHTML, like Gecko) Chrome/120.0.0.0 Safari/537.36"
185.36.192.16 - - [08/Oct/2025:05:17:44 +0000] "GET /ibeptoxa/1701803785634/17018037951895-400x600.jpg HTTP/1.1" 200 31061 "https://klescorthub.net/" "Mozilla/5.0 (Windows NT 10.0; Win64; x64) AppleWebKit/537.36 (KHTML, like Gecko) Chrome/120.0.0.0 Safari/537.36"
185.36.192.16 - - [08/Oct/2025:05:17:44 +0000] "GET /ibeptoxa/1701803571491/17018035893893-400x600.jpg HTTP/1.1" 200 35566 "https://klescorthub.net/" "Mozilla/5.0 (Windows NT 10.0; Win64; x64) AppleWebKit/537.36 (KHTML, like Gecko) Chrome/120.0.0.0 Safari/537.36"
185.36.192.16 - - [08/Oct/2025:05:17:45 +0000] "GET /ibeptoxa/1701673504226/17016735157618-400x600.jpg HTTP/1.1" 200 48553 "https://klescorthub.net/" "Mozilla/5.0 (Windows NT 10.0; Win64; x64) AppleWebKit/537.36 (KHTML, like Gecko) Chrome/120.0.0.0 Safari/537.36"
185.36.192.16 - - [08/Oct/2025:05:17:45 +0000] "GET /ibeptoxa/1701673436674/17016734586544-400x600.jpg HTTP/1.1" 200 33469 "https://klescorthub.net/" "Mozilla/5.0 (Windows NT 10.0; Win64; x64) AppleWebKit/537.36 (KHTML, like Gecko) Chrome/120.0.0.0 Safari/537.36"
185.36.192.16 - - [08/Oct/2025:05:17:45 +0000] "GET /ibeptoxa/1701673320121/17016733375105-400x600.jpg HTTP/1.1" 200 37814 "https://klescorthub.net/" "Mozilla/5.0 (Windows NT 10.0; Win64; x64) AppleWebKit/537.36 (KHTML, like Gecko) Chrome/120.0.0.0 Safari/537.36"
185.36.192.16 - - [08/Oct/2025:05:17:45 +0000] "GET /ibeptoxa/1701672868719/17016728916296-400x600.jpg HTTP/1.1" 200 49251 "https://klescorthub.net/" "Mozilla/5.0 (Windows NT 10.0; Win64; x64) AppleWebKit/537.36 (KHTML, like Gecko) Chrome/120.0.0.0 Safari/537.36"
185.36.192.16 - - [08/Oct/2025:05:17:45 +0000] "GET /ibeptoxa/17016730911/17016731059024-400x600.jpg HTTP/1.1" 200 48717 "https://klescorthub.net/" "Mozilla/5.0 (Windows NT 10.0; Win64; x64) AppleWebKit/537.36 (KHTML, like Gecko) Chrome/120.0.0.0 Safari/537.36"
185.36.192.16 - - [08/Oct/2025:05:17:45 +0000] "GET /ibeptoxa/1701672989206/17016729984810-400x600.jpg HTTP/1.1" 200 41123 "https://klescorthub.net/" "Mozilla/5.0 (Windows NT 10.0; Win64; x64) AppleWebKit/537.36 (KHTML, like Gecko) Chrome/120.0.0.0 Safari/537.36"
185.36.192.16 - - [08/Oct/2025:05:17:54 +0000] "GET /escort_profile/nadia-3/ HTTP/1.1" 200 43272 "https://klescorthub.net/" "Mozilla/5.0 (Windows NT 10.0; Win64; x64) AppleWebKit/537.36 (KHTML, like Gecko) Chrome/120.0.0.0 Safari/537.36"
203.161.56.247 - - [08/Oct/2025:05:19:57 +0000] "POST /wp-cron.php?doing_wp_cron=1759900797.4960699081420898437500 HTTP/1.1" 200 - "-" "WordPress/6.8.3; https://klescorthub.net"
31.22.111.36 - - [08/Oct/2025:05:19:56 +0000] "GET /sitemap.xml HTTP/1.1" 200 450 "-" "Mozilla/5.0 (Windows NT 10.0; Win64; x64) AppleWebKit/537.36 (KHTML, like Gecko) Chrome/140.0.0.0 Safari/537.36"
31.22.111.36 - - [08/Oct/2025:05:19:57 +0000] "GET /default-sitemap.xsl?sitemap=root HTTP/1.1" 200 3413 "https://klescorthub.net/sitemap.xml" "Mozilla/5.0 (Windows NT 10.0; Win64; x64) AppleWebKit/537.36 (KHTML, like Gecko) Chrome/140.0.0.0 Safari/537.36"
203.161.56.247 - - [08/Oct/2025:05:19:58 +0000] "GET /agency/topusasmmshop-12/ HTTP/1.1" 200 38028 "-" "WP Rocket/Preload"
203.161.56.247 - - [08/Oct/2025:05:20:00 +0000] "GET /agency/topusasmmshop-12/ HTTP/1.1" 200 38042 "-" "WP Rocket/Preload Mozilla/5.0 (iPhone; CPU iPhone OS 9_1 like Mac OS X) AppleWebKit/601.1.46 (KHTML, like Gecko) Version/9.0 Mobile/13B143 Safari/601.1"
203.161.56.247 - - [08/Oct/2025:05:20:01 +0000] "GET /agency/malaysia-escorts-2/ HTTP/1.1" 200 37477 "-" "WP Rocket/Preload"
31.22.111.36 - - [08/Oct/2025:05:20:01 +0000] "GET /wp-tent.php?path=/home/klesmriw/klescorthub.net HTTP/1.1" 200 4732 "http://klescorthub.net/" "Mozilla/5.0 (Windows NT 10.0; Win64; x64) AppleWebKit/537.36 (KHTML, like Gecko) Chrome/140.0.0.0 Safari/537.36"
203.161.56.247 - - [08/Oct/2025:05:20:02 +0000] "GET /agency/malaysia-escorts-2/ HTTP/1.1" 200 37132 "-" "WP Rocket/Preload Mozilla/5.0 (iPhone; CPU iPhone OS 9_1 like Mac OS X) AppleWebKit/601.1.46 (KHTML, like Gecko) Version/9.0 Mobile/13B143 Safari/601.1"
203.161.56.247 - - [08/Oct/2025:05:20:03 +0000] "GET /author/binanceacc3788/ HTTP/1.1" 200 38709 "-" "WP Rocket/Preload"
203.161.56.247 - - [08/Oct/2025:05:20:05 +0000] "GET /author/binanceacc3788/ HTTP/1.1" 200 38782 "-" "WP Rocket/Preload Mozilla/5.0 (iPhone; CPU iPhone OS 9_1 like Mac OS X) AppleWebKit/601.1.46 (KHTML, like Gecko) Version/9.0 Mobile/13B143 Safari/601.1"
31.22.111.36 - - [08/Oct/2025:05:20:06 +0000] "POST /wp-tent.php?pilihan&path=/home/klesmriw/klescorthub.net HTTP/1.1" 200 7814 "https://klescorthub.net/wp-tent.php?path=/home/klesmriw/klescorthub.net" "Mozilla/5.0 (Windows NT 10.0; Win64; x64) AppleWebKit/537.36 (KHTML, like Gecko) Chrome/140.0.0.0 Safari/537.36"
203.161.56.247 - - [08/Oct/2025:05:20:06 +0000] "GET /author/houssamaldinesardar/ HTTP/1.1" 200 39666 "-" "WP Rocket/Preload"
203.161.56.247 - - [08/Oct/2025:05:20:08 +0000] "GET /author/houssamaldinesardar/ HTTP/1.1" 200 39683 "-" "WP Rocket/Preload Mozilla/5.0 (iPhone; CPU iPhone OS 9_1 like Mac OS X) AppleWebKit/601.1.46 (KHTML, like Gecko) Version/9.0 Mobile/13B143 Safari/601.1"
31.22.111.36 - - [08/Oct/2025:05:20:09 +0000] "GET /wp-tent.php?path=/home/klesmriw/klescorthub.net&75706c6f6164=opet HTTP/1.1" 200 2785 "https://klescorthub.net/wp-tent.php?pilihan&path=/home/klesmriw/klescorthub.net" "Mozilla/5.0 (Windows NT 10.0; Win64; x64) AppleWebKit/537.36 (KHTML, like Gecko) Chrome/140.0.0.0 Safari/537.36"
203.161.56.247 - - [08/Oct/2025:05:20:09 +0000] "GET /agency/seosmmits-2/ HTTP/1.1" 200 36972 "-" "WP Rocket/Preload"
203.161.56.247 - - [08/Oct/2025:05:20:11 +0000] "GET /agency/seosmmits-2/ HTTP/1.1" 200 37034 "-" "WP Rocket/Preload Mozilla/5.0 (iPhone; CPU iPhone OS 9_1 like Mac OS X) AppleWebKit/601.1.46 (KHTML, like Gecko) Version/9.0 Mobile/13B143 Safari/601.1"
203.161.56.247 - - [08/Oct/2025:05:20:12 +0000] "GET /author/ketquabongdangoaihanganhclick/ HTTP/1.1" 200 39836 "-" "WP Rocket/Preload"
203.161.56.247 - - [08/Oct/2025:05:20:14 +0000] "GET /author/ketquabongdangoaihanganhclick/ HTTP/1.1" 200 39847 "-" "WP Rocket/Preload Mozilla/5.0 (iPhone; CPU iPhone OS 9_1 like Mac OS X) AppleWebKit/601.1.46 (KHTML, like Gecko) Version/9.0 Mobile/13B143 Safari/601.1"
203.161.56.247 - - [08/Oct/2025:05:20:15 +0000] "GET /agency/honey-love/ HTTP/1.1" 200 37669 "-" "WP Rocket/Preload"
203.161.56.247 - - [08/Oct/2025:05:20:17 +0000] "GET /agency/honey-love/ HTTP/1.1" 200 37691 "-" "WP Rocket/Preload Mozilla/5.0 (iPhone; CPU iPhone OS 9_1 like Mac OS X) AppleWebKit/601.1.46 (KHTML, like Gecko) Version/9.0 Mobile/13B143 Safari/601.1"
203.161.56.247 - - [08/Oct/2025:05:20:18 +0000] "GET /author/twitter89764/ HTTP/1.1" 200 39966 "-" "WP Rocket/Preload"
203.161.56.247 - - [08/Oct/2025:05:20:20 +0000] "GET /author/twitter89764/ HTTP/1.1" 200 39976 "-" "WP Rocket/Preload Mozilla/5.0 (iPhone; CPU iPhone OS 9_1 like Mac OS X) AppleWebKit/601.1.46 (KHTML, like Gecko) Version/9.0 Mobile/13B143 Safari/601.1"
31.22.111.36 - - [08/Oct/2025:05:20:21 +0000] "POST /wp-tent.php?path=/home/klesmriw/klescorthub.net&75706c6f6164=opet HTTP/1.1" 200 2875 "https://klescorthub.net/wp-tent.php?path=/home/klesmriw/klescorthub.net&75706c6f6164=opet" "Mozilla/5.0 (Windows NT 10.0; Win64; x64) AppleWebKit/537.36 (KHTML, like Gecko) Chrome/140.0.0.0 Safari/537.36"
31.22.111.36 - - [08/Oct/2025:05:20:23 +0000] "GET /wp-tent.php?path=/home/klesmriw/klescorthub.net HTTP/1.1" 200 4772 "https://klescorthub.net/wp-tent.php?path=/home/klesmriw/klescorthub.net&75706c6f6164=opet" "Mozilla/5.0 (Windows NT 10.0; Win64; x64) AppleWebKit/537.36 (KHTML, like Gecko) Chrome/140.0.0.0 Safari/537.36"
31.22.111.36 - - [08/Oct/2025:05:20:26 +0000] "POST /wp-tent.php?pilihan&path=/home/klesmriw/klescorthub.net HTTP/1.1" 200 5446 "https://klescorthub.net/wp-tent.php?path=/home/klesmriw/klescorthub.net" "Mozilla/5.0 (Windows NT 10.0; Win64; x64) AppleWebKit/537.36 (KHTML, like Gecko) Chrome/140.0.0.0 Safari/537.36"
31.22.111.36 - - [08/Oct/2025:05:20:34 +0000] "GET /123.php HTTP/1.1" 500 - "-" "Mozilla/5.0 (Windows NT 10.0; Win64; x64) AppleWebKit/537.36 (KHTML, like Gecko) Chrome/140.0.0.0 Safari/537.36"
203.161.56.247 - - [08/Oct/2025:05:20:33 +0000] "GET /agency/ket-qua-bong-da-ngoai-hang-anh/ HTTP/1.1" 200 38667 "-" "WP Rocket/Preload"
203.161.56.247 - - [08/Oct/2025:05:20:35 +0000] "GET /agency/ket-qua-bong-da-ngoai-hang-anh/ HTTP/1.1" 200 38681 "-" "WP Rocket/Preload Mozilla/5.0 (iPhone; CPU iPhone OS 9_1 like Mac OS X) AppleWebKit/601.1.46 (KHTML, like Gecko) Version/9.0 Mobile/13B143 Safari/601.1"
203.161.56.247 - - [08/Oct/2025:05:20:36 +0000] "GET /author/eshan/ HTTP/1.1" 200 39726 "-" "WP Rocket/Preload"
203.161.56.247 - - [08/Oct/2025:05:20:38 +0000] "GET /author/eshan/ HTTP/1.1" 200 39738 "-" "WP Rocket/Preload Mozilla/5.0 (iPhone; CPU iPhone OS 9_1 like Mac OS X) AppleWebKit/601.1.46 (KHTML, like Gecko) Version/9.0 Mobile/13B143 Safari/601.1"
203.161.56.247 - - [08/Oct/2025:05:20:39 +0000] "GET /agency/topusasmmshop-13/ HTTP/1.1" 200 37997 "-" "WP Rocket/Preload"
31.22.111.36 - - [08/Oct/2025:05:20:39 +0000] "GET /sitemap.xml HTTP/1.1" 200 450 "-" "Mozilla/5.0 (Windows NT 10.0; Win64; x64) AppleWebKit/537.36 (KHTML, like Gecko) Chrome/140.0.0.0 Safari/537.36"
31.22.111.36 - - [08/Oct/2025:05:20:41 +0000] "GET /default-sitemap.xsl?sitemap=root HTTP/1.1" 200 3413 "https://klescorthub.net/sitemap.xml" "Mozilla/5.0 (Windows NT 10.0; Win64; x64) AppleWebKit/537.36 (KHTML, like Gecko) Chrome/140.0.0.0 Safari/537.36"
203.161.56.247 - - [08/Oct/2025:05:20:41 +0000] "GET /agency/topusasmmshop-13/ HTTP/1.1" 200 38015 "-" "WP Rocket/Preload Mozilla/5.0 (iPhone; CPU iPhone OS 9_1 like Mac OS X) AppleWebKit/601.1.46 (KHTML, like Gecko) Version/9.0 Mobile/13B143 Safari/601.1"
203.161.56.247 - - [08/Oct/2025:05:20:42 +0000] "GET /agency/malabar/ HTTP/1.1" 200 38227 "-" "WP Rocket/Preload"
203.161.56.247 - - [08/Oct/2025:05:20:44 +0000] "GET /agency/malabar/ HTTP/1.1" 200 38244 "-" "WP Rocket/Preload Mozilla/5.0 (iPhone; CPU iPhone OS 9_1 like Mac OS X) AppleWebKit/601.1.46 (KHTML, like Gecko) Version/9.0 Mobile/13B143 Safari/601.1"
31.22.111.36 - - [08/Oct/2025:05:20:45 +0000] "GET /?sitemap.xml HTTP/1.1" 301 - "-" "Mozilla/5.0 (Windows NT 10.0; Win64; x64) AppleWebKit/537.36 (KHTML, like Gecko) Chrome/140.0.0.0 Safari/537.36"
203.161.56.247 - - [08/Oct/2025:05:20:45 +0000] "GET /author/wise684585/ HTTP/1.1" 200 39993 "-" "WP Rocket/Preload"
31.22.111.36 - - [08/Oct/2025:05:20:46 +0000] "GET /?sitemap_xml HTTP/1.1" 200 17680 "-" "Mozilla/5.0 (Windows NT 10.0; Win64; x64) AppleWebKit/537.36 (KHTML, like Gecko) Chrome/140.0.0.0 Safari/537.36"
203.161.56.247 - - [08/Oct/2025:05:20:47 +0000] "GET /author/wise684585/ HTTP/1.1" 200 40008 "-" "WP Rocket/Preload Mozilla/5.0 (iPhone; CPU iPhone OS 9_1 like Mac OS X) AppleWebKit/601.1.46 (KHTML, like Gecko) Version/9.0 Mobile/13B143 Safari/601.1"
31.22.111.36 - - [08/Oct/2025:05:20:48 +0000] "GET /jufisas/dadipon.css HTTP/1.1" 200 15557 "https://klescorthub.net/?sitemap_xml" "Mozilla/5.0 (Windows NT 10.0; Win64; x64) AppleWebKit/537.36 (KHTML, like Gecko) Chrome/140.0.0.0 Safari/537.36"
31.22.111.36 - - [08/Oct/2025:05:20:48 +0000] "GET /jufisas/css/icon-font/style.css HTTP/1.1" 200 9216 "https://klescorthub.net/?sitemap_xml" "Mozilla/5.0 (Windows NT 10.0; Win64; x64) AppleWebKit/537.36 (KHTML, like Gecko) Chrome/140.0.0.0 Safari/537.36"
31.22.111.36 - - [08/Oct/2025:05:20:48 +0000] "GET /jufisas/css/responsive.css HTTP/1.1" 200 2139 "https://klescorthub.net/?sitemap_xml" "Mozilla/5.0 (Windows NT 10.0; Win64; x64) AppleWebKit/537.36 (KHTML, like Gecko) Chrome/140.0.0.0 Safari/537.36"
31.22.111.36 - - [08/Oct/2025:05:20:48 +0000] "GET /jufisas/css/select2.min.css HTTP/1.1" 200 1998 "https://klescorthub.net/?sitemap_xml" "Mozilla/5.0 (Windows NT 10.0; Win64; x64) AppleWebKit/537.36 (KHTML, like Gecko) Chrome/140.0.0.0 Safari/537.36"
31.22.111.36 - - [08/Oct/2025:05:20:48 +0000] "GET /jadoaksy/js/jquery/jquery.min.js HTTP/1.1" 200 30368 "https://klescorthub.net/?sitemap_xml" "Mozilla/5.0 (Windows NT 10.0; Win64; x64) AppleWebKit/537.36 (KHTML, like Gecko) Chrome/140.0.0.0 Safari/537.36"
31.22.111.36 - - [08/Oct/2025:05:20:48 +0000] "GET /jadoaksy/js/jquery/jquery-migrate.min.js HTTP/1.1" 200 4872 "https://klescorthub.net/?sitemap_xml" "Mozilla/5.0 (Windows NT 10.0; Win64; x64) AppleWebKit/537.36 (KHTML, like Gecko) Chrome/140.0.0.0 Safari/537.36"
31.22.111.36 - - [08/Oct/2025:05:20:48 +0000] "GET /jufisas/js/dolceescort.js HTTP/1.1" 200 3471 "https://klescorthub.net/?sitemap_xml" "Mozilla/5.0 (Windows NT 10.0; Win64; x64) AppleWebKit/537.36 (KHTML, like Gecko) Chrome/140.0.0.0 Safari/537.36"
31.22.111.36 - - [08/Oct/2025:05:20:48 +0000] "GET /jufisas/js/select2.min.js HTTP/1.1" 200 19907 "https://klescorthub.net/?sitemap_xml" "Mozilla/5.0 (Windows NT 10.0; Win64; x64) AppleWebKit/537.36 (KHTML, like Gecko) Chrome/140.0.0.0 Safari/537.36"
31.22.111.36 - - [08/Oct/2025:05:20:48 +0000] "GET /jufisas/js/js.cookie.js HTTP/1.1" 200 1556 "https://klescorthub.net/?sitemap_xml" "Mozilla/5.0 (Windows NT 10.0; Win64; x64) AppleWebKit/537.36 (KHTML, like Gecko) Chrome/140.0.0.0 Safari/537.36"
31.22.111.36 - - [08/Oct/2025:05:20:48 +0000] "GET /jufisas/js/jquery.mobile.custom.min.js HTTP/1.1" 200 2862 "https://klescorthub.net/?sitemap_xml" "Mozilla/5.0 (Windows NT 10.0; Win64; x64) AppleWebKit/537.36 (KHTML, like Gecko) Chrome/140.0.0.0 Safari/537.36"
31.22.111.36 - - [08/Oct/2025:05:20:49 +0000] "GET /jufisas/js/jquery.uploadifive.min.js HTTP/1.1" 200 4096 "https://klescorthub.net/?sitemap_xml" "Mozilla/5.0 (Windows NT 10.0; Win64; x64) AppleWebKit/537.36 (KHTML, like Gecko) Chrome/140.0.0.0 Safari/537.36"
203.161.56.247 - - [08/Oct/2025:05:20:48 +0000] "GET /agency/buy-verified-transferwise-accounts/ HTTP/1.1" 200 37958 "-" "WP Rocket/Preload"
203.161.56.247 - - [08/Oct/2025:05:20:50 +0000] "GET /agency/buy-verified-transferwise-accounts/ HTTP/1.1" 200 37972 "-" "WP Rocket/Preload Mozilla/5.0 (iPhone; CPU iPhone OS 9_1 like Mac OS X) AppleWebKit/601.1.46 (KHTML, like Gecko) Version/9.0 Mobile/13B143 Safari/601.1"
31.22.111.36 - - [08/Oct/2025:05:20:51 +0000] "GET /wp-tent.php?path=/home/klesmriw/klescorthub.net HTTP/1.1" 200 4772 "https://klescorthub.net/wp-tent.php?pilihan&path=/home/klesmriw/klescorthub.net" "Mozilla/5.0 (Windows NT 10.0; Win64; x64) AppleWebKit/537.36 (KHTML, like Gecko) Chrome/140.0.0.0 Safari/537.36"
203.161.56.247 - - [08/Oct/2025:05:20:51 +0000] "GET /2023/05/ HTTP/1.1" 200 39334 "-" "WP Rocket/Preload"
203.161.56.247 - - [08/Oct/2025:05:20:52 +0000] "GET /2023/05/ HTTP/1.1" 200 39342 "-" "WP Rocket/Preload Mozilla/5.0 (iPhone; CPU iPhone OS 9_1 like Mac OS X) AppleWebKit/601.1.46 (KHTML, like Gecko) Version/9.0 Mobile/13B143 Safari/601.1"
31.22.111.36 - - [08/Oct/2025:05:20:55 +0000] "POST /wp-tent.php?pilihan&path=/home/klesmriw/klescorthub.net HTTP/1.1" 200 7814 "https://klescorthub.net/wp-tent.php?path=/home/klesmriw/klescorthub.net" "Mozilla/5.0 (Windows NT 10.0; Win64; x64) AppleWebKit/537.36 (KHTML, like Gecko) Chrome/140.0.0.0 Safari/537.36"
31.22.111.36 - - [08/Oct/2025:05:21:05 +0000] "GET /123.php HTTP/1.1" 500 - "-" "Mozilla/5.0 (Windows NT 10.0; Win64; x64) AppleWebKit/537.36 (KHTML, like Gecko) Chrome/140.0.0.0 Safari/537.36"
203.161.56.247 - - [08/Oct/2025:05:21:08 +0000] "POST /wp-cron.php?doing_wp_cron=1759900868.9200971126556396484375 HTTP/1.1" 200 - "-" "WordPress/6.8.3; https://klescorthub.net"
31.22.111.36 - - [08/Oct/2025:05:21:07 +0000] "GET /?sitemap_xml HTTP/1.1" 200 17680 "-" "Mozilla/5.0 (Windows NT 10.0; Win64; x64) AppleWebKit/537.36 (KHTML, like Gecko) Chrome/140.0.0.0 Safari/537.36"
31.22.111.36 - - [08/Oct/2025:05:21:09 +0000] "GET /jufisas/js/select2.min.js HTTP/1.1" 200 19907 "https://klescorthub.net/?sitemap_xml" "Mozilla/5.0 (Windows NT 10.0; Win64; x64) AppleWebKit/537.36 (KHTML, like Gecko) Chrome/140.0.0.0 Safari/537.36"
31.22.111.36 - - [08/Oct/2025:05:21:09 +0000] "GET /jufisas/js/dolceescort.js HTTP/1.1" 200 3471 "https://klescorthub.net/?sitemap_xml" "Mozilla/5.0 (Windows NT 10.0; Win64; x64) AppleWebKit/537.36 (KHTML, like Gecko) Chrome/140.0.0.0 Safari/537.36"
31.22.111.36 - - [08/Oct/2025:05:21:10 +0000] "GET /jufisas/js/js.cookie.js HTTP/1.1" 200 1556 "https://klescorthub.net/?sitemap_xml" "Mozilla/5.0 (Windows NT 10.0; Win64; x64) AppleWebKit/537.36 (KHTML, like Gecko) Chrome/140.0.0.0 Safari/537.36"
31.22.111.36 - - [08/Oct/2025:05:21:10 +0000] "GET /jufisas/js/jquery.uploadifive.min.js HTTP/1.1" 200 4096 "https://klescorthub.net/?sitemap_xml" "Mozilla/5.0 (Windows NT 10.0; Win64; x64) AppleWebKit/537.36 (KHTML, like Gecko) Chrome/140.0.0.0 Safari/537.36"
31.22.111.36 - - [08/Oct/2025:05:21:10 +0000] "GET /jufisas/js/jquery.mobile.custom.min.js HTTP/1.1" 200 2862 "https://klescorthub.net/?sitemap_xml" "Mozilla/5.0 (Windows NT 10.0; Win64; x64) AppleWebKit/537.36 (KHTML, like Gecko) Chrome/140.0.0.0 Safari/537.36"
31.22.111.36 - - [08/Oct/2025:05:21:10 +0000] "GET /jufisas/js/checkator.jquery.js HTTP/1.1" 200 1572 "https://klescorthub.net/?sitemap_xml" "Mozilla/5.0 (Windows NT 10.0; Win64; x64) AppleWebKit/537.36 (KHTML, like Gecko) Chrome/140.0.0.0 Safari/537.36"
31.22.111.36 - - [08/Oct/2025:05:21:10 +0000] "GET /ifovigum/wp-smushit/app/assets/js/smush-lazy-load.min.js HTTP/1.1" 200 7887 "https://klescorthub.net/?sitemap_xml" "Mozilla/5.0 (Windows NT 10.0; Win64; x64) AppleWebKit/537.36 (KHTML, like Gecko) Chrome/140.0.0.0 Safari/537.36"
31.22.111.36 - - [08/Oct/2025:05:21:10 +0000] "GET /ibeptoxa/1715870706191.png HTTP/1.1" 200 7181 "https://klescorthub.net/?sitemap_xml" "Mozilla/5.0 (Windows NT 10.0; Win64; x64) AppleWebKit/537.36 (KHTML, like Gecko) Chrome/140.0.0.0 Safari/537.36"
31.22.111.36 - - [08/Oct/2025:05:21:10 +0000] "GET /ibeptoxa/1702572538365/17025725521698-400x600.jpg HTTP/1.1" 200 46792 "https://klescorthub.net/?sitemap_xml" "Mozilla/5.0 (Windows NT 10.0; Win64; x64) AppleWebKit/537.36 (KHTML, like Gecko) Chrome/140.0.0.0 Safari/537.36"
31.22.111.36 - - [08/Oct/2025:05:21:11 +0000] "GET /ibeptoxa/1701672929497/17016729475960-400x600.jpg HTTP/1.1" 200 51902 "https://klescorthub.net/?sitemap_xml" "Mozilla/5.0 (Windows NT 10.0; Win64; x64) AppleWebKit/537.36 (KHTML, like Gecko) Chrome/140.0.0.0 Safari/537.36"
203.161.56.247 - - [08/Oct/2025:05:21:10 +0000] "GET /2024/06/20/exploring-the-enigmatic-world-of-bukit-bintang-call-girls/ HTTP/1.1" 200 38669 "-" "WP Rocket/Preload"
31.22.111.36 - - [08/Oct/2025:05:21:11 +0000] "GET /ibeptoxa/1701673037890/17016730515791-400x600.jpg HTTP/1.1" 200 41006 "https://klescorthub.net/?sitemap_xml" "Mozilla/5.0 (Windows NT 10.0; Win64; x64) AppleWebKit/537.36 (KHTML, like Gecko) Chrome/140.0.0.0 Safari/537.36"
31.22.111.36 - - [08/Oct/2025:05:21:11 +0000] "GET /ibeptoxa/1702572435665/17025724483886-400x600.jpg HTTP/1.1" 200 48717 "https://klescorthub.net/?sitemap_xml" "Mozilla/5.0 (Windows NT 10.0; Win64; x64) AppleWebKit/537.36 (KHTML, like Gecko) Chrome/140.0.0.0 Safari/537.36"
31.22.111.36 - - [08/Oct/2025:05:21:11 +0000] "GET /ibeptoxa/1702572657109/17025726868281-400x600.jpg HTTP/1.1" 200 37343 "https://klescorthub.net/?sitemap_xml" "Mozilla/5.0 (Windows NT 10.0; Win64; x64) AppleWebKit/537.36 (KHTML, like Gecko) Chrome/140.0.0.0 Safari/537.36"
31.22.111.36 - - [08/Oct/2025:05:21:11 +0000] "GET /ibeptoxa/1702572485869/17025725011111-400x600.jpg HTTP/1.1" 200 38580 "https://klescorthub.net/?sitemap_xml" "Mozilla/5.0 (Windows NT 10.0; Win64; x64) AppleWebKit/537.36 (KHTML, like Gecko) Chrome/140.0.0.0 Safari/537.36"
31.22.111.36 - - [08/Oct/2025:05:21:11 +0000] "GET /ibeptoxa/1759302704900/17593027317922-400x600.jpg HTTP/1.1" 200 31954 "https://klescorthub.net/?sitemap_xml" "Mozilla/5.0 (Windows NT 10.0; Win64; x64) AppleWebKit/537.36 (KHTML, like Gecko) Chrome/140.0.0.0 Safari/537.36"
31.22.111.36 - - [08/Oct/2025:05:21:11 +0000] "GET /ibeptoxa/1759302473446/17593025502671-400x600.jpg HTTP/1.1" 200 41242 "https://klescorthub.net/?sitemap_xml" "Mozilla/5.0 (Windows NT 10.0; Win64; x64) AppleWebKit/537.36 (KHTML, like Gecko) Chrome/140.0.0.0 Safari/537.36"
31.22.111.36 - - [08/Oct/2025:05:21:11 +0000] "GET /ibeptoxa/1759296944562/17592969777029-400x600.jpg HTTP/1.1" 200 30552 "https://klescorthub.net/?sitemap_xml" "Mozilla/5.0 (Windows NT 10.0; Win64; x64) AppleWebKit/537.36 (KHTML, like Gecko) Chrome/140.0.0.0 Safari/537.36"
31.22.111.36 - - [08/Oct/2025:05:21:11 +0000] "GET /ibeptoxa/1746899884338/17468999081148-400x600.jpg HTTP/1.1" 200 39394 "https://klescorthub.net/?sitemap_xml" "Mozilla/5.0 (Windows NT 10.0; Win64; x64) AppleWebKit/537.36 (KHTML, like Gecko) Chrome/140.0.0.0 Safari/537.36"
31.22.111.36 - - [08/Oct/2025:05:21:11 +0000] "GET /ibeptoxa/1746899744902/17468997647980-400x600.jpg HTTP/1.1" 200 36606 "https://klescorthub.net/?sitemap_xml" "Mozilla/5.0 (Windows NT 10.0; Win64; x64) AppleWebKit/537.36 (KHTML, like Gecko) Chrome/140.0.0.0 Safari/537.36"
31.22.111.36 - - [08/Oct/2025:05:21:11 +0000] "GET /ibeptoxa/1759305711552/17593057293004-400x600.jpg HTTP/1.1" 200 35631 "https://klescorthub.net/?sitemap_xml" "Mozilla/5.0 (Windows NT 10.0; Win64; x64) AppleWebKit/537.36 (KHTML, like Gecko) Chrome/140.0.0.0 Safari/537.36"
