46.30.212.200 - - [07/Oct/2025:20:28:22 +0000] "GET /jufisas/js/select2.min.js HTTP/1.1" 200 19907 "https://klescorthub.net/agency/athena-ramos/?nowprocket=1&no_optimize=1&wpr_imagedimensions=1" "WP-Rocket/SaaS Mozilla/5.0 (Linux; Android 13; Pixel 5) AppleWebKit/537.36 (KHTML, like Gecko) Chrome/106.0.0.0 Mobile Safari/537.36"
46.30.212.200 - - [07/Oct/2025:20:28:22 +0000] "GET /jufisas/js/dolceescort.js HTTP/1.1" 200 3471 "https://klescorthub.net/agency/athena-ramos/?nowprocket=1&no_optimize=1&wpr_imagedimensions=1" "WP-Rocket/SaaS Mozilla/5.0 (Linux; Android 13; Pixel 5) AppleWebKit/537.36 (KHTML, like Gecko) Chrome/106.0.0.0 Mobile Safari/537.36"
46.30.212.200 - - [07/Oct/2025:20:28:22 +0000] "GET /jufisas/js/js.cookie.js HTTP/1.1" 200 1556 "https://klescorthub.net/agency/athena-ramos/?nowprocket=1&no_optimize=1&wpr_imagedimensions=1" "WP-Rocket/SaaS Mozilla/5.0 (Linux; Android 13; Pixel 5) AppleWebKit/537.36 (KHTML, like Gecko) Chrome/106.0.0.0 Mobile Safari/537.36"
46.30.212.200 - - [07/Oct/2025:20:28:22 +0000] "GET /jufisas/js/jquery.uploadifive.min.js HTTP/1.1" 200 4096 "https://klescorthub.net/agency/athena-ramos/?nowprocket=1&no_optimize=1&wpr_imagedimensions=1" "WP-Rocket/SaaS Mozilla/5.0 (Linux; Android 13; Pixel 5) AppleWebKit/537.36 (KHTML, like Gecko) Chrome/106.0.0.0 Mobile Safari/537.36"
46.30.212.200 - - [07/Oct/2025:20:28:22 +0000] "GET /jufisas/js/jquery.mobile.custom.min.js HTTP/1.1" 200 2862 "https://klescorthub.net/agency/athena-ramos/?nowprocket=1&no_optimize=1&wpr_imagedimensions=1" "WP-Rocket/SaaS Mozilla/5.0 (Linux; Android 13; Pixel 5) AppleWebKit/537.36 (KHTML, like Gecko) Chrome/106.0.0.0 Mobile Safari/537.36"
46.30.212.200 - - [07/Oct/2025:20:28:22 +0000] "GET /jufisas/js/checkator.jquery.js HTTP/1.1" 200 1572 "https://klescorthub.net/agency/athena-ramos/?nowprocket=1&no_optimize=1&wpr_imagedimensions=1" "WP-Rocket/SaaS Mozilla/5.0 (Linux; Android 13; Pixel 5) AppleWebKit/537.36 (KHTML, like Gecko) Chrome/106.0.0.0 Mobile Safari/537.36"
46.30.212.200 - - [07/Oct/2025:20:28:22 +0000] "GET /ifovigum/wp-smushit/app/assets/js/smush-lazy-load.min.js HTTP/1.1" 200 7887 "https://klescorthub.net/agency/athena-ramos/?nowprocket=1&no_optimize=1&wpr_imagedimensions=1" "WP-Rocket/SaaS Mozilla/5.0 (Linux; Android 13; Pixel 5) AppleWebKit/537.36 (KHTML, like Gecko) Chrome/106.0.0.0 Mobile Safari/537.36"
46.30.212.200 - - [07/Oct/2025:20:28:23 +0000] "GET /ifovigum/wp-rocket/assets/js/wpr-beacon.min.js HTTP/1.1" 200 8097 "https://klescorthub.net/agency/athena-ramos/?nowprocket=1&no_optimize=1&wpr_imagedimensions=1" "WP-Rocket/SaaS Mozilla/5.0 (Linux; Android 13; Pixel 5) AppleWebKit/537.36 (KHTML, like Gecko) Chrome/106.0.0.0 Mobile Safari/537.36"
46.30.212.200 - - [07/Oct/2025:20:28:23 +0000] "POST /wp-admin/admin-ajax.php HTTP/1.1" 200 373 "https://klescorthub.net/agency/athena-ramos/?nowprocket=1&no_optimize=1&wpr_imagedimensions=1" "WP-Rocket/SaaS Mozilla/5.0 (Linux; Android 13; Pixel 5) AppleWebKit/537.36 (KHTML, like Gecko) Chrome/106.0.0.0 Mobile Safari/537.36"
203.161.56.247 - - [07/Oct/2025:20:28:25 +0000] "GET /author/athenaramos/ HTTP/1.1" 200 38729 "-" "WP Rocket/Preload"
203.161.56.247 - - [07/Oct/2025:20:28:28 +0000] "GET /author/athenaramos/ HTTP/1.1" 200 38800 "-" "WP Rocket/Preload Mozilla/5.0 (iPhone; CPU iPhone OS 9_1 like Mac OS X) AppleWebKit/601.1.46 (KHTML, like Gecko) Version/9.0 Mobile/13B143 Safari/601.1"
203.161.56.247 - - [07/Oct/2025:20:28:24 +0000] "POST /wp-admin/admin-ajax.php?action=as_async_request_queue_runner&nonce=74991f2725 HTTP/1.1" 200 - "-" "WordPress/6.8.3; https://klescorthub.net"
203.161.56.247 - - [07/Oct/2025:20:28:50 +0000] "POST /wp-cron.php?doing_wp_cron=1759868930.3401849269866943359375 HTTP/1.1" 200 - "-" "WordPress/6.8.3; https://klescorthub.net"
5.249.224.8 - - [07/Oct/2025:20:28:49 +0000] "GET /agency/athena-ramos/?nowprocket=1&no_optimize=1&wpr_imagedimensions=1 HTTP/1.1" 200 16524 "-" "WP-Rocket/SaaS Mozilla/5.0 (X11; Linux x86_64) AppleWebKit/537.36 (KHTML, like Gecko) Chrome/106.0.0.0 Safari/537.36"
5.249.224.8 - - [07/Oct/2025:20:28:50 +0000] "GET /jufisas/dadipon.css HTTP/1.1" 200 15557 "https://klescorthub.net/agency/athena-ramos/?nowprocket=1&no_optimize=1&wpr_imagedimensions=1" "WP-Rocket/SaaS Mozilla/5.0 (X11; Linux x86_64) AppleWebKit/537.36 (KHTML, like Gecko) Chrome/106.0.0.0 Safari/537.36"
5.249.224.8 - - [07/Oct/2025:20:28:51 +0000] "GET /jufisas/css/icon-font/style.css HTTP/1.1" 200 9216 "https://klescorthub.net/agency/athena-ramos/?nowprocket=1&no_optimize=1&wpr_imagedimensions=1" "WP-Rocket/SaaS Mozilla/5.0 (X11; Linux x86_64) AppleWebKit/537.36 (KHTML, like Gecko) Chrome/106.0.0.0 Safari/537.36"
5.249.224.8 - - [07/Oct/2025:20:28:51 +0000] "GET /jufisas/css/responsive.css HTTP/1.1" 200 2139 "https://klescorthub.net/agency/athena-ramos/?nowprocket=1&no_optimize=1&wpr_imagedimensions=1" "WP-Rocket/SaaS Mozilla/5.0 (X11; Linux x86_64) AppleWebKit/537.36 (KHTML, like Gecko) Chrome/106.0.0.0 Safari/537.36"
5.249.224.8 - - [07/Oct/2025:20:28:51 +0000] "GET /jufisas/css/select2.min.css HTTP/1.1" 200 1998 "https://klescorthub.net/agency/athena-ramos/?nowprocket=1&no_optimize=1&wpr_imagedimensions=1" "WP-Rocket/SaaS Mozilla/5.0 (X11; Linux x86_64) AppleWebKit/537.36 (KHTML, like Gecko) Chrome/106.0.0.0 Safari/537.36"
5.249.224.8 - - [07/Oct/2025:20:28:51 +0000] "GET /jadoaksy/js/jquery/jquery.min.js HTTP/1.1" 200 30368 "https://klescorthub.net/agency/athena-ramos/?nowprocket=1&no_optimize=1&wpr_imagedimensions=1" "WP-Rocket/SaaS Mozilla/5.0 (X11; Linux x86_64) AppleWebKit/537.36 (KHTML, like Gecko) Chrome/106.0.0.0 Safari/537.36"
5.249.224.8 - - [07/Oct/2025:20:28:51 +0000] "GET /jadoaksy/js/jquery/jquery-migrate.min.js HTTP/1.1" 200 4872 "https://klescorthub.net/agency/athena-ramos/?nowprocket=1&no_optimize=1&wpr_imagedimensions=1" "WP-Rocket/SaaS Mozilla/5.0 (X11; Linux x86_64) AppleWebKit/537.36 (KHTML, like Gecko) Chrome/106.0.0.0 Safari/537.36"
5.249.224.8 - - [07/Oct/2025:20:28:51 +0000] "GET /jufisas/js/select2.min.js HTTP/1.1" 200 19907 "https://klescorthub.net/agency/athena-ramos/?nowprocket=1&no_optimize=1&wpr_imagedimensions=1" "WP-Rocket/SaaS Mozilla/5.0 (X11; Linux x86_64) AppleWebKit/537.36 (KHTML, like Gecko) Chrome/106.0.0.0 Safari/537.36"
5.249.224.8 - - [07/Oct/2025:20:28:51 +0000] "GET /jufisas/js/dolceescort.js HTTP/1.1" 200 3471 "https://klescorthub.net/agency/athena-ramos/?nowprocket=1&no_optimize=1&wpr_imagedimensions=1" "WP-Rocket/SaaS Mozilla/5.0 (X11; Linux x86_64) AppleWebKit/537.36 (KHTML, like Gecko) Chrome/106.0.0.0 Safari/537.36"
5.249.224.8 - - [07/Oct/2025:20:28:51 +0000] "GET /jufisas/js/js.cookie.js HTTP/1.1" 200 1556 "https://klescorthub.net/agency/athena-ramos/?nowprocket=1&no_optimize=1&wpr_imagedimensions=1" "WP-Rocket/SaaS Mozilla/5.0 (X11; Linux x86_64) AppleWebKit/537.36 (KHTML, like Gecko) Chrome/106.0.0.0 Safari/537.36"
5.249.224.8 - - [07/Oct/2025:20:28:51 +0000] "GET /jufisas/js/jquery.uploadifive.min.js HTTP/1.1" 200 4096 "https://klescorthub.net/agency/athena-ramos/?nowprocket=1&no_optimize=1&wpr_imagedimensions=1" "WP-Rocket/SaaS Mozilla/5.0 (X11; Linux x86_64) AppleWebKit/537.36 (KHTML, like Gecko) Chrome/106.0.0.0 Safari/537.36"
5.249.224.8 - - [07/Oct/2025:20:28:51 +0000] "GET /jufisas/js/jquery.mobile.custom.min.js HTTP/1.1" 200 2862 "https://klescorthub.net/agency/athena-ramos/?nowprocket=1&no_optimize=1&wpr_imagedimensions=1" "WP-Rocket/SaaS Mozilla/5.0 (X11; Linux x86_64) AppleWebKit/537.36 (KHTML, like Gecko) Chrome/106.0.0.0 Safari/537.36"
5.249.224.8 - - [07/Oct/2025:20:28:51 +0000] "GET /jufisas/js/checkator.jquery.js HTTP/1.1" 200 1572 "https://klescorthub.net/agency/athena-ramos/?nowprocket=1&no_optimize=1&wpr_imagedimensions=1" "WP-Rocket/SaaS Mozilla/5.0 (X11; Linux x86_64) AppleWebKit/537.36 (KHTML, like Gecko) Chrome/106.0.0.0 Safari/537.36"
5.249.224.8 - - [07/Oct/2025:20:28:51 +0000] "GET /ifovigum/wp-smushit/app/assets/js/smush-lazy-load.min.js HTTP/1.1" 200 7887 "https://klescorthub.net/agency/athena-ramos/?nowprocket=1&no_optimize=1&wpr_imagedimensions=1" "WP-Rocket/SaaS Mozilla/5.0 (X11; Linux x86_64) AppleWebKit/537.36 (KHTML, like Gecko) Chrome/106.0.0.0 Safari/537.36"
5.249.224.8 - - [07/Oct/2025:20:28:51 +0000] "GET /ifovigum/wp-rocket/assets/js/wpr-beacon.min.js HTTP/1.1" 200 8097 "https://klescorthub.net/agency/athena-ramos/?nowprocket=1&no_optimize=1&wpr_imagedimensions=1" "WP-Rocket/SaaS Mozilla/5.0 (X11; Linux x86_64) AppleWebKit/537.36 (KHTML, like Gecko) Chrome/106.0.0.0 Safari/537.36"
5.249.224.8 - - [07/Oct/2025:20:28:52 +0000] "POST /wp-admin/admin-ajax.php HTTP/1.1" 200 578 "https://klescorthub.net/agency/athena-ramos/?nowprocket=1&no_optimize=1&wpr_imagedimensions=1" "WP-Rocket/SaaS Mozilla/5.0 (X11; Linux x86_64) AppleWebKit/537.36 (KHTML, like Gecko) Chrome/106.0.0.0 Safari/537.36"
203.161.56.247 - - [07/Oct/2025:20:29:07 +0000] "POST /wp-cron.php?doing_wp_cron=1759868947.1974749565124511718750 HTTP/1.1" 200 - "-" "WordPress/6.8.3; https://klescorthub.net"
5.249.224.10 - - [07/Oct/2025:20:29:06 +0000] "GET /agency/athena-ramos/?nowprocket=1&no_optimize=1&wpr_imagedimensions=1 HTTP/1.1" 200 15168 "-" "WP-Rocket/SaaS Mozilla/5.0 (X11; Linux x86_64) AppleWebKit/537.36 (KHTML, like Gecko) Chrome/106.0.0.0 Safari/537.36"
5.249.224.10 - - [07/Oct/2025:20:29:07 +0000] "GET /jufisas/dadipon.css HTTP/1.1" 200 15557 "https://klescorthub.net/agency/athena-ramos/?nowprocket=1&no_optimize=1&wpr_imagedimensions=1" "WP-Rocket/SaaS Mozilla/5.0 (X11; Linux x86_64) AppleWebKit/537.36 (KHTML, like Gecko) Chrome/106.0.0.0 Safari/537.36"
5.249.224.10 - - [07/Oct/2025:20:29:07 +0000] "GET /jufisas/css/icon-font/style.css HTTP/1.1" 200 9216 "https://klescorthub.net/agency/athena-ramos/?nowprocket=1&no_optimize=1&wpr_imagedimensions=1" "WP-Rocket/SaaS Mozilla/5.0 (X11; Linux x86_64) AppleWebKit/537.36 (KHTML, like Gecko) Chrome/106.0.0.0 Safari/537.36"
5.249.224.10 - - [07/Oct/2025:20:29:07 +0000] "GET /jufisas/css/responsive.css HTTP/1.1" 200 2139 "https://klescorthub.net/agency/athena-ramos/?nowprocket=1&no_optimize=1&wpr_imagedimensions=1" "WP-Rocket/SaaS Mozilla/5.0 (X11; Linux x86_64) AppleWebKit/537.36 (KHTML, like Gecko) Chrome/106.0.0.0 Safari/537.36"
5.249.224.10 - - [07/Oct/2025:20:29:07 +0000] "GET /jufisas/css/select2.min.css HTTP/1.1" 200 1998 "https://klescorthub.net/agency/athena-ramos/?nowprocket=1&no_optimize=1&wpr_imagedimensions=1" "WP-Rocket/SaaS Mozilla/5.0 (X11; Linux x86_64) AppleWebKit/537.36 (KHTML, like Gecko) Chrome/106.0.0.0 Safari/537.36"
5.249.224.10 - - [07/Oct/2025:20:29:07 +0000] "GET /jadoaksy/js/jquery/jquery-migrate.min.js HTTP/1.1" 200 4872 "https://klescorthub.net/agency/athena-ramos/?nowprocket=1&no_optimize=1&wpr_imagedimensions=1" "WP-Rocket/SaaS Mozilla/5.0 (X11; Linux x86_64) AppleWebKit/537.36 (KHTML, like Gecko) Chrome/106.0.0.0 Safari/537.36"
5.249.224.10 - - [07/Oct/2025:20:29:07 +0000] "GET /jadoaksy/js/jquery/jquery.min.js HTTP/1.1" 200 30368 "https://klescorthub.net/agency/athena-ramos/?nowprocket=1&no_optimize=1&wpr_imagedimensions=1" "WP-Rocket/SaaS Mozilla/5.0 (X11; Linux x86_64) AppleWebKit/537.36 (KHTML, like Gecko) Chrome/106.0.0.0 Safari/537.36"
5.249.224.10 - - [07/Oct/2025:20:29:07 +0000] "GET /jufisas/js/select2.min.js HTTP/1.1" 200 19907 "https://klescorthub.net/agency/athena-ramos/?nowprocket=1&no_optimize=1&wpr_imagedimensions=1" "WP-Rocket/SaaS Mozilla/5.0 (X11; Linux x86_64) AppleWebKit/537.36 (KHTML, like Gecko) Chrome/106.0.0.0 Safari/537.36"
5.249.224.10 - - [07/Oct/2025:20:29:08 +0000] "GET /jufisas/js/dolceescort.js HTTP/1.1" 200 3471 "https://klescorthub.net/agency/athena-ramos/?nowprocket=1&no_optimize=1&wpr_imagedimensions=1" "WP-Rocket/SaaS Mozilla/5.0 (X11; Linux x86_64) AppleWebKit/537.36 (KHTML, like Gecko) Chrome/106.0.0.0 Safari/537.36"
5.249.224.10 - - [07/Oct/2025:20:29:08 +0000] "GET /jufisas/js/js.cookie.js HTTP/1.1" 200 1556 "https://klescorthub.net/agency/athena-ramos/?nowprocket=1&no_optimize=1&wpr_imagedimensions=1" "WP-Rocket/SaaS Mozilla/5.0 (X11; Linux x86_64) AppleWebKit/537.36 (KHTML, like Gecko) Chrome/106.0.0.0 Safari/537.36"
5.249.224.10 - - [07/Oct/2025:20:29:08 +0000] "GET /jufisas/js/jquery.uploadifive.min.js HTTP/1.1" 200 4096 "https://klescorthub.net/agency/athena-ramos/?nowprocket=1&no_optimize=1&wpr_imagedimensions=1" "WP-Rocket/SaaS Mozilla/5.0 (X11; Linux x86_64) AppleWebKit/537.36 (KHTML, like Gecko) Chrome/106.0.0.0 Safari/537.36"
5.249.224.10 - - [07/Oct/2025:20:29:08 +0000] "GET /jufisas/js/jquery.mobile.custom.min.js HTTP/1.1" 200 2862 "https://klescorthub.net/agency/athena-ramos/?nowprocket=1&no_optimize=1&wpr_imagedimensions=1" "WP-Rocket/SaaS Mozilla/5.0 (X11; Linux x86_64) AppleWebKit/537.36 (KHTML, like Gecko) Chrome/106.0.0.0 Safari/537.36"
5.249.224.10 - - [07/Oct/2025:20:29:08 +0000] "GET /jufisas/js/checkator.jquery.js HTTP/1.1" 200 1572 "https://klescorthub.net/agency/athena-ramos/?nowprocket=1&no_optimize=1&wpr_imagedimensions=1" "WP-Rocket/SaaS Mozilla/5.0 (X11; Linux x86_64) AppleWebKit/537.36 (KHTML, like Gecko) Chrome/106.0.0.0 Safari/537.36"
5.249.224.10 - - [07/Oct/2025:20:29:08 +0000] "GET /ifovigum/wp-smushit/app/assets/js/smush-lazy-load.min.js HTTP/1.1" 200 7887 "https://klescorthub.net/agency/athena-ramos/?nowprocket=1&no_optimize=1&wpr_imagedimensions=1" "WP-Rocket/SaaS Mozilla/5.0 (X11; Linux x86_64) AppleWebKit/537.36 (KHTML, like Gecko) Chrome/106.0.0.0 Safari/537.36"
203.161.56.247 - - [07/Oct/2025:20:29:24 +0000] "POST /wp-cron.php?doing_wp_cron=1759868964.9357779026031494140625 HTTP/1.1" 200 - "-" "WordPress/6.8.3; https://klescorthub.net"
18.214.251.19 - - [07/Oct/2025:20:29:24 +0000] "GET /wp-login.php?redirect_to=https://klescorthub.net:443/agency/seosmmit-3/ HTTP/1.1" 200 2309 "-" "Mozilla/5.0 AppleWebKit/537.36 (KHTML, like Gecko; compatible; Amazonbot/0.1; +https://developer.amazon.com/support/amazonbot) Chrome/119.0.6045.214 Safari/537.36"
45.86.208.11 - - [07/Oct/2025:20:29:27 +0000] "GET /upload-logo/ HTTP/1.1" 304 - "https://klescorthub.net/agency/athena-ramos/" "Mozilla/5.0 (Windows NT 10.0; Win64; x64) AppleWebKit/537.36 (KHTML, like Gecko) Chrome/140.0.0.0 Safari/537.36"
203.161.56.247 - - [07/Oct/2025:20:29:39 +0000] "POST /wp-cron.php?doing_wp_cron=1759868979.0409820079803466796875 HTTP/1.1" 200 - "-" "WordPress/6.8.3; https://klescorthub.net"
203.161.56.247 - - [07/Oct/2025:20:29:38 +0000] "POST /wp-admin/admin-post.php HTTP/1.1" 302 - "-" "WordPress/6.8.3; https://klescorthub.net"
45.86.208.11 - - [07/Oct/2025:20:29:36 +0000] "POST /jufisas/register-agency-upload-logo-process.php HTTP/1.1" 200 22 "https://klescorthub.net/upload-logo/" "Mozilla/5.0 (Windows NT 10.0; Win64; x64) AppleWebKit/537.36 (KHTML, like Gecko) Chrome/140.0.0.0 Safari/537.36"
45.86.208.11 - - [07/Oct/2025:20:29:42 +0000] "GET /upload-logo/ HTTP/1.1" 304 - "https://klescorthub.net/upload-logo/" "Mozilla/5.0 (Windows NT 10.0; Win64; x64) AppleWebKit/537.36 (KHTML, like Gecko) Chrome/140.0.0.0 Safari/537.36"
203.161.56.247 - - [07/Oct/2025:20:29:39 +0000] "POST /wp-admin/admin-ajax.php?action=as_async_request_queue_runner&nonce=a3f91d43e1 HTTP/1.1" 200 - "-" "WordPress/6.8.3; https://klescorthub.net"
45.86.208.11 - - [07/Oct/2025:20:29:46 +0000] "GET /agency/athena-ramos/ HTTP/1.1" 304 - "https://klescorthub.net/upload-logo/" "Mozilla/5.0 (Windows NT 10.0; Win64; x64) AppleWebKit/537.36 (KHTML, like Gecko) Chrome/140.0.0.0 Safari/537.36"
45.86.208.11 - - [07/Oct/2025:20:29:49 +0000] "GET /agency/athena-ramos/ HTTP/1.1" 304 - "https://klescorthub.net/upload-logo/" "Mozilla/5.0 (Windows NT 10.0; Win64; x64) AppleWebKit/537.36 (KHTML, like Gecko) Chrome/140.0.0.0 Safari/537.36"
45.86.208.11 - - [07/Oct/2025:20:29:53 +0000] "GET /agency/athena-ramos/ HTTP/1.1" 304 - "https://klescorthub.net/upload-logo/" "Mozilla/5.0 (Windows NT 10.0; Win64; x64) AppleWebKit/537.36 (KHTML, like Gecko) Chrome/140.0.0.0 Safari/537.36"
45.86.208.11 - - [07/Oct/2025:20:29:56 +0000] "GET /upload-logo/ HTTP/1.1" 304 - "https://klescorthub.net/agency/athena-ramos/" "Mozilla/5.0 (Windows NT 10.0; Win64; x64) AppleWebKit/537.36 (KHTML, like Gecko) Chrome/140.0.0.0 Safari/537.36"
203.161.56.247 - - [07/Oct/2025:20:30:03 +0000] "POST /wp-cron.php?doing_wp_cron=1759869003.1353440284729003906250 HTTP/1.1" 200 - "-" "WordPress/6.8.3; https://klescorthub.net"
203.161.56.247 - - [07/Oct/2025:20:30:03 +0000] "POST /wp-admin/admin-post.php HTTP/1.1" 302 - "-" "WordPress/6.8.3; https://klescorthub.net"
45.86.208.11 - - [07/Oct/2025:20:30:01 +0000] "POST /jufisas/register-agency-upload-logo-process.php HTTP/1.1" 200 22 "https://klescorthub.net/upload-logo/" "Mozilla/5.0 (Windows NT 10.0; Win64; x64) AppleWebKit/537.36 (KHTML, like Gecko) Chrome/140.0.0.0 Safari/537.36"
45.86.208.11 - - [07/Oct/2025:20:30:08 +0000] "GET /upload-logo/ HTTP/1.1" 304 - "https://klescorthub.net/upload-logo/" "Mozilla/5.0 (Windows NT 10.0; Win64; x64) AppleWebKit/537.36 (KHTML, like Gecko) Chrome/140.0.0.0 Safari/537.36"
45.86.208.11 - - [07/Oct/2025:20:30:13 +0000] "GET /agency/athena-ramos/ HTTP/1.1" 304 - "https://klescorthub.net/upload-logo/" "Mozilla/5.0 (Windows NT 10.0; Win64; x64) AppleWebKit/537.36 (KHTML, like Gecko) Chrome/140.0.0.0 Safari/537.36"
45.86.208.11 - - [07/Oct/2025:20:30:39 +0000] "GET /agency-registration/ HTTP/1.1" 200 37117 "-" "Mozilla/5.0 (Windows NT 10.0; Win64; x64) AppleWebKit/537.36 (KHTML, like Gecko) Chrome/140.0.0.0 Safari/537.36"
45.86.208.11 - - [07/Oct/2025:20:30:40 +0000] "GET /ibeptoxa/1715870706191.png HTTP/1.1" 200 7181 "https://klescorthub.net/agency-registration/" "Mozilla/5.0 (Windows NT 10.0; Win64; x64) AppleWebKit/537.36 (KHTML, like Gecko) Chrome/140.0.0.0 Safari/537.36"
45.86.208.11 - - [07/Oct/2025:20:30:40 +0000] "GET /ifovigum/wp-smushit/app/assets/js/smush-lazy-load.min.js HTTP/1.1" 200 7887 "https://klescorthub.net/agency-registration/" "Mozilla/5.0 (Windows NT 10.0; Win64; x64) AppleWebKit/537.36 (KHTML, like Gecko) Chrome/140.0.0.0 Safari/537.36"
45.86.208.11 - - [07/Oct/2025:20:30:40 +0000] "GET /jadoaksy/js/jquery/jquery-migrate.min.js HTTP/1.1" 200 4872 "https://klescorthub.net/agency-registration/" "Mozilla/5.0 (Windows NT 10.0; Win64; x64) AppleWebKit/537.36 (KHTML, like Gecko) Chrome/140.0.0.0 Safari/537.36"
45.86.208.11 - - [07/Oct/2025:20:30:40 +0000] "GET /jadoaksy/js/jquery/jquery.min.js HTTP/1.1" 200 30368 "https://klescorthub.net/agency-registration/" "Mozilla/5.0 (Windows NT 10.0; Win64; x64) AppleWebKit/537.36 (KHTML, like Gecko) Chrome/140.0.0.0 Safari/537.36"
45.86.208.11 - - [07/Oct/2025:20:30:41 +0000] "GET /jufisas/js/select2.min.js HTTP/1.1" 200 19907 "https://klescorthub.net/agency-registration/" "Mozilla/5.0 (Windows NT 10.0; Win64; x64) AppleWebKit/537.36 (KHTML, like Gecko) Chrome/140.0.0.0 Safari/537.36"
45.86.208.11 - - [07/Oct/2025:20:30:41 +0000] "GET /startala/cache/min/1/wp-content/themes/escortwp/js/dolceescort.js?ver=1758949368 HTTP/1.1" 200 2906 "https://klescorthub.net/agency-registration/" "Mozilla/5.0 (Windows NT 10.0; Win64; x64) AppleWebKit/537.36 (KHTML, like Gecko) Chrome/140.0.0.0 Safari/537.36"
45.86.208.11 - - [07/Oct/2025:20:30:41 +0000] "GET /startala/cache/min/1/wp-content/themes/escortwp/js/js.cookie.js?ver=1758949368 HTTP/1.1" 200 1156 "https://klescorthub.net/agency-registration/" "Mozilla/5.0 (Windows NT 10.0; Win64; x64) AppleWebKit/537.36 (KHTML, like Gecko) Chrome/140.0.0.0 Safari/537.36"
45.86.208.11 - - [07/Oct/2025:20:30:42 +0000] "GET /jufisas/js/jquery.uploadifive.min.js HTTP/1.1" 200 4096 "https://klescorthub.net/agency-registration/" "Mozilla/5.0 (Windows NT 10.0; Win64; x64) AppleWebKit/537.36 (KHTML, like Gecko) Chrome/140.0.0.0 Safari/537.36"
45.86.208.11 - - [07/Oct/2025:20:30:42 +0000] "GET /jufisas/js/jquery.mobile.custom.min.js HTTP/1.1" 200 2862 "https://klescorthub.net/agency-registration/" "Mozilla/5.0 (Windows NT 10.0; Win64; x64) AppleWebKit/537.36 (KHTML, like Gecko) Chrome/140.0.0.0 Safari/537.36"
45.86.208.11 - - [07/Oct/2025:20:30:42 +0000] "GET /startala/cache/min/1/wp-content/themes/escortwp/js/checkator.jquery.js?ver=1758949368 HTTP/1.1" 200 690 "https://klescorthub.net/agency-registration/" "Mozilla/5.0 (Windows NT 10.0; Win64; x64) AppleWebKit/537.36 (KHTML, like Gecko) Chrome/140.0.0.0 Safari/537.36"
45.86.208.11 - - [07/Oct/2025:20:30:43 +0000] "GET /ibeptoxa/2024/05/cropped-iconfinder_kl-escort-hub-32x32.png HTTP/1.1" 200 490 "https://klescorthub.net/agency-registration/" "Mozilla/5.0 (Windows NT 10.0; Win64; x64) AppleWebKit/537.36 (KHTML, like Gecko) Chrome/140.0.0.0 Safari/537.36"
203.161.56.247 - - [07/Oct/2025:20:30:44 +0000] "POST /wp-cron.php?doing_wp_cron=1759869044.2387440204620361328125 HTTP/1.1" 200 - "-" "WordPress/6.8.3; https://klescorthub.net"
45.86.208.11 - - [07/Oct/2025:20:30:43 +0000] "GET /jufisas/ajax/get-cities.php?id=9&hide_empty=0&select2=yes HTTP/1.1" 200 510 "https://klescorthub.net/agency-registration/" "Mozilla/5.0 (Windows NT 10.0; Win64; x64) AppleWebKit/537.36 (KHTML, like Gecko) Chrome/140.0.0.0 Safari/537.36"
45.86.208.11 - - [07/Oct/2025:20:30:47 +0000] "GET /jufisas/ajax/check-username.php?user=Emily%20Evans HTTP/1.1" 200 73 "https://klescorthub.net/agency-registration/" "Mozilla/5.0 (Windows NT 10.0; Win64; x64) AppleWebKit/537.36 (KHTML, like Gecko) Chrome/140.0.0.0 Safari/537.36"
45.86.208.11 - - [07/Oct/2025:20:30:48 +0000] "GET /jufisas/ajax/check-username.php?user=Emily%20Evans HTTP/1.1" 200 73 "https://klescorthub.net/agency-registration/" "Mozilla/5.0 (Windows NT 10.0; Win64; x64) AppleWebKit/537.36 (KHTML, like Gecko) Chrome/140.0.0.0 Safari/537.36"
45.86.208.11 - - [07/Oct/2025:20:31:36 +0000] "GET /agency-registration/ HTTP/1.1" 304 - "https://klescorthub.net/agency-registration/" "Mozilla/5.0 (Windows NT 10.0; Win64; x64) AppleWebKit/537.36 (KHTML, like Gecko) Chrome/140.0.0.0 Safari/537.36"
203.161.56.247 - - [07/Oct/2025:20:32:15 +0000] "POST /wp-cron.php?doing_wp_cron=1759869135.4459791183471679687500 HTTP/1.1" 200 - "-" "WordPress/6.8.3; https://klescorthub.net"
45.86.208.11 - - [07/Oct/2025:20:32:14 +0000] "POST /agency-registration/ HTTP/1.1" 302 - "https://klescorthub.net/agency-registration/" "Mozilla/5.0 (Windows NT 10.0; Win64; x64) AppleWebKit/537.36 (KHTML, like Gecko) Chrome/140.0.0.0 Safari/537.36"
45.86.208.11 - - [07/Oct/2025:20:32:16 +0000] "GET /agency-registration/ HTTP/1.1" 200 16795 "https://klescorthub.net/agency-registration/" "Mozilla/5.0 (Windows NT 10.0; Win64; x64) AppleWebKit/537.36 (KHTML, like Gecko) Chrome/140.0.0.0 Safari/537.36"
45.86.208.11 - - [07/Oct/2025:20:32:17 +0000] "GET /startala/cache/min/1/wp-content/themes/escortwp/style.css?ver=1759729543 HTTP/1.1" 200 14641 "https://klescorthub.net/agency-registration/" "Mozilla/5.0 (Windows NT 10.0; Win64; x64) AppleWebKit/537.36 (KHTML, like Gecko) Chrome/140.0.0.0 Safari/537.36"
45.86.208.11 - - [07/Oct/2025:20:32:17 +0000] "GET /startala/cache/min/1/wp-content/themes/escortwp/css/icon-font/style.css?ver=1759729543 HTTP/1.1" 200 9115 "https://klescorthub.net/agency-registration/" "Mozilla/5.0 (Windows NT 10.0; Win64; x64) AppleWebKit/537.36 (KHTML, like Gecko) Chrome/140.0.0.0 Safari/537.36"
45.86.208.11 - - [07/Oct/2025:20:32:17 +0000] "GET /startala/cache/min/1/wp-content/themes/escortwp/css/responsive.css?ver=1759729543 HTTP/1.1" 200 1916 "https://klescorthub.net/agency-registration/" "Mozilla/5.0 (Windows NT 10.0; Win64; x64) AppleWebKit/537.36 (KHTML, like Gecko) Chrome/140.0.0.0 Safari/537.36"
45.86.208.11 - - [07/Oct/2025:20:32:17 +0000] "GET /jufisas/css/select2.min.css HTTP/1.1" 200 1998 "https://klescorthub.net/agency-registration/" "Mozilla/5.0 (Windows NT 10.0; Win64; x64) AppleWebKit/537.36 (KHTML, like Gecko) Chrome/140.0.0.0 Safari/537.36"
45.86.208.11 - - [07/Oct/2025:20:32:25 +0000] "GET /?ekey=c09c92f06c08dcb32edbc194dfb0943f HTTP/1.1" 200 16079 "-" "Mozilla/5.0 (Windows NT 10.0; Win64; x64) AppleWebKit/537.36 (KHTML, like Gecko) Chrome/140.0.0.0 Safari/537.36"
45.86.208.11 - - [07/Oct/2025:20:32:27 +0000] "GET /jufisas/dadipon.css HTTP/1.1" 200 15557 "https://klescorthub.net/?ekey=c09c92f06c08dcb32edbc194dfb0943f" "Mozilla/5.0 (Windows NT 10.0; Win64; x64) AppleWebKit/537.36 (KHTML, like Gecko) Chrome/140.0.0.0 Safari/537.36"
45.86.208.11 - - [07/Oct/2025:20:32:27 +0000] "GET /jufisas/css/icon-font/style.css HTTP/1.1" 200 9216 "https://klescorthub.net/?ekey=c09c92f06c08dcb32edbc194dfb0943f" "Mozilla/5.0 (Windows NT 10.0; Win64; x64) AppleWebKit/537.36 (KHTML, like Gecko) Chrome/140.0.0.0 Safari/537.36"
45.86.208.11 - - [07/Oct/2025:20:32:27 +0000] "GET /jufisas/css/responsive.css HTTP/1.1" 200 2139 "https://klescorthub.net/?ekey=c09c92f06c08dcb32edbc194dfb0943f" "Mozilla/5.0 (Windows NT 10.0; Win64; x64) AppleWebKit/537.36 (KHTML, like Gecko) Chrome/140.0.0.0 Safari/537.36"
45.86.208.11 - - [07/Oct/2025:20:32:28 +0000] "GET /jufisas/js/dolceescort.js HTTP/1.1" 200 3471 "https://klescorthub.net/?ekey=c09c92f06c08dcb32edbc194dfb0943f" "Mozilla/5.0 (Windows NT 10.0; Win64; x64) AppleWebKit/537.36 (KHTML, like Gecko) Chrome/140.0.0.0 Safari/537.36"
45.86.208.11 - - [07/Oct/2025:20:32:28 +0000] "GET /jufisas/js/checkator.jquery.js HTTP/1.1" 200 1572 "https://klescorthub.net/?ekey=c09c92f06c08dcb32edbc194dfb0943f" "Mozilla/5.0 (Windows NT 10.0; Win64; x64) AppleWebKit/537.36 (KHTML, like Gecko) Chrome/140.0.0.0 Safari/537.36"
45.86.208.11 - - [07/Oct/2025:20:32:28 +0000] "GET /jufisas/js/js.cookie.js HTTP/1.1" 200 1556 "https://klescorthub.net/?ekey=c09c92f06c08dcb32edbc194dfb0943f" "Mozilla/5.0 (Windows NT 10.0; Win64; x64) AppleWebKit/537.36 (KHTML, like Gecko) Chrome/140.0.0.0 Safari/537.36"
45.86.208.11 - - [07/Oct/2025:20:32:28 +0000] "GET /ibeptoxa/1702572657109/17025726868281-400x600.jpg HTTP/1.1" 200 37343 "https://klescorthub.net/?ekey=c09c92f06c08dcb32edbc194dfb0943f" "Mozilla/5.0 (Windows NT 10.0; Win64; x64) AppleWebKit/537.36 (KHTML, like Gecko) Chrome/140.0.0.0 Safari/537.36"
45.86.208.11 - - [07/Oct/2025:20:32:28 +0000] "GET /ibeptoxa/1701672929497/17016729475960-400x600.jpg HTTP/1.1" 200 51902 "https://klescorthub.net/?ekey=c09c92f06c08dcb32edbc194dfb0943f" "Mozilla/5.0 (Windows NT 10.0; Win64; x64) AppleWebKit/537.36 (KHTML, like Gecko) Chrome/140.0.0.0 Safari/537.36"
45.86.208.11 - - [07/Oct/2025:20:32:28 +0000] "GET /ibeptoxa/1701673037890/17016730515791-400x600.jpg HTTP/1.1" 200 41006 "https://klescorthub.net/?ekey=c09c92f06c08dcb32edbc194dfb0943f" "Mozilla/5.0 (Windows NT 10.0; Win64; x64) AppleWebKit/537.36 (KHTML, like Gecko) Chrome/140.0.0.0 Safari/537.36"
45.86.208.11 - - [07/Oct/2025:20:32:28 +0000] "GET /ibeptoxa/1702572435665/17025724483886-400x600.jpg HTTP/1.1" 200 48717 "https://klescorthub.net/?ekey=c09c92f06c08dcb32edbc194dfb0943f" "Mozilla/5.0 (Windows NT 10.0; Win64; x64) AppleWebKit/537.36 (KHTML, like Gecko) Chrome/140.0.0.0 Safari/537.36"
45.86.208.11 - - [07/Oct/2025:20:32:28 +0000] "GET /ibeptoxa/1702572538365/17025725521698-400x600.jpg HTTP/1.1" 200 46792 "https://klescorthub.net/?ekey=c09c92f06c08dcb32edbc194dfb0943f" "Mozilla/5.0 (Windows NT 10.0; Win64; x64) AppleWebKit/537.36 (KHTML, like Gecko) Chrome/140.0.0.0 Safari/537.36"
45.86.208.11 - - [07/Oct/2025:20:32:28 +0000] "GET /ibeptoxa/1702572485869/17025725011111-400x600.jpg HTTP/1.1" 200 38580 "https://klescorthub.net/?ekey=c09c92f06c08dcb32edbc194dfb0943f" "Mozilla/5.0 (Windows NT 10.0; Win64; x64) AppleWebKit/537.36 (KHTML, like Gecko) Chrome/140.0.0.0 Safari/537.36"
45.86.208.11 - - [07/Oct/2025:20:32:29 +0000] "GET /ibeptoxa/1759302704900/17593027317922-400x600.jpg HTTP/1.1" 200 31954 "https://klescorthub.net/?ekey=c09c92f06c08dcb32edbc194dfb0943f" "Mozilla/5.0 (Windows NT 10.0; Win64; x64) AppleWebKit/537.36 (KHTML, like Gecko) Chrome/140.0.0.0 Safari/537.36"
45.86.208.11 - - [07/Oct/2025:20:32:29 +0000] "GET /ibeptoxa/1759305711552/17593057293004-400x600.jpg HTTP/1.1" 200 35631 "https://klescorthub.net/?ekey=c09c92f06c08dcb32edbc194dfb0943f" "Mozilla/5.0 (Windows NT 10.0; Win64; x64) AppleWebKit/537.36 (KHTML, like Gecko) Chrome/140.0.0.0 Safari/537.36"
45.86.208.11 - - [07/Oct/2025:20:32:29 +0000] "GET /ibeptoxa/1759302473446/17593025502671-400x600.jpg HTTP/1.1" 200 41242 "https://klescorthub.net/?ekey=c09c92f06c08dcb32edbc194dfb0943f" "Mozilla/5.0 (Windows NT 10.0; Win64; x64) AppleWebKit/537.36 (KHTML, like Gecko) Chrome/140.0.0.0 Safari/537.36"
45.86.208.11 - - [07/Oct/2025:20:32:29 +0000] "GET /ibeptoxa/1759296944562/17592969777029-400x600.jpg HTTP/1.1" 200 30552 "https://klescorthub.net/?ekey=c09c92f06c08dcb32edbc194dfb0943f" "Mozilla/5.0 (Windows NT 10.0; Win64; x64) AppleWebKit/537.36 (KHTML, like Gecko) Chrome/140.0.0.0 Safari/537.36"
45.86.208.11 - - [07/Oct/2025:20:32:29 +0000] "GET /ibeptoxa/1746899884338/17468999081148-400x600.jpg HTTP/1.1" 200 39394 "https://klescorthub.net/?ekey=c09c92f06c08dcb32edbc194dfb0943f" "Mozilla/5.0 (Windows NT 10.0; Win64; x64) AppleWebKit/537.36 (KHTML, like Gecko) Chrome/140.0.0.0 Safari/537.36"
45.86.208.11 - - [07/Oct/2025:20:32:29 +0000] "GET /ibeptoxa/1746899744902/17468997647980-400x600.jpg HTTP/1.1" 200 36606 "https://klescorthub.net/?ekey=c09c92f06c08dcb32edbc194dfb0943f" "Mozilla/5.0 (Windows NT 10.0; Win64; x64) AppleWebKit/537.36 (KHTML, like Gecko) Chrome/140.0.0.0 Safari/537.36"
45.86.208.11 - - [07/Oct/2025:20:32:29 +0000] "GET /ibeptoxa/1745963887292/17459639014688-400x600.jpg HTTP/1.1" 200 35945 "https://klescorthub.net/?ekey=c09c92f06c08dcb32edbc194dfb0943f" "Mozilla/5.0 (Windows NT 10.0; Win64; x64) AppleWebKit/537.36 (KHTML, like Gecko) Chrome/140.0.0.0 Safari/537.36"
45.86.208.11 - - [07/Oct/2025:20:32:29 +0000] "GET /ibeptoxa/1746899070629/17468990969850-400x600.jpg HTTP/1.1" 200 34094 "https://klescorthub.net/?ekey=c09c92f06c08dcb32edbc194dfb0943f" "Mozilla/5.0 (Windows NT 10.0; Win64; x64) AppleWebKit/537.36 (KHTML, like Gecko) Chrome/140.0.0.0 Safari/537.36"
45.86.208.11 - - [07/Oct/2025:20:32:29 +0000] "GET /ibeptoxa/1745963506769/17459637432770-400x600.jpg HTTP/1.1" 200 44106 "https://klescorthub.net/?ekey=c09c92f06c08dcb32edbc194dfb0943f" "Mozilla/5.0 (Windows NT 10.0; Win64; x64) AppleWebKit/537.36 (KHTML, like Gecko) Chrome/140.0.0.0 Safari/537.36"
45.86.208.11 - - [07/Oct/2025:20:32:29 +0000] "GET /ibeptoxa/1745962632739/17459632995200-400x600.jpg HTTP/1.1" 200 31943 "https://klescorthub.net/?ekey=c09c92f06c08dcb32edbc194dfb0943f" "Mozilla/5.0 (Windows NT 10.0; Win64; x64) AppleWebKit/537.36 (KHTML, like Gecko) Chrome/140.0.0.0 Safari/537.36"
45.86.208.11 - - [07/Oct/2025:20:32:30 +0000] "GET /ibeptoxa/1745962284505/17459623043429-400x600.jpg HTTP/1.1" 200 35190 "https://klescorthub.net/?ekey=c09c92f06c08dcb32edbc194dfb0943f" "Mozilla/5.0 (Windows NT 10.0; Win64; x64) AppleWebKit/537.36 (KHTML, like Gecko) Chrome/140.0.0.0 Safari/537.36"
45.86.208.11 - - [07/Oct/2025:20:32:30 +0000] "GET /ibeptoxa/1745962003542/17459620256839-400x600.jpg HTTP/1.1" 200 39375 "https://klescorthub.net/?ekey=c09c92f06c08dcb32edbc194dfb0943f" "Mozilla/5.0 (Windows NT 10.0; Win64; x64) AppleWebKit/537.36 (KHTML, like Gecko) Chrome/140.0.0.0 Safari/537.36"
45.86.208.11 - - [07/Oct/2025:20:32:30 +0000] "GET /ibeptoxa/174689923569/17468992497100-400x600.jpg HTTP/1.1" 200 47770 "https://klescorthub.net/?ekey=c09c92f06c08dcb32edbc194dfb0943f" "Mozilla/5.0 (Windows NT 10.0; Win64; x64) AppleWebKit/537.36 (KHTML, like Gecko) Chrome/140.0.0.0 Safari/537.36"
45.86.208.11 - - [07/Oct/2025:20:32:30 +0000] "GET /ibeptoxa/1706783643798/17067836607619-400x600.jpg HTTP/1.1" 200 44072 "https://klescorthub.net/?ekey=c09c92f06c08dcb32edbc194dfb0943f" "Mozilla/5.0 (Windows NT 10.0; Win64; x64) AppleWebKit/537.36 (KHTML, like Gecko) Chrome/140.0.0.0 Safari/537.36"
45.86.208.11 - - [07/Oct/2025:20:32:31 +0000] "GET /ibeptoxa/1702572725668/17025727397192-400x600.jpg HTTP/1.1" 200 48553 "https://klescorthub.net/?ekey=c09c92f06c08dcb32edbc194dfb0943f" "Mozilla/5.0 (Windows NT 10.0; Win64; x64) AppleWebKit/537.36 (KHTML, like Gecko) Chrome/140.0.0.0 Safari/537.36"
45.86.208.11 - - [07/Oct/2025:20:32:31 +0000] "GET /ibeptoxa/1702572591995/17025726091009-400x600.jpg HTTP/1.1" 200 37814 "https://klescorthub.net/?ekey=c09c92f06c08dcb32edbc194dfb0943f" "Mozilla/5.0 (Windows NT 10.0; Win64; x64) AppleWebKit/537.36 (KHTML, like Gecko) Chrome/140.0.0.0 Safari/537.36"
45.86.208.11 - - [07/Oct/2025:20:32:31 +0000] "GET /ibeptoxa/1706783232238/17067832711077-400x600.jpg HTTP/1.1" 200 40053 "https://klescorthub.net/?ekey=c09c92f06c08dcb32edbc194dfb0943f" "Mozilla/5.0 (Windows NT 10.0; Win64; x64) AppleWebKit/537.36 (KHTML, like Gecko) Chrome/140.0.0.0 Safari/537.36"
45.86.208.11 - - [07/Oct/2025:20:32:31 +0000] "GET /ibeptoxa/1702572328253/17025723506772-400x600.jpg HTTP/1.1" 200 41123 "https://klescorthub.net/?ekey=c09c92f06c08dcb32edbc194dfb0943f" "Mozilla/5.0 (Windows NT 10.0; Win64; x64) AppleWebKit/537.36 (KHTML, like Gecko) Chrome/140.0.0.0 Safari/537.36"
45.86.208.11 - - [07/Oct/2025:20:32:31 +0000] "GET /ibeptoxa/1706783543293/17067835817177-400x600.jpg HTTP/1.1" 200 45345 "https://klescorthub.net/?ekey=c09c92f06c08dcb32edbc194dfb0943f" "Mozilla/5.0 (Windows NT 10.0; Win64; x64) AppleWebKit/537.36 (KHTML, like Gecko) Chrome/140.0.0.0 Safari/537.36"
203.161.56.247 - - [07/Oct/2025:20:32:32 +0000] "POST /wp-cron.php?doing_wp_cron=1759869152.9605979919433593750000 HTTP/1.1" 200 - "-" "WordPress/6.8.3; https://klescorthub.net"
45.86.208.11 - - [07/Oct/2025:20:32:32 +0000] "GET /upload-logo/ HTTP/1.1" 200 18829 "https://klescorthub.net/?ekey=c09c92f06c08dcb32edbc194dfb0943f" "Mozilla/5.0 (Windows NT 10.0; Win64; x64) AppleWebKit/537.36 (KHTML, like Gecko) Chrome/140.0.0.0 Safari/537.36"
45.86.208.11 - - [07/Oct/2025:20:33:23 +0000] "GET /jufisas/i/cancel.png HTTP/1.1" 200 2960 "https://klescorthub.net/startala/cache/min/1/wp-content/themes/escortwp/style.css?ver=1759729543" "Mozilla/5.0 (Windows NT 10.0; Win64; x64) AppleWebKit/537.36 (KHTML, like Gecko) Chrome/140.0.0.0 Safari/537.36"
203.161.56.247 - - [07/Oct/2025:20:33:24 +0000] "POST /wp-cron.php?doing_wp_cron=1759869204.7748439311981201171875 HTTP/1.1" 200 - "-" "WordPress/6.8.3; https://klescorthub.net"
203.161.56.247 - - [07/Oct/2025:20:33:25 +0000] "POST /wp-admin/admin-post.php HTTP/1.1" 302 - "-" "WordPress/6.8.3; https://klescorthub.net"
203.161.56.247 - - [07/Oct/2025:20:33:25 +0000] "GET /agency/athena-ramos/ HTTP/1.1" 200 39143 "-" "WP Rocket/Preload"
45.86.208.11 - - [07/Oct/2025:20:33:23 +0000] "POST /jufisas/register-agency-upload-logo-process.php HTTP/1.1" 200 22 "https://klescorthub.net/upload-logo/" "Mozilla/5.0 (Windows NT 10.0; Win64; x64) AppleWebKit/537.36 (KHTML, like Gecko) Chrome/140.0.0.0 Safari/537.36"
203.161.56.247 - - [07/Oct/2025:20:33:28 +0000] "GET /agency/athena-ramos/ HTTP/1.1" 200 39103 "-" "WP Rocket/Preload Mozilla/5.0 (iPhone; CPU iPhone OS 9_1 like Mac OS X) AppleWebKit/601.1.46 (KHTML, like Gecko) Version/9.0 Mobile/13B143 Safari/601.1"
45.86.208.11 - - [07/Oct/2025:20:33:29 +0000] "GET /upload-logo/ HTTP/1.1" 200 18848 "https://klescorthub.net/upload-logo/" "Mozilla/5.0 (Windows NT 10.0; Win64; x64) AppleWebKit/537.36 (KHTML, like Gecko) Chrome/140.0.0.0 Safari/537.36"
203.161.56.247 - - [07/Oct/2025:20:33:29 +0000] "GET /all-escorts/all-kl-escort-girls/ HTTP/1.1" 301 - "-" "WP Rocket/Preload"
203.161.56.247 - - [07/Oct/2025:20:33:31 +0000] "GET /all-escorts/all-kl-escort-girls/ HTTP/1.1" 301 - "-" "WP Rocket/Preload Mozilla/5.0 (iPhone; CPU iPhone OS 9_1 like Mac OS X) AppleWebKit/601.1.46 (KHTML, like Gecko) Version/9.0 Mobile/13B143 Safari/601.1"
203.161.56.247 - - [07/Oct/2025:20:33:32 +0000] "GET /agency/page/ HTTP/1.1" 404 12653 "-" "WP Rocket/Preload"
203.161.56.247 - - [07/Oct/2025:20:33:34 +0000] "GET /agency/page/ HTTP/1.1" 404 12657 "-" "WP Rocket/Preload Mozilla/5.0 (iPhone; CPU iPhone OS 9_1 like Mac OS X) AppleWebKit/601.1.46 (KHTML, like Gecko) Version/9.0 Mobile/13B143 Safari/601.1"
203.161.56.247 - - [07/Oct/2025:20:33:35 +0000] "GET /author/emilyevans/ HTTP/1.1" 200 25384 "-" "WP Rocket/Preload"
203.161.56.247 - - [07/Oct/2025:20:33:36 +0000] "GET /author/emilyevans/ HTTP/1.1" 200 25394 "-" "WP Rocket/Preload Mozilla/5.0 (iPhone; CPU iPhone OS 9_1 like Mac OS X) AppleWebKit/601.1.46 (KHTML, like Gecko) Version/9.0 Mobile/13B143 Safari/601.1"
203.161.56.247 - - [07/Oct/2025:20:33:38 +0000] "GET /agency/ HTTP/1.1" 200 39448 "-" "WP Rocket/Preload"
203.161.56.247 - - [07/Oct/2025:20:33:39 +0000] "GET /agency/ HTTP/1.1" 200 39460 "-" "WP Rocket/Preload Mozilla/5.0 (iPhone; CPU iPhone OS 9_1 like Mac OS X) AppleWebKit/601.1.46 (KHTML, like Gecko) Version/9.0 Mobile/13B143 Safari/601.1"
203.161.56.247 - - [07/Oct/2025:20:33:45 +0000] "POST /wp-cron.php?doing_wp_cron=1759869225.8634970188140869140625 HTTP/1.1" 200 - "-" "WordPress/6.8.3; https://klescorthub.net"
45.86.208.11 - - [07/Oct/2025:20:33:44 +0000] "GET /agency/emily-evans/ HTTP/1.1" 200 22157 "https://klescorthub.net/upload-logo/" "Mozilla/5.0 (Windows NT 10.0; Win64; x64) AppleWebKit/537.36 (KHTML, like Gecko) Chrome/140.0.0.0 Safari/537.36"
45.86.208.11 - - [07/Oct/2025:20:33:46 +0000] "GET /ibeptoxa/1759869135627/1759869204245-400x500.jpg HTTP/1.1" 200 38227 "https://klescorthub.net/agency/emily-evans/" "Mozilla/5.0 (Windows NT 10.0; Win64; x64) AppleWebKit/537.36 (KHTML, like Gecko) Chrome/140.0.0.0 Safari/537.36"
203.161.56.247 - - [07/Oct/2025:20:34:22 +0000] "POST /wp-cron.php?doing_wp_cron=1759869262.6084120273590087890625 HTTP/1.1" 200 - "-" "WordPress/6.8.3; https://klescorthub.net"
46.30.212.200 - - [07/Oct/2025:20:34:21 +0000] "GET /author/emilyevans/?nowprocket=1&no_optimize=1&wpr_imagedimensions=1 HTTP/1.1" 200 16061 "-" "WP-Rocket/SaaS Mozilla/5.0 (Linux; Android 13; Pixel 5) AppleWebKit/537.36 (KHTML, like Gecko) Chrome/106.0.0.0 Mobile Safari/537.36"
46.30.212.200 - - [07/Oct/2025:20:34:23 +0000] "GET /jufisas/dadipon.css HTTP/1.1" 200 15557 "https://klescorthub.net/author/emilyevans/?nowprocket=1&no_optimize=1&wpr_imagedimensions=1" "WP-Rocket/SaaS Mozilla/5.0 (Linux; Android 13; Pixel 5) AppleWebKit/537.36 (KHTML, like Gecko) Chrome/106.0.0.0 Mobile Safari/537.36"
46.30.212.200 - - [07/Oct/2025:20:34:23 +0000] "GET /jufisas/css/icon-font/style.css HTTP/1.1" 200 9216 "https://klescorthub.net/author/emilyevans/?nowprocket=1&no_optimize=1&wpr_imagedimensions=1" "WP-Rocket/SaaS Mozilla/5.0 (Linux; Android 13; Pixel 5) AppleWebKit/537.36 (KHTML, like Gecko) Chrome/106.0.0.0 Mobile Safari/537.36"
46.30.212.200 - - [07/Oct/2025:20:34:23 +0000] "GET /jufisas/css/responsive.css HTTP/1.1" 200 2139 "https://klescorthub.net/author/emilyevans/?nowprocket=1&no_optimize=1&wpr_imagedimensions=1" "WP-Rocket/SaaS Mozilla/5.0 (Linux; Android 13; Pixel 5) AppleWebKit/537.36 (KHTML, like Gecko) Chrome/106.0.0.0 Mobile Safari/537.36"
46.30.212.200 - - [07/Oct/2025:20:34:23 +0000] "GET /jufisas/css/select2.min.css HTTP/1.1" 200 1998 "https://klescorthub.net/author/emilyevans/?nowprocket=1&no_optimize=1&wpr_imagedimensions=1" "WP-Rocket/SaaS Mozilla/5.0 (Linux; Android 13; Pixel 5) AppleWebKit/537.36 (KHTML, like Gecko) Chrome/106.0.0.0 Mobile Safari/537.36"
46.30.212.200 - - [07/Oct/2025:20:34:23 +0000] "GET /jufisas/js/select2.min.js HTTP/1.1" 200 19907 "https://klescorthub.net/author/emilyevans/?nowprocket=1&no_optimize=1&wpr_imagedimensions=1" "WP-Rocket/SaaS Mozilla/5.0 (Linux; Android 13; Pixel 5) AppleWebKit/537.36 (KHTML, like Gecko) Chrome/106.0.0.0 Mobile Safari/537.36"
46.30.212.200 - - [07/Oct/2025:20:34:23 +0000] "GET /jadoaksy/js/jquery/jquery.min.js HTTP/1.1" 200 30368 "https://klescorthub.net/author/emilyevans/?nowprocket=1&no_optimize=1&wpr_imagedimensions=1" "WP-Rocket/SaaS Mozilla/5.0 (Linux; Android 13; Pixel 5) AppleWebKit/537.36 (KHTML, like Gecko) Chrome/106.0.0.0 Mobile Safari/537.36"
46.30.212.200 - - [07/Oct/2025:20:34:23 +0000] "GET /jadoaksy/js/jquery/jquery-migrate.min.js HTTP/1.1" 200 4872 "https://klescorthub.net/author/emilyevans/?nowprocket=1&no_optimize=1&wpr_imagedimensions=1" "WP-Rocket/SaaS Mozilla/5.0 (Linux; Android 13; Pixel 5) AppleWebKit/537.36 (KHTML, like Gecko) Chrome/106.0.0.0 Mobile Safari/537.36"
46.30.212.200 - - [07/Oct/2025:20:34:23 +0000] "GET /jufisas/js/dolceescort.js HTTP/1.1" 200 3471 "https://klescorthub.net/author/emilyevans/?nowprocket=1&no_optimize=1&wpr_imagedimensions=1" "WP-Rocket/SaaS Mozilla/5.0 (Linux; Android 13; Pixel 5) AppleWebKit/537.36 (KHTML, like Gecko) Chrome/106.0.0.0 Mobile Safari/537.36"
46.30.212.200 - - [07/Oct/2025:20:34:23 +0000] "GET /jufisas/js/js.cookie.js HTTP/1.1" 200 1556 "https://klescorthub.net/author/emilyevans/?nowprocket=1&no_optimize=1&wpr_imagedimensions=1" "WP-Rocket/SaaS Mozilla/5.0 (Linux; Android 13; Pixel 5) AppleWebKit/537.36 (KHTML, like Gecko) Chrome/106.0.0.0 Mobile Safari/537.36"
46.30.212.200 - - [07/Oct/2025:20:34:23 +0000] "GET /jufisas/js/jquery.uploadifive.min.js HTTP/1.1" 200 4096 "https://klescorthub.net/author/emilyevans/?nowprocket=1&no_optimize=1&wpr_imagedimensions=1" "WP-Rocket/SaaS Mozilla/5.0 (Linux; Android 13; Pixel 5) AppleWebKit/537.36 (KHTML, like Gecko) Chrome/106.0.0.0 Mobile Safari/537.36"
46.30.212.200 - - [07/Oct/2025:20:34:23 +0000] "GET /jufisas/js/jquery.mobile.custom.min.js HTTP/1.1" 200 2862 "https://klescorthub.net/author/emilyevans/?nowprocket=1&no_optimize=1&wpr_imagedimensions=1" "WP-Rocket/SaaS Mozilla/5.0 (Linux; Android 13; Pixel 5) AppleWebKit/537.36 (KHTML, like Gecko) Chrome/106.0.0.0 Mobile Safari/537.36"
46.30.212.200 - - [07/Oct/2025:20:34:23 +0000] "GET /jufisas/js/checkator.jquery.js HTTP/1.1" 200 1572 "https://klescorthub.net/author/emilyevans/?nowprocket=1&no_optimize=1&wpr_imagedimensions=1" "WP-Rocket/SaaS Mozilla/5.0 (Linux; Android 13; Pixel 5) AppleWebKit/537.36 (KHTML, like Gecko) Chrome/106.0.0.0 Mobile Safari/537.36"
46.30.212.200 - - [07/Oct/2025:20:34:23 +0000] "GET /ifovigum/wp-smushit/app/assets/js/smush-lazy-load.min.js HTTP/1.1" 200 7887 "https://klescorthub.net/author/emilyevans/?nowprocket=1&no_optimize=1&wpr_imagedimensions=1" "WP-Rocket/SaaS Mozilla/5.0 (Linux; Android 13; Pixel 5) AppleWebKit/537.36 (KHTML, like Gecko) Chrome/106.0.0.0 Mobile Safari/537.36"
46.30.212.200 - - [07/Oct/2025:20:34:24 +0000] "GET /ifovigum/wp-rocket/assets/js/wpr-beacon.min.js HTTP/1.1" 200 8097 "https://klescorthub.net/author/emilyevans/?nowprocket=1&no_optimize=1&wpr_imagedimensions=1" "WP-Rocket/SaaS Mozilla/5.0 (Linux; Android 13; Pixel 5) AppleWebKit/537.36 (KHTML, like Gecko) Chrome/106.0.0.0 Mobile Safari/537.36"
203.161.56.247 - - [07/Oct/2025:20:34:23 +0000] "GET /all-escorts/all-kl-escort-girls/ HTTP/1.1" 301 - "-" "WP Rocket/Preload"
46.30.212.200 - - [07/Oct/2025:20:34:24 +0000] "POST /wp-admin/admin-ajax.php HTTP/1.1" 200 1016 "https://klescorthub.net/author/emilyevans/?nowprocket=1&no_optimize=1&wpr_imagedimensions=1" "WP-Rocket/SaaS Mozilla/5.0 (Linux; Android 13; Pixel 5) AppleWebKit/537.36 (KHTML, like Gecko) Chrome/106.0.0.0 Mobile Safari/537.36"
203.161.56.247 - - [07/Oct/2025:20:34:25 +0000] "GET /all-escorts/all-kl-escort-girls/ HTTP/1.1" 301 - "-" "WP Rocket/Preload Mozilla/5.0 (iPhone; CPU iPhone OS 9_1 like Mac OS X) AppleWebKit/601.1.46 (KHTML, like Gecko) Version/9.0 Mobile/13B143 Safari/601.1"
203.161.56.247 - - [07/Oct/2025:20:34:26 +0000] "GET /girls/kuala-lumpur/selangor-escorts/ HTTP/1.1" 200 38502 "-" "WP Rocket/Preload"
77.75.72.26 - - [07/Oct/2025:20:34:27 +0000] "GET /agency-sitemap.xml HTTP/1.1" 200 1966 "-" "Mozilla/5.0 (compatible; SeznamBot/4.0; +https://o-seznam.cz/napoveda/vyhledavani/en/seznambot-crawler/)"
203.161.56.247 - - [07/Oct/2025:20:34:28 +0000] "GET /girls/kuala-lumpur/selangor-escorts/ HTTP/1.1" 200 38530 "-" "WP Rocket/Preload Mozilla/5.0 (iPhone; CPU iPhone OS 9_1 like Mac OS X) AppleWebKit/601.1.46 (KHTML, like Gecko) Version/9.0 Mobile/13B143 Safari/601.1"
45.86.208.11 - - [07/Oct/2025:20:34:29 +0000] "GET /agency-registration/ HTTP/1.1" 200 37117 "-" "Mozilla/5.0 (Windows NT 10.0; Win64; x64) AppleWebKit/537.36 (KHTML, like Gecko) Chrome/140.0.0.0 Safari/537.36"
46.30.212.79 - - [07/Oct/2025:20:34:28 +0000] "GET /author/emilyevans/?nowprocket=1&no_optimize=1&wpr_imagedimensions=1 HTTP/1.1" 200 16055 "-" "WP-Rocket/SaaS Mozilla/5.0 (X11; Linux x86_64) AppleWebKit/537.36 (KHTML, like Gecko) Chrome/106.0.0.0 Safari/537.36"
45.86.208.11 - - [07/Oct/2025:20:34:30 +0000] "GET /ifovigum/wp-smushit/app/assets/js/smush-lazy-load.min.js HTTP/1.1" 200 7887 "https://klescorthub.net/agency-registration/" "Mozilla/5.0 (Windows NT 10.0; Win64; x64) AppleWebKit/537.36 (KHTML, like Gecko) Chrome/140.0.0.0 Safari/537.36"
45.86.208.11 - - [07/Oct/2025:20:34:30 +0000] "GET /ibeptoxa/1715870706191.png HTTP/1.1" 200 7181 "https://klescorthub.net/agency-registration/" "Mozilla/5.0 (Windows NT 10.0; Win64; x64) AppleWebKit/537.36 (KHTML, like Gecko) Chrome/140.0.0.0 Safari/537.36"
46.30.212.79 - - [07/Oct/2025:20:34:30 +0000] "GET /jufisas/dadipon.css HTTP/1.1" 200 15557 "https://klescorthub.net/author/emilyevans/?nowprocket=1&no_optimize=1&wpr_imagedimensions=1" "WP-Rocket/SaaS Mozilla/5.0 (X11; Linux x86_64) AppleWebKit/537.36 (KHTML, like Gecko) Chrome/106.0.0.0 Safari/537.36"
45.86.208.11 - - [07/Oct/2025:20:34:30 +0000] "GET /jadoaksy/js/jquery/jquery.min.js HTTP/1.1" 200 30368 "https://klescorthub.net/agency-registration/" "Mozilla/5.0 (Windows NT 10.0; Win64; x64) AppleWebKit/537.36 (KHTML, like Gecko) Chrome/140.0.0.0 Safari/537.36"
45.86.208.11 - - [07/Oct/2025:20:34:30 +0000] "GET /jadoaksy/js/jquery/jquery-migrate.min.js HTTP/1.1" 200 4872 "https://klescorthub.net/agency-registration/" "Mozilla/5.0 (Windows NT 10.0; Win64; x64) AppleWebKit/537.36 (KHTML, like Gecko) Chrome/140.0.0.0 Safari/537.36"
46.30.212.79 - - [07/Oct/2025:20:34:30 +0000] "GET /jufisas/css/icon-font/style.css HTTP/1.1" 200 9216 "https://klescorthub.net/author/emilyevans/?nowprocket=1&no_optimize=1&wpr_imagedimensions=1" "WP-Rocket/SaaS Mozilla/5.0 (X11; Linux x86_64) AppleWebKit/537.36 (KHTML, like Gecko) Chrome/106.0.0.0 Safari/537.36"
46.30.212.79 - - [07/Oct/2025:20:34:30 +0000] "GET /jufisas/css/responsive.css HTTP/1.1" 200 2139 "https://klescorthub.net/author/emilyevans/?nowprocket=1&no_optimize=1&wpr_imagedimensions=1" "WP-Rocket/SaaS Mozilla/5.0 (X11; Linux x86_64) AppleWebKit/537.36 (KHTML, like Gecko) Chrome/106.0.0.0 Safari/537.36"
46.30.212.79 - - [07/Oct/2025:20:34:30 +0000] "GET /jufisas/css/select2.min.css HTTP/1.1" 200 1998 "https://klescorthub.net/author/emilyevans/?nowprocket=1&no_optimize=1&wpr_imagedimensions=1" "WP-Rocket/SaaS Mozilla/5.0 (X11; Linux x86_64) AppleWebKit/537.36 (KHTML, like Gecko) Chrome/106.0.0.0 Safari/537.36"
46.30.212.79 - - [07/Oct/2025:20:34:30 +0000] "GET /jadoaksy/js/jquery/jquery-migrate.min.js HTTP/1.1" 200 4872 "https://klescorthub.net/author/emilyevans/?nowprocket=1&no_optimize=1&wpr_imagedimensions=1" "WP-Rocket/SaaS Mozilla/5.0 (X11; Linux x86_64) AppleWebKit/537.36 (KHTML, like Gecko) Chrome/106.0.0.0 Safari/537.36"
46.30.212.79 - - [07/Oct/2025:20:34:30 +0000] "GET /jufisas/js/select2.min.js HTTP/1.1" 200 19907 "https://klescorthub.net/author/emilyevans/?nowprocket=1&no_optimize=1&wpr_imagedimensions=1" "WP-Rocket/SaaS Mozilla/5.0 (X11; Linux x86_64) AppleWebKit/537.36 (KHTML, like Gecko) Chrome/106.0.0.0 Safari/537.36"
46.30.212.79 - - [07/Oct/2025:20:34:30 +0000] "GET /jadoaksy/js/jquery/jquery.min.js HTTP/1.1" 200 30368 "https://klescorthub.net/author/emilyevans/?nowprocket=1&no_optimize=1&wpr_imagedimensions=1" "WP-Rocket/SaaS Mozilla/5.0 (X11; Linux x86_64) AppleWebKit/537.36 (KHTML, like Gecko) Chrome/106.0.0.0 Safari/537.36"
46.30.212.79 - - [07/Oct/2025:20:34:30 +0000] "GET /jufisas/js/dolceescort.js HTTP/1.1" 200 3471 "https://klescorthub.net/author/emilyevans/?nowprocket=1&no_optimize=1&wpr_imagedimensions=1" "WP-Rocket/SaaS Mozilla/5.0 (X11; Linux x86_64) AppleWebKit/537.36 (KHTML, like Gecko) Chrome/106.0.0.0 Safari/537.36"
46.30.212.79 - - [07/Oct/2025:20:34:30 +0000] "GET /jufisas/js/js.cookie.js HTTP/1.1" 200 1556 "https://klescorthub.net/author/emilyevans/?nowprocket=1&no_optimize=1&wpr_imagedimensions=1" "WP-Rocket/SaaS Mozilla/5.0 (X11; Linux x86_64) AppleWebKit/537.36 (KHTML, like Gecko) Chrome/106.0.0.0 Safari/537.36"
46.30.212.79 - - [07/Oct/2025:20:34:30 +0000] "GET /jufisas/js/jquery.uploadifive.min.js HTTP/1.1" 200 4096 "https://klescorthub.net/author/emilyevans/?nowprocket=1&no_optimize=1&wpr_imagedimensions=1" "WP-Rocket/SaaS Mozilla/5.0 (X11; Linux x86_64) AppleWebKit/537.36 (KHTML, like Gecko) Chrome/106.0.0.0 Safari/537.36"
46.30.212.79 - - [07/Oct/2025:20:34:30 +0000] "GET /jufisas/js/jquery.mobile.custom.min.js HTTP/1.1" 200 2862 "https://klescorthub.net/author/emilyevans/?nowprocket=1&no_optimize=1&wpr_imagedimensions=1" "WP-Rocket/SaaS Mozilla/5.0 (X11; Linux x86_64) AppleWebKit/537.36 (KHTML, like Gecko) Chrome/106.0.0.0 Safari/537.36"
203.161.56.247 - - [07/Oct/2025:20:34:29 +0000] "GET /girls/kuala-lumpur/ HTTP/1.1" 200 40462 "-" "WP Rocket/Preload"
45.86.208.11 - - [07/Oct/2025:20:34:31 +0000] "GET /jufisas/js/select2.min.js HTTP/1.1" 200 19907 "https://klescorthub.net/agency-registration/" "Mozilla/5.0 (Windows NT 10.0; Win64; x64) AppleWebKit/537.36 (KHTML, like Gecko) Chrome/140.0.0.0 Safari/537.36"
46.30.212.79 - - [07/Oct/2025:20:34:31 +0000] "GET /jufisas/js/checkator.jquery.js HTTP/1.1" 200 1572 "https://klescorthub.net/author/emilyevans/?nowprocket=1&no_optimize=1&wpr_imagedimensions=1" "WP-Rocket/SaaS Mozilla/5.0 (X11; Linux x86_64) AppleWebKit/537.36 (KHTML, like Gecko) Chrome/106.0.0.0 Safari/537.36"
46.30.212.79 - - [07/Oct/2025:20:34:31 +0000] "GET /ifovigum/wp-smushit/app/assets/js/smush-lazy-load.min.js HTTP/1.1" 200 7887 "https://klescorthub.net/author/emilyevans/?nowprocket=1&no_optimize=1&wpr_imagedimensions=1" "WP-Rocket/SaaS Mozilla/5.0 (X11; Linux x86_64) AppleWebKit/537.36 (KHTML, like Gecko) Chrome/106.0.0.0 Safari/537.36"
