45.86.208.113 - - [07/Oct/2025:18:03:12 +0000] "GET /ibeptoxa/1715870706191.png HTTP/1.1" 200 7181 "https://klescorthub.net/agency-registration/" "Mozilla/5.0 (Windows NT 10.0; Win64; x64) AppleWebKit/537.36 (KHTML, like Gecko) Chrome/140.0.0.0 Safari/537.36"
45.86.208.113 - - [07/Oct/2025:18:03:12 +0000] "GET /ifovigum/wp-smushit/app/assets/js/smush-lazy-load.min.js HTTP/1.1" 200 7887 "https://klescorthub.net/agency-registration/" "Mozilla/5.0 (Windows NT 10.0; Win64; x64) AppleWebKit/537.36 (KHTML, like Gecko) Chrome/140.0.0.0 Safari/537.36"
45.86.208.113 - - [07/Oct/2025:18:03:13 +0000] "GET /jadoaksy/js/jquery/jquery-migrate.min.js HTTP/1.1" 200 4872 "https://klescorthub.net/agency-registration/" "Mozilla/5.0 (Windows NT 10.0; Win64; x64) AppleWebKit/537.36 (KHTML, like Gecko) Chrome/140.0.0.0 Safari/537.36"
45.86.208.113 - - [07/Oct/2025:18:03:13 +0000] "GET /jadoaksy/js/jquery/jquery.min.js HTTP/1.1" 200 30368 "https://klescorthub.net/agency-registration/" "Mozilla/5.0 (Windows NT 10.0; Win64; x64) AppleWebKit/537.36 (KHTML, like Gecko) Chrome/140.0.0.0 Safari/537.36"
45.86.208.113 - - [07/Oct/2025:18:03:13 +0000] "GET /jufisas/js/select2.min.js HTTP/1.1" 200 19907 "https://klescorthub.net/agency-registration/" "Mozilla/5.0 (Windows NT 10.0; Win64; x64) AppleWebKit/537.36 (KHTML, like Gecko) Chrome/140.0.0.0 Safari/537.36"
45.86.208.113 - - [07/Oct/2025:18:03:13 +0000] "GET /startala/cache/min/1/wp-content/themes/escortwp/js/dolceescort.js?ver=1758949368 HTTP/1.1" 200 2906 "https://klescorthub.net/agency-registration/" "Mozilla/5.0 (Windows NT 10.0; Win64; x64) AppleWebKit/537.36 (KHTML, like Gecko) Chrome/140.0.0.0 Safari/537.36"
45.86.208.113 - - [07/Oct/2025:18:03:13 +0000] "GET /startala/cache/min/1/wp-content/themes/escortwp/js/js.cookie.js?ver=1758949368 HTTP/1.1" 200 1156 "https://klescorthub.net/agency-registration/" "Mozilla/5.0 (Windows NT 10.0; Win64; x64) AppleWebKit/537.36 (KHTML, like Gecko) Chrome/140.0.0.0 Safari/537.36"
45.86.208.113 - - [07/Oct/2025:18:03:13 +0000] "GET /jufisas/js/jquery.uploadifive.min.js HTTP/1.1" 200 4096 "https://klescorthub.net/agency-registration/" "Mozilla/5.0 (Windows NT 10.0; Win64; x64) AppleWebKit/537.36 (KHTML, like Gecko) Chrome/140.0.0.0 Safari/537.36"
45.86.208.113 - - [07/Oct/2025:18:03:13 +0000] "GET /jufisas/js/jquery.mobile.custom.min.js HTTP/1.1" 200 2862 "https://klescorthub.net/agency-registration/" "Mozilla/5.0 (Windows NT 10.0; Win64; x64) AppleWebKit/537.36 (KHTML, like Gecko) Chrome/140.0.0.0 Safari/537.36"
45.86.208.113 - - [07/Oct/2025:18:03:14 +0000] "GET /ibeptoxa/2024/05/cropped-iconfinder_kl-escort-hub-32x32.png HTTP/1.1" 200 490 "https://klescorthub.net/agency-registration/" "Mozilla/5.0 (Windows NT 10.0; Win64; x64) AppleWebKit/537.36 (KHTML, like Gecko) Chrome/140.0.0.0 Safari/537.36"
45.86.208.113 - - [07/Oct/2025:18:03:14 +0000] "GET /startala/cache/min/1/wp-content/themes/escortwp/js/checkator.jquery.js?ver=1758949368 HTTP/1.1" 200 690 "https://klescorthub.net/agency-registration/" "Mozilla/5.0 (Windows NT 10.0; Win64; x64) AppleWebKit/537.36 (KHTML, like Gecko) Chrome/140.0.0.0 Safari/537.36"
203.161.56.247 - - [07/Oct/2025:18:03:15 +0000] "POST /wp-cron.php?doing_wp_cron=1759860195.6272940635681152343750 HTTP/1.1" 200 - "-" "WordPress/6.8.3; https://klescorthub.net"
45.86.208.113 - - [07/Oct/2025:18:03:14 +0000] "GET /jufisas/ajax/check-username.php?user=emeraldelle@tiffincrane.com HTTP/1.1" 200 73 "https://klescorthub.net/agency-registration/" "Mozilla/5.0 (Windows NT 10.0; Win64; x64) AppleWebKit/537.36 (KHTML, like Gecko) Chrome/140.0.0.0 Safari/537.36"
45.86.208.113 - - [07/Oct/2025:18:03:14 +0000] "GET /jufisas/ajax/get-cities.php?id=9&hide_empty=0&select2=yes HTTP/1.1" 200 510 "https://klescorthub.net/agency-registration/" "Mozilla/5.0 (Windows NT 10.0; Win64; x64) AppleWebKit/537.36 (KHTML, like Gecko) Chrome/140.0.0.0 Safari/537.36"
45.86.208.113 - - [07/Oct/2025:18:03:15 +0000] "GET /jufisas/ajax/check-username.php?user=emeraldelle@tiffincrane.com HTTP/1.1" 200 73 "https://klescorthub.net/agency-registration/" "Mozilla/5.0 (Windows NT 10.0; Win64; x64) AppleWebKit/537.36 (KHTML, like Gecko) Chrome/140.0.0.0 Safari/537.36"
203.161.56.247 - - [07/Oct/2025:18:03:16 +0000] "GET /author/wish564/ HTTP/1.1" 200 39951 "-" "WP Rocket/Preload"
45.86.208.113 - - [07/Oct/2025:18:03:18 +0000] "GET /jufisas/ajax/check-username.php?user=%20Ximena%20Webster HTTP/1.1" 200 73 "https://klescorthub.net/agency-registration/" "Mozilla/5.0 (Windows NT 10.0; Win64; x64) AppleWebKit/537.36 (KHTML, like Gecko) Chrome/140.0.0.0 Safari/537.36"
45.86.208.113 - - [07/Oct/2025:18:03:19 +0000] "GET /jufisas/ajax/check-username.php?user=%20Ximena%20Webster HTTP/1.1" 200 73 "https://klescorthub.net/agency-registration/" "Mozilla/5.0 (Windows NT 10.0; Win64; x64) AppleWebKit/537.36 (KHTML, like Gecko) Chrome/140.0.0.0 Safari/537.36"
203.161.56.247 - - [07/Oct/2025:18:03:19 +0000] "GET /author/wish564/ HTTP/1.1" 200 39961 "-" "WP Rocket/Preload Mozilla/5.0 (iPhone; CPU iPhone OS 9_1 like Mac OS X) AppleWebKit/601.1.46 (KHTML, like Gecko) Version/9.0 Mobile/13B143 Safari/601.1"
203.161.56.247 - - [07/Oct/2025:18:03:20 +0000] "GET /agency/seosmmit-3/ HTTP/1.1" 200 38447 "-" "WP Rocket/Preload"
203.161.56.247 - - [07/Oct/2025:18:03:22 +0000] "GET /agency/seosmmit-3/ HTTP/1.1" 200 38459 "-" "WP Rocket/Preload Mozilla/5.0 (iPhone; CPU iPhone OS 9_1 like Mac OS X) AppleWebKit/601.1.46 (KHTML, like Gecko) Version/9.0 Mobile/13B143 Safari/601.1"
203.161.56.247 - - [07/Oct/2025:18:03:23 +0000] "GET /author/wilmsith65/ HTTP/1.1" 200 38708 "-" "WP Rocket/Preload"
203.161.56.247 - - [07/Oct/2025:18:03:25 +0000] "GET /author/wilmsith65/ HTTP/1.1" 200 38781 "-" "WP Rocket/Preload Mozilla/5.0 (iPhone; CPU iPhone OS 9_1 like Mac OS X) AppleWebKit/601.1.46 (KHTML, like Gecko) Version/9.0 Mobile/13B143 Safari/601.1"
203.161.56.247 - - [07/Oct/2025:18:03:26 +0000] "GET /agency/adriana-berry/ HTTP/1.1" 200 37422 "-" "WP Rocket/Preload"
203.161.56.247 - - [07/Oct/2025:18:03:28 +0000] "GET /agency/adriana-berry/ HTTP/1.1" 200 37486 "-" "WP Rocket/Preload Mozilla/5.0 (iPhone; CPU iPhone OS 9_1 like Mac OS X) AppleWebKit/601.1.46 (KHTML, like Gecko) Version/9.0 Mobile/13B143 Safari/601.1"
203.161.56.247 - - [07/Oct/2025:18:03:29 +0000] "GET /author/ftx178/ HTTP/1.1" 200 39961 "-" "WP Rocket/Preload"
203.161.56.247 - - [07/Oct/2025:18:03:31 +0000] "GET /author/ftx178/ HTTP/1.1" 200 39973 "-" "WP Rocket/Preload Mozilla/5.0 (iPhone; CPU iPhone OS 9_1 like Mac OS X) AppleWebKit/601.1.46 (KHTML, like Gecko) Version/9.0 Mobile/13B143 Safari/601.1"
203.161.56.247 - - [07/Oct/2025:18:03:32 +0000] "GET /author/jiyamodel/ HTTP/1.1" 200 38696 "-" "WP Rocket/Preload"
203.161.56.247 - - [07/Oct/2025:18:03:34 +0000] "GET /author/jiyamodel/ HTTP/1.1" 200 38765 "-" "WP Rocket/Preload Mozilla/5.0 (iPhone; CPU iPhone OS 9_1 like Mac OS X) AppleWebKit/601.1.46 (KHTML, like Gecko) Version/9.0 Mobile/13B143 Safari/601.1"
203.161.56.247 - - [07/Oct/2025:18:03:35 +0000] "GET /agency/topusasmmshop-15/ HTTP/1.1" 200 38086 "-" "WP Rocket/Preload"
203.161.56.247 - - [07/Oct/2025:18:03:37 +0000] "GET /agency/topusasmmshop-15/ HTTP/1.1" 200 38101 "-" "WP Rocket/Preload Mozilla/5.0 (iPhone; CPU iPhone OS 9_1 like Mac OS X) AppleWebKit/601.1.46 (KHTML, like Gecko) Version/9.0 Mobile/13B143 Safari/601.1"
203.161.56.247 - - [07/Oct/2025:18:04:45 +0000] "GET /author/zoyakhan/ HTTP/1.1" 200 39990 "-" "WP Rocket/Preload"
14.128.63.11 - - [07/Oct/2025:18:04:45 +0000] "GET / HTTP/1.1" 200 194200 "http://klescorthub.net" "iaskspider/2.0(+http://iask.com/help/help_index.html\xa1\xb1)"
203.161.56.247 - - [07/Oct/2025:18:04:48 +0000] "GET /author/zoyakhan/ HTTP/1.1" 200 40008 "-" "WP Rocket/Preload Mozilla/5.0 (iPhone; CPU iPhone OS 9_1 like Mac OS X) AppleWebKit/601.1.46 (KHTML, like Gecko) Version/9.0 Mobile/13B143 Safari/601.1"
203.161.56.247 - - [07/Oct/2025:18:04:49 +0000] "GET /agency/jiya-model/ HTTP/1.1" 200 37559 "-" "WP Rocket/Preload"
203.161.56.247 - - [07/Oct/2025:18:04:51 +0000] "GET /agency/jiya-model/ HTTP/1.1" 200 37593 "-" "WP Rocket/Preload Mozilla/5.0 (iPhone; CPU iPhone OS 9_1 like Mac OS X) AppleWebKit/601.1.46 (KHTML, like Gecko) Version/9.0 Mobile/13B143 Safari/601.1"
203.161.56.247 - - [07/Oct/2025:18:04:52 +0000] "GET /agency/zoya-khan/ HTTP/1.1" 200 39035 "-" "WP Rocket/Preload"
203.161.56.247 - - [07/Oct/2025:18:04:54 +0000] "GET /agency/zoya-khan/ HTTP/1.1" 200 38661 "-" "WP Rocket/Preload Mozilla/5.0 (iPhone; CPU iPhone OS 9_1 like Mac OS X) AppleWebKit/601.1.46 (KHTML, like Gecko) Version/9.0 Mobile/13B143 Safari/601.1"
203.161.56.247 - - [07/Oct/2025:18:04:55 +0000] "GET /author/sattakingfast/ HTTP/1.1" 200 39692 "-" "WP Rocket/Preload"
203.161.56.247 - - [07/Oct/2025:18:04:57 +0000] "GET /author/sattakingfast/ HTTP/1.1" 200 39710 "-" "WP Rocket/Preload Mozilla/5.0 (iPhone; CPU iPhone OS 9_1 like Mac OS X) AppleWebKit/601.1.46 (KHTML, like Gecko) Version/9.0 Mobile/13B143 Safari/601.1"
203.161.56.247 - - [07/Oct/2025:18:04:58 +0000] "GET /author/ftx134/ HTTP/1.1" 200 39958 "-" "WP Rocket/Preload"
203.161.56.247 - - [07/Oct/2025:18:05:00 +0000] "GET /author/ftx134/ HTTP/1.1" 200 39970 "-" "WP Rocket/Preload Mozilla/5.0 (iPhone; CPU iPhone OS 9_1 like Mac OS X) AppleWebKit/601.1.46 (KHTML, like Gecko) Version/9.0 Mobile/13B143 Safari/601.1"
203.161.56.247 - - [07/Oct/2025:18:05:01 +0000] "GET /agency/topusasmmshop-16/ HTTP/1.1" 200 38057 "-" "WP Rocket/Preload"
203.161.56.247 - - [07/Oct/2025:18:05:03 +0000] "GET /agency/topusasmmshop-16/ HTTP/1.1" 200 38073 "-" "WP Rocket/Preload Mozilla/5.0 (iPhone; CPU iPhone OS 9_1 like Mac OS X) AppleWebKit/601.1.46 (KHTML, like Gecko) Version/9.0 Mobile/13B143 Safari/601.1"
203.161.56.247 - - [07/Oct/2025:18:05:04 +0000] "GET /2023/05/ HTTP/1.1" 200 39333 "-" "WP Rocket/Preload"
203.161.56.247 - - [07/Oct/2025:18:05:06 +0000] "GET /2023/05/ HTTP/1.1" 200 39347 "-" "WP Rocket/Preload Mozilla/5.0 (iPhone; CPU iPhone OS 9_1 like Mac OS X) AppleWebKit/601.1.46 (KHTML, like Gecko) Version/9.0 Mobile/13B143 Safari/601.1"
45.86.208.113 - - [07/Oct/2025:18:05:51 +0000] "GET /agency-registration/ HTTP/1.1" 200 37117 "https://klescorthub.net/agency-registration/" "Mozilla/5.0 (Windows NT 10.0; Win64; x64) AppleWebKit/537.36 (KHTML, like Gecko) Chrome/140.0.0.0 Safari/537.36"
203.161.56.247 - - [07/Oct/2025:18:06:16 +0000] "POST /wp-cron.php?doing_wp_cron=1759860376.3121159076690673828125 HTTP/1.1" 200 - "-" "WordPress/6.8.3; https://klescorthub.net"
45.86.208.113 - - [07/Oct/2025:18:06:15 +0000] "POST /agency-registration/ HTTP/1.1" 302 - "https://klescorthub.net/agency-registration/" "Mozilla/5.0 (Windows NT 10.0; Win64; x64) AppleWebKit/537.36 (KHTML, like Gecko) Chrome/140.0.0.0 Safari/537.36"
45.86.208.113 - - [07/Oct/2025:18:06:17 +0000] "GET /agency-registration/ HTTP/1.1" 200 16794 "https://klescorthub.net/agency-registration/" "Mozilla/5.0 (Windows NT 10.0; Win64; x64) AppleWebKit/537.36 (KHTML, like Gecko) Chrome/140.0.0.0 Safari/537.36"
203.161.56.247 - - [07/Oct/2025:18:06:17 +0000] "GET /2024/06/20/exploring-the-enigmatic-world-of-bukit-bintang-call-girls/ HTTP/1.1" 200 38670 "-" "WP Rocket/Preload"
45.86.208.113 - - [07/Oct/2025:18:06:18 +0000] "GET /startala/cache/min/1/wp-content/themes/escortwp/style.css?ver=1759729543 HTTP/1.1" 200 14641 "https://klescorthub.net/agency-registration/" "Mozilla/5.0 (Windows NT 10.0; Win64; x64) AppleWebKit/537.36 (KHTML, like Gecko) Chrome/140.0.0.0 Safari/537.36"
45.86.208.113 - - [07/Oct/2025:18:06:18 +0000] "GET /startala/cache/min/1/wp-content/themes/escortwp/css/icon-font/style.css?ver=1759729543 HTTP/1.1" 200 9115 "https://klescorthub.net/agency-registration/" "Mozilla/5.0 (Windows NT 10.0; Win64; x64) AppleWebKit/537.36 (KHTML, like Gecko) Chrome/140.0.0.0 Safari/537.36"
45.86.208.113 - - [07/Oct/2025:18:06:18 +0000] "GET /startala/cache/min/1/wp-content/themes/escortwp/css/responsive.css?ver=1759729543 HTTP/1.1" 200 1916 "https://klescorthub.net/agency-registration/" "Mozilla/5.0 (Windows NT 10.0; Win64; x64) AppleWebKit/537.36 (KHTML, like Gecko) Chrome/140.0.0.0 Safari/537.36"
45.86.208.113 - - [07/Oct/2025:18:06:18 +0000] "GET /jufisas/css/select2.min.css HTTP/1.1" 200 1998 "https://klescorthub.net/agency-registration/" "Mozilla/5.0 (Windows NT 10.0; Win64; x64) AppleWebKit/537.36 (KHTML, like Gecko) Chrome/140.0.0.0 Safari/537.36"
203.161.56.247 - - [07/Oct/2025:18:06:18 +0000] "GET /2024/06/20/exploring-the-enigmatic-world-of-bukit-bintang-call-girls/ HTTP/1.1" 200 38678 "-" "WP Rocket/Preload Mozilla/5.0 (iPhone; CPU iPhone OS 9_1 like Mac OS X) AppleWebKit/601.1.46 (KHTML, like Gecko) Version/9.0 Mobile/13B143 Safari/601.1"
203.161.56.247 - - [07/Oct/2025:18:06:20 +0000] "GET /2023/ HTTP/1.1" 200 39280 "-" "WP Rocket/Preload"
203.161.56.247 - - [07/Oct/2025:18:06:21 +0000] "GET /2023/ HTTP/1.1" 200 39291 "-" "WP Rocket/Preload Mozilla/5.0 (iPhone; CPU iPhone OS 9_1 like Mac OS X) AppleWebKit/601.1.46 (KHTML, like Gecko) Version/9.0 Mobile/13B143 Safari/601.1"
203.161.56.247 - - [07/Oct/2025:18:06:23 +0000] "GET /2024/06/ HTTP/1.1" 200 39335 "-" "WP Rocket/Preload"
203.161.56.247 - - [07/Oct/2025:18:06:24 +0000] "GET /2024/06/ HTTP/1.1" 200 39344 "-" "WP Rocket/Preload Mozilla/5.0 (iPhone; CPU iPhone OS 9_1 like Mac OS X) AppleWebKit/601.1.46 (KHTML, like Gecko) Version/9.0 Mobile/13B143 Safari/601.1"
45.86.208.113 - - [07/Oct/2025:18:06:26 +0000] "GET /jufisas/i/small-loader.gif HTTP/1.1" 200 1737 "https://klescorthub.net/startala/cache/min/1/wp-content/themes/escortwp/style.css?ver=1759729543" "Mozilla/5.0 (Windows NT 10.0; Win64; x64) AppleWebKit/537.36 (KHTML, like Gecko) Chrome/140.0.0.0 Safari/537.36"
203.161.56.247 - - [07/Oct/2025:18:06:26 +0000] "GET /agency/sattakingfast/ HTTP/1.1" 200 37888 "-" "WP Rocket/Preload"
45.86.208.113 - - [07/Oct/2025:18:06:26 +0000] "GET /jufisas/ajax/resend-validation-link.php?time=1759860378 HTTP/1.1" 200 113 "https://klescorthub.net/agency-registration/" "Mozilla/5.0 (Windows NT 10.0; Win64; x64) AppleWebKit/537.36 (KHTML, like Gecko) Chrome/140.0.0.0 Safari/537.36"
203.161.56.247 - - [07/Oct/2025:18:06:27 +0000] "GET /agency/sattakingfast/ HTTP/1.1" 200 37900 "-" "WP Rocket/Preload Mozilla/5.0 (iPhone; CPU iPhone OS 9_1 like Mac OS X) AppleWebKit/601.1.46 (KHTML, like Gecko) Version/9.0 Mobile/13B143 Safari/601.1"
203.161.56.247 - - [07/Oct/2025:18:06:29 +0000] "GET /author/tyla01/ HTTP/1.1" 200 39943 "-" "WP Rocket/Preload"
203.161.56.247 - - [07/Oct/2025:18:06:30 +0000] "GET /author/tyla01/ HTTP/1.1" 200 39959 "-" "WP Rocket/Preload Mozilla/5.0 (iPhone; CPU iPhone OS 9_1 like Mac OS X) AppleWebKit/601.1.46 (KHTML, like Gecko) Version/9.0 Mobile/13B143 Safari/601.1"
203.161.56.247 - - [07/Oct/2025:18:06:32 +0000] "GET /agency/tylar/ HTTP/1.1" 200 38637 "-" "WP Rocket/Preload"
203.161.56.247 - - [07/Oct/2025:18:06:33 +0000] "GET /agency/tylar/ HTTP/1.1" 200 38650 "-" "WP Rocket/Preload Mozilla/5.0 (iPhone; CPU iPhone OS 9_1 like Mac OS X) AppleWebKit/601.1.46 (KHTML, like Gecko) Version/9.0 Mobile/13B143 Safari/601.1"
203.161.56.247 - - [07/Oct/2025:18:06:35 +0000] "GET /author/ftx15/ HTTP/1.1" 200 39955 "-" "WP Rocket/Preload"
203.161.56.247 - - [07/Oct/2025:18:06:36 +0000] "GET /author/ftx15/ HTTP/1.1" 200 39969 "-" "WP Rocket/Preload Mozilla/5.0 (iPhone; CPU iPhone OS 9_1 like Mac OS X) AppleWebKit/601.1.46 (KHTML, like Gecko) Version/9.0 Mobile/13B143 Safari/601.1"
203.161.56.247 - - [07/Oct/2025:18:07:17 +0000] "POST /wp-cron.php?doing_wp_cron=1759860437.2184629440307617187500 HTTP/1.1" 200 - "-" "WordPress/6.8.3; https://klescorthub.net"
45.86.208.113 - - [07/Oct/2025:18:07:15 +0000] "GET /?ekey=f0f11008a3d445c6f7fead5882f97d1b HTTP/1.1" 200 16083 "-" "Mozilla/5.0 (Windows NT 10.0; Win64; x64) AppleWebKit/537.36 (KHTML, like Gecko) Chrome/140.0.0.0 Safari/537.36"
45.86.208.113 - - [07/Oct/2025:18:07:18 +0000] "GET /jufisas/dadipon.css HTTP/1.1" 200 15557 "https://klescorthub.net/?ekey=f0f11008a3d445c6f7fead5882f97d1b" "Mozilla/5.0 (Windows NT 10.0; Win64; x64) AppleWebKit/537.36 (KHTML, like Gecko) Chrome/140.0.0.0 Safari/537.36"
45.86.208.113 - - [07/Oct/2025:18:07:18 +0000] "GET /jufisas/css/icon-font/style.css HTTP/1.1" 200 9216 "https://klescorthub.net/?ekey=f0f11008a3d445c6f7fead5882f97d1b" "Mozilla/5.0 (Windows NT 10.0; Win64; x64) AppleWebKit/537.36 (KHTML, like Gecko) Chrome/140.0.0.0 Safari/537.36"
45.86.208.113 - - [07/Oct/2025:18:07:19 +0000] "GET /jufisas/css/responsive.css HTTP/1.1" 200 2139 "https://klescorthub.net/?ekey=f0f11008a3d445c6f7fead5882f97d1b" "Mozilla/5.0 (Windows NT 10.0; Win64; x64) AppleWebKit/537.36 (KHTML, like Gecko) Chrome/140.0.0.0 Safari/537.36"
45.86.208.113 - - [07/Oct/2025:18:07:19 +0000] "GET /jufisas/js/dolceescort.js HTTP/1.1" 200 3471 "https://klescorthub.net/?ekey=f0f11008a3d445c6f7fead5882f97d1b" "Mozilla/5.0 (Windows NT 10.0; Win64; x64) AppleWebKit/537.36 (KHTML, like Gecko) Chrome/140.0.0.0 Safari/537.36"
45.86.208.113 - - [07/Oct/2025:18:07:19 +0000] "GET /jufisas/js/js.cookie.js HTTP/1.1" 200 1556 "https://klescorthub.net/?ekey=f0f11008a3d445c6f7fead5882f97d1b" "Mozilla/5.0 (Windows NT 10.0; Win64; x64) AppleWebKit/537.36 (KHTML, like Gecko) Chrome/140.0.0.0 Safari/537.36"
203.161.56.247 - - [07/Oct/2025:18:07:18 +0000] "GET /2023/04/19/ HTTP/1.1" 200 39552 "-" "WP Rocket/Preload"
45.86.208.113 - - [07/Oct/2025:18:07:19 +0000] "GET /jufisas/js/checkator.jquery.js HTTP/1.1" 200 1572 "https://klescorthub.net/?ekey=f0f11008a3d445c6f7fead5882f97d1b" "Mozilla/5.0 (Windows NT 10.0; Win64; x64) AppleWebKit/537.36 (KHTML, like Gecko) Chrome/140.0.0.0 Safari/537.36"
45.86.208.113 - - [07/Oct/2025:18:07:20 +0000] "GET /ibeptoxa/1701673037890/17016730515791-400x600.jpg HTTP/1.1" 200 41006 "https://klescorthub.net/?ekey=f0f11008a3d445c6f7fead5882f97d1b" "Mozilla/5.0 (Windows NT 10.0; Win64; x64) AppleWebKit/537.36 (KHTML, like Gecko) Chrome/140.0.0.0 Safari/537.36"
45.86.208.113 - - [07/Oct/2025:18:07:20 +0000] "GET /ibeptoxa/1702572538365/17025725521698-400x600.jpg HTTP/1.1" 200 46792 "https://klescorthub.net/?ekey=f0f11008a3d445c6f7fead5882f97d1b" "Mozilla/5.0 (Windows NT 10.0; Win64; x64) AppleWebKit/537.36 (KHTML, like Gecko) Chrome/140.0.0.0 Safari/537.36"
45.86.208.113 - - [07/Oct/2025:18:07:20 +0000] "GET /ibeptoxa/1701672929497/17016729475960-400x600.jpg HTTP/1.1" 200 51902 "https://klescorthub.net/?ekey=f0f11008a3d445c6f7fead5882f97d1b" "Mozilla/5.0 (Windows NT 10.0; Win64; x64) AppleWebKit/537.36 (KHTML, like Gecko) Chrome/140.0.0.0 Safari/537.36"
45.86.208.113 - - [07/Oct/2025:18:07:20 +0000] "GET /ibeptoxa/1702572657109/17025726868281-400x600.jpg HTTP/1.1" 200 37343 "https://klescorthub.net/?ekey=f0f11008a3d445c6f7fead5882f97d1b" "Mozilla/5.0 (Windows NT 10.0; Win64; x64) AppleWebKit/537.36 (KHTML, like Gecko) Chrome/140.0.0.0 Safari/537.36"
45.86.208.113 - - [07/Oct/2025:18:07:20 +0000] "GET /ibeptoxa/1702572435665/17025724483886-400x600.jpg HTTP/1.1" 200 48717 "https://klescorthub.net/?ekey=f0f11008a3d445c6f7fead5882f97d1b" "Mozilla/5.0 (Windows NT 10.0; Win64; x64) AppleWebKit/537.36 (KHTML, like Gecko) Chrome/140.0.0.0 Safari/537.36"
45.86.208.113 - - [07/Oct/2025:18:07:20 +0000] "GET /ibeptoxa/1702572485869/17025725011111-400x600.jpg HTTP/1.1" 200 38580 "https://klescorthub.net/?ekey=f0f11008a3d445c6f7fead5882f97d1b" "Mozilla/5.0 (Windows NT 10.0; Win64; x64) AppleWebKit/537.36 (KHTML, like Gecko) Chrome/140.0.0.0 Safari/537.36"
203.161.56.247 - - [07/Oct/2025:18:07:19 +0000] "GET /2023/04/19/ HTTP/1.1" 200 39570 "-" "WP Rocket/Preload Mozilla/5.0 (iPhone; CPU iPhone OS 9_1 like Mac OS X) AppleWebKit/601.1.46 (KHTML, like Gecko) Version/9.0 Mobile/13B143 Safari/601.1"
45.86.208.113 - - [07/Oct/2025:18:07:20 +0000] "GET /ibeptoxa/1759305711552/17593057293004-400x600.jpg HTTP/1.1" 200 35631 "https://klescorthub.net/?ekey=f0f11008a3d445c6f7fead5882f97d1b" "Mozilla/5.0 (Windows NT 10.0; Win64; x64) AppleWebKit/537.36 (KHTML, like Gecko) Chrome/140.0.0.0 Safari/537.36"
45.86.208.113 - - [07/Oct/2025:18:07:20 +0000] "GET /ibeptoxa/1759302704900/17593027317922-400x600.jpg HTTP/1.1" 200 31954 "https://klescorthub.net/?ekey=f0f11008a3d445c6f7fead5882f97d1b" "Mozilla/5.0 (Windows NT 10.0; Win64; x64) AppleWebKit/537.36 (KHTML, like Gecko) Chrome/140.0.0.0 Safari/537.36"
45.86.208.113 - - [07/Oct/2025:18:07:21 +0000] "GET /ibeptoxa/1759302473446/17593025502671-400x600.jpg HTTP/1.1" 200 41242 "https://klescorthub.net/?ekey=f0f11008a3d445c6f7fead5882f97d1b" "Mozilla/5.0 (Windows NT 10.0; Win64; x64) AppleWebKit/537.36 (KHTML, like Gecko) Chrome/140.0.0.0 Safari/537.36"
45.86.208.113 - - [07/Oct/2025:18:07:21 +0000] "GET /ibeptoxa/1759296944562/17592969777029-400x600.jpg HTTP/1.1" 200 30552 "https://klescorthub.net/?ekey=f0f11008a3d445c6f7fead5882f97d1b" "Mozilla/5.0 (Windows NT 10.0; Win64; x64) AppleWebKit/537.36 (KHTML, like Gecko) Chrome/140.0.0.0 Safari/537.36"
45.86.208.113 - - [07/Oct/2025:18:07:21 +0000] "GET /ibeptoxa/1746899884338/17468999081148-400x600.jpg HTTP/1.1" 200 39394 "https://klescorthub.net/?ekey=f0f11008a3d445c6f7fead5882f97d1b" "Mozilla/5.0 (Windows NT 10.0; Win64; x64) AppleWebKit/537.36 (KHTML, like Gecko) Chrome/140.0.0.0 Safari/537.36"
45.86.208.113 - - [07/Oct/2025:18:07:21 +0000] "GET /ibeptoxa/1746899744902/17468997647980-400x600.jpg HTTP/1.1" 200 36606 "https://klescorthub.net/?ekey=f0f11008a3d445c6f7fead5882f97d1b" "Mozilla/5.0 (Windows NT 10.0; Win64; x64) AppleWebKit/537.36 (KHTML, like Gecko) Chrome/140.0.0.0 Safari/537.36"
45.86.208.113 - - [07/Oct/2025:18:07:21 +0000] "GET /ibeptoxa/1746899070629/17468990969850-400x600.jpg HTTP/1.1" 200 34094 "https://klescorthub.net/?ekey=f0f11008a3d445c6f7fead5882f97d1b" "Mozilla/5.0 (Windows NT 10.0; Win64; x64) AppleWebKit/537.36 (KHTML, like Gecko) Chrome/140.0.0.0 Safari/537.36"
45.86.208.113 - - [07/Oct/2025:18:07:21 +0000] "GET /ibeptoxa/1745963887292/17459639014688-400x600.jpg HTTP/1.1" 200 35945 "https://klescorthub.net/?ekey=f0f11008a3d445c6f7fead5882f97d1b" "Mozilla/5.0 (Windows NT 10.0; Win64; x64) AppleWebKit/537.36 (KHTML, like Gecko) Chrome/140.0.0.0 Safari/537.36"
45.86.208.113 - - [07/Oct/2025:18:07:21 +0000] "GET /ibeptoxa/1745963506769/17459637432770-400x600.jpg HTTP/1.1" 200 44106 "https://klescorthub.net/?ekey=f0f11008a3d445c6f7fead5882f97d1b" "Mozilla/5.0 (Windows NT 10.0; Win64; x64) AppleWebKit/537.36 (KHTML, like Gecko) Chrome/140.0.0.0 Safari/537.36"
45.86.208.113 - - [07/Oct/2025:18:07:21 +0000] "GET /ibeptoxa/1745962632739/17459632995200-400x600.jpg HTTP/1.1" 200 31943 "https://klescorthub.net/?ekey=f0f11008a3d445c6f7fead5882f97d1b" "Mozilla/5.0 (Windows NT 10.0; Win64; x64) AppleWebKit/537.36 (KHTML, like Gecko) Chrome/140.0.0.0 Safari/537.36"
45.86.208.113 - - [07/Oct/2025:18:07:21 +0000] "GET /ibeptoxa/1745962284505/17459623043429-400x600.jpg HTTP/1.1" 200 35190 "https://klescorthub.net/?ekey=f0f11008a3d445c6f7fead5882f97d1b" "Mozilla/5.0 (Windows NT 10.0; Win64; x64) AppleWebKit/537.36 (KHTML, like Gecko) Chrome/140.0.0.0 Safari/537.36"
45.86.208.113 - - [07/Oct/2025:18:07:21 +0000] "GET /ibeptoxa/1745962003542/17459620256839-400x600.jpg HTTP/1.1" 200 39375 "https://klescorthub.net/?ekey=f0f11008a3d445c6f7fead5882f97d1b" "Mozilla/5.0 (Windows NT 10.0; Win64; x64) AppleWebKit/537.36 (KHTML, like Gecko) Chrome/140.0.0.0 Safari/537.36"
203.161.56.247 - - [07/Oct/2025:18:07:21 +0000] "GET /agency/topusasmmshop-17/ HTTP/1.1" 200 38497 "-" "WP Rocket/Preload"
203.161.56.247 - - [07/Oct/2025:18:07:22 +0000] "GET /agency/topusasmmshop-17/ HTTP/1.1" 200 38512 "-" "WP Rocket/Preload Mozilla/5.0 (iPhone; CPU iPhone OS 9_1 like Mac OS X) AppleWebKit/601.1.46 (KHTML, like Gecko) Version/9.0 Mobile/13B143 Safari/601.1"
203.161.56.247 - - [07/Oct/2025:18:07:24 +0000] "GET /author/expediacare/ HTTP/1.1" 200 39766 "-" "WP Rocket/Preload"
203.161.56.247 - - [07/Oct/2025:18:07:25 +0000] "GET /author/expediacare/ HTTP/1.1" 200 39776 "-" "WP Rocket/Preload Mozilla/5.0 (iPhone; CPU iPhone OS 9_1 like Mac OS X) AppleWebKit/601.1.46 (KHTML, like Gecko) Version/9.0 Mobile/13B143 Safari/601.1"
203.161.56.247 - - [07/Oct/2025:18:07:27 +0000] "GET /agency/expedia-customer-service/ HTTP/1.1" 200 38066 "-" "WP Rocket/Preload"
45.86.208.113 - - [07/Oct/2025:18:07:29 +0000] "GET /ibeptoxa/1706783232238/17067832711077-400x600.jpg HTTP/1.1" 200 40053 "https://klescorthub.net/?ekey=f0f11008a3d445c6f7fead5882f97d1b" "Mozilla/5.0 (Windows NT 10.0; Win64; x64) AppleWebKit/537.36 (KHTML, like Gecko) Chrome/140.0.0.0 Safari/537.36"
45.86.208.113 - - [07/Oct/2025:18:07:29 +0000] "GET /ibeptoxa/1702572591995/17025726091009-400x600.jpg HTTP/1.1" 200 37814 "https://klescorthub.net/?ekey=f0f11008a3d445c6f7fead5882f97d1b" "Mozilla/5.0 (Windows NT 10.0; Win64; x64) AppleWebKit/537.36 (KHTML, like Gecko) Chrome/140.0.0.0 Safari/537.36"
45.86.208.113 - - [07/Oct/2025:18:07:29 +0000] "GET /ibeptoxa/174689923569/17468992497100-400x600.jpg HTTP/1.1" 200 47770 "https://klescorthub.net/?ekey=f0f11008a3d445c6f7fead5882f97d1b" "Mozilla/5.0 (Windows NT 10.0; Win64; x64) AppleWebKit/537.36 (KHTML, like Gecko) Chrome/140.0.0.0 Safari/537.36"
45.86.208.113 - - [07/Oct/2025:18:07:29 +0000] "GET /ibeptoxa/1706783643798/17067836607619-400x600.jpg HTTP/1.1" 200 44072 "https://klescorthub.net/?ekey=f0f11008a3d445c6f7fead5882f97d1b" "Mozilla/5.0 (Windows NT 10.0; Win64; x64) AppleWebKit/537.36 (KHTML, like Gecko) Chrome/140.0.0.0 Safari/537.36"
45.86.208.113 - - [07/Oct/2025:18:07:29 +0000] "GET /ibeptoxa/1706783543293/17067835817177-400x600.jpg HTTP/1.1" 200 45345 "https://klescorthub.net/?ekey=f0f11008a3d445c6f7fead5882f97d1b" "Mozilla/5.0 (Windows NT 10.0; Win64; x64) AppleWebKit/537.36 (KHTML, like Gecko) Chrome/140.0.0.0 Safari/537.36"
45.86.208.113 - - [07/Oct/2025:18:07:29 +0000] "GET /ibeptoxa/1702572725668/17025727397192-400x600.jpg HTTP/1.1" 200 48553 "https://klescorthub.net/?ekey=f0f11008a3d445c6f7fead5882f97d1b" "Mozilla/5.0 (Windows NT 10.0; Win64; x64) AppleWebKit/537.36 (KHTML, like Gecko) Chrome/140.0.0.0 Safari/537.36"
203.161.56.247 - - [07/Oct/2025:18:07:28 +0000] "GET /agency/expedia-customer-service/ HTTP/1.1" 200 38075 "-" "WP Rocket/Preload Mozilla/5.0 (iPhone; CPU iPhone OS 9_1 like Mac OS X) AppleWebKit/601.1.46 (KHTML, like Gecko) Version/9.0 Mobile/13B143 Safari/601.1"
45.86.208.113 - - [07/Oct/2025:18:07:29 +0000] "GET /ibeptoxa/1702572328253/17025723506772-400x600.jpg HTTP/1.1" 200 41123 "https://klescorthub.net/?ekey=f0f11008a3d445c6f7fead5882f97d1b" "Mozilla/5.0 (Windows NT 10.0; Win64; x64) AppleWebKit/537.36 (KHTML, like Gecko) Chrome/140.0.0.0 Safari/537.36"
203.161.56.247 - - [07/Oct/2025:18:07:30 +0000] "GET /kota-damansara/ HTTP/1.1" 200 34741 "-" "WP Rocket/Preload"
203.161.56.247 - - [07/Oct/2025:18:07:31 +0000] "GET /kota-damansara/ HTTP/1.1" 200 34794 "-" "WP Rocket/Preload Mozilla/5.0 (iPhone; CPU iPhone OS 9_1 like Mac OS X) AppleWebKit/601.1.46 (KHTML, like Gecko) Version/9.0 Mobile/13B143 Safari/601.1"
45.86.208.113 - - [07/Oct/2025:18:07:31 +0000] "GET /upload-logo/ HTTP/1.1" 200 18829 "https://klescorthub.net/?ekey=f0f11008a3d445c6f7fead5882f97d1b" "Mozilla/5.0 (Windows NT 10.0; Win64; x64) AppleWebKit/537.36 (KHTML, like Gecko) Chrome/140.0.0.0 Safari/537.36"
203.161.56.247 - - [07/Oct/2025:18:07:32 +0000] "GET /author/ftx154/ HTTP/1.1" 200 39959 "-" "WP Rocket/Preload"
203.161.56.247 - - [07/Oct/2025:18:07:34 +0000] "GET /author/ftx154/ HTTP/1.1" 200 39973 "-" "WP Rocket/Preload Mozilla/5.0 (iPhone; CPU iPhone OS 9_1 like Mac OS X) AppleWebKit/601.1.46 (KHTML, like Gecko) Version/9.0 Mobile/13B143 Safari/601.1"
207.46.13.229 - - [07/Oct/2025:18:07:34 +0000] "GET /robots.txt HTTP/1.1" 301 - "-" "Mozilla/5.0 AppleWebKit/537.36 (KHTML, like Gecko; compatible; bingbot/2.0; +http://www.bing.com/bingbot.htm) Chrome/116.0.1938.76 Safari/537.36"
207.46.13.229 - - [07/Oct/2025:18:07:36 +0000] "GET /robots.txt HTTP/1.1" 200 177 "-" "Mozilla/5.0 AppleWebKit/537.36 (KHTML, like Gecko; compatible; bingbot/2.0; +http://www.bing.com/bingbot.htm) Chrome/116.0.1938.76 Safari/537.36"
203.161.56.247 - - [07/Oct/2025:18:07:35 +0000] "GET /2024/06/20/ HTTP/1.1" 200 39374 "-" "WP Rocket/Preload"
203.161.56.247 - - [07/Oct/2025:18:07:37 +0000] "GET /2024/06/20/ HTTP/1.1" 200 39385 "-" "WP Rocket/Preload Mozilla/5.0 (iPhone; CPU iPhone OS 9_1 like Mac OS X) AppleWebKit/601.1.46 (KHTML, like Gecko) Version/9.0 Mobile/13B143 Safari/601.1"
203.161.56.247 - - [07/Oct/2025:18:07:38 +0000] "GET /ampang/ HTTP/1.1" 200 36047 "-" "WP Rocket/Preload"
203.161.56.247 - - [07/Oct/2025:18:07:40 +0000] "GET /ampang/ HTTP/1.1" 200 34784 "-" "WP Rocket/Preload Mozilla/5.0 (iPhone; CPU iPhone OS 9_1 like Mac OS X) AppleWebKit/601.1.46 (KHTML, like Gecko) Version/9.0 Mobile/13B143 Safari/601.1"
203.161.56.247 - - [07/Oct/2025:18:07:50 +0000] "POST /wp-cron.php?doing_wp_cron=1759860470.4506070613861083984375 HTTP/1.1" 200 - "-" "WordPress/6.8.3; https://klescorthub.net"
40.77.167.24 - - [07/Oct/2025:18:07:49 +0000] "GET /sitemap.xml.gz HTTP/1.1" 200 450 "-" "Mozilla/5.0 AppleWebKit/537.36 (KHTML, like Gecko; compatible; bingbot/2.0; +http://www.bing.com/bingbot.htm) Chrome/116.0.1938.76 Safari/537.36"
45.86.208.113 - - [07/Oct/2025:18:08:07 +0000] "GET /jufisas/i/cancel.png HTTP/1.1" 200 2960 "https://klescorthub.net/startala/cache/min/1/wp-content/themes/escortwp/style.css?ver=1759729543" "Mozilla/5.0 (Windows NT 10.0; Win64; x64) AppleWebKit/537.36 (KHTML, like Gecko) Chrome/140.0.0.0 Safari/537.36"
203.161.56.247 - - [07/Oct/2025:18:08:16 +0000] "POST /wp-cron.php?doing_wp_cron=1759860496.3656818866729736328125 HTTP/1.1" 200 - "-" "WordPress/6.8.3; https://klescorthub.net"
203.161.56.247 - - [07/Oct/2025:18:08:17 +0000] "GET /agency/topusasmmshop-18/ HTTP/1.1" 200 38062 "-" "WP Rocket/Preload"
203.161.56.247 - - [07/Oct/2025:18:08:17 +0000] "POST /wp-admin/admin-post.php HTTP/1.1" 302 - "-" "WordPress/6.8.3; https://klescorthub.net"
203.161.56.247 - - [07/Oct/2025:18:08:18 +0000] "GET /agency/topusasmmshop-18/ HTTP/1.1" 200 38073 "-" "WP Rocket/Preload Mozilla/5.0 (iPhone; CPU iPhone OS 9_1 like Mac OS X) AppleWebKit/601.1.46 (KHTML, like Gecko) Version/9.0 Mobile/13B143 Safari/601.1"
203.161.56.247 - - [07/Oct/2025:18:08:20 +0000] "GET /bangsar/ HTTP/1.1" 200 36053 "-" "WP Rocket/Preload"
203.161.56.247 - - [07/Oct/2025:18:08:21 +0000] "GET /bangsar/ HTTP/1.1" 200 34753 "-" "WP Rocket/Preload Mozilla/5.0 (iPhone; CPU iPhone OS 9_1 like Mac OS X) AppleWebKit/601.1.46 (KHTML, like Gecko) Version/9.0 Mobile/13B143 Safari/601.1"
45.86.208.113 - - [07/Oct/2025:18:08:07 +0000] "POST /jufisas/register-agency-upload-logo-process.php HTTP/1.1" 200 22 "https://klescorthub.net/upload-logo/" "Mozilla/5.0 (Windows NT 10.0; Win64; x64) AppleWebKit/537.36 (KHTML, like Gecko) Chrome/140.0.0.0 Safari/537.36"
45.86.208.113 - - [07/Oct/2025:18:08:23 +0000] "GET /upload-logo/ HTTP/1.1" 200 18849 "https://klescorthub.net/upload-logo/" "Mozilla/5.0 (Windows NT 10.0; Win64; x64) AppleWebKit/537.36 (KHTML, like Gecko) Chrome/140.0.0.0 Safari/537.36"
203.161.56.247 - - [07/Oct/2025:18:08:23 +0000] "GET /busty/ HTTP/1.1" 200 34697 "-" "WP Rocket/Preload"
203.161.56.247 - - [07/Oct/2025:18:08:24 +0000] "GET /busty/ HTTP/1.1" 200 34756 "-" "WP Rocket/Preload Mozilla/5.0 (iPhone; CPU iPhone OS 9_1 like Mac OS X) AppleWebKit/601.1.46 (KHTML, like Gecko) Version/9.0 Mobile/13B143 Safari/601.1"
203.161.56.247 - - [07/Oct/2025:18:08:26 +0000] "GET /all-escorts/all-kl-escort-girls/ HTTP/1.1" 301 - "-" "WP Rocket/Preload"
203.161.56.247 - - [07/Oct/2025:18:08:27 +0000] "GET /all-escorts/all-kl-escort-girls/ HTTP/1.1" 301 - "-" "WP Rocket/Preload Mozilla/5.0 (iPhone; CPU iPhone OS 9_1 like Mac OS X) AppleWebKit/601.1.46 (KHTML, like Gecko) Version/9.0 Mobile/13B143 Safari/601.1"
203.161.56.247 - - [07/Oct/2025:18:08:29 +0000] "GET /girls/kuala-lumpur/uep-subang-jaya-usj-escorts/ HTTP/1.1" 200 38547 "-" "WP Rocket/Preload"
203.161.56.247 - - [07/Oct/2025:18:08:30 +0000] "GET /girls/kuala-lumpur/uep-subang-jaya-usj-escorts/ HTTP/1.1" 200 38557 "-" "WP Rocket/Preload Mozilla/5.0 (iPhone; CPU iPhone OS 9_1 like Mac OS X) AppleWebKit/601.1.46 (KHTML, like Gecko) Version/9.0 Mobile/13B143 Safari/601.1"
203.161.56.247 - - [07/Oct/2025:18:08:32 +0000] "GET /agency/page/ HTTP/1.1" 404 12653 "-" "WP Rocket/Preload"
45.86.208.113 - - [07/Oct/2025:18:08:32 +0000] "GET /agency/ximena-webster/ HTTP/1.1" 200 22284 "https://klescorthub.net/upload-logo/" "Mozilla/5.0 (Windows NT 10.0; Win64; x64) AppleWebKit/537.36 (KHTML, like Gecko) Chrome/140.0.0.0 Safari/537.36"
45.86.208.113 - - [07/Oct/2025:18:08:34 +0000] "GET /ibeptoxa/175986037637/1759860496632-400x400.png HTTP/1.1" 200 36175 "https://klescorthub.net/agency/ximena-webster/" "Mozilla/5.0 (Windows NT 10.0; Win64; x64) AppleWebKit/537.36 (KHTML, like Gecko) Chrome/140.0.0.0 Safari/537.36"
203.161.56.247 - - [07/Oct/2025:18:08:33 +0000] "GET /agency/page/ HTTP/1.1" 404 12657 "-" "WP Rocket/Preload Mozilla/5.0 (iPhone; CPU iPhone OS 9_1 like Mac OS X) AppleWebKit/601.1.46 (KHTML, like Gecko) Version/9.0 Mobile/13B143 Safari/601.1"
203.161.56.247 - - [07/Oct/2025:18:08:34 +0000] "GET /author/dahliastewart/ HTTP/1.1" 200 25390 "-" "WP Rocket/Preload"
203.161.56.247 - - [07/Oct/2025:18:08:36 +0000] "GET /author/dahliastewart/ HTTP/1.1" 200 25399 "-" "WP Rocket/Preload Mozilla/5.0 (iPhone; CPU iPhone OS 9_1 like Mac OS X) AppleWebKit/601.1.46 (KHTML, like Gecko) Version/9.0 Mobile/13B143 Safari/601.1"
203.161.56.247 - - [07/Oct/2025:18:08:37 +0000] "GET /agency/dahlia-stewart/ HTTP/1.1" 200 26143 "-" "WP Rocket/Preload"
203.161.56.247 - - [07/Oct/2025:18:08:39 +0000] "GET /agency/dahlia-stewart/ HTTP/1.1" 200 26153 "-" "WP Rocket/Preload Mozilla/5.0 (iPhone; CPU iPhone OS 9_1 like Mac OS X) AppleWebKit/601.1.46 (KHTML, like Gecko) Version/9.0 Mobile/13B143 Safari/601.1"
203.161.56.247 - - [07/Oct/2025:18:08:54 +0000] "POST /wp-cron.php?doing_wp_cron=1759860533.9855310916900634765625 HTTP/1.1" 200 - "-" "WordPress/6.8.3; https://klescorthub.net"
216.73.216.116 - - [07/Oct/2025:18:08:53 +0000] "GET /video-sitemap.xml HTTP/1.1" 404 180 "-" "Mozilla/5.0 AppleWebKit/537.36 (KHTML, like Gecko; compatible; ClaudeBot/1.0; +claudebot@anthropic.com)"
203.161.56.247 - - [07/Oct/2025:18:09:04 +0000] "POST /wp-cron.php?doing_wp_cron=1759860544.3384759426116943359375 HTTP/1.1" 200 - "-" "WordPress/6.8.3; https://klescorthub.net"
216.73.216.116 - - [07/Oct/2025:18:09:02 +0000] "GET /sitemap.html HTTP/1.1" 200 1081 "-" "Mozilla/5.0 AppleWebKit/537.36 (KHTML, like Gecko; compatible; ClaudeBot/1.0; +claudebot@anthropic.com)"
203.161.56.247 - - [07/Oct/2025:18:09:05 +0000] "GET / HTTP/1.1" 200 39431 "-" "WP Rocket/Preload"
203.161.56.247 - - [07/Oct/2025:18:09:07 +0000] "GET / HTTP/1.1" 200 39430 "-" "WP Rocket/Preload Mozilla/5.0 (iPhone; CPU iPhone OS 9_1 like Mac OS X) AppleWebKit/601.1.46 (KHTML, like Gecko) Version/9.0 Mobile/13B143 Safari/601.1"
203.161.56.247 - - [07/Oct/2025:18:09:08 +0000] "GET /girls/kuala-lumpur/ HTTP/1.1" 200 40275 "-" "WP Rocket/Preload"
5.249.224.10 - - [07/Oct/2025:18:09:10 +0000] "GET /agency/dahlia-stewart/?nowprocket=1&no_optimize=1&wpr_imagedimensions=1 HTTP/1.1" 200 16595 "-" "WP-Rocket/SaaS Mozilla/5.0 (X11; Linux x86_64) AppleWebKit/537.36 (KHTML, like Gecko) Chrome/106.0.0.0 Safari/537.36"
203.161.56.247 - - [07/Oct/2025:18:09:10 +0000] "GET /girls/kuala-lumpur/ HTTP/1.1" 200 40284 "-" "WP Rocket/Preload Mozilla/5.0 (iPhone; CPU iPhone OS 9_1 like Mac OS X) AppleWebKit/601.1.46 (KHTML, like Gecko) Version/9.0 Mobile/13B143 Safari/601.1"
5.249.224.10 - - [07/Oct/2025:18:09:12 +0000] "GET /jufisas/dadipon.css HTTP/1.1" 200 15557 "https://klescorthub.net/agency/dahlia-stewart/?nowprocket=1&no_optimize=1&wpr_imagedimensions=1" "WP-Rocket/SaaS Mozilla/5.0 (X11; Linux x86_64) AppleWebKit/537.36 (KHTML, like Gecko) Chrome/106.0.0.0 Safari/537.36"
5.249.224.10 - - [07/Oct/2025:18:09:12 +0000] "GET /jufisas/css/icon-font/style.css HTTP/1.1" 200 9216 "https://klescorthub.net/agency/dahlia-stewart/?nowprocket=1&no_optimize=1&wpr_imagedimensions=1" "WP-Rocket/SaaS Mozilla/5.0 (X11; Linux x86_64) AppleWebKit/537.36 (KHTML, like Gecko) Chrome/106.0.0.0 Safari/537.36"
5.249.224.10 - - [07/Oct/2025:18:09:12 +0000] "GET /jufisas/css/responsive.css HTTP/1.1" 200 2139 "https://klescorthub.net/agency/dahlia-stewart/?nowprocket=1&no_optimize=1&wpr_imagedimensions=1" "WP-Rocket/SaaS Mozilla/5.0 (X11; Linux x86_64) AppleWebKit/537.36 (KHTML, like Gecko) Chrome/106.0.0.0 Safari/537.36"
5.249.224.10 - - [07/Oct/2025:18:09:12 +0000] "GET /jufisas/css/select2.min.css HTTP/1.1" 200 1998 "https://klescorthub.net/agency/dahlia-stewart/?nowprocket=1&no_optimize=1&wpr_imagedimensions=1" "WP-Rocket/SaaS Mozilla/5.0 (X11; Linux x86_64) AppleWebKit/537.36 (KHTML, like Gecko) Chrome/106.0.0.0 Safari/537.36"
5.249.224.10 - - [07/Oct/2025:18:09:12 +0000] "GET /jadoaksy/js/jquery/jquery-migrate.min.js HTTP/1.1" 200 4872 "https://klescorthub.net/agency/dahlia-stewart/?nowprocket=1&no_optimize=1&wpr_imagedimensions=1" "WP-Rocket/SaaS Mozilla/5.0 (X11; Linux x86_64) AppleWebKit/537.36 (KHTML, like Gecko) Chrome/106.0.0.0 Safari/537.36"
5.249.224.10 - - [07/Oct/2025:18:09:12 +0000] "GET /jufisas/js/select2.min.js HTTP/1.1" 200 19907 "https://klescorthub.net/agency/dahlia-stewart/?nowprocket=1&no_optimize=1&wpr_imagedimensions=1" "WP-Rocket/SaaS Mozilla/5.0 (X11; Linux x86_64) AppleWebKit/537.36 (KHTML, like Gecko) Chrome/106.0.0.0 Safari/537.36"
5.249.224.10 - - [07/Oct/2025:18:09:12 +0000] "GET /jadoaksy/js/jquery/jquery.min.js HTTP/1.1" 200 30368 "https://klescorthub.net/agency/dahlia-stewart/?nowprocket=1&no_optimize=1&wpr_imagedimensions=1" "WP-Rocket/SaaS Mozilla/5.0 (X11; Linux x86_64) AppleWebKit/537.36 (KHTML, like Gecko) Chrome/106.0.0.0 Safari/537.36"
5.249.224.10 - - [07/Oct/2025:18:09:12 +0000] "GET /jufisas/js/dolceescort.js HTTP/1.1" 200 3471 "https://klescorthub.net/agency/dahlia-stewart/?nowprocket=1&no_optimize=1&wpr_imagedimensions=1" "WP-Rocket/SaaS Mozilla/5.0 (X11; Linux x86_64) AppleWebKit/537.36 (KHTML, like Gecko) Chrome/106.0.0.0 Safari/537.36"
5.249.224.10 - - [07/Oct/2025:18:09:12 +0000] "GET /jufisas/js/js.cookie.js HTTP/1.1" 200 1556 "https://klescorthub.net/agency/dahlia-stewart/?nowprocket=1&no_optimize=1&wpr_imagedimensions=1" "WP-Rocket/SaaS Mozilla/5.0 (X11; Linux x86_64) AppleWebKit/537.36 (KHTML, like Gecko) Chrome/106.0.0.0 Safari/537.36"
5.249.224.10 - - [07/Oct/2025:18:09:12 +0000] "GET /jufisas/js/jquery.uploadifive.min.js HTTP/1.1" 200 4096 "https://klescorthub.net/agency/dahlia-stewart/?nowprocket=1&no_optimize=1&wpr_imagedimensions=1" "WP-Rocket/SaaS Mozilla/5.0 (X11; Linux x86_64) AppleWebKit/537.36 (KHTML, like Gecko) Chrome/106.0.0.0 Safari/537.36"
5.249.224.10 - - [07/Oct/2025:18:09:12 +0000] "GET /jufisas/js/jquery.mobile.custom.min.js HTTP/1.1" 200 2862 "https://klescorthub.net/agency/dahlia-stewart/?nowprocket=1&no_optimize=1&wpr_imagedimensions=1" "WP-Rocket/SaaS Mozilla/5.0 (X11; Linux x86_64) AppleWebKit/537.36 (KHTML, like Gecko) Chrome/106.0.0.0 Safari/537.36"
5.249.224.10 - - [07/Oct/2025:18:09:12 +0000] "GET /jufisas/js/checkator.jquery.js HTTP/1.1" 200 1572 "https://klescorthub.net/agency/dahlia-stewart/?nowprocket=1&no_optimize=1&wpr_imagedimensions=1" "WP-Rocket/SaaS Mozilla/5.0 (X11; Linux x86_64) AppleWebKit/537.36 (KHTML, like Gecko) Chrome/106.0.0.0 Safari/537.36"
5.249.224.10 - - [07/Oct/2025:18:09:12 +0000] "GET /ifovigum/wp-smushit/app/assets/js/smush-lazy-load.min.js HTTP/1.1" 200 7887 "https://klescorthub.net/agency/dahlia-stewart/?nowprocket=1&no_optimize=1&wpr_imagedimensions=1" "WP-Rocket/SaaS Mozilla/5.0 (X11; Linux x86_64) AppleWebKit/537.36 (KHTML, like Gecko) Chrome/106.0.0.0 Safari/537.36"
5.249.224.10 - - [07/Oct/2025:18:09:12 +0000] "GET /ifovigum/wp-rocket/assets/js/wpr-beacon.min.js HTTP/1.1" 200 8097 "https://klescorthub.net/agency/dahlia-stewart/?nowprocket=1&no_optimize=1&wpr_imagedimensions=1" "WP-Rocket/SaaS Mozilla/5.0 (X11; Linux x86_64) AppleWebKit/537.36 (KHTML, like Gecko) Chrome/106.0.0.0 Safari/537.36"
203.161.56.247 - - [07/Oct/2025:18:09:11 +0000] "GET /all-escorts/all-kl-escort-girls/ HTTP/1.1" 301 - "-" "WP Rocket/Preload"
203.161.56.247 - - [07/Oct/2025:18:09:13 +0000] "GET /all-escorts/all-kl-escort-girls/ HTTP/1.1" 301 - "-" "WP Rocket/Preload Mozilla/5.0 (iPhone; CPU iPhone OS 9_1 like Mac OS X) AppleWebKit/601.1.46 (KHTML, like Gecko) Version/9.0 Mobile/13B143 Safari/601.1"
5.249.224.10 - - [07/Oct/2025:18:09:13 +0000] "POST /wp-admin/admin-ajax.php HTTP/1.1" 200 495 "https://klescorthub.net/agency/dahlia-stewart/?nowprocket=1&no_optimize=1&wpr_imagedimensions=1" "WP-Rocket/SaaS Mozilla/5.0 (X11; Linux x86_64) AppleWebKit/537.36 (KHTML, like Gecko) Chrome/106.0.0.0 Safari/537.36"
203.161.56.247 - - [07/Oct/2025:18:09:14 +0000] "GET /agency/page/ HTTP/1.1" 404 12653 "-" "WP Rocket/Preload"
46.30.211.69 - - [07/Oct/2025:18:09:15 +0000] "GET /agency/dahlia-stewart/?nowprocket=1&no_optimize=1&wpr_imagedimensions=1 HTTP/1.1" 200 16601 "-" "WP-Rocket/SaaS Mozilla/5.0 (Linux; Android 13; Pixel 5) AppleWebKit/537.36 (KHTML, like Gecko) Chrome/106.0.0.0 Mobile Safari/537.36"
46.30.211.69 - - [07/Oct/2025:18:09:17 +0000] "GET /jufisas/dadipon.css HTTP/1.1" 200 15557 "https://klescorthub.net/agency/dahlia-stewart/?nowprocket=1&no_optimize=1&wpr_imagedimensions=1" "WP-Rocket/SaaS Mozilla/5.0 (Linux; Android 13; Pixel 5) AppleWebKit/537.36 (KHTML, like Gecko) Chrome/106.0.0.0 Mobile Safari/537.36"
203.161.56.247 - - [07/Oct/2025:18:09:16 +0000] "GET /agency/page/ HTTP/1.1" 404 12657 "-" "WP Rocket/Preload Mozilla/5.0 (iPhone; CPU iPhone OS 9_1 like Mac OS X) AppleWebKit/601.1.46 (KHTML, like Gecko) Version/9.0 Mobile/13B143 Safari/601.1"
46.30.211.69 - - [07/Oct/2025:18:09:17 +0000] "GET /jufisas/css/icon-font/style.css HTTP/1.1" 200 9216 "https://klescorthub.net/agency/dahlia-stewart/?nowprocket=1&no_optimize=1&wpr_imagedimensions=1" "WP-Rocket/SaaS Mozilla/5.0 (Linux; Android 13; Pixel 5) AppleWebKit/537.36 (KHTML, like Gecko) Chrome/106.0.0.0 Mobile Safari/537.36"
46.30.211.69 - - [07/Oct/2025:18:09:17 +0000] "GET /jufisas/css/select2.min.css HTTP/1.1" 200 1998 "https://klescorthub.net/agency/dahlia-stewart/?nowprocket=1&no_optimize=1&wpr_imagedimensions=1" "WP-Rocket/SaaS Mozilla/5.0 (Linux; Android 13; Pixel 5) AppleWebKit/537.36 (KHTML, like Gecko) Chrome/106.0.0.0 Mobile Safari/537.36"
46.30.211.69 - - [07/Oct/2025:18:09:17 +0000] "GET /jufisas/css/responsive.css HTTP/1.1" 200 2139 "https://klescorthub.net/agency/dahlia-stewart/?nowprocket=1&no_optimize=1&wpr_imagedimensions=1" "WP-Rocket/SaaS Mozilla/5.0 (Linux; Android 13; Pixel 5) AppleWebKit/537.36 (KHTML, like Gecko) Chrome/106.0.0.0 Mobile Safari/537.36"
46.30.211.69 - - [07/Oct/2025:18:09:17 +0000] "GET /jadoaksy/js/jquery/jquery-migrate.min.js HTTP/1.1" 200 4872 "https://klescorthub.net/agency/dahlia-stewart/?nowprocket=1&no_optimize=1&wpr_imagedimensions=1" "WP-Rocket/SaaS Mozilla/5.0 (Linux; Android 13; Pixel 5) AppleWebKit/537.36 (KHTML, like Gecko) Chrome/106.0.0.0 Mobile Safari/537.36"
46.30.211.69 - - [07/Oct/2025:18:09:17 +0000] "GET /jufisas/js/select2.min.js HTTP/1.1" 200 19907 "https://klescorthub.net/agency/dahlia-stewart/?nowprocket=1&no_optimize=1&wpr_imagedimensions=1" "WP-Rocket/SaaS Mozilla/5.0 (Linux; Android 13; Pixel 5) AppleWebKit/537.36 (KHTML, like Gecko) Chrome/106.0.0.0 Mobile Safari/537.36"
46.30.211.69 - - [07/Oct/2025:18:09:17 +0000] "GET /jadoaksy/js/jquery/jquery.min.js HTTP/1.1" 200 30368 "https://klescorthub.net/agency/dahlia-stewart/?nowprocket=1&no_optimize=1&wpr_imagedimensions=1" "WP-Rocket/SaaS Mozilla/5.0 (Linux; Android 13; Pixel 5) AppleWebKit/537.36 (KHTML, like Gecko) Chrome/106.0.0.0 Mobile Safari/537.36"
46.30.211.69 - - [07/Oct/2025:18:09:17 +0000] "GET /jufisas/js/dolceescort.js HTTP/1.1" 200 3471 "https://klescorthub.net/agency/dahlia-stewart/?nowprocket=1&no_optimize=1&wpr_imagedimensions=1" "WP-Rocket/SaaS Mozilla/5.0 (Linux; Android 13; Pixel 5) AppleWebKit/537.36 (KHTML, like Gecko) Chrome/106.0.0.0 Mobile Safari/537.36"
46.30.211.69 - - [07/Oct/2025:18:09:17 +0000] "GET /jufisas/js/js.cookie.js HTTP/1.1" 200 1556 "https://klescorthub.net/agency/dahlia-stewart/?nowprocket=1&no_optimize=1&wpr_imagedimensions=1" "WP-Rocket/SaaS Mozilla/5.0 (Linux; Android 13; Pixel 5) AppleWebKit/537.36 (KHTML, like Gecko) Chrome/106.0.0.0 Mobile Safari/537.36"
46.30.211.69 - - [07/Oct/2025:18:09:17 +0000] "GET /jufisas/js/jquery.uploadifive.min.js HTTP/1.1" 200 4096 "https://klescorthub.net/agency/dahlia-stewart/?nowprocket=1&no_optimize=1&wpr_imagedimensions=1" "WP-Rocket/SaaS Mozilla/5.0 (Linux; Android 13; Pixel 5) AppleWebKit/537.36 (KHTML, like Gecko) Chrome/106.0.0.0 Mobile Safari/537.36"
46.30.211.69 - - [07/Oct/2025:18:09:17 +0000] "GET /jufisas/js/jquery.mobile.custom.min.js HTTP/1.1" 200 2862 "https://klescorthub.net/agency/dahlia-stewart/?nowprocket=1&no_optimize=1&wpr_imagedimensions=1" "WP-Rocket/SaaS Mozilla/5.0 (Linux; Android 13; Pixel 5) AppleWebKit/537.36 (KHTML, like Gecko) Chrome/106.0.0.0 Mobile Safari/537.36"
46.30.211.69 - - [07/Oct/2025:18:09:17 +0000] "GET /jufisas/js/checkator.jquery.js HTTP/1.1" 200 1572 "https://klescorthub.net/agency/dahlia-stewart/?nowprocket=1&no_optimize=1&wpr_imagedimensions=1" "WP-Rocket/SaaS Mozilla/5.0 (Linux; Android 13; Pixel 5) AppleWebKit/537.36 (KHTML, like Gecko) Chrome/106.0.0.0 Mobile Safari/537.36"
46.30.211.69 - - [07/Oct/2025:18:09:17 +0000] "GET /ifovigum/wp-smushit/app/assets/js/smush-lazy-load.min.js HTTP/1.1" 200 7887 "https://klescorthub.net/agency/dahlia-stewart/?nowprocket=1&no_optimize=1&wpr_imagedimensions=1" "WP-Rocket/SaaS Mozilla/5.0 (Linux; Android 13; Pixel 5) AppleWebKit/537.36 (KHTML, like Gecko) Chrome/106.0.0.0 Mobile Safari/537.36"
46.30.211.69 - - [07/Oct/2025:18:09:17 +0000] "GET /ifovigum/wp-rocket/assets/js/wpr-beacon.min.js HTTP/1.1" 200 8097 "https://klescorthub.net/agency/dahlia-stewart/?nowprocket=1&no_optimize=1&wpr_imagedimensions=1" "WP-Rocket/SaaS Mozilla/5.0 (Linux; Android 13; Pixel 5) AppleWebKit/537.36 (KHTML, like Gecko) Chrome/106.0.0.0 Mobile Safari/537.36"
203.161.56.247 - - [07/Oct/2025:18:09:17 +0000] "GET /author/ximenawebster/ HTTP/1.1" 200 25392 "-" "WP Rocket/Preload"
46.30.211.69 - - [07/Oct/2025:18:09:18 +0000] "POST /wp-admin/admin-ajax.php HTTP/1.1" 200 375 "https://klescorthub.net/agency/dahlia-stewart/?nowprocket=1&no_optimize=1&wpr_imagedimensions=1" "WP-Rocket/SaaS Mozilla/5.0 (Linux; Android 13; Pixel 5) AppleWebKit/537.36 (KHTML, like Gecko) Chrome/106.0.0.0 Mobile Safari/537.36"
203.161.56.247 - - [07/Oct/2025:18:09:19 +0000] "GET /author/ximenawebster/ HTTP/1.1" 200 25397 "-" "WP Rocket/Preload Mozilla/5.0 (iPhone; CPU iPhone OS 9_1 like Mac OS X) AppleWebKit/601.1.46 (KHTML, like Gecko) Version/9.0 Mobile/13B143 Safari/601.1"
203.161.56.247 - - [07/Oct/2025:18:09:20 +0000] "GET /agency/ HTTP/1.1" 200 39449 "-" "WP Rocket/Preload"
203.161.56.247 - - [07/Oct/2025:18:09:22 +0000] "GET /agency/ HTTP/1.1" 200 39462 "-" "WP Rocket/Preload Mozilla/5.0 (iPhone; CPU iPhone OS 9_1 like Mac OS X) AppleWebKit/601.1.46 (KHTML, like Gecko) Version/9.0 Mobile/13B143 Safari/601.1"
203.161.56.247 - - [07/Oct/2025:18:09:23 +0000] "GET /all-escorts/all-kl-escort-girls/ HTTP/1.1" 301 - "-" "WP Rocket/Preload"
203.161.56.247 - - [07/Oct/2025:18:09:25 +0000] "GET /all-escorts/all-kl-escort-girls/ HTTP/1.1" 301 - "-" "WP Rocket/Preload Mozilla/5.0 (iPhone; CPU iPhone OS 9_1 like Mac OS X) AppleWebKit/601.1.46 (KHTML, like Gecko) Version/9.0 Mobile/13B143 Safari/601.1"
203.161.56.247 - - [07/Oct/2025:18:09:40 +0000] "POST /wp-cron.php?doing_wp_cron=1759860580.9325480461120605468750 HTTP/1.1" 200 - "-" "WordPress/6.8.3; https://klescorthub.net"
46.30.211.203 - - [07/Oct/2025:18:09:35 +0000] "GET /author/dahliastewart/?nowprocket=1&no_optimize=1&wpr_imagedimensions=1 HTTP/1.1" 200 16061 "-" "WP-Rocket/SaaS Mozilla/5.0 (X11; Linux x86_64) AppleWebKit/537.36 (KHTML, like Gecko) Chrome/106.0.0.0 Safari/537.36"
46.30.211.203 - - [07/Oct/2025:18:09:41 +0000] "GET /jufisas/dadipon.css HTTP/1.1" 200 15557 "https://klescorthub.net/author/dahliastewart/?nowprocket=1&no_optimize=1&wpr_imagedimensions=1" "WP-Rocket/SaaS Mozilla/5.0 (X11; Linux x86_64) AppleWebKit/537.36 (KHTML, like Gecko) Chrome/106.0.0.0 Safari/537.36"
46.30.211.203 - - [07/Oct/2025:18:09:41 +0000] "GET /jufisas/css/responsive.css HTTP/1.1" 200 2139 "https://klescorthub.net/author/dahliastewart/?nowprocket=1&no_optimize=1&wpr_imagedimensions=1" "WP-Rocket/SaaS Mozilla/5.0 (X11; Linux x86_64) AppleWebKit/537.36 (KHTML, like Gecko) Chrome/106.0.0.0 Safari/537.36"
46.30.211.203 - - [07/Oct/2025:18:09:41 +0000] "GET /jufisas/css/select2.min.css HTTP/1.1" 200 1998 "https://klescorthub.net/author/dahliastewart/?nowprocket=1&no_optimize=1&wpr_imagedimensions=1" "WP-Rocket/SaaS Mozilla/5.0 (X11; Linux x86_64) AppleWebKit/537.36 (KHTML, like Gecko) Chrome/106.0.0.0 Safari/537.36"
46.30.211.203 - - [07/Oct/2025:18:09:41 +0000] "GET /jufisas/css/icon-font/style.css HTTP/1.1" 200 9216 "https://klescorthub.net/author/dahliastewart/?nowprocket=1&no_optimize=1&wpr_imagedimensions=1" "WP-Rocket/SaaS Mozilla/5.0 (X11; Linux x86_64) AppleWebKit/537.36 (KHTML, like Gecko) Chrome/106.0.0.0 Safari/537.36"
46.30.211.203 - - [07/Oct/2025:18:09:41 +0000] "GET /jadoaksy/js/jquery/jquery.min.js HTTP/1.1" 200 30368 "https://klescorthub.net/author/dahliastewart/?nowprocket=1&no_optimize=1&wpr_imagedimensions=1" "WP-Rocket/SaaS Mozilla/5.0 (X11; Linux x86_64) AppleWebKit/537.36 (KHTML, like Gecko) Chrome/106.0.0.0 Safari/537.36"
46.30.211.203 - - [07/Oct/2025:18:09:41 +0000] "GET /jadoaksy/js/jquery/jquery-migrate.min.js HTTP/1.1" 200 4872 "https://klescorthub.net/author/dahliastewart/?nowprocket=1&no_optimize=1&wpr_imagedimensions=1" "WP-Rocket/SaaS Mozilla/5.0 (X11; Linux x86_64) AppleWebKit/537.36 (KHTML, like Gecko) Chrome/106.0.0.0 Safari/537.36"
