113.211.120.77 - - [07/Oct/2025:18:56:47 +0000] "GET /ibeptoxa/1715870706191.png HTTP/1.1" 200 7181 "https://klescorthub.net/anal/" "Mozilla/5.0 (Linux; Android 10; K) AppleWebKit/537.36 (KHTML, like Gecko) Chrome/140.0.0.0 Mobile Safari/537.36"
113.211.120.77 - - [07/Oct/2025:18:56:47 +0000] "GET /ibeptoxa/2024/05/cropped-iconfinder_kl-escort-hub-192x192.png HTTP/1.1" 200 2682 "https://klescorthub.net/anal/" "Mozilla/5.0 (Linux; Android 10; K) AppleWebKit/537.36 (KHTML, like Gecko) Chrome/140.0.0.0 Mobile Safari/537.36"
113.211.120.77 - - [07/Oct/2025:18:56:47 +0000] "GET /ibeptoxa/2024/05/cropped-iconfinder_kl-escort-hub-180x180.png HTTP/1.1" 200 2418 "https://klescorthub.net/anal/" "Mozilla/5.0 (Linux; Android 10; K) AppleWebKit/537.36 (KHTML, like Gecko) Chrome/140.0.0.0 Mobile Safari/537.36"
113.211.120.77 - - [07/Oct/2025:18:56:48 +0000] "GET /jadoaksy/js/jquery/jquery.min.js HTTP/1.1" 200 30368 "https://klescorthub.net/anal/" "Mozilla/5.0 (Linux; Android 10; K) AppleWebKit/537.36 (KHTML, like Gecko) Chrome/140.0.0.0 Mobile Safari/537.36"
113.211.120.77 - - [07/Oct/2025:18:56:48 +0000] "GET /jadoaksy/js/jquery/jquery-migrate.min.js HTTP/1.1" 200 4872 "https://klescorthub.net/anal/" "Mozilla/5.0 (Linux; Android 10; K) AppleWebKit/537.36 (KHTML, like Gecko) Chrome/140.0.0.0 Mobile Safari/537.36"
113.211.120.77 - - [07/Oct/2025:18:56:48 +0000] "GET /jufisas/js/select2.min.js HTTP/1.1" 200 19907 "https://klescorthub.net/anal/" "Mozilla/5.0 (Linux; Android 10; K) AppleWebKit/537.36 (KHTML, like Gecko) Chrome/140.0.0.0 Mobile Safari/537.36"
113.211.120.77 - - [07/Oct/2025:18:56:49 +0000] "GET /startala/cache/min/1/wp-content/themes/escortwp/js/dolceescort.js?ver=1758949368 HTTP/1.1" 200 2906 "https://klescorthub.net/anal/" "Mozilla/5.0 (Linux; Android 10; K) AppleWebKit/537.36 (KHTML, like Gecko) Chrome/140.0.0.0 Mobile Safari/537.36"
113.211.120.77 - - [07/Oct/2025:18:56:49 +0000] "GET /startala/cache/min/1/wp-content/themes/escortwp/js/js.cookie.js?ver=1758949368 HTTP/1.1" 200 1156 "https://klescorthub.net/anal/" "Mozilla/5.0 (Linux; Android 10; K) AppleWebKit/537.36 (KHTML, like Gecko) Chrome/140.0.0.0 Mobile Safari/537.36"
113.211.120.77 - - [07/Oct/2025:18:56:49 +0000] "GET /startala/cache/min/1/wp-content/themes/escortwp/js/checkator.jquery.js?ver=1758949368 HTTP/1.1" 200 690 "https://klescorthub.net/anal/" "Mozilla/5.0 (Linux; Android 10; K) AppleWebKit/537.36 (KHTML, like Gecko) Chrome/140.0.0.0 Mobile Safari/537.36"
113.211.120.77 - - [07/Oct/2025:18:56:49 +0000] "GET /jufisas/js/jquery.mobile.custom.min.js HTTP/1.1" 200 2862 "https://klescorthub.net/anal/" "Mozilla/5.0 (Linux; Android 10; K) AppleWebKit/537.36 (KHTML, like Gecko) Chrome/140.0.0.0 Mobile Safari/537.36"
113.211.120.77 - - [07/Oct/2025:18:56:49 +0000] "GET /jufisas/js/jquery.uploadifive.min.js HTTP/1.1" 200 4096 "https://klescorthub.net/anal/" "Mozilla/5.0 (Linux; Android 10; K) AppleWebKit/537.36 (KHTML, like Gecko) Chrome/140.0.0.0 Mobile Safari/537.36"
203.161.56.247 - - [07/Oct/2025:18:56:51 +0000] "POST /wp-cron.php?doing_wp_cron=1759863411.5791931152343750000000 HTTP/1.1" 200 - "-" "WordPress/6.8.3; https://klescorthub.net"
45.86.208.11 - - [07/Oct/2025:18:56:50 +0000] "GET /jufisas/ajax/check-username.php?user=Fiona%20Fowler HTTP/1.1" 200 73 "https://klescorthub.net/agency-registration/" "Mozilla/5.0 (Windows NT 10.0; Win64; x64) AppleWebKit/537.36 (KHTML, like Gecko) Chrome/140.0.0.0 Safari/537.36"
45.86.208.11 - - [07/Oct/2025:18:56:51 +0000] "GET /jufisas/ajax/check-username.php?user=Fiona%20Fowler HTTP/1.1" 200 73 "https://klescorthub.net/agency-registration/" "Mozilla/5.0 (Windows NT 10.0; Win64; x64) AppleWebKit/537.36 (KHTML, like Gecko) Chrome/140.0.0.0 Safari/537.36"
113.211.212.239 - - [07/Oct/2025:18:56:55 +0000] "GET /page/2/ HTTP/1.1" 200 15882 "https://klescorthub.net/" "Mozilla/5.0 (iPhone; CPU iPhone OS 18_6_2 like Mac OS X) AppleWebKit/605.1.15 (KHTML, like Gecko) Brave/1 Mobile/15E148 Safari/604.1"
113.211.212.239 - - [07/Oct/2025:18:56:56 +0000] "GET /jufisas/dadipon.css HTTP/1.1" 200 15557 "https://klescorthub.net/page/2/" "Mozilla/5.0 (iPhone; CPU iPhone OS 18_6_2 like Mac OS X) AppleWebKit/605.1.15 (KHTML, like Gecko) Brave/1 Mobile/15E148 Safari/604.1"
113.211.212.239 - - [07/Oct/2025:18:56:56 +0000] "GET /jufisas/js/js.cookie.js HTTP/1.1" 200 1556 "https://klescorthub.net/page/2/" "Mozilla/5.0 (iPhone; CPU iPhone OS 18_6_2 like Mac OS X) AppleWebKit/605.1.15 (KHTML, like Gecko) Brave/1 Mobile/15E148 Safari/604.1"
113.211.212.239 - - [07/Oct/2025:18:56:57 +0000] "GET /jufisas/js/checkator.jquery.js HTTP/1.1" 200 1572 "https://klescorthub.net/page/2/" "Mozilla/5.0 (iPhone; CPU iPhone OS 18_6_2 like Mac OS X) AppleWebKit/605.1.15 (KHTML, like Gecko) Brave/1 Mobile/15E148 Safari/604.1"
113.211.212.239 - - [07/Oct/2025:18:56:57 +0000] "GET /jufisas/css/responsive.css HTTP/1.1" 200 2139 "https://klescorthub.net/page/2/" "Mozilla/5.0 (iPhone; CPU iPhone OS 18_6_2 like Mac OS X) AppleWebKit/605.1.15 (KHTML, like Gecko) Brave/1 Mobile/15E148 Safari/604.1"
113.211.212.239 - - [07/Oct/2025:18:56:57 +0000] "GET /jufisas/js/dolceescort.js HTTP/1.1" 200 3471 "https://klescorthub.net/page/2/" "Mozilla/5.0 (iPhone; CPU iPhone OS 18_6_2 like Mac OS X) AppleWebKit/605.1.15 (KHTML, like Gecko) Brave/1 Mobile/15E148 Safari/604.1"
113.211.212.239 - - [07/Oct/2025:18:56:57 +0000] "GET /jufisas/css/select2.min.css HTTP/1.1" 200 1998 "https://klescorthub.net/page/2/" "Mozilla/5.0 (iPhone; CPU iPhone OS 18_6_2 like Mac OS X) AppleWebKit/605.1.15 (KHTML, like Gecko) Brave/1 Mobile/15E148 Safari/604.1"
113.211.212.239 - - [07/Oct/2025:18:57:00 +0000] "GET /jufisas/css/icon-font/style.css HTTP/1.1" 200 9216 "https://klescorthub.net/page/2/" "Mozilla/5.0 (iPhone; CPU iPhone OS 18_6_2 like Mac OS X) AppleWebKit/605.1.15 (KHTML, like Gecko) Brave/1 Mobile/15E148 Safari/604.1"
113.211.212.239 - - [07/Oct/2025:18:57:01 +0000] "GET /ibeptoxa/1700679104276/17006791165330-400x600.jpg HTTP/1.1" 200 39457 "https://klescorthub.net/page/2/" "Mozilla/5.0 (iPhone; CPU iPhone OS 18_6_2 like Mac OS X) AppleWebKit/605.1.15 (KHTML, like Gecko) Brave/1 Mobile/15E148 Safari/604.1"
113.211.212.239 - - [07/Oct/2025:18:57:01 +0000] "GET /ibeptoxa/170067897548/17006789885225-400x600.jpg HTTP/1.1" 200 36222 "https://klescorthub.net/page/2/" "Mozilla/5.0 (iPhone; CPU iPhone OS 18_6_2 like Mac OS X) AppleWebKit/605.1.15 (KHTML, like Gecko) Brave/1 Mobile/15E148 Safari/604.1"
113.211.212.239 - - [07/Oct/2025:18:57:01 +0000] "GET /ibeptoxa/1700678841719/17006788537955-400x600.jpg HTTP/1.1" 200 37968 "https://klescorthub.net/page/2/" "Mozilla/5.0 (iPhone; CPU iPhone OS 18_6_2 like Mac OS X) AppleWebKit/605.1.15 (KHTML, like Gecko) Brave/1 Mobile/15E148 Safari/604.1"
113.211.212.239 - - [07/Oct/2025:18:57:01 +0000] "GET /ibeptoxa/1700678667772/17006786815224-400x600.jpg HTTP/1.1" 200 50492 "https://klescorthub.net/page/2/" "Mozilla/5.0 (iPhone; CPU iPhone OS 18_6_2 like Mac OS X) AppleWebKit/605.1.15 (KHTML, like Gecko) Brave/1 Mobile/15E148 Safari/604.1"
113.211.212.239 - - [07/Oct/2025:18:57:01 +0000] "GET /ibeptoxa/1700678562186/17006785775051-400x600.jpg HTTP/1.1" 200 48184 "https://klescorthub.net/page/2/" "Mozilla/5.0 (iPhone; CPU iPhone OS 18_6_2 like Mac OS X) AppleWebKit/605.1.15 (KHTML, like Gecko) Brave/1 Mobile/15E148 Safari/604.1"
113.211.212.239 - - [07/Oct/2025:18:57:01 +0000] "GET /ibeptoxa/1700678615839/17006786334965-400x600.jpg HTTP/1.1" 200 47028 "https://klescorthub.net/page/2/" "Mozilla/5.0 (iPhone; CPU iPhone OS 18_6_2 like Mac OS X) AppleWebKit/605.1.15 (KHTML, like Gecko) Brave/1 Mobile/15E148 Safari/604.1"
203.161.56.247 - - [07/Oct/2025:18:57:13 +0000] "POST /wp-cron.php?doing_wp_cron=1759863433.9352869987487792968750 HTTP/1.1" 200 - "-" "WordPress/6.8.3; https://klescorthub.net"
172.203.190.142 - - [07/Oct/2025:18:57:12 +0000] "GET /robots.txt HTTP/1.1" 200 177 "-" "Mozilla/5.0 (Macintosh; Intel Mac OS X 10_15_7) AppleWebKit/537.36 (KHTML, like Gecko) Chrome/131.0.0.0 Safari/537.36; compatible; OAI-SearchBot/1.0; +https://openai.com/searchbot"
45.86.208.11 - - [07/Oct/2025:18:57:32 +0000] "POST /agency-registration/ HTTP/1.1" 302 - "https://klescorthub.net/agency-registration/" "Mozilla/5.0 (Windows NT 10.0; Win64; x64) AppleWebKit/537.36 (KHTML, like Gecko) Chrome/140.0.0.0 Safari/537.36"
45.86.208.11 - - [07/Oct/2025:18:57:34 +0000] "GET /agency-registration/ HTTP/1.1" 200 16793 "https://klescorthub.net/agency-registration/" "Mozilla/5.0 (Windows NT 10.0; Win64; x64) AppleWebKit/537.36 (KHTML, like Gecko) Chrome/140.0.0.0 Safari/537.36"
45.86.208.11 - - [07/Oct/2025:18:57:35 +0000] "GET /startala/cache/min/1/wp-content/themes/escortwp/style.css?ver=1759729543 HTTP/1.1" 200 14641 "https://klescorthub.net/agency-registration/" "Mozilla/5.0 (Windows NT 10.0; Win64; x64) AppleWebKit/537.36 (KHTML, like Gecko) Chrome/140.0.0.0 Safari/537.36"
45.86.208.11 - - [07/Oct/2025:18:57:35 +0000] "GET /startala/cache/min/1/wp-content/themes/escortwp/css/icon-font/style.css?ver=1759729543 HTTP/1.1" 200 9115 "https://klescorthub.net/agency-registration/" "Mozilla/5.0 (Windows NT 10.0; Win64; x64) AppleWebKit/537.36 (KHTML, like Gecko) Chrome/140.0.0.0 Safari/537.36"
45.86.208.11 - - [07/Oct/2025:18:57:36 +0000] "GET /startala/cache/min/1/wp-content/themes/escortwp/css/responsive.css?ver=1759729543 HTTP/1.1" 200 1916 "https://klescorthub.net/agency-registration/" "Mozilla/5.0 (Windows NT 10.0; Win64; x64) AppleWebKit/537.36 (KHTML, like Gecko) Chrome/140.0.0.0 Safari/537.36"
45.86.208.11 - - [07/Oct/2025:18:57:36 +0000] "GET /jufisas/css/select2.min.css HTTP/1.1" 200 1998 "https://klescorthub.net/agency-registration/" "Mozilla/5.0 (Windows NT 10.0; Win64; x64) AppleWebKit/537.36 (KHTML, like Gecko) Chrome/140.0.0.0 Safari/537.36"
203.161.56.247 - - [07/Oct/2025:18:57:46 +0000] "POST /wp-cron.php?doing_wp_cron=1759863466.7465429306030273437500 HTTP/1.1" 200 - "-" "WordPress/6.8.3; https://klescorthub.net"
45.86.208.11 - - [07/Oct/2025:18:57:43 +0000] "GET /?ekey=e2a7ceff63a9c94e2f1cf5b41b6ea03f HTTP/1.1" 200 16077 "-" "Mozilla/5.0 (Windows NT 10.0; Win64; x64) AppleWebKit/537.36 (KHTML, like Gecko) Chrome/140.0.0.0 Safari/537.36"
45.86.208.11 - - [07/Oct/2025:18:57:51 +0000] "GET /jufisas/css/icon-font/style.css HTTP/1.1" 200 9216 "https://klescorthub.net/?ekey=e2a7ceff63a9c94e2f1cf5b41b6ea03f" "Mozilla/5.0 (Windows NT 10.0; Win64; x64) AppleWebKit/537.36 (KHTML, like Gecko) Chrome/140.0.0.0 Safari/537.36"
45.86.208.11 - - [07/Oct/2025:18:57:51 +0000] "GET /jufisas/dadipon.css HTTP/1.1" 200 15557 "https://klescorthub.net/?ekey=e2a7ceff63a9c94e2f1cf5b41b6ea03f" "Mozilla/5.0 (Windows NT 10.0; Win64; x64) AppleWebKit/537.36 (KHTML, like Gecko) Chrome/140.0.0.0 Safari/537.36"
45.86.208.11 - - [07/Oct/2025:18:57:51 +0000] "GET /jufisas/css/responsive.css HTTP/1.1" 200 2139 "https://klescorthub.net/?ekey=e2a7ceff63a9c94e2f1cf5b41b6ea03f" "Mozilla/5.0 (Windows NT 10.0; Win64; x64) AppleWebKit/537.36 (KHTML, like Gecko) Chrome/140.0.0.0 Safari/537.36"
45.86.208.11 - - [07/Oct/2025:18:57:51 +0000] "GET /jufisas/js/dolceescort.js HTTP/1.1" 200 3471 "https://klescorthub.net/?ekey=e2a7ceff63a9c94e2f1cf5b41b6ea03f" "Mozilla/5.0 (Windows NT 10.0; Win64; x64) AppleWebKit/537.36 (KHTML, like Gecko) Chrome/140.0.0.0 Safari/537.36"
45.86.208.11 - - [07/Oct/2025:18:57:51 +0000] "GET /jufisas/js/js.cookie.js HTTP/1.1" 200 1556 "https://klescorthub.net/?ekey=e2a7ceff63a9c94e2f1cf5b41b6ea03f" "Mozilla/5.0 (Windows NT 10.0; Win64; x64) AppleWebKit/537.36 (KHTML, like Gecko) Chrome/140.0.0.0 Safari/537.36"
45.86.208.11 - - [07/Oct/2025:18:57:51 +0000] "GET /jufisas/js/checkator.jquery.js HTTP/1.1" 200 1572 "https://klescorthub.net/?ekey=e2a7ceff63a9c94e2f1cf5b41b6ea03f" "Mozilla/5.0 (Windows NT 10.0; Win64; x64) AppleWebKit/537.36 (KHTML, like Gecko) Chrome/140.0.0.0 Safari/537.36"
45.86.208.11 - - [07/Oct/2025:18:57:52 +0000] "GET /ibeptoxa/1702572538365/17025725521698-400x600.jpg HTTP/1.1" 200 46792 "https://klescorthub.net/?ekey=e2a7ceff63a9c94e2f1cf5b41b6ea03f" "Mozilla/5.0 (Windows NT 10.0; Win64; x64) AppleWebKit/537.36 (KHTML, like Gecko) Chrome/140.0.0.0 Safari/537.36"
45.86.208.11 - - [07/Oct/2025:18:57:52 +0000] "GET /ibeptoxa/1701673037890/17016730515791-400x600.jpg HTTP/1.1" 200 41006 "https://klescorthub.net/?ekey=e2a7ceff63a9c94e2f1cf5b41b6ea03f" "Mozilla/5.0 (Windows NT 10.0; Win64; x64) AppleWebKit/537.36 (KHTML, like Gecko) Chrome/140.0.0.0 Safari/537.36"
45.86.208.11 - - [07/Oct/2025:18:57:52 +0000] "GET /ibeptoxa/1701672929497/17016729475960-400x600.jpg HTTP/1.1" 200 51902 "https://klescorthub.net/?ekey=e2a7ceff63a9c94e2f1cf5b41b6ea03f" "Mozilla/5.0 (Windows NT 10.0; Win64; x64) AppleWebKit/537.36 (KHTML, like Gecko) Chrome/140.0.0.0 Safari/537.36"
45.86.208.11 - - [07/Oct/2025:18:57:52 +0000] "GET /ibeptoxa/1702572435665/17025724483886-400x600.jpg HTTP/1.1" 200 48717 "https://klescorthub.net/?ekey=e2a7ceff63a9c94e2f1cf5b41b6ea03f" "Mozilla/5.0 (Windows NT 10.0; Win64; x64) AppleWebKit/537.36 (KHTML, like Gecko) Chrome/140.0.0.0 Safari/537.36"
45.86.208.11 - - [07/Oct/2025:18:57:52 +0000] "GET /ibeptoxa/1702572657109/17025726868281-400x600.jpg HTTP/1.1" 200 37343 "https://klescorthub.net/?ekey=e2a7ceff63a9c94e2f1cf5b41b6ea03f" "Mozilla/5.0 (Windows NT 10.0; Win64; x64) AppleWebKit/537.36 (KHTML, like Gecko) Chrome/140.0.0.0 Safari/537.36"
45.86.208.11 - - [07/Oct/2025:18:57:52 +0000] "GET /ibeptoxa/1702572485869/17025725011111-400x600.jpg HTTP/1.1" 200 38580 "https://klescorthub.net/?ekey=e2a7ceff63a9c94e2f1cf5b41b6ea03f" "Mozilla/5.0 (Windows NT 10.0; Win64; x64) AppleWebKit/537.36 (KHTML, like Gecko) Chrome/140.0.0.0 Safari/537.36"
45.86.208.11 - - [07/Oct/2025:18:57:53 +0000] "GET /ibeptoxa/1759305711552/17593057293004-400x600.jpg HTTP/1.1" 200 35631 "https://klescorthub.net/?ekey=e2a7ceff63a9c94e2f1cf5b41b6ea03f" "Mozilla/5.0 (Windows NT 10.0; Win64; x64) AppleWebKit/537.36 (KHTML, like Gecko) Chrome/140.0.0.0 Safari/537.36"
45.86.208.11 - - [07/Oct/2025:18:57:53 +0000] "GET /ibeptoxa/1759302704900/17593027317922-400x600.jpg HTTP/1.1" 200 31954 "https://klescorthub.net/?ekey=e2a7ceff63a9c94e2f1cf5b41b6ea03f" "Mozilla/5.0 (Windows NT 10.0; Win64; x64) AppleWebKit/537.36 (KHTML, like Gecko) Chrome/140.0.0.0 Safari/537.36"
45.86.208.11 - - [07/Oct/2025:18:57:53 +0000] "GET /ibeptoxa/1759302473446/17593025502671-400x600.jpg HTTP/1.1" 200 41242 "https://klescorthub.net/?ekey=e2a7ceff63a9c94e2f1cf5b41b6ea03f" "Mozilla/5.0 (Windows NT 10.0; Win64; x64) AppleWebKit/537.36 (KHTML, like Gecko) Chrome/140.0.0.0 Safari/537.36"
45.86.208.11 - - [07/Oct/2025:18:57:53 +0000] "GET /ibeptoxa/1759296944562/17592969777029-400x600.jpg HTTP/1.1" 200 30552 "https://klescorthub.net/?ekey=e2a7ceff63a9c94e2f1cf5b41b6ea03f" "Mozilla/5.0 (Windows NT 10.0; Win64; x64) AppleWebKit/537.36 (KHTML, like Gecko) Chrome/140.0.0.0 Safari/537.36"
45.86.208.11 - - [07/Oct/2025:18:57:56 +0000] "GET /ibeptoxa/1746899744902/17468997647980-400x600.jpg HTTP/1.1" 200 36606 "https://klescorthub.net/?ekey=e2a7ceff63a9c94e2f1cf5b41b6ea03f" "Mozilla/5.0 (Windows NT 10.0; Win64; x64) AppleWebKit/537.36 (KHTML, like Gecko) Chrome/140.0.0.0 Safari/537.36"
45.86.208.11 - - [07/Oct/2025:18:57:56 +0000] "GET /ibeptoxa/1746899070629/17468990969850-400x600.jpg HTTP/1.1" 200 34094 "https://klescorthub.net/?ekey=e2a7ceff63a9c94e2f1cf5b41b6ea03f" "Mozilla/5.0 (Windows NT 10.0; Win64; x64) AppleWebKit/537.36 (KHTML, like Gecko) Chrome/140.0.0.0 Safari/537.36"
45.86.208.11 - - [07/Oct/2025:18:57:56 +0000] "GET /ibeptoxa/174689923569/17468992497100-400x600.jpg HTTP/1.1" 200 47770 "https://klescorthub.net/?ekey=e2a7ceff63a9c94e2f1cf5b41b6ea03f" "Mozilla/5.0 (Windows NT 10.0; Win64; x64) AppleWebKit/537.36 (KHTML, like Gecko) Chrome/140.0.0.0 Safari/537.36"
45.86.208.11 - - [07/Oct/2025:18:57:56 +0000] "GET /ibeptoxa/1745963887292/17459639014688-400x600.jpg HTTP/1.1" 200 35945 "https://klescorthub.net/?ekey=e2a7ceff63a9c94e2f1cf5b41b6ea03f" "Mozilla/5.0 (Windows NT 10.0; Win64; x64) AppleWebKit/537.36 (KHTML, like Gecko) Chrome/140.0.0.0 Safari/537.36"
45.86.208.11 - - [07/Oct/2025:18:57:56 +0000] "GET /ibeptoxa/1745963506769/17459637432770-400x600.jpg HTTP/1.1" 200 44106 "https://klescorthub.net/?ekey=e2a7ceff63a9c94e2f1cf5b41b6ea03f" "Mozilla/5.0 (Windows NT 10.0; Win64; x64) AppleWebKit/537.36 (KHTML, like Gecko) Chrome/140.0.0.0 Safari/537.36"
45.86.208.11 - - [07/Oct/2025:18:57:56 +0000] "GET /ibeptoxa/1745962632739/17459632995200-400x600.jpg HTTP/1.1" 200 31943 "https://klescorthub.net/?ekey=e2a7ceff63a9c94e2f1cf5b41b6ea03f" "Mozilla/5.0 (Windows NT 10.0; Win64; x64) AppleWebKit/537.36 (KHTML, like Gecko) Chrome/140.0.0.0 Safari/537.36"
45.86.208.11 - - [07/Oct/2025:18:57:57 +0000] "GET /ibeptoxa/1745962284505/17459623043429-400x600.jpg HTTP/1.1" 200 35190 "https://klescorthub.net/?ekey=e2a7ceff63a9c94e2f1cf5b41b6ea03f" "Mozilla/5.0 (Windows NT 10.0; Win64; x64) AppleWebKit/537.36 (KHTML, like Gecko) Chrome/140.0.0.0 Safari/537.36"
45.86.208.11 - - [07/Oct/2025:18:57:57 +0000] "GET /ibeptoxa/1745962003542/17459620256839-400x600.jpg HTTP/1.1" 200 39375 "https://klescorthub.net/?ekey=e2a7ceff63a9c94e2f1cf5b41b6ea03f" "Mozilla/5.0 (Windows NT 10.0; Win64; x64) AppleWebKit/537.36 (KHTML, like Gecko) Chrome/140.0.0.0 Safari/537.36"
45.86.208.11 - - [07/Oct/2025:18:57:57 +0000] "GET /ibeptoxa/1706783643798/17067836607619-400x600.jpg HTTP/1.1" 200 44072 "https://klescorthub.net/?ekey=e2a7ceff63a9c94e2f1cf5b41b6ea03f" "Mozilla/5.0 (Windows NT 10.0; Win64; x64) AppleWebKit/537.36 (KHTML, like Gecko) Chrome/140.0.0.0 Safari/537.36"
45.86.208.11 - - [07/Oct/2025:18:57:57 +0000] "GET /ibeptoxa/1706783543293/17067835817177-400x600.jpg HTTP/1.1" 200 45345 "https://klescorthub.net/?ekey=e2a7ceff63a9c94e2f1cf5b41b6ea03f" "Mozilla/5.0 (Windows NT 10.0; Win64; x64) AppleWebKit/537.36 (KHTML, like Gecko) Chrome/140.0.0.0 Safari/537.36"
45.86.208.11 - - [07/Oct/2025:18:57:59 +0000] "GET /ibeptoxa/1746899884338/17468999081148-400x600.jpg HTTP/1.1" 200 39394 "https://klescorthub.net/?ekey=e2a7ceff63a9c94e2f1cf5b41b6ea03f" "Mozilla/5.0 (Windows NT 10.0; Win64; x64) AppleWebKit/537.36 (KHTML, like Gecko) Chrome/140.0.0.0 Safari/537.36"
45.86.208.11 - - [07/Oct/2025:18:58:24 +0000] "GET /ibeptoxa/1702572591995/17025726091009-400x600.jpg HTTP/1.1" 200 37814 "https://klescorthub.net/?ekey=e2a7ceff63a9c94e2f1cf5b41b6ea03f" "Mozilla/5.0 (Windows NT 10.0; Win64; x64) AppleWebKit/537.36 (KHTML, like Gecko) Chrome/140.0.0.0 Safari/537.36"
45.86.208.11 - - [07/Oct/2025:18:58:24 +0000] "GET /ibeptoxa/1702572328253/17025723506772-400x600.jpg HTTP/1.1" 200 41123 "https://klescorthub.net/?ekey=e2a7ceff63a9c94e2f1cf5b41b6ea03f" "Mozilla/5.0 (Windows NT 10.0; Win64; x64) AppleWebKit/537.36 (KHTML, like Gecko) Chrome/140.0.0.0 Safari/537.36"
45.86.208.11 - - [07/Oct/2025:18:58:24 +0000] "GET /ibeptoxa/1702572725668/17025727397192-400x600.jpg HTTP/1.1" 200 48553 "https://klescorthub.net/?ekey=e2a7ceff63a9c94e2f1cf5b41b6ea03f" "Mozilla/5.0 (Windows NT 10.0; Win64; x64) AppleWebKit/537.36 (KHTML, like Gecko) Chrome/140.0.0.0 Safari/537.36"
45.86.208.11 - - [07/Oct/2025:18:58:24 +0000] "GET /ibeptoxa/1706783232238/17067832711077-400x600.jpg HTTP/1.1" 200 40053 "https://klescorthub.net/?ekey=e2a7ceff63a9c94e2f1cf5b41b6ea03f" "Mozilla/5.0 (Windows NT 10.0; Win64; x64) AppleWebKit/537.36 (KHTML, like Gecko) Chrome/140.0.0.0 Safari/537.36"
45.86.208.11 - - [07/Oct/2025:18:58:26 +0000] "GET /ibeptoxa/1702572080231/17025721076279-400x600.jpg HTTP/1.1" 200 40566 "https://klescorthub.net/?ekey=e2a7ceff63a9c94e2f1cf5b41b6ea03f" "Mozilla/5.0 (Windows NT 10.0; Win64; x64) AppleWebKit/537.36 (KHTML, like Gecko) Chrome/140.0.0.0 Safari/537.36"
45.86.208.11 - - [07/Oct/2025:18:58:26 +0000] "GET /ibeptoxa/1701803917124/17018039288272-400x600.jpg HTTP/1.1" 200 38026 "https://klescorthub.net/?ekey=e2a7ceff63a9c94e2f1cf5b41b6ea03f" "Mozilla/5.0 (Windows NT 10.0; Win64; x64) AppleWebKit/537.36 (KHTML, like Gecko) Chrome/140.0.0.0 Safari/537.36"
45.86.208.11 - - [07/Oct/2025:18:58:26 +0000] "GET /ibeptoxa/1702572185693/17025722228528-400x600.jpg HTTP/1.1" 200 40735 "https://klescorthub.net/?ekey=e2a7ceff63a9c94e2f1cf5b41b6ea03f" "Mozilla/5.0 (Windows NT 10.0; Win64; x64) AppleWebKit/537.36 (KHTML, like Gecko) Chrome/140.0.0.0 Safari/537.36"
45.86.208.11 - - [07/Oct/2025:18:58:26 +0000] "GET /ibeptoxa/1701803838515/17018038512258-400x600.jpg HTTP/1.1" 200 36691 "https://klescorthub.net/?ekey=e2a7ceff63a9c94e2f1cf5b41b6ea03f" "Mozilla/5.0 (Windows NT 10.0; Win64; x64) AppleWebKit/537.36 (KHTML, like Gecko) Chrome/140.0.0.0 Safari/537.36"
45.86.208.11 - - [07/Oct/2025:18:58:26 +0000] "GET /ibeptoxa/1702572277319/17025722901395-400x600.jpg HTTP/1.1" 200 51902 "https://klescorthub.net/?ekey=e2a7ceff63a9c94e2f1cf5b41b6ea03f" "Mozilla/5.0 (Windows NT 10.0; Win64; x64) AppleWebKit/537.36 (KHTML, like Gecko) Chrome/140.0.0.0 Safari/537.36"
203.161.56.247 - - [07/Oct/2025:18:58:33 +0000] "POST /wp-cron.php?doing_wp_cron=1759863513.0321879386901855468750 HTTP/1.1" 200 - "-" "WordPress/6.8.3; https://klescorthub.net"
45.86.208.11 - - [07/Oct/2025:18:58:30 +0000] "GET /girls/kuala-lumpur/bukit-jalil-escorts/ HTTP/1.1" 200 20393 "https://klescorthub.net/?ekey=e2a7ceff63a9c94e2f1cf5b41b6ea03f" "Mozilla/5.0 (Windows NT 10.0; Win64; x64) AppleWebKit/537.36 (KHTML, like Gecko) Chrome/140.0.0.0 Safari/537.36"
45.86.208.11 - - [07/Oct/2025:18:58:34 +0000] "GET /ibeptoxa/1756616977599/1756617081697-400x600.jpg HTTP/1.1" 200 29375 "https://klescorthub.net/girls/kuala-lumpur/bukit-jalil-escorts/" "Mozilla/5.0 (Windows NT 10.0; Win64; x64) AppleWebKit/537.36 (KHTML, like Gecko) Chrome/140.0.0.0 Safari/537.36"
45.86.208.11 - - [07/Oct/2025:18:58:35 +0000] "GET /ibeptoxa/1701803785634/17018037951895-400x600.jpg HTTP/1.1" 200 31061 "https://klescorthub.net/girls/kuala-lumpur/bukit-jalil-escorts/" "Mozilla/5.0 (Windows NT 10.0; Win64; x64) AppleWebKit/537.36 (KHTML, like Gecko) Chrome/140.0.0.0 Safari/537.36"
45.86.208.11 - - [07/Oct/2025:18:58:35 +0000] "GET /ibeptoxa/1701803654332/17018036732139-400x600.jpg HTTP/1.1" 200 33738 "https://klescorthub.net/girls/kuala-lumpur/bukit-jalil-escorts/" "Mozilla/5.0 (Windows NT 10.0; Win64; x64) AppleWebKit/537.36 (KHTML, like Gecko) Chrome/140.0.0.0 Safari/537.36"
45.86.208.11 - - [07/Oct/2025:18:58:35 +0000] "GET /ibeptoxa/1701803571491/17018035893893-400x600.jpg HTTP/1.1" 200 35566 "https://klescorthub.net/girls/kuala-lumpur/bukit-jalil-escorts/" "Mozilla/5.0 (Windows NT 10.0; Win64; x64) AppleWebKit/537.36 (KHTML, like Gecko) Chrome/140.0.0.0 Safari/537.36"
45.86.208.11 - - [07/Oct/2025:18:58:35 +0000] "GET /ibeptoxa/1701803723133/17018037374977-400x600.jpg HTTP/1.1" 200 44525 "https://klescorthub.net/girls/kuala-lumpur/bukit-jalil-escorts/" "Mozilla/5.0 (Windows NT 10.0; Win64; x64) AppleWebKit/537.36 (KHTML, like Gecko) Chrome/140.0.0.0 Safari/537.36"
203.161.56.247 - - [07/Oct/2025:18:58:34 +0000] "GET /agency/dakota-douglas/ HTTP/1.1" 200 39667 "-" "WP Rocket/Preload"
203.161.56.247 - - [07/Oct/2025:18:58:37 +0000] "GET /agency/dakota-douglas/ HTTP/1.1" 200 39713 "-" "WP Rocket/Preload Mozilla/5.0 (iPhone; CPU iPhone OS 9_1 like Mac OS X) AppleWebKit/601.1.46 (KHTML, like Gecko) Version/9.0 Mobile/13B143 Safari/601.1"
45.86.208.11 - - [07/Oct/2025:18:58:39 +0000] "GET /ibeptoxa/1701673504226/17016735157618-400x600.jpg HTTP/1.1" 200 48553 "https://klescorthub.net/?ekey=e2a7ceff63a9c94e2f1cf5b41b6ea03f" "Mozilla/5.0 (Windows NT 10.0; Win64; x64) AppleWebKit/537.36 (KHTML, like Gecko) Chrome/140.0.0.0 Safari/537.36"
45.86.208.11 - - [07/Oct/2025:18:58:39 +0000] "GET /ibeptoxa/1701672989206/17016729984810-400x600.jpg HTTP/1.1" 200 41123 "https://klescorthub.net/?ekey=e2a7ceff63a9c94e2f1cf5b41b6ea03f" "Mozilla/5.0 (Windows NT 10.0; Win64; x64) AppleWebKit/537.36 (KHTML, like Gecko) Chrome/140.0.0.0 Safari/537.36"
45.86.208.11 - - [07/Oct/2025:18:58:39 +0000] "GET /ibeptoxa/17016730911/17016731059024-400x600.jpg HTTP/1.1" 200 48717 "https://klescorthub.net/?ekey=e2a7ceff63a9c94e2f1cf5b41b6ea03f" "Mozilla/5.0 (Windows NT 10.0; Win64; x64) AppleWebKit/537.36 (KHTML, like Gecko) Chrome/140.0.0.0 Safari/537.36"
45.86.208.11 - - [07/Oct/2025:18:58:39 +0000] "GET /ibeptoxa/1701673436674/17016734586544-400x600.jpg HTTP/1.1" 200 33469 "https://klescorthub.net/?ekey=e2a7ceff63a9c94e2f1cf5b41b6ea03f" "Mozilla/5.0 (Windows NT 10.0; Win64; x64) AppleWebKit/537.36 (KHTML, like Gecko) Chrome/140.0.0.0 Safari/537.36"
45.86.208.11 - - [07/Oct/2025:18:58:39 +0000] "GET /ibeptoxa/1701673320121/17016733375105-400x600.jpg HTTP/1.1" 200 37814 "https://klescorthub.net/?ekey=e2a7ceff63a9c94e2f1cf5b41b6ea03f" "Mozilla/5.0 (Windows NT 10.0; Win64; x64) AppleWebKit/537.36 (KHTML, like Gecko) Chrome/140.0.0.0 Safari/537.36"
45.86.208.11 - - [07/Oct/2025:18:58:39 +0000] "GET /ibeptoxa/1701672868719/17016728916296-400x600.jpg HTTP/1.1" 200 49251 "https://klescorthub.net/?ekey=e2a7ceff63a9c94e2f1cf5b41b6ea03f" "Mozilla/5.0 (Windows NT 10.0; Win64; x64) AppleWebKit/537.36 (KHTML, like Gecko) Chrome/140.0.0.0 Safari/537.36"
203.161.56.247 - - [07/Oct/2025:18:58:44 +0000] "POST /wp-cron.php?doing_wp_cron=1759863524.4993319511413574218750 HTTP/1.1" 200 - "-" "WordPress/6.8.3; https://klescorthub.net"
45.86.208.11 - - [07/Oct/2025:18:58:43 +0000] "GET /agency/fiona-fowler/ HTTP/1.1" 200 22462 "https://klescorthub.net/?ekey=e2a7ceff63a9c94e2f1cf5b41b6ea03f" "Mozilla/5.0 (Windows NT 10.0; Win64; x64) AppleWebKit/537.36 (KHTML, like Gecko) Chrome/140.0.0.0 Safari/537.36"
45.86.208.11 - - [07/Oct/2025:18:58:49 +0000] "GET /agency/fiona-fowler/ HTTP/1.1" 200 22482 "https://klescorthub.net/?ekey=e2a7ceff63a9c94e2f1cf5b41b6ea03f" "Mozilla/5.0 (Windows NT 10.0; Win64; x64) AppleWebKit/537.36 (KHTML, like Gecko) Chrome/140.0.0.0 Safari/537.36"
113.211.120.77 - - [07/Oct/2025:18:59:47 +0000] "GET /anal/ HTTP/1.1" 304 - "https://www.google.com/" "Mozilla/5.0 (Linux; Android 10; K) AppleWebKit/537.36 (KHTML, like Gecko) Chrome/140.0.0.0 Mobile Safari/537.36"
203.161.56.247 - - [07/Oct/2025:19:00:06 +0000] "POST /wp-cron.php?doing_wp_cron=1759863606.1472020149230957031250 HTTP/1.1" 200 - "-" "WordPress/6.8.3; https://klescorthub.net"
45.86.208.11 - - [07/Oct/2025:19:00:03 +0000] "GET / HTTP/1.1" 200 22459 "https://klescorthub.net/agency/fiona-fowler/" "Mozilla/5.0 (Windows NT 10.0; Win64; x64) AppleWebKit/537.36 (KHTML, like Gecko) Chrome/140.0.0.0 Safari/537.36"
203.161.56.247 - - [07/Oct/2025:19:00:07 +0000] "GET /all-escorts/all-kl-escort-girls/ HTTP/1.1" 301 - "-" "WP Rocket/Preload"
45.86.208.11 - - [07/Oct/2025:19:00:08 +0000] "GET /all-escorts/all-kl-escort-girls/ HTTP/1.1" 301 - "https://klescorthub.net/" "Mozilla/5.0 (Windows NT 10.0; Win64; x64) AppleWebKit/537.36 (KHTML, like Gecko) Chrome/140.0.0.0 Safari/537.36"
45.86.208.11 - - [07/Oct/2025:19:00:10 +0000] "GET / HTTP/1.1" 200 22479 "https://klescorthub.net/" "Mozilla/5.0 (Windows NT 10.0; Win64; x64) AppleWebKit/537.36 (KHTML, like Gecko) Chrome/140.0.0.0 Safari/537.36"
203.161.56.247 - - [07/Oct/2025:19:00:08 +0000] "GET / HTTP/1.1" 200 39432 "-" "WP Rocket/Preload"
203.161.56.247 - - [07/Oct/2025:19:00:11 +0000] "GET /all-escorts/all-kl-escort-girls/ HTTP/1.1" 301 - "-" "WP Rocket/Preload Mozilla/5.0 (iPhone; CPU iPhone OS 9_1 like Mac OS X) AppleWebKit/601.1.46 (KHTML, like Gecko) Version/9.0 Mobile/13B143 Safari/601.1"
203.161.56.247 - - [07/Oct/2025:19:00:12 +0000] "GET /girls/kuala-lumpur/sentul-escorts/ HTTP/1.1" 200 38411 "-" "WP Rocket/Preload"
203.161.56.247 - - [07/Oct/2025:19:00:14 +0000] "GET /girls/kuala-lumpur/sentul-escorts/ HTTP/1.1" 200 38425 "-" "WP Rocket/Preload Mozilla/5.0 (iPhone; CPU iPhone OS 9_1 like Mac OS X) AppleWebKit/601.1.46 (KHTML, like Gecko) Version/9.0 Mobile/13B143 Safari/601.1"
203.161.56.247 - - [07/Oct/2025:19:00:16 +0000] "GET /girls/kuala-lumpur/ HTTP/1.1" 200 40396 "-" "WP Rocket/Preload"
45.86.208.11 - - [07/Oct/2025:19:00:18 +0000] "GET / HTTP/1.1" 304 - "https://klescorthub.net/" "Mozilla/5.0 (Windows NT 10.0; Win64; x64) AppleWebKit/537.36 (KHTML, like Gecko) Chrome/140.0.0.0 Safari/537.36"
203.161.56.247 - - [07/Oct/2025:19:00:17 +0000] "GET /girls/kuala-lumpur/ HTTP/1.1" 200 40411 "-" "WP Rocket/Preload Mozilla/5.0 (iPhone; CPU iPhone OS 9_1 like Mac OS X) AppleWebKit/601.1.46 (KHTML, like Gecko) Version/9.0 Mobile/13B143 Safari/601.1"
45.86.208.11 - - [07/Oct/2025:19:00:19 +0000] "GET / HTTP/1.1" 304 - "https://klescorthub.net/" "Mozilla/5.0 (Windows NT 10.0; Win64; x64) AppleWebKit/537.36 (KHTML, like Gecko) Chrome/140.0.0.0 Safari/537.36"
203.161.56.247 - - [07/Oct/2025:19:00:19 +0000] "GET /agency/page/ HTTP/1.1" 404 12653 "-" "WP Rocket/Preload"
203.161.56.247 - - [07/Oct/2025:19:00:20 +0000] "GET /agency/page/ HTTP/1.1" 404 12657 "-" "WP Rocket/Preload Mozilla/5.0 (iPhone; CPU iPhone OS 9_1 like Mac OS X) AppleWebKit/601.1.46 (KHTML, like Gecko) Version/9.0 Mobile/13B143 Safari/601.1"
45.86.208.11 - - [07/Oct/2025:19:00:20 +0000] "GET /category/blog/ HTTP/1.1" 200 21990 "https://klescorthub.net/" "Mozilla/5.0 (Windows NT 10.0; Win64; x64) AppleWebKit/537.36 (KHTML, like Gecko) Chrome/140.0.0.0 Safari/537.36"
203.161.56.247 - - [07/Oct/2025:19:00:22 +0000] "GET /author/fionafowler/ HTTP/1.1" 200 25386 "-" "WP Rocket/Preload"
203.161.56.247 - - [07/Oct/2025:19:00:23 +0000] "GET /author/fionafowler/ HTTP/1.1" 200 25393 "-" "WP Rocket/Preload Mozilla/5.0 (iPhone; CPU iPhone OS 9_1 like Mac OS X) AppleWebKit/601.1.46 (KHTML, like Gecko) Version/9.0 Mobile/13B143 Safari/601.1"
203.161.56.247 - - [07/Oct/2025:19:00:25 +0000] "GET /agency/fiona-fowler/ HTTP/1.1" 200 26226 "-" "WP Rocket/Preload"
203.161.56.247 - - [07/Oct/2025:19:00:26 +0000] "GET /agency/fiona-fowler/ HTTP/1.1" 200 26232 "-" "WP Rocket/Preload Mozilla/5.0 (iPhone; CPU iPhone OS 9_1 like Mac OS X) AppleWebKit/601.1.46 (KHTML, like Gecko) Version/9.0 Mobile/13B143 Safari/601.1"
203.161.56.247 - - [07/Oct/2025:19:00:47 +0000] "POST /wp-cron.php?doing_wp_cron=1759863647.5339639186859130859375 HTTP/1.1" 200 - "-" "WordPress/6.8.3; https://klescorthub.net"
46.30.211.69 - - [07/Oct/2025:19:00:46 +0000] "GET /author/fionafowler/?nowprocket=1&no_optimize=1&wpr_imagedimensions=1 HTTP/1.1" 200 16062 "-" "WP-Rocket/SaaS Mozilla/5.0 (Linux; Android 13; Pixel 5) AppleWebKit/537.36 (KHTML, like Gecko) Chrome/106.0.0.0 Mobile Safari/537.36"
46.30.211.69 - - [07/Oct/2025:19:00:48 +0000] "GET /jufisas/dadipon.css HTTP/1.1" 200 15557 "https://klescorthub.net/author/fionafowler/?nowprocket=1&no_optimize=1&wpr_imagedimensions=1" "WP-Rocket/SaaS Mozilla/5.0 (Linux; Android 13; Pixel 5) AppleWebKit/537.36 (KHTML, like Gecko) Chrome/106.0.0.0 Mobile Safari/537.36"
46.30.211.69 - - [07/Oct/2025:19:00:48 +0000] "GET /jufisas/css/icon-font/style.css HTTP/1.1" 200 9216 "https://klescorthub.net/author/fionafowler/?nowprocket=1&no_optimize=1&wpr_imagedimensions=1" "WP-Rocket/SaaS Mozilla/5.0 (Linux; Android 13; Pixel 5) AppleWebKit/537.36 (KHTML, like Gecko) Chrome/106.0.0.0 Mobile Safari/537.36"
46.30.211.69 - - [07/Oct/2025:19:00:48 +0000] "GET /jufisas/css/responsive.css HTTP/1.1" 200 2139 "https://klescorthub.net/author/fionafowler/?nowprocket=1&no_optimize=1&wpr_imagedimensions=1" "WP-Rocket/SaaS Mozilla/5.0 (Linux; Android 13; Pixel 5) AppleWebKit/537.36 (KHTML, like Gecko) Chrome/106.0.0.0 Mobile Safari/537.36"
46.30.211.69 - - [07/Oct/2025:19:00:48 +0000] "GET /jufisas/css/select2.min.css HTTP/1.1" 200 1998 "https://klescorthub.net/author/fionafowler/?nowprocket=1&no_optimize=1&wpr_imagedimensions=1" "WP-Rocket/SaaS Mozilla/5.0 (Linux; Android 13; Pixel 5) AppleWebKit/537.36 (KHTML, like Gecko) Chrome/106.0.0.0 Mobile Safari/537.36"
46.30.211.69 - - [07/Oct/2025:19:00:48 +0000] "GET /jadoaksy/js/jquery/jquery-migrate.min.js HTTP/1.1" 200 4872 "https://klescorthub.net/author/fionafowler/?nowprocket=1&no_optimize=1&wpr_imagedimensions=1" "WP-Rocket/SaaS Mozilla/5.0 (Linux; Android 13; Pixel 5) AppleWebKit/537.36 (KHTML, like Gecko) Chrome/106.0.0.0 Mobile Safari/537.36"
46.30.211.69 - - [07/Oct/2025:19:00:48 +0000] "GET /jadoaksy/js/jquery/jquery.min.js HTTP/1.1" 200 30368 "https://klescorthub.net/author/fionafowler/?nowprocket=1&no_optimize=1&wpr_imagedimensions=1" "WP-Rocket/SaaS Mozilla/5.0 (Linux; Android 13; Pixel 5) AppleWebKit/537.36 (KHTML, like Gecko) Chrome/106.0.0.0 Mobile Safari/537.36"
46.30.211.69 - - [07/Oct/2025:19:00:48 +0000] "GET /jufisas/js/select2.min.js HTTP/1.1" 200 19907 "https://klescorthub.net/author/fionafowler/?nowprocket=1&no_optimize=1&wpr_imagedimensions=1" "WP-Rocket/SaaS Mozilla/5.0 (Linux; Android 13; Pixel 5) AppleWebKit/537.36 (KHTML, like Gecko) Chrome/106.0.0.0 Mobile Safari/537.36"
46.30.211.69 - - [07/Oct/2025:19:00:48 +0000] "GET /jufisas/js/dolceescort.js HTTP/1.1" 200 3471 "https://klescorthub.net/author/fionafowler/?nowprocket=1&no_optimize=1&wpr_imagedimensions=1" "WP-Rocket/SaaS Mozilla/5.0 (Linux; Android 13; Pixel 5) AppleWebKit/537.36 (KHTML, like Gecko) Chrome/106.0.0.0 Mobile Safari/537.36"
46.30.211.69 - - [07/Oct/2025:19:00:48 +0000] "GET /jufisas/js/js.cookie.js HTTP/1.1" 200 1556 "https://klescorthub.net/author/fionafowler/?nowprocket=1&no_optimize=1&wpr_imagedimensions=1" "WP-Rocket/SaaS Mozilla/5.0 (Linux; Android 13; Pixel 5) AppleWebKit/537.36 (KHTML, like Gecko) Chrome/106.0.0.0 Mobile Safari/537.36"
46.30.211.69 - - [07/Oct/2025:19:00:48 +0000] "GET /jufisas/js/jquery.mobile.custom.min.js HTTP/1.1" 200 2862 "https://klescorthub.net/author/fionafowler/?nowprocket=1&no_optimize=1&wpr_imagedimensions=1" "WP-Rocket/SaaS Mozilla/5.0 (Linux; Android 13; Pixel 5) AppleWebKit/537.36 (KHTML, like Gecko) Chrome/106.0.0.0 Mobile Safari/537.36"
46.30.211.69 - - [07/Oct/2025:19:00:48 +0000] "GET /jufisas/js/jquery.uploadifive.min.js HTTP/1.1" 200 4096 "https://klescorthub.net/author/fionafowler/?nowprocket=1&no_optimize=1&wpr_imagedimensions=1" "WP-Rocket/SaaS Mozilla/5.0 (Linux; Android 13; Pixel 5) AppleWebKit/537.36 (KHTML, like Gecko) Chrome/106.0.0.0 Mobile Safari/537.36"
46.30.211.69 - - [07/Oct/2025:19:00:48 +0000] "GET /jufisas/js/checkator.jquery.js HTTP/1.1" 200 1572 "https://klescorthub.net/author/fionafowler/?nowprocket=1&no_optimize=1&wpr_imagedimensions=1" "WP-Rocket/SaaS Mozilla/5.0 (Linux; Android 13; Pixel 5) AppleWebKit/537.36 (KHTML, like Gecko) Chrome/106.0.0.0 Mobile Safari/537.36"
46.30.211.69 - - [07/Oct/2025:19:00:48 +0000] "GET /ifovigum/wp-smushit/app/assets/js/smush-lazy-load.min.js HTTP/1.1" 200 7887 "https://klescorthub.net/author/fionafowler/?nowprocket=1&no_optimize=1&wpr_imagedimensions=1" "WP-Rocket/SaaS Mozilla/5.0 (Linux; Android 13; Pixel 5) AppleWebKit/537.36 (KHTML, like Gecko) Chrome/106.0.0.0 Mobile Safari/537.36"
46.30.211.69 - - [07/Oct/2025:19:00:49 +0000] "GET /ifovigum/wp-rocket/assets/js/wpr-beacon.min.js HTTP/1.1" 200 8097 "https://klescorthub.net/author/fionafowler/?nowprocket=1&no_optimize=1&wpr_imagedimensions=1" "WP-Rocket/SaaS Mozilla/5.0 (Linux; Android 13; Pixel 5) AppleWebKit/537.36 (KHTML, like Gecko) Chrome/106.0.0.0 Mobile Safari/537.36"
46.30.211.69 - - [07/Oct/2025:19:00:49 +0000] "POST /wp-admin/admin-ajax.php HTTP/1.1" 200 1015 "https://klescorthub.net/author/fionafowler/?nowprocket=1&no_optimize=1&wpr_imagedimensions=1" "WP-Rocket/SaaS Mozilla/5.0 (Linux; Android 13; Pixel 5) AppleWebKit/537.36 (KHTML, like Gecko) Chrome/106.0.0.0 Mobile Safari/537.36"
203.161.56.247 - - [07/Oct/2025:19:00:51 +0000] "GET / HTTP/1.1" 200 39453 "-" "WP Rocket/Preload"
203.161.56.247 - - [07/Oct/2025:19:00:52 +0000] "GET / HTTP/1.1" 200 39428 "-" "WP Rocket/Preload Mozilla/5.0 (iPhone; CPU iPhone OS 9_1 like Mac OS X) AppleWebKit/601.1.46 (KHTML, like Gecko) Version/9.0 Mobile/13B143 Safari/601.1"
203.161.56.247 - - [07/Oct/2025:19:00:53 +0000] "GET /agency/ HTTP/1.1" 200 39449 "-" "WP Rocket/Preload"
203.161.56.247 - - [07/Oct/2025:19:00:55 +0000] "GET /agency/ HTTP/1.1" 200 39461 "-" "WP Rocket/Preload Mozilla/5.0 (iPhone; CPU iPhone OS 9_1 like Mac OS X) AppleWebKit/601.1.46 (KHTML, like Gecko) Version/9.0 Mobile/13B143 Safari/601.1"
203.161.56.247 - - [07/Oct/2025:19:00:50 +0000] "POST /wp-admin/admin-ajax.php?action=as_async_request_queue_runner&nonce=74991f2725 HTTP/1.1" 200 - "-" "WordPress/6.8.3; https://klescorthub.net"
203.161.56.247 - - [07/Oct/2025:19:01:04 +0000] "POST /wp-cron.php?doing_wp_cron=1759863664.3179929256439208984375 HTTP/1.1" 200 - "-" "WordPress/6.8.3; https://klescorthub.net"
46.30.212.76 - - [07/Oct/2025:19:01:03 +0000] "GET /agency/fiona-fowler/?nowprocket=1&no_optimize=1&wpr_imagedimensions=1 HTTP/1.1" 200 16661 "-" "WP-Rocket/SaaS Mozilla/5.0 (X11; Linux x86_64) AppleWebKit/537.36 (KHTML, like Gecko) Chrome/106.0.0.0 Safari/537.36"
46.30.212.76 - - [07/Oct/2025:19:01:04 +0000] "GET /jufisas/dadipon.css HTTP/1.1" 200 15557 "https://klescorthub.net/agency/fiona-fowler/?nowprocket=1&no_optimize=1&wpr_imagedimensions=1" "WP-Rocket/SaaS Mozilla/5.0 (X11; Linux x86_64) AppleWebKit/537.36 (KHTML, like Gecko) Chrome/106.0.0.0 Safari/537.36"
46.30.212.76 - - [07/Oct/2025:19:01:05 +0000] "GET /jufisas/css/icon-font/style.css HTTP/1.1" 200 9216 "https://klescorthub.net/agency/fiona-fowler/?nowprocket=1&no_optimize=1&wpr_imagedimensions=1" "WP-Rocket/SaaS Mozilla/5.0 (X11; Linux x86_64) AppleWebKit/537.36 (KHTML, like Gecko) Chrome/106.0.0.0 Safari/537.36"
46.30.212.76 - - [07/Oct/2025:19:01:05 +0000] "GET /jufisas/css/responsive.css HTTP/1.1" 200 2139 "https://klescorthub.net/agency/fiona-fowler/?nowprocket=1&no_optimize=1&wpr_imagedimensions=1" "WP-Rocket/SaaS Mozilla/5.0 (X11; Linux x86_64) AppleWebKit/537.36 (KHTML, like Gecko) Chrome/106.0.0.0 Safari/537.36"
46.30.212.76 - - [07/Oct/2025:19:01:05 +0000] "GET /jufisas/css/select2.min.css HTTP/1.1" 200 1998 "https://klescorthub.net/agency/fiona-fowler/?nowprocket=1&no_optimize=1&wpr_imagedimensions=1" "WP-Rocket/SaaS Mozilla/5.0 (X11; Linux x86_64) AppleWebKit/537.36 (KHTML, like Gecko) Chrome/106.0.0.0 Safari/537.36"
46.30.212.76 - - [07/Oct/2025:19:01:05 +0000] "GET /jadoaksy/js/jquery/jquery.min.js HTTP/1.1" 200 30368 "https://klescorthub.net/agency/fiona-fowler/?nowprocket=1&no_optimize=1&wpr_imagedimensions=1" "WP-Rocket/SaaS Mozilla/5.0 (X11; Linux x86_64) AppleWebKit/537.36 (KHTML, like Gecko) Chrome/106.0.0.0 Safari/537.36"
46.30.212.76 - - [07/Oct/2025:19:01:05 +0000] "GET /jadoaksy/js/jquery/jquery-migrate.min.js HTTP/1.1" 200 4872 "https://klescorthub.net/agency/fiona-fowler/?nowprocket=1&no_optimize=1&wpr_imagedimensions=1" "WP-Rocket/SaaS Mozilla/5.0 (X11; Linux x86_64) AppleWebKit/537.36 (KHTML, like Gecko) Chrome/106.0.0.0 Safari/537.36"
46.30.212.76 - - [07/Oct/2025:19:01:05 +0000] "GET /jufisas/js/select2.min.js HTTP/1.1" 200 19907 "https://klescorthub.net/agency/fiona-fowler/?nowprocket=1&no_optimize=1&wpr_imagedimensions=1" "WP-Rocket/SaaS Mozilla/5.0 (X11; Linux x86_64) AppleWebKit/537.36 (KHTML, like Gecko) Chrome/106.0.0.0 Safari/537.36"
46.30.212.76 - - [07/Oct/2025:19:01:05 +0000] "GET /jufisas/js/dolceescort.js HTTP/1.1" 200 3471 "https://klescorthub.net/agency/fiona-fowler/?nowprocket=1&no_optimize=1&wpr_imagedimensions=1" "WP-Rocket/SaaS Mozilla/5.0 (X11; Linux x86_64) AppleWebKit/537.36 (KHTML, like Gecko) Chrome/106.0.0.0 Safari/537.36"
46.30.212.76 - - [07/Oct/2025:19:01:05 +0000] "GET /jufisas/js/js.cookie.js HTTP/1.1" 200 1556 "https://klescorthub.net/agency/fiona-fowler/?nowprocket=1&no_optimize=1&wpr_imagedimensions=1" "WP-Rocket/SaaS Mozilla/5.0 (X11; Linux x86_64) AppleWebKit/537.36 (KHTML, like Gecko) Chrome/106.0.0.0 Safari/537.36"
46.30.212.76 - - [07/Oct/2025:19:01:05 +0000] "GET /jufisas/js/jquery.uploadifive.min.js HTTP/1.1" 200 4096 "https://klescorthub.net/agency/fiona-fowler/?nowprocket=1&no_optimize=1&wpr_imagedimensions=1" "WP-Rocket/SaaS Mozilla/5.0 (X11; Linux x86_64) AppleWebKit/537.36 (KHTML, like Gecko) Chrome/106.0.0.0 Safari/537.36"
46.30.212.76 - - [07/Oct/2025:19:01:05 +0000] "GET /jufisas/js/jquery.mobile.custom.min.js HTTP/1.1" 200 2862 "https://klescorthub.net/agency/fiona-fowler/?nowprocket=1&no_optimize=1&wpr_imagedimensions=1" "WP-Rocket/SaaS Mozilla/5.0 (X11; Linux x86_64) AppleWebKit/537.36 (KHTML, like Gecko) Chrome/106.0.0.0 Safari/537.36"
46.30.212.76 - - [07/Oct/2025:19:01:05 +0000] "GET /jufisas/js/checkator.jquery.js HTTP/1.1" 200 1572 "https://klescorthub.net/agency/fiona-fowler/?nowprocket=1&no_optimize=1&wpr_imagedimensions=1" "WP-Rocket/SaaS Mozilla/5.0 (X11; Linux x86_64) AppleWebKit/537.36 (KHTML, like Gecko) Chrome/106.0.0.0 Safari/537.36"
46.30.212.76 - - [07/Oct/2025:19:01:05 +0000] "GET /ifovigum/wp-smushit/app/assets/js/smush-lazy-load.min.js HTTP/1.1" 200 7887 "https://klescorthub.net/agency/fiona-fowler/?nowprocket=1&no_optimize=1&wpr_imagedimensions=1" "WP-Rocket/SaaS Mozilla/5.0 (X11; Linux x86_64) AppleWebKit/537.36 (KHTML, like Gecko) Chrome/106.0.0.0 Safari/537.36"
46.30.212.76 - - [07/Oct/2025:19:01:05 +0000] "GET /ifovigum/wp-rocket/assets/js/wpr-beacon.min.js HTTP/1.1" 200 8097 "https://klescorthub.net/agency/fiona-fowler/?nowprocket=1&no_optimize=1&wpr_imagedimensions=1" "WP-Rocket/SaaS Mozilla/5.0 (X11; Linux x86_64) AppleWebKit/537.36 (KHTML, like Gecko) Chrome/106.0.0.0 Safari/537.36"
203.161.56.247 - - [07/Oct/2025:19:01:07 +0000] "POST /wp-cron.php?doing_wp_cron=1759863667.4522299766540527343750 HTTP/1.1" 200 - "-" "WordPress/6.8.3; https://klescorthub.net"
46.30.212.76 - - [07/Oct/2025:19:01:06 +0000] "POST /wp-admin/admin-ajax.php HTTP/1.1" 200 316 "https://klescorthub.net/agency/fiona-fowler/?nowprocket=1&no_optimize=1&wpr_imagedimensions=1" "WP-Rocket/SaaS Mozilla/5.0 (X11; Linux x86_64) AppleWebKit/537.36 (KHTML, like Gecko) Chrome/106.0.0.0 Safari/537.36"
203.161.56.247 - - [07/Oct/2025:19:01:14 +0000] "POST /wp-cron.php?doing_wp_cron=1759863674.8017010688781738281250 HTTP/1.1" 200 - "-" "WordPress/6.8.3; https://klescorthub.net"
46.30.212.79 - - [07/Oct/2025:19:01:14 +0000] "GET /author/fionafowler/?nowprocket=1&no_optimize=1&wpr_imagedimensions=1 HTTP/1.1" 200 16056 "-" "WP-Rocket/SaaS Mozilla/5.0 (X11; Linux x86_64) AppleWebKit/537.36 (KHTML, like Gecko) Chrome/106.0.0.0 Safari/537.36"
46.30.212.79 - - [07/Oct/2025:19:01:15 +0000] "GET /jufisas/dadipon.css HTTP/1.1" 200 15557 "https://klescorthub.net/author/fionafowler/?nowprocket=1&no_optimize=1&wpr_imagedimensions=1" "WP-Rocket/SaaS Mozilla/5.0 (X11; Linux x86_64) AppleWebKit/537.36 (KHTML, like Gecko) Chrome/106.0.0.0 Safari/537.36"
46.30.212.79 - - [07/Oct/2025:19:01:15 +0000] "GET /jufisas/css/icon-font/style.css HTTP/1.1" 200 9216 "https://klescorthub.net/author/fionafowler/?nowprocket=1&no_optimize=1&wpr_imagedimensions=1" "WP-Rocket/SaaS Mozilla/5.0 (X11; Linux x86_64) AppleWebKit/537.36 (KHTML, like Gecko) Chrome/106.0.0.0 Safari/537.36"
46.30.212.79 - - [07/Oct/2025:19:01:15 +0000] "GET /jufisas/css/responsive.css HTTP/1.1" 200 2139 "https://klescorthub.net/author/fionafowler/?nowprocket=1&no_optimize=1&wpr_imagedimensions=1" "WP-Rocket/SaaS Mozilla/5.0 (X11; Linux x86_64) AppleWebKit/537.36 (KHTML, like Gecko) Chrome/106.0.0.0 Safari/537.36"
46.30.212.79 - - [07/Oct/2025:19:01:15 +0000] "GET /jufisas/css/select2.min.css HTTP/1.1" 200 1998 "https://klescorthub.net/author/fionafowler/?nowprocket=1&no_optimize=1&wpr_imagedimensions=1" "WP-Rocket/SaaS Mozilla/5.0 (X11; Linux x86_64) AppleWebKit/537.36 (KHTML, like Gecko) Chrome/106.0.0.0 Safari/537.36"
46.30.212.79 - - [07/Oct/2025:19:01:15 +0000] "GET /jadoaksy/js/jquery/jquery-migrate.min.js HTTP/1.1" 200 4872 "https://klescorthub.net/author/fionafowler/?nowprocket=1&no_optimize=1&wpr_imagedimensions=1" "WP-Rocket/SaaS Mozilla/5.0 (X11; Linux x86_64) AppleWebKit/537.36 (KHTML, like Gecko) Chrome/106.0.0.0 Safari/537.36"
46.30.212.79 - - [07/Oct/2025:19:01:15 +0000] "GET /jadoaksy/js/jquery/jquery.min.js HTTP/1.1" 200 30368 "https://klescorthub.net/author/fionafowler/?nowprocket=1&no_optimize=1&wpr_imagedimensions=1" "WP-Rocket/SaaS Mozilla/5.0 (X11; Linux x86_64) AppleWebKit/537.36 (KHTML, like Gecko) Chrome/106.0.0.0 Safari/537.36"
46.30.212.79 - - [07/Oct/2025:19:01:15 +0000] "GET /jufisas/js/select2.min.js HTTP/1.1" 200 19907 "https://klescorthub.net/author/fionafowler/?nowprocket=1&no_optimize=1&wpr_imagedimensions=1" "WP-Rocket/SaaS Mozilla/5.0 (X11; Linux x86_64) AppleWebKit/537.36 (KHTML, like Gecko) Chrome/106.0.0.0 Safari/537.36"
46.30.212.79 - - [07/Oct/2025:19:01:15 +0000] "GET /jufisas/js/dolceescort.js HTTP/1.1" 200 3471 "https://klescorthub.net/author/fionafowler/?nowprocket=1&no_optimize=1&wpr_imagedimensions=1" "WP-Rocket/SaaS Mozilla/5.0 (X11; Linux x86_64) AppleWebKit/537.36 (KHTML, like Gecko) Chrome/106.0.0.0 Safari/537.36"
46.30.212.79 - - [07/Oct/2025:19:01:15 +0000] "GET /jufisas/js/js.cookie.js HTTP/1.1" 200 1556 "https://klescorthub.net/author/fionafowler/?nowprocket=1&no_optimize=1&wpr_imagedimensions=1" "WP-Rocket/SaaS Mozilla/5.0 (X11; Linux x86_64) AppleWebKit/537.36 (KHTML, like Gecko) Chrome/106.0.0.0 Safari/537.36"
46.30.212.79 - - [07/Oct/2025:19:01:15 +0000] "GET /jufisas/js/jquery.uploadifive.min.js HTTP/1.1" 200 4096 "https://klescorthub.net/author/fionafowler/?nowprocket=1&no_optimize=1&wpr_imagedimensions=1" "WP-Rocket/SaaS Mozilla/5.0 (X11; Linux x86_64) AppleWebKit/537.36 (KHTML, like Gecko) Chrome/106.0.0.0 Safari/537.36"
46.30.212.79 - - [07/Oct/2025:19:01:15 +0000] "GET /jufisas/js/jquery.mobile.custom.min.js HTTP/1.1" 200 2862 "https://klescorthub.net/author/fionafowler/?nowprocket=1&no_optimize=1&wpr_imagedimensions=1" "WP-Rocket/SaaS Mozilla/5.0 (X11; Linux x86_64) AppleWebKit/537.36 (KHTML, like Gecko) Chrome/106.0.0.0 Safari/537.36"
46.30.212.79 - - [07/Oct/2025:19:01:16 +0000] "GET /jufisas/js/checkator.jquery.js HTTP/1.1" 200 1572 "https://klescorthub.net/author/fionafowler/?nowprocket=1&no_optimize=1&wpr_imagedimensions=1" "WP-Rocket/SaaS Mozilla/5.0 (X11; Linux x86_64) AppleWebKit/537.36 (KHTML, like Gecko) Chrome/106.0.0.0 Safari/537.36"
46.30.212.79 - - [07/Oct/2025:19:01:16 +0000] "GET /ifovigum/wp-smushit/app/assets/js/smush-lazy-load.min.js HTTP/1.1" 200 7887 "https://klescorthub.net/author/fionafowler/?nowprocket=1&no_optimize=1&wpr_imagedimensions=1" "WP-Rocket/SaaS Mozilla/5.0 (X11; Linux x86_64) AppleWebKit/537.36 (KHTML, like Gecko) Chrome/106.0.0.0 Safari/537.36"
46.30.212.79 - - [07/Oct/2025:19:01:16 +0000] "GET /ifovigum/wp-rocket/assets/js/wpr-beacon.min.js HTTP/1.1" 200 8097 "https://klescorthub.net/author/fionafowler/?nowprocket=1&no_optimize=1&wpr_imagedimensions=1" "WP-Rocket/SaaS Mozilla/5.0 (X11; Linux x86_64) AppleWebKit/537.36 (KHTML, like Gecko) Chrome/106.0.0.0 Safari/537.36"
46.30.212.79 - - [07/Oct/2025:19:01:17 +0000] "POST /wp-admin/admin-ajax.php HTTP/1.1" 200 975 "https://klescorthub.net/author/fionafowler/?nowprocket=1&no_optimize=1&wpr_imagedimensions=1" "WP-Rocket/SaaS Mozilla/5.0 (X11; Linux x86_64) AppleWebKit/537.36 (KHTML, like Gecko) Chrome/106.0.0.0 Safari/537.36"
203.161.56.247 - - [07/Oct/2025:19:02:01 +0000] "POST /wp-cron.php?doing_wp_cron=1759863721.1125340461730957031250 HTTP/1.1" 200 - "-" "WordPress/6.8.3; https://klescorthub.net"
5.249.224.8 - - [07/Oct/2025:19:02:00 +0000] "GET /agency/fiona-fowler/?nowprocket=1&no_optimize=1&wpr_imagedimensions=1 HTTP/1.1" 200 16667 "-" "WP-Rocket/SaaS Mozilla/5.0 (Linux; Android 13; Pixel 5) AppleWebKit/537.36 (KHTML, like Gecko) Chrome/106.0.0.0 Mobile Safari/537.36"
5.249.224.8 - - [07/Oct/2025:19:02:01 +0000] "GET /jufisas/dadipon.css HTTP/1.1" 200 15557 "https://klescorthub.net/agency/fiona-fowler/?nowprocket=1&no_optimize=1&wpr_imagedimensions=1" "WP-Rocket/SaaS Mozilla/5.0 (Linux; Android 13; Pixel 5) AppleWebKit/537.36 (KHTML, like Gecko) Chrome/106.0.0.0 Mobile Safari/537.36"
5.249.224.8 - - [07/Oct/2025:19:02:01 +0000] "GET /jufisas/css/icon-font/style.css HTTP/1.1" 200 9216 "https://klescorthub.net/agency/fiona-fowler/?nowprocket=1&no_optimize=1&wpr_imagedimensions=1" "WP-Rocket/SaaS Mozilla/5.0 (Linux; Android 13; Pixel 5) AppleWebKit/537.36 (KHTML, like Gecko) Chrome/106.0.0.0 Mobile Safari/537.36"
5.249.224.8 - - [07/Oct/2025:19:02:01 +0000] "GET /jufisas/css/responsive.css HTTP/1.1" 200 2139 "https://klescorthub.net/agency/fiona-fowler/?nowprocket=1&no_optimize=1&wpr_imagedimensions=1" "WP-Rocket/SaaS Mozilla/5.0 (Linux; Android 13; Pixel 5) AppleWebKit/537.36 (KHTML, like Gecko) Chrome/106.0.0.0 Mobile Safari/537.36"
5.249.224.8 - - [07/Oct/2025:19:02:01 +0000] "GET /jufisas/css/select2.min.css HTTP/1.1" 200 1998 "https://klescorthub.net/agency/fiona-fowler/?nowprocket=1&no_optimize=1&wpr_imagedimensions=1" "WP-Rocket/SaaS Mozilla/5.0 (Linux; Android 13; Pixel 5) AppleWebKit/537.36 (KHTML, like Gecko) Chrome/106.0.0.0 Mobile Safari/537.36"
5.249.224.8 - - [07/Oct/2025:19:02:01 +0000] "GET /jadoaksy/js/jquery/jquery-migrate.min.js HTTP/1.1" 200 4872 "https://klescorthub.net/agency/fiona-fowler/?nowprocket=1&no_optimize=1&wpr_imagedimensions=1" "WP-Rocket/SaaS Mozilla/5.0 (Linux; Android 13; Pixel 5) AppleWebKit/537.36 (KHTML, like Gecko) Chrome/106.0.0.0 Mobile Safari/537.36"
5.249.224.8 - - [07/Oct/2025:19:02:01 +0000] "GET /jufisas/js/select2.min.js HTTP/1.1" 200 19907 "https://klescorthub.net/agency/fiona-fowler/?nowprocket=1&no_optimize=1&wpr_imagedimensions=1" "WP-Rocket/SaaS Mozilla/5.0 (Linux; Android 13; Pixel 5) AppleWebKit/537.36 (KHTML, like Gecko) Chrome/106.0.0.0 Mobile Safari/537.36"
5.249.224.8 - - [07/Oct/2025:19:02:01 +0000] "GET /jadoaksy/js/jquery/jquery.min.js HTTP/1.1" 200 30368 "https://klescorthub.net/agency/fiona-fowler/?nowprocket=1&no_optimize=1&wpr_imagedimensions=1" "WP-Rocket/SaaS Mozilla/5.0 (Linux; Android 13; Pixel 5) AppleWebKit/537.36 (KHTML, like Gecko) Chrome/106.0.0.0 Mobile Safari/537.36"
5.249.224.8 - - [07/Oct/2025:19:02:01 +0000] "GET /jufisas/js/dolceescort.js HTTP/1.1" 200 3471 "https://klescorthub.net/agency/fiona-fowler/?nowprocket=1&no_optimize=1&wpr_imagedimensions=1" "WP-Rocket/SaaS Mozilla/5.0 (Linux; Android 13; Pixel 5) AppleWebKit/537.36 (KHTML, like Gecko) Chrome/106.0.0.0 Mobile Safari/537.36"
