45.86.208.11 - - [07/Oct/2025:20:09:01 +0000] "GET /jadoaksy/js/jquery/jquery-migrate.min.js HTTP/1.1" 200 4872 "https://klescorthub.net/agency-registration/" "Mozilla/5.0 (Windows NT 10.0; Win64; x64) AppleWebKit/537.36 (KHTML, like Gecko) Chrome/140.0.0.0 Safari/537.36"
45.86.208.11 - - [07/Oct/2025:20:09:01 +0000] "GET /jufisas/js/select2.min.js HTTP/1.1" 200 19907 "https://klescorthub.net/agency-registration/" "Mozilla/5.0 (Windows NT 10.0; Win64; x64) AppleWebKit/537.36 (KHTML, like Gecko) Chrome/140.0.0.0 Safari/537.36"
45.86.208.11 - - [07/Oct/2025:20:09:02 +0000] "GET /startala/cache/min/1/wp-content/themes/escortwp/js/dolceescort.js?ver=1758949368 HTTP/1.1" 200 2906 "https://klescorthub.net/agency-registration/" "Mozilla/5.0 (Windows NT 10.0; Win64; x64) AppleWebKit/537.36 (KHTML, like Gecko) Chrome/140.0.0.0 Safari/537.36"
45.86.208.11 - - [07/Oct/2025:20:09:02 +0000] "GET /startala/cache/min/1/wp-content/themes/escortwp/js/js.cookie.js?ver=1758949368 HTTP/1.1" 200 1156 "https://klescorthub.net/agency-registration/" "Mozilla/5.0 (Windows NT 10.0; Win64; x64) AppleWebKit/537.36 (KHTML, like Gecko) Chrome/140.0.0.0 Safari/537.36"
45.86.208.11 - - [07/Oct/2025:20:09:02 +0000] "GET /jufisas/js/jquery.uploadifive.min.js HTTP/1.1" 200 4096 "https://klescorthub.net/agency-registration/" "Mozilla/5.0 (Windows NT 10.0; Win64; x64) AppleWebKit/537.36 (KHTML, like Gecko) Chrome/140.0.0.0 Safari/537.36"
45.86.208.11 - - [07/Oct/2025:20:09:02 +0000] "GET /jufisas/js/jquery.mobile.custom.min.js HTTP/1.1" 200 2862 "https://klescorthub.net/agency-registration/" "Mozilla/5.0 (Windows NT 10.0; Win64; x64) AppleWebKit/537.36 (KHTML, like Gecko) Chrome/140.0.0.0 Safari/537.36"
45.86.208.11 - - [07/Oct/2025:20:09:02 +0000] "GET /startala/cache/min/1/wp-content/themes/escortwp/js/checkator.jquery.js?ver=1758949368 HTTP/1.1" 200 690 "https://klescorthub.net/agency-registration/" "Mozilla/5.0 (Windows NT 10.0; Win64; x64) AppleWebKit/537.36 (KHTML, like Gecko) Chrome/140.0.0.0 Safari/537.36"
45.86.208.11 - - [07/Oct/2025:20:09:02 +0000] "GET /ibeptoxa/2024/05/cropped-iconfinder_kl-escort-hub-32x32.png HTTP/1.1" 200 490 "https://klescorthub.net/agency-registration/" "Mozilla/5.0 (Windows NT 10.0; Win64; x64) AppleWebKit/537.36 (KHTML, like Gecko) Chrome/140.0.0.0 Safari/537.36"
203.161.56.247 - - [07/Oct/2025:20:09:05 +0000] "POST /wp-cron.php?doing_wp_cron=1759867745.0848410129547119140625 HTTP/1.1" 200 - "-" "WordPress/6.8.3; https://klescorthub.net"
45.86.208.11 - - [07/Oct/2025:20:09:03 +0000] "GET /jufisas/ajax/get-cities.php?id=9&hide_empty=0&select2=yes HTTP/1.1" 200 510 "https://klescorthub.net/agency-registration/" "Mozilla/5.0 (Windows NT 10.0; Win64; x64) AppleWebKit/537.36 (KHTML, like Gecko) Chrome/140.0.0.0 Safari/537.36"
203.161.56.247 - - [07/Oct/2025:20:09:06 +0000] "GET /agency/indian-model-in-kuala-lumpur/ HTTP/1.1" 200 37329 "-" "WP Rocket/Preload"
203.161.56.247 - - [07/Oct/2025:20:09:09 +0000] "GET /agency/indian-model-in-kuala-lumpur/ HTTP/1.1" 200 37384 "-" "WP Rocket/Preload Mozilla/5.0 (iPhone; CPU iPhone OS 9_1 like Mac OS X) AppleWebKit/601.1.46 (KHTML, like Gecko) Version/9.0 Mobile/13B143 Safari/601.1"
203.161.56.247 - - [07/Oct/2025:20:10:55 +0000] "POST /wp-cron.php?doing_wp_cron=1759867855.2414770126342773437500 HTTP/1.1" 200 - "-" "WordPress/6.8.3; https://klescorthub.net"
216.73.216.116 - - [07/Oct/2025:20:10:53 +0000] "GET /sitemap.html HTTP/1.1" 200 1082 "-" "Mozilla/5.0 AppleWebKit/537.36 (KHTML, like Gecko; compatible; ClaudeBot/1.0; +claudebot@anthropic.com)"
151.106.63.62 - - [07/Oct/2025:20:11:12 +0000] "GET /busty/ HTTP/1.1" 200 34777 "https://www.google.com/url?q=https://klescorthub.net/busty/&sa=U&sqi=2&ved=2ahUKEwj6sOCP8pKQAxU3LPsDHTObBTI4FBAWegQIMxAB&usg=AOvVaw1LD15lb7tS6QMLIASGZiib" "Mozilla/5.0 (iPhone; CPU iPhone OS 18_7_1 like Mac OS X) AppleWebKit/605.1.15 (KHTML, like Gecko) GSA/388.0.811331708 Mobile/15E148 Safari/604.1"
151.106.63.62 - - [07/Oct/2025:20:11:13 +0000] "GET /ifovigum/wp-smushit/app/assets/js/smush-lazy-load.min.js HTTP/1.1" 200 7887 "https://klescorthub.net/busty/" "Mozilla/5.0 (iPhone; CPU iPhone OS 18_7_1 like Mac OS X) AppleWebKit/605.1.15 (KHTML, like Gecko) GSA/388.0.811331708 Mobile/15E148 Safari/604.1"
151.106.63.62 - - [07/Oct/2025:20:11:13 +0000] "GET /ibeptoxa/1715870706191.png HTTP/1.1" 200 7181 "https://klescorthub.net/busty/" "Mozilla/5.0 (iPhone; CPU iPhone OS 18_7_1 like Mac OS X) AppleWebKit/605.1.15 (KHTML, like Gecko) GSA/388.0.811331708 Mobile/15E148 Safari/604.1"
151.106.63.62 - - [07/Oct/2025:20:11:14 +0000] "GET /jadoaksy/js/jquery/jquery.min.js HTTP/1.1" 200 30368 "https://klescorthub.net/busty/" "Mozilla/5.0 (iPhone; CPU iPhone OS 18_7_1 like Mac OS X) AppleWebKit/605.1.15 (KHTML, like Gecko) GSA/388.0.811331708 Mobile/15E148 Safari/604.1"
151.106.63.62 - - [07/Oct/2025:20:11:15 +0000] "GET /jufisas/js/jquery.mobile.custom.min.js HTTP/1.1" 200 2862 "https://klescorthub.net/busty/" "Mozilla/5.0 (iPhone; CPU iPhone OS 18_7_1 like Mac OS X) AppleWebKit/605.1.15 (KHTML, like Gecko) GSA/388.0.811331708 Mobile/15E148 Safari/604.1"
151.106.63.62 - - [07/Oct/2025:20:11:15 +0000] "GET /startala/cache/min/1/wp-content/themes/escortwp/js/dolceescort.js?ver=1758949368 HTTP/1.1" 200 2906 "https://klescorthub.net/busty/" "Mozilla/5.0 (iPhone; CPU iPhone OS 18_7_1 like Mac OS X) AppleWebKit/605.1.15 (KHTML, like Gecko) GSA/388.0.811331708 Mobile/15E148 Safari/604.1"
151.106.63.62 - - [07/Oct/2025:20:11:15 +0000] "GET /jufisas/js/jquery.uploadifive.min.js HTTP/1.1" 200 4096 "https://klescorthub.net/busty/" "Mozilla/5.0 (iPhone; CPU iPhone OS 18_7_1 like Mac OS X) AppleWebKit/605.1.15 (KHTML, like Gecko) GSA/388.0.811331708 Mobile/15E148 Safari/604.1"
151.106.63.62 - - [07/Oct/2025:20:11:15 +0000] "GET /startala/cache/min/1/wp-content/themes/escortwp/js/js.cookie.js?ver=1758949368 HTTP/1.1" 200 1156 "https://klescorthub.net/busty/" "Mozilla/5.0 (iPhone; CPU iPhone OS 18_7_1 like Mac OS X) AppleWebKit/605.1.15 (KHTML, like Gecko) GSA/388.0.811331708 Mobile/15E148 Safari/604.1"
151.106.63.62 - - [07/Oct/2025:20:11:15 +0000] "GET /jufisas/js/select2.min.js HTTP/1.1" 200 19907 "https://klescorthub.net/busty/" "Mozilla/5.0 (iPhone; CPU iPhone OS 18_7_1 like Mac OS X) AppleWebKit/605.1.15 (KHTML, like Gecko) GSA/388.0.811331708 Mobile/15E148 Safari/604.1"
151.106.63.62 - - [07/Oct/2025:20:11:15 +0000] "GET /jadoaksy/js/jquery/jquery-migrate.min.js HTTP/1.1" 200 4872 "https://klescorthub.net/busty/" "Mozilla/5.0 (iPhone; CPU iPhone OS 18_7_1 like Mac OS X) AppleWebKit/605.1.15 (KHTML, like Gecko) GSA/388.0.811331708 Mobile/15E148 Safari/604.1"
151.106.63.62 - - [07/Oct/2025:20:11:15 +0000] "GET /startala/cache/min/1/wp-content/themes/escortwp/js/checkator.jquery.js?ver=1758949368 HTTP/1.1" 200 690 "https://klescorthub.net/busty/" "Mozilla/5.0 (iPhone; CPU iPhone OS 18_7_1 like Mac OS X) AppleWebKit/605.1.15 (KHTML, like Gecko) GSA/388.0.811331708 Mobile/15E148 Safari/604.1"
151.106.63.62 - - [07/Oct/2025:20:11:30 +0000] "GET / HTTP/1.1" 200 39449 "https://klescorthub.net/busty/" "Mozilla/5.0 (iPhone; CPU iPhone OS 18_7_1 like Mac OS X) AppleWebKit/605.1.15 (KHTML, like Gecko) GSA/388.0.811331708 Mobile/15E148 Safari/604.1"
151.106.63.62 - - [07/Oct/2025:20:11:31 +0000] "GET /ibeptoxa/1702572538365/17025725521698-400x600.jpg HTTP/1.1" 200 46792 "https://klescorthub.net/" "Mozilla/5.0 (iPhone; CPU iPhone OS 18_7_1 like Mac OS X) AppleWebKit/605.1.15 (KHTML, like Gecko) GSA/388.0.811331708 Mobile/15E148 Safari/604.1"
151.106.63.62 - - [07/Oct/2025:20:11:31 +0000] "GET /ibeptoxa/1701672929497/17016729475960-400x600.jpg HTTP/1.1" 200 51902 "https://klescorthub.net/" "Mozilla/5.0 (iPhone; CPU iPhone OS 18_7_1 like Mac OS X) AppleWebKit/605.1.15 (KHTML, like Gecko) GSA/388.0.811331708 Mobile/15E148 Safari/604.1"
151.106.63.62 - - [07/Oct/2025:20:11:32 +0000] "GET /ibeptoxa/1701673037890/17016730515791-400x600.jpg HTTP/1.1" 200 41006 "https://klescorthub.net/" "Mozilla/5.0 (iPhone; CPU iPhone OS 18_7_1 like Mac OS X) AppleWebKit/605.1.15 (KHTML, like Gecko) GSA/388.0.811331708 Mobile/15E148 Safari/604.1"
151.106.63.62 - - [07/Oct/2025:20:11:32 +0000] "GET /ibeptoxa/1702572435665/17025724483886-400x600.jpg HTTP/1.1" 200 48717 "https://klescorthub.net/" "Mozilla/5.0 (iPhone; CPU iPhone OS 18_7_1 like Mac OS X) AppleWebKit/605.1.15 (KHTML, like Gecko) GSA/388.0.811331708 Mobile/15E148 Safari/604.1"
151.106.63.62 - - [07/Oct/2025:20:11:33 +0000] "GET /ibeptoxa/1702572485869/17025725011111-400x600.jpg HTTP/1.1" 200 38580 "https://klescorthub.net/" "Mozilla/5.0 (iPhone; CPU iPhone OS 18_7_1 like Mac OS X) AppleWebKit/605.1.15 (KHTML, like Gecko) GSA/388.0.811331708 Mobile/15E148 Safari/604.1"
151.106.63.62 - - [07/Oct/2025:20:11:33 +0000] "GET /ibeptoxa/1759305711552/17593057293004-400x600.jpg HTTP/1.1" 200 35631 "https://klescorthub.net/" "Mozilla/5.0 (iPhone; CPU iPhone OS 18_7_1 like Mac OS X) AppleWebKit/605.1.15 (KHTML, like Gecko) GSA/388.0.811331708 Mobile/15E148 Safari/604.1"
151.106.63.62 - - [07/Oct/2025:20:11:33 +0000] "GET /ibeptoxa/1759302704900/17593027317922-400x600.jpg HTTP/1.1" 200 31954 "https://klescorthub.net/" "Mozilla/5.0 (iPhone; CPU iPhone OS 18_7_1 like Mac OS X) AppleWebKit/605.1.15 (KHTML, like Gecko) GSA/388.0.811331708 Mobile/15E148 Safari/604.1"
151.106.63.62 - - [07/Oct/2025:20:11:33 +0000] "GET /ibeptoxa/1759302473446/17593025502671-400x600.jpg HTTP/1.1" 200 41242 "https://klescorthub.net/" "Mozilla/5.0 (iPhone; CPU iPhone OS 18_7_1 like Mac OS X) AppleWebKit/605.1.15 (KHTML, like Gecko) GSA/388.0.811331708 Mobile/15E148 Safari/604.1"
151.106.63.62 - - [07/Oct/2025:20:11:33 +0000] "GET /ibeptoxa/1702572657109/17025726868281-400x600.jpg HTTP/1.1" 200 37343 "https://klescorthub.net/" "Mozilla/5.0 (iPhone; CPU iPhone OS 18_7_1 like Mac OS X) AppleWebKit/605.1.15 (KHTML, like Gecko) GSA/388.0.811331708 Mobile/15E148 Safari/604.1"
151.106.63.62 - - [07/Oct/2025:20:11:34 +0000] "GET /ibeptoxa/1759296944562/17592969777029-400x600.jpg HTTP/1.1" 200 30552 "https://klescorthub.net/" "Mozilla/5.0 (iPhone; CPU iPhone OS 18_7_1 like Mac OS X) AppleWebKit/605.1.15 (KHTML, like Gecko) GSA/388.0.811331708 Mobile/15E148 Safari/604.1"
151.106.63.62 - - [07/Oct/2025:20:11:35 +0000] "GET /ibeptoxa/1746899744902/17468997647980-400x600.jpg HTTP/1.1" 200 36606 "https://klescorthub.net/" "Mozilla/5.0 (iPhone; CPU iPhone OS 18_7_1 like Mac OS X) AppleWebKit/605.1.15 (KHTML, like Gecko) GSA/388.0.811331708 Mobile/15E148 Safari/604.1"
151.106.63.62 - - [07/Oct/2025:20:11:35 +0000] "GET /ibeptoxa/1746899884338/17468999081148-400x600.jpg HTTP/1.1" 200 39394 "https://klescorthub.net/" "Mozilla/5.0 (iPhone; CPU iPhone OS 18_7_1 like Mac OS X) AppleWebKit/605.1.15 (KHTML, like Gecko) GSA/388.0.811331708 Mobile/15E148 Safari/604.1"
151.106.63.62 - - [07/Oct/2025:20:11:35 +0000] "GET /ibeptoxa/1746899070629/17468990969850-400x600.jpg HTTP/1.1" 200 34094 "https://klescorthub.net/" "Mozilla/5.0 (iPhone; CPU iPhone OS 18_7_1 like Mac OS X) AppleWebKit/605.1.15 (KHTML, like Gecko) GSA/388.0.811331708 Mobile/15E148 Safari/604.1"
151.106.63.62 - - [07/Oct/2025:20:11:36 +0000] "GET /ibeptoxa/174689923569/17468992497100-400x600.jpg HTTP/1.1" 200 47770 "https://klescorthub.net/" "Mozilla/5.0 (iPhone; CPU iPhone OS 18_7_1 like Mac OS X) AppleWebKit/605.1.15 (KHTML, like Gecko) GSA/388.0.811331708 Mobile/15E148 Safari/604.1"
151.106.63.62 - - [07/Oct/2025:20:11:37 +0000] "GET /ibeptoxa/1745963887292/17459639014688-400x600.jpg HTTP/1.1" 200 35945 "https://klescorthub.net/" "Mozilla/5.0 (iPhone; CPU iPhone OS 18_7_1 like Mac OS X) AppleWebKit/605.1.15 (KHTML, like Gecko) GSA/388.0.811331708 Mobile/15E148 Safari/604.1"
151.106.63.62 - - [07/Oct/2025:20:11:37 +0000] "GET /ibeptoxa/1745963506769/17459637432770-400x600.jpg HTTP/1.1" 200 44106 "https://klescorthub.net/" "Mozilla/5.0 (iPhone; CPU iPhone OS 18_7_1 like Mac OS X) AppleWebKit/605.1.15 (KHTML, like Gecko) GSA/388.0.811331708 Mobile/15E148 Safari/604.1"
151.106.63.62 - - [07/Oct/2025:20:11:38 +0000] "GET /ibeptoxa/1745962632739/17459632995200-400x600.jpg HTTP/1.1" 200 31943 "https://klescorthub.net/" "Mozilla/5.0 (iPhone; CPU iPhone OS 18_7_1 like Mac OS X) AppleWebKit/605.1.15 (KHTML, like Gecko) GSA/388.0.811331708 Mobile/15E148 Safari/604.1"
151.106.63.62 - - [07/Oct/2025:20:11:38 +0000] "GET /ibeptoxa/1745962284505/17459623043429-400x600.jpg HTTP/1.1" 200 35190 "https://klescorthub.net/" "Mozilla/5.0 (iPhone; CPU iPhone OS 18_7_1 like Mac OS X) AppleWebKit/605.1.15 (KHTML, like Gecko) GSA/388.0.811331708 Mobile/15E148 Safari/604.1"
151.106.63.62 - - [07/Oct/2025:20:11:38 +0000] "GET /ibeptoxa/1745962003542/17459620256839-400x600.jpg HTTP/1.1" 200 39375 "https://klescorthub.net/" "Mozilla/5.0 (iPhone; CPU iPhone OS 18_7_1 like Mac OS X) AppleWebKit/605.1.15 (KHTML, like Gecko) GSA/388.0.811331708 Mobile/15E148 Safari/604.1"
151.106.63.62 - - [07/Oct/2025:20:11:38 +0000] "GET /ibeptoxa/1706783643798/17067836607619-400x600.jpg HTTP/1.1" 200 44072 "https://klescorthub.net/" "Mozilla/5.0 (iPhone; CPU iPhone OS 18_7_1 like Mac OS X) AppleWebKit/605.1.15 (KHTML, like Gecko) GSA/388.0.811331708 Mobile/15E148 Safari/604.1"
151.106.63.62 - - [07/Oct/2025:20:11:39 +0000] "GET /ibeptoxa/1706783232238/17067832711077-400x600.jpg HTTP/1.1" 200 40053 "https://klescorthub.net/" "Mozilla/5.0 (iPhone; CPU iPhone OS 18_7_1 like Mac OS X) AppleWebKit/605.1.15 (KHTML, like Gecko) GSA/388.0.811331708 Mobile/15E148 Safari/604.1"
151.106.63.62 - - [07/Oct/2025:20:11:39 +0000] "GET /ibeptoxa/1706783543293/17067835817177-400x600.jpg HTTP/1.1" 200 45345 "https://klescorthub.net/" "Mozilla/5.0 (iPhone; CPU iPhone OS 18_7_1 like Mac OS X) AppleWebKit/605.1.15 (KHTML, like Gecko) GSA/388.0.811331708 Mobile/15E148 Safari/604.1"
151.106.63.62 - - [07/Oct/2025:20:11:41 +0000] "GET /ibeptoxa/1702572591995/17025726091009-400x600.jpg HTTP/1.1" 200 37814 "https://klescorthub.net/" "Mozilla/5.0 (iPhone; CPU iPhone OS 18_7_1 like Mac OS X) AppleWebKit/605.1.15 (KHTML, like Gecko) GSA/388.0.811331708 Mobile/15E148 Safari/604.1"
151.106.63.62 - - [07/Oct/2025:20:11:41 +0000] "GET /ibeptoxa/1702572725668/17025727397192-400x600.jpg HTTP/1.1" 200 48553 "https://klescorthub.net/" "Mozilla/5.0 (iPhone; CPU iPhone OS 18_7_1 like Mac OS X) AppleWebKit/605.1.15 (KHTML, like Gecko) GSA/388.0.811331708 Mobile/15E148 Safari/604.1"
151.106.63.62 - - [07/Oct/2025:20:11:44 +0000] "GET /ibeptoxa/1702572277319/17025722901395-400x600.jpg HTTP/1.1" 200 51902 "https://klescorthub.net/" "Mozilla/5.0 (iPhone; CPU iPhone OS 18_7_1 like Mac OS X) AppleWebKit/605.1.15 (KHTML, like Gecko) GSA/388.0.811331708 Mobile/15E148 Safari/604.1"
151.106.63.62 - - [07/Oct/2025:20:11:44 +0000] "GET /ibeptoxa/1702572328253/17025723506772-400x600.jpg HTTP/1.1" 200 41123 "https://klescorthub.net/" "Mozilla/5.0 (iPhone; CPU iPhone OS 18_7_1 like Mac OS X) AppleWebKit/605.1.15 (KHTML, like Gecko) GSA/388.0.811331708 Mobile/15E148 Safari/604.1"
151.106.63.62 - - [07/Oct/2025:20:11:45 +0000] "GET /escort_profile/meng-yao/ HTTP/1.1" 200 43334 "https://klescorthub.net/" "Mozilla/5.0 (iPhone; CPU iPhone OS 18_7_1 like Mac OS X) AppleWebKit/605.1.15 (KHTML, like Gecko) GSA/388.0.811331708 Mobile/15E148 Safari/604.1"
151.106.63.62 - - [07/Oct/2025:20:11:45 +0000] "GET /escort_profile/meng-yao/ HTTP/1.1" 200 43334 "https://klescorthub.net/" "Mozilla/5.0 (iPhone; CPU iPhone OS 18_7_1 like Mac OS X) AppleWebKit/605.1.15 (KHTML, like Gecko) GSA/388.0.811331708 Mobile/15E148 Safari/604.1"
151.106.63.62 - - [07/Oct/2025:20:11:47 +0000] "GET /ibeptoxa/1706783643798/17067836607619-370x490.jpg HTTP/1.1" 200 35466 "https://klescorthub.net/escort_profile/meng-yao/" "Mozilla/5.0 (iPhone; CPU iPhone OS 18_7_1 like Mac OS X) AppleWebKit/605.1.15 (KHTML, like Gecko) GSA/388.0.811331708 Mobile/15E148 Safari/604.1"
151.106.63.62 - - [07/Oct/2025:20:11:47 +0000] "GET /jufisas/js/jquery.fancybox.min.js HTTP/1.1" 200 22013 "https://klescorthub.net/escort_profile/meng-yao/" "Mozilla/5.0 (iPhone; CPU iPhone OS 18_7_1 like Mac OS X) AppleWebKit/605.1.15 (KHTML, like Gecko) GSA/388.0.811331708 Mobile/15E148 Safari/604.1"
151.106.63.62 - - [07/Oct/2025:20:11:48 +0000] "GET /ibeptoxa/1706783643798/17067836763135-328x490.jpg HTTP/1.1" 200 22760 "https://klescorthub.net/escort_profile/meng-yao/" "Mozilla/5.0 (iPhone; CPU iPhone OS 18_7_1 like Mac OS X) AppleWebKit/605.1.15 (KHTML, like Gecko) GSA/388.0.811331708 Mobile/15E148 Safari/604.1"
151.106.63.62 - - [07/Oct/2025:20:11:52 +0000] "GET /ibeptoxa/1706783643798/17067836779552-327x490.jpg HTTP/1.1" 200 22162 "https://klescorthub.net/escort_profile/meng-yao/" "Mozilla/5.0 (iPhone; CPU iPhone OS 18_7_1 like Mac OS X) AppleWebKit/605.1.15 (KHTML, like Gecko) GSA/388.0.811331708 Mobile/15E148 Safari/604.1"
151.106.63.62 - - [07/Oct/2025:20:11:52 +0000] "GET /ibeptoxa/1706783643798/17067836784812-335x490.jpg HTTP/1.1" 200 23574 "https://klescorthub.net/escort_profile/meng-yao/" "Mozilla/5.0 (iPhone; CPU iPhone OS 18_7_1 like Mac OS X) AppleWebKit/605.1.15 (KHTML, like Gecko) GSA/388.0.811331708 Mobile/15E148 Safari/604.1"
151.106.63.62 - - [07/Oct/2025:20:11:52 +0000] "GET /ibeptoxa/1706783643798/17067838688371-370x490.jpg HTTP/1.1" 200 35466 "https://klescorthub.net/escort_profile/meng-yao/" "Mozilla/5.0 (iPhone; CPU iPhone OS 18_7_1 like Mac OS X) AppleWebKit/605.1.15 (KHTML, like Gecko) GSA/388.0.811331708 Mobile/15E148 Safari/604.1"
203.161.56.247 - - [07/Oct/2025:20:13:15 +0000] "POST /wp-cron.php?doing_wp_cron=1759867995.0940420627593994140625 HTTP/1.1" 200 - "-" "WordPress/6.8.3; https://klescorthub.net"
45.86.208.11 - - [07/Oct/2025:20:13:13 +0000] "GET /jufisas/ajax/check-username.php?user=Ruth%20Houston HTTP/1.1" 200 73 "https://klescorthub.net/agency-registration/" "Mozilla/5.0 (Windows NT 10.0; Win64; x64) AppleWebKit/537.36 (KHTML, like Gecko) Chrome/140.0.0.0 Safari/537.36"
45.86.208.11 - - [07/Oct/2025:20:13:15 +0000] "GET /jufisas/ajax/check-username.php?user=Ruth%20Houston HTTP/1.1" 200 73 "https://klescorthub.net/agency-registration/" "Mozilla/5.0 (Windows NT 10.0; Win64; x64) AppleWebKit/537.36 (KHTML, like Gecko) Chrome/140.0.0.0 Safari/537.36"
45.86.208.11 - - [07/Oct/2025:20:13:48 +0000] "GET /agency-registration/ HTTP/1.1" 304 - "https://klescorthub.net/agency-registration/" "Mozilla/5.0 (Windows NT 10.0; Win64; x64) AppleWebKit/537.36 (KHTML, like Gecko) Chrome/140.0.0.0 Safari/537.36"
203.161.56.247 - - [07/Oct/2025:20:14:54 +0000] "POST /wp-cron.php?doing_wp_cron=1759868094.5462689399719238281250 HTTP/1.1" 200 - "-" "WordPress/6.8.3; https://klescorthub.net"
45.86.208.11 - - [07/Oct/2025:20:14:52 +0000] "POST /agency-registration/ HTTP/1.1" 302 - "https://klescorthub.net/agency-registration/" "Mozilla/5.0 (Windows NT 10.0; Win64; x64) AppleWebKit/537.36 (KHTML, like Gecko) Chrome/140.0.0.0 Safari/537.36"
45.86.208.11 - - [07/Oct/2025:20:14:55 +0000] "GET /agency-registration/ HTTP/1.1" 200 16794 "https://klescorthub.net/agency-registration/" "Mozilla/5.0 (Windows NT 10.0; Win64; x64) AppleWebKit/537.36 (KHTML, like Gecko) Chrome/140.0.0.0 Safari/537.36"
45.86.208.11 - - [07/Oct/2025:20:14:56 +0000] "GET /startala/cache/min/1/wp-content/themes/escortwp/css/icon-font/style.css?ver=1759729543 HTTP/1.1" 200 9115 "https://klescorthub.net/agency-registration/" "Mozilla/5.0 (Windows NT 10.0; Win64; x64) AppleWebKit/537.36 (KHTML, like Gecko) Chrome/140.0.0.0 Safari/537.36"
45.86.208.11 - - [07/Oct/2025:20:14:56 +0000] "GET /startala/cache/min/1/wp-content/themes/escortwp/style.css?ver=1759729543 HTTP/1.1" 200 14641 "https://klescorthub.net/agency-registration/" "Mozilla/5.0 (Windows NT 10.0; Win64; x64) AppleWebKit/537.36 (KHTML, like Gecko) Chrome/140.0.0.0 Safari/537.36"
45.86.208.11 - - [07/Oct/2025:20:14:56 +0000] "GET /startala/cache/min/1/wp-content/themes/escortwp/css/responsive.css?ver=1759729543 HTTP/1.1" 200 1916 "https://klescorthub.net/agency-registration/" "Mozilla/5.0 (Windows NT 10.0; Win64; x64) AppleWebKit/537.36 (KHTML, like Gecko) Chrome/140.0.0.0 Safari/537.36"
45.86.208.11 - - [07/Oct/2025:20:14:57 +0000] "GET /jufisas/css/select2.min.css HTTP/1.1" 200 1998 "https://klescorthub.net/agency-registration/" "Mozilla/5.0 (Windows NT 10.0; Win64; x64) AppleWebKit/537.36 (KHTML, like Gecko) Chrome/140.0.0.0 Safari/537.36"
203.161.56.247 - - [07/Oct/2025:20:15:27 +0000] "POST /wp-cron.php?doing_wp_cron=1759868127.0726590156555175781250 HTTP/1.1" 200 - "-" "WordPress/6.8.3; https://klescorthub.net"
45.86.208.11 - - [07/Oct/2025:20:15:25 +0000] "GET /?ekey=a8bd61dc7c0535a140aca6895920230b HTTP/1.1" 200 16078 "-" "Mozilla/5.0 (Windows NT 10.0; Win64; x64) AppleWebKit/537.36 (KHTML, like Gecko) Chrome/140.0.0.0 Safari/537.36"
45.86.208.11 - - [07/Oct/2025:20:15:29 +0000] "GET /jufisas/dadipon.css HTTP/1.1" 200 15557 "https://klescorthub.net/?ekey=a8bd61dc7c0535a140aca6895920230b" "Mozilla/5.0 (Windows NT 10.0; Win64; x64) AppleWebKit/537.36 (KHTML, like Gecko) Chrome/140.0.0.0 Safari/537.36"
45.86.208.11 - - [07/Oct/2025:20:15:29 +0000] "GET /jufisas/css/icon-font/style.css HTTP/1.1" 200 9216 "https://klescorthub.net/?ekey=a8bd61dc7c0535a140aca6895920230b" "Mozilla/5.0 (Windows NT 10.0; Win64; x64) AppleWebKit/537.36 (KHTML, like Gecko) Chrome/140.0.0.0 Safari/537.36"
45.86.208.11 - - [07/Oct/2025:20:15:29 +0000] "GET /jufisas/css/responsive.css HTTP/1.1" 200 2139 "https://klescorthub.net/?ekey=a8bd61dc7c0535a140aca6895920230b" "Mozilla/5.0 (Windows NT 10.0; Win64; x64) AppleWebKit/537.36 (KHTML, like Gecko) Chrome/140.0.0.0 Safari/537.36"
45.86.208.11 - - [07/Oct/2025:20:15:29 +0000] "GET /jufisas/js/js.cookie.js HTTP/1.1" 200 1556 "https://klescorthub.net/?ekey=a8bd61dc7c0535a140aca6895920230b" "Mozilla/5.0 (Windows NT 10.0; Win64; x64) AppleWebKit/537.36 (KHTML, like Gecko) Chrome/140.0.0.0 Safari/537.36"
45.86.208.11 - - [07/Oct/2025:20:15:29 +0000] "GET /jufisas/js/checkator.jquery.js HTTP/1.1" 200 1572 "https://klescorthub.net/?ekey=a8bd61dc7c0535a140aca6895920230b" "Mozilla/5.0 (Windows NT 10.0; Win64; x64) AppleWebKit/537.36 (KHTML, like Gecko) Chrome/140.0.0.0 Safari/537.36"
45.86.208.11 - - [07/Oct/2025:20:15:29 +0000] "GET /jufisas/js/dolceescort.js HTTP/1.1" 200 3471 "https://klescorthub.net/?ekey=a8bd61dc7c0535a140aca6895920230b" "Mozilla/5.0 (Windows NT 10.0; Win64; x64) AppleWebKit/537.36 (KHTML, like Gecko) Chrome/140.0.0.0 Safari/537.36"
45.86.208.11 - - [07/Oct/2025:20:15:30 +0000] "GET /ibeptoxa/1701673037890/17016730515791-400x600.jpg HTTP/1.1" 200 41006 "https://klescorthub.net/?ekey=a8bd61dc7c0535a140aca6895920230b" "Mozilla/5.0 (Windows NT 10.0; Win64; x64) AppleWebKit/537.36 (KHTML, like Gecko) Chrome/140.0.0.0 Safari/537.36"
45.86.208.11 - - [07/Oct/2025:20:15:30 +0000] "GET /ibeptoxa/1702572657109/17025726868281-400x600.jpg HTTP/1.1" 200 37343 "https://klescorthub.net/?ekey=a8bd61dc7c0535a140aca6895920230b" "Mozilla/5.0 (Windows NT 10.0; Win64; x64) AppleWebKit/537.36 (KHTML, like Gecko) Chrome/140.0.0.0 Safari/537.36"
45.86.208.11 - - [07/Oct/2025:20:15:30 +0000] "GET /ibeptoxa/1702572485869/17025725011111-400x600.jpg HTTP/1.1" 200 38580 "https://klescorthub.net/?ekey=a8bd61dc7c0535a140aca6895920230b" "Mozilla/5.0 (Windows NT 10.0; Win64; x64) AppleWebKit/537.36 (KHTML, like Gecko) Chrome/140.0.0.0 Safari/537.36"
45.86.208.11 - - [07/Oct/2025:20:15:30 +0000] "GET /ibeptoxa/1702572538365/17025725521698-400x600.jpg HTTP/1.1" 200 46792 "https://klescorthub.net/?ekey=a8bd61dc7c0535a140aca6895920230b" "Mozilla/5.0 (Windows NT 10.0; Win64; x64) AppleWebKit/537.36 (KHTML, like Gecko) Chrome/140.0.0.0 Safari/537.36"
203.161.56.247 - - [07/Oct/2025:20:15:28 +0000] "GET /all-escorts/all-kl-escort-girls/ HTTP/1.1" 301 - "-" "WP Rocket/Preload"
45.86.208.11 - - [07/Oct/2025:20:15:30 +0000] "GET /ibeptoxa/1701672929497/17016729475960-400x600.jpg HTTP/1.1" 200 51902 "https://klescorthub.net/?ekey=a8bd61dc7c0535a140aca6895920230b" "Mozilla/5.0 (Windows NT 10.0; Win64; x64) AppleWebKit/537.36 (KHTML, like Gecko) Chrome/140.0.0.0 Safari/537.36"
45.86.208.11 - - [07/Oct/2025:20:15:30 +0000] "GET /ibeptoxa/1702572435665/17025724483886-400x600.jpg HTTP/1.1" 200 48717 "https://klescorthub.net/?ekey=a8bd61dc7c0535a140aca6895920230b" "Mozilla/5.0 (Windows NT 10.0; Win64; x64) AppleWebKit/537.36 (KHTML, like Gecko) Chrome/140.0.0.0 Safari/537.36"
45.86.208.11 - - [07/Oct/2025:20:15:30 +0000] "GET /ibeptoxa/1759305711552/17593057293004-400x600.jpg HTTP/1.1" 200 35631 "https://klescorthub.net/?ekey=a8bd61dc7c0535a140aca6895920230b" "Mozilla/5.0 (Windows NT 10.0; Win64; x64) AppleWebKit/537.36 (KHTML, like Gecko) Chrome/140.0.0.0 Safari/537.36"
45.86.208.11 - - [07/Oct/2025:20:15:30 +0000] "GET /ibeptoxa/1759302704900/17593027317922-400x600.jpg HTTP/1.1" 200 31954 "https://klescorthub.net/?ekey=a8bd61dc7c0535a140aca6895920230b" "Mozilla/5.0 (Windows NT 10.0; Win64; x64) AppleWebKit/537.36 (KHTML, like Gecko) Chrome/140.0.0.0 Safari/537.36"
45.86.208.11 - - [07/Oct/2025:20:15:30 +0000] "GET /ibeptoxa/1759302473446/17593025502671-400x600.jpg HTTP/1.1" 200 41242 "https://klescorthub.net/?ekey=a8bd61dc7c0535a140aca6895920230b" "Mozilla/5.0 (Windows NT 10.0; Win64; x64) AppleWebKit/537.36 (KHTML, like Gecko) Chrome/140.0.0.0 Safari/537.36"
45.86.208.11 - - [07/Oct/2025:20:15:30 +0000] "GET /ibeptoxa/1759296944562/17592969777029-400x600.jpg HTTP/1.1" 200 30552 "https://klescorthub.net/?ekey=a8bd61dc7c0535a140aca6895920230b" "Mozilla/5.0 (Windows NT 10.0; Win64; x64) AppleWebKit/537.36 (KHTML, like Gecko) Chrome/140.0.0.0 Safari/537.36"
45.86.208.11 - - [07/Oct/2025:20:15:31 +0000] "GET /ibeptoxa/174689923569/17468992497100-400x600.jpg HTTP/1.1" 200 47770 "https://klescorthub.net/?ekey=a8bd61dc7c0535a140aca6895920230b" "Mozilla/5.0 (Windows NT 10.0; Win64; x64) AppleWebKit/537.36 (KHTML, like Gecko) Chrome/140.0.0.0 Safari/537.36"
45.86.208.11 - - [07/Oct/2025:20:15:31 +0000] "GET /ibeptoxa/1746899744902/17468997647980-400x600.jpg HTTP/1.1" 200 36606 "https://klescorthub.net/?ekey=a8bd61dc7c0535a140aca6895920230b" "Mozilla/5.0 (Windows NT 10.0; Win64; x64) AppleWebKit/537.36 (KHTML, like Gecko) Chrome/140.0.0.0 Safari/537.36"
45.86.208.11 - - [07/Oct/2025:20:15:31 +0000] "GET /ibeptoxa/1746899070629/17468990969850-400x600.jpg HTTP/1.1" 200 34094 "https://klescorthub.net/?ekey=a8bd61dc7c0535a140aca6895920230b" "Mozilla/5.0 (Windows NT 10.0; Win64; x64) AppleWebKit/537.36 (KHTML, like Gecko) Chrome/140.0.0.0 Safari/537.36"
45.86.208.11 - - [07/Oct/2025:20:15:31 +0000] "GET /ibeptoxa/1745963887292/17459639014688-400x600.jpg HTTP/1.1" 200 35945 "https://klescorthub.net/?ekey=a8bd61dc7c0535a140aca6895920230b" "Mozilla/5.0 (Windows NT 10.0; Win64; x64) AppleWebKit/537.36 (KHTML, like Gecko) Chrome/140.0.0.0 Safari/537.36"
45.86.208.11 - - [07/Oct/2025:20:15:31 +0000] "GET /ibeptoxa/1745963506769/17459637432770-400x600.jpg HTTP/1.1" 200 44106 "https://klescorthub.net/?ekey=a8bd61dc7c0535a140aca6895920230b" "Mozilla/5.0 (Windows NT 10.0; Win64; x64) AppleWebKit/537.36 (KHTML, like Gecko) Chrome/140.0.0.0 Safari/537.36"
45.86.208.11 - - [07/Oct/2025:20:15:31 +0000] "GET /ibeptoxa/1745962632739/17459632995200-400x600.jpg HTTP/1.1" 200 31943 "https://klescorthub.net/?ekey=a8bd61dc7c0535a140aca6895920230b" "Mozilla/5.0 (Windows NT 10.0; Win64; x64) AppleWebKit/537.36 (KHTML, like Gecko) Chrome/140.0.0.0 Safari/537.36"
45.86.208.11 - - [07/Oct/2025:20:15:31 +0000] "GET /ibeptoxa/1746899884338/17468999081148-400x600.jpg HTTP/1.1" 200 39394 "https://klescorthub.net/?ekey=a8bd61dc7c0535a140aca6895920230b" "Mozilla/5.0 (Windows NT 10.0; Win64; x64) AppleWebKit/537.36 (KHTML, like Gecko) Chrome/140.0.0.0 Safari/537.36"
45.86.208.11 - - [07/Oct/2025:20:15:31 +0000] "GET /ibeptoxa/1706783643798/17067836607619-400x600.jpg HTTP/1.1" 200 44072 "https://klescorthub.net/?ekey=a8bd61dc7c0535a140aca6895920230b" "Mozilla/5.0 (Windows NT 10.0; Win64; x64) AppleWebKit/537.36 (KHTML, like Gecko) Chrome/140.0.0.0 Safari/537.36"
45.86.208.11 - - [07/Oct/2025:20:15:31 +0000] "GET /ibeptoxa/1745962003542/17459620256839-400x600.jpg HTTP/1.1" 200 39375 "https://klescorthub.net/?ekey=a8bd61dc7c0535a140aca6895920230b" "Mozilla/5.0 (Windows NT 10.0; Win64; x64) AppleWebKit/537.36 (KHTML, like Gecko) Chrome/140.0.0.0 Safari/537.36"
45.86.208.11 - - [07/Oct/2025:20:15:31 +0000] "GET /ibeptoxa/1745962284505/17459623043429-400x600.jpg HTTP/1.1" 200 35190 "https://klescorthub.net/?ekey=a8bd61dc7c0535a140aca6895920230b" "Mozilla/5.0 (Windows NT 10.0; Win64; x64) AppleWebKit/537.36 (KHTML, like Gecko) Chrome/140.0.0.0 Safari/537.36"
203.161.56.247 - - [07/Oct/2025:20:15:30 +0000] "GET / HTTP/1.1" 200 39432 "-" "WP Rocket/Preload"
45.86.208.11 - - [07/Oct/2025:20:15:32 +0000] "GET /ibeptoxa/1702572725668/17025727397192-400x600.jpg HTTP/1.1" 200 48553 "https://klescorthub.net/?ekey=a8bd61dc7c0535a140aca6895920230b" "Mozilla/5.0 (Windows NT 10.0; Win64; x64) AppleWebKit/537.36 (KHTML, like Gecko) Chrome/140.0.0.0 Safari/537.36"
45.86.208.11 - - [07/Oct/2025:20:15:32 +0000] "GET /ibeptoxa/1702572328253/17025723506772-400x600.jpg HTTP/1.1" 200 41123 "https://klescorthub.net/?ekey=a8bd61dc7c0535a140aca6895920230b" "Mozilla/5.0 (Windows NT 10.0; Win64; x64) AppleWebKit/537.36 (KHTML, like Gecko) Chrome/140.0.0.0 Safari/537.36"
45.86.208.11 - - [07/Oct/2025:20:15:32 +0000] "GET /ibeptoxa/1706783232238/17067832711077-400x600.jpg HTTP/1.1" 200 40053 "https://klescorthub.net/?ekey=a8bd61dc7c0535a140aca6895920230b" "Mozilla/5.0 (Windows NT 10.0; Win64; x64) AppleWebKit/537.36 (KHTML, like Gecko) Chrome/140.0.0.0 Safari/537.36"
45.86.208.11 - - [07/Oct/2025:20:15:32 +0000] "GET /ibeptoxa/1702572591995/17025726091009-400x600.jpg HTTP/1.1" 200 37814 "https://klescorthub.net/?ekey=a8bd61dc7c0535a140aca6895920230b" "Mozilla/5.0 (Windows NT 10.0; Win64; x64) AppleWebKit/537.36 (KHTML, like Gecko) Chrome/140.0.0.0 Safari/537.36"
45.86.208.11 - - [07/Oct/2025:20:15:32 +0000] "GET /ibeptoxa/1706783543293/17067835817177-400x600.jpg HTTP/1.1" 200 45345 "https://klescorthub.net/?ekey=a8bd61dc7c0535a140aca6895920230b" "Mozilla/5.0 (Windows NT 10.0; Win64; x64) AppleWebKit/537.36 (KHTML, like Gecko) Chrome/140.0.0.0 Safari/537.36"
203.161.56.247 - - [07/Oct/2025:20:15:33 +0000] "GET /all-escorts/all-kl-escort-girls/ HTTP/1.1" 301 - "-" "WP Rocket/Preload Mozilla/5.0 (iPhone; CPU iPhone OS 9_1 like Mac OS X) AppleWebKit/601.1.46 (KHTML, like Gecko) Version/9.0 Mobile/13B143 Safari/601.1"
203.161.56.247 - - [07/Oct/2025:20:15:34 +0000] "GET /agency/page/ HTTP/1.1" 404 12653 "-" "WP Rocket/Preload"
45.86.208.11 - - [07/Oct/2025:20:15:35 +0000] "GET /upload-logo/ HTTP/1.1" 200 18828 "https://klescorthub.net/?ekey=a8bd61dc7c0535a140aca6895920230b" "Mozilla/5.0 (Windows NT 10.0; Win64; x64) AppleWebKit/537.36 (KHTML, like Gecko) Chrome/140.0.0.0 Safari/537.36"
203.161.56.247 - - [07/Oct/2025:20:15:36 +0000] "GET /agency/page/ HTTP/1.1" 404 12657 "-" "WP Rocket/Preload Mozilla/5.0 (iPhone; CPU iPhone OS 9_1 like Mac OS X) AppleWebKit/601.1.46 (KHTML, like Gecko) Version/9.0 Mobile/13B143 Safari/601.1"
203.161.56.247 - - [07/Oct/2025:20:15:37 +0000] "GET /author/ruthhouston/ HTTP/1.1" 200 25386 "-" "WP Rocket/Preload"
203.161.56.247 - - [07/Oct/2025:20:15:39 +0000] "GET /author/ruthhouston/ HTTP/1.1" 200 25395 "-" "WP Rocket/Preload Mozilla/5.0 (iPhone; CPU iPhone OS 9_1 like Mac OS X) AppleWebKit/601.1.46 (KHTML, like Gecko) Version/9.0 Mobile/13B143 Safari/601.1"
203.161.56.247 - - [07/Oct/2025:20:15:40 +0000] "GET /agency/ HTTP/1.1" 200 39449 "-" "WP Rocket/Preload"
203.161.56.247 - - [07/Oct/2025:20:15:42 +0000] "GET /agency/ HTTP/1.1" 200 39457 "-" "WP Rocket/Preload Mozilla/5.0 (iPhone; CPU iPhone OS 9_1 like Mac OS X) AppleWebKit/601.1.46 (KHTML, like Gecko) Version/9.0 Mobile/13B143 Safari/601.1"
45.86.208.11 - - [07/Oct/2025:20:15:44 +0000] "GET /jufisas/i/cancel.png HTTP/1.1" 200 2960 "https://klescorthub.net/startala/cache/min/1/wp-content/themes/escortwp/style.css?ver=1759729543" "Mozilla/5.0 (Windows NT 10.0; Win64; x64) AppleWebKit/537.36 (KHTML, like Gecko) Chrome/140.0.0.0 Safari/537.36"
203.161.56.247 - - [07/Oct/2025:20:15:46 +0000] "POST /wp-cron.php?doing_wp_cron=1759868146.9780700206756591796875 HTTP/1.1" 200 - "-" "WordPress/6.8.3; https://klescorthub.net"
203.161.56.247 - - [07/Oct/2025:20:15:45 +0000] "POST /wp-admin/admin-post.php HTTP/1.1" 302 - "-" "WordPress/6.8.3; https://klescorthub.net"
45.86.208.11 - - [07/Oct/2025:20:15:44 +0000] "POST /jufisas/register-agency-upload-logo-process.php HTTP/1.1" 200 22 "https://klescorthub.net/upload-logo/" "Mozilla/5.0 (Windows NT 10.0; Win64; x64) AppleWebKit/537.36 (KHTML, like Gecko) Chrome/140.0.0.0 Safari/537.36"
45.86.208.11 - - [07/Oct/2025:20:15:51 +0000] "GET /upload-logo/ HTTP/1.1" 200 18847 "https://klescorthub.net/upload-logo/" "Mozilla/5.0 (Windows NT 10.0; Win64; x64) AppleWebKit/537.36 (KHTML, like Gecko) Chrome/140.0.0.0 Safari/537.36"
203.161.56.247 - - [07/Oct/2025:20:15:47 +0000] "POST /wp-admin/admin-ajax.php?action=as_async_request_queue_runner&nonce=99260ca1ed HTTP/1.1" 200 - "-" "WordPress/6.8.3; https://klescorthub.net"
203.161.56.247 - - [07/Oct/2025:20:15:55 +0000] "GET /all-escorts/all-kl-escort-girls/ HTTP/1.1" 301 - "-" "WP Rocket/Preload"
203.161.56.247 - - [07/Oct/2025:20:15:56 +0000] "GET /all-escorts/all-kl-escort-girls/ HTTP/1.1" 301 - "-" "WP Rocket/Preload Mozilla/5.0 (iPhone; CPU iPhone OS 9_1 like Mac OS X) AppleWebKit/601.1.46 (KHTML, like Gecko) Version/9.0 Mobile/13B143 Safari/601.1"
45.86.208.11 - - [07/Oct/2025:20:15:57 +0000] "GET /agency/ruth-houston/ HTTP/1.1" 200 22237 "https://klescorthub.net/upload-logo/" "Mozilla/5.0 (Windows NT 10.0; Win64; x64) AppleWebKit/537.36 (KHTML, like Gecko) Chrome/140.0.0.0 Safari/537.36"
45.86.208.11 - - [07/Oct/2025:20:15:58 +0000] "GET /ibeptoxa/1759868095448/1759868145645-400x453.jpg HTTP/1.1" 200 25893 "https://klescorthub.net/agency/ruth-houston/" "Mozilla/5.0 (Windows NT 10.0; Win64; x64) AppleWebKit/537.36 (KHTML, like Gecko) Chrome/140.0.0.0 Safari/537.36"
203.161.56.247 - - [07/Oct/2025:20:15:58 +0000] "GET /girls/kuala-lumpur/sri-petaling-escorts/ HTTP/1.1" 200 38417 "-" "WP Rocket/Preload"
203.161.56.247 - - [07/Oct/2025:20:15:59 +0000] "GET /girls/kuala-lumpur/sri-petaling-escorts/ HTTP/1.1" 200 37244 "-" "WP Rocket/Preload Mozilla/5.0 (iPhone; CPU iPhone OS 9_1 like Mac OS X) AppleWebKit/601.1.46 (KHTML, like Gecko) Version/9.0 Mobile/13B143 Safari/601.1"
203.161.56.247 - - [07/Oct/2025:20:16:02 +0000] "POST /wp-cron.php?doing_wp_cron=1759868162.0499548912048339843750 HTTP/1.1" 200 - "-" "WordPress/6.8.3; https://klescorthub.net"
203.161.56.247 - - [07/Oct/2025:20:16:01 +0000] "GET /girls/kuala-lumpur/ HTTP/1.1" 200 40422 "-" "WP Rocket/Preload"
203.161.56.247 - - [07/Oct/2025:20:16:02 +0000] "GET /girls/kuala-lumpur/ HTTP/1.1" 200 40436 "-" "WP Rocket/Preload Mozilla/5.0 (iPhone; CPU iPhone OS 9_1 like Mac OS X) AppleWebKit/601.1.46 (KHTML, like Gecko) Version/9.0 Mobile/13B143 Safari/601.1"
203.161.56.247 - - [07/Oct/2025:20:16:04 +0000] "GET /agency/ruth-houston/ HTTP/1.1" 200 26083 "-" "WP Rocket/Preload"
203.161.56.247 - - [07/Oct/2025:20:16:05 +0000] "GET /agency/ruth-houston/ HTTP/1.1" 200 26092 "-" "WP Rocket/Preload Mozilla/5.0 (iPhone; CPU iPhone OS 9_1 like Mac OS X) AppleWebKit/601.1.46 (KHTML, like Gecko) Version/9.0 Mobile/13B143 Safari/601.1"
203.161.56.247 - - [07/Oct/2025:20:16:07 +0000] "GET / HTTP/1.1" 200 39453 "-" "WP Rocket/Preload"
203.161.56.247 - - [07/Oct/2025:20:16:08 +0000] "POST /wp-cron.php?doing_wp_cron=1759868168.5648369789123535156250 HTTP/1.1" 200 - "-" "WordPress/6.8.3; https://klescorthub.net"
203.161.56.247 - - [07/Oct/2025:20:16:07 +0000] "GET / HTTP/1.1" 200 39430 "-" "WP Rocket/Preload Mozilla/5.0 (iPhone; CPU iPhone OS 9_1 like Mac OS X) AppleWebKit/601.1.46 (KHTML, like Gecko) Version/9.0 Mobile/13B143 Safari/601.1"
203.161.56.247 - - [07/Oct/2025:20:15:54 +0000] "POST /wp-admin/admin-ajax.php?action=as_async_request_queue_runner&nonce=99260ca1ed HTTP/1.1" 200 - "-" "WordPress/6.8.3; https://klescorthub.net"
203.161.56.247 - - [07/Oct/2025:20:16:15 +0000] "POST /wp-cron.php?doing_wp_cron=1759868175.3805510997772216796875 HTTP/1.1" 200 - "-" "WordPress/6.8.3; https://klescorthub.net"
203.161.56.247 - - [07/Oct/2025:20:16:14 +0000] "POST /wp-admin/admin-ajax.php?action=as_async_request_queue_runner&nonce=99260ca1ed HTTP/1.1" 200 - "-" "WordPress/6.8.3; https://klescorthub.net"
45.86.208.11 - - [07/Oct/2025:20:16:30 +0000] "GET /agency-edit-profile/ HTTP/1.1" 200 22287 "https://klescorthub.net/agency/ruth-houston/" "Mozilla/5.0 (Windows NT 10.0; Win64; x64) AppleWebKit/537.36 (KHTML, like Gecko) Chrome/140.0.0.0 Safari/537.36"
45.86.208.11 - - [07/Oct/2025:20:16:32 +0000] "GET /jufisas/ajax/get-cities.php?id=9&hide_empty=0&select2=yes HTTP/1.1" 200 510 "https://klescorthub.net/agency-edit-profile/" "Mozilla/5.0 (Windows NT 10.0; Win64; x64) AppleWebKit/537.36 (KHTML, like Gecko) Chrome/140.0.0.0 Safari/537.36"
5.249.224.8 - - [07/Oct/2025:20:16:31 +0000] "GET /author/ruthhouston/?nowprocket=1&no_optimize=1&wpr_imagedimensions=1 HTTP/1.1" 200 16061 "-" "WP-Rocket/SaaS Mozilla/5.0 (Linux; Android 13; Pixel 5) AppleWebKit/537.36 (KHTML, like Gecko) Chrome/106.0.0.0 Mobile Safari/537.36"
5.249.224.8 - - [07/Oct/2025:20:16:33 +0000] "GET /jufisas/dadipon.css HTTP/1.1" 200 15557 "https://klescorthub.net/author/ruthhouston/?nowprocket=1&no_optimize=1&wpr_imagedimensions=1" "WP-Rocket/SaaS Mozilla/5.0 (Linux; Android 13; Pixel 5) AppleWebKit/537.36 (KHTML, like Gecko) Chrome/106.0.0.0 Mobile Safari/537.36"
5.249.224.8 - - [07/Oct/2025:20:16:33 +0000] "GET /jufisas/css/icon-font/style.css HTTP/1.1" 200 9216 "https://klescorthub.net/author/ruthhouston/?nowprocket=1&no_optimize=1&wpr_imagedimensions=1" "WP-Rocket/SaaS Mozilla/5.0 (Linux; Android 13; Pixel 5) AppleWebKit/537.36 (KHTML, like Gecko) Chrome/106.0.0.0 Mobile Safari/537.36"
5.249.224.8 - - [07/Oct/2025:20:16:33 +0000] "GET /jufisas/css/responsive.css HTTP/1.1" 200 2139 "https://klescorthub.net/author/ruthhouston/?nowprocket=1&no_optimize=1&wpr_imagedimensions=1" "WP-Rocket/SaaS Mozilla/5.0 (Linux; Android 13; Pixel 5) AppleWebKit/537.36 (KHTML, like Gecko) Chrome/106.0.0.0 Mobile Safari/537.36"
5.249.224.8 - - [07/Oct/2025:20:16:33 +0000] "GET /jufisas/css/select2.min.css HTTP/1.1" 200 1998 "https://klescorthub.net/author/ruthhouston/?nowprocket=1&no_optimize=1&wpr_imagedimensions=1" "WP-Rocket/SaaS Mozilla/5.0 (Linux; Android 13; Pixel 5) AppleWebKit/537.36 (KHTML, like Gecko) Chrome/106.0.0.0 Mobile Safari/537.36"
5.249.224.8 - - [07/Oct/2025:20:16:33 +0000] "GET /jadoaksy/js/jquery/jquery-migrate.min.js HTTP/1.1" 200 4872 "https://klescorthub.net/author/ruthhouston/?nowprocket=1&no_optimize=1&wpr_imagedimensions=1" "WP-Rocket/SaaS Mozilla/5.0 (Linux; Android 13; Pixel 5) AppleWebKit/537.36 (KHTML, like Gecko) Chrome/106.0.0.0 Mobile Safari/537.36"
5.249.224.8 - - [07/Oct/2025:20:16:33 +0000] "GET /jadoaksy/js/jquery/jquery.min.js HTTP/1.1" 200 30368 "https://klescorthub.net/author/ruthhouston/?nowprocket=1&no_optimize=1&wpr_imagedimensions=1" "WP-Rocket/SaaS Mozilla/5.0 (Linux; Android 13; Pixel 5) AppleWebKit/537.36 (KHTML, like Gecko) Chrome/106.0.0.0 Mobile Safari/537.36"
5.249.224.8 - - [07/Oct/2025:20:16:33 +0000] "GET /jufisas/js/select2.min.js HTTP/1.1" 200 19907 "https://klescorthub.net/author/ruthhouston/?nowprocket=1&no_optimize=1&wpr_imagedimensions=1" "WP-Rocket/SaaS Mozilla/5.0 (Linux; Android 13; Pixel 5) AppleWebKit/537.36 (KHTML, like Gecko) Chrome/106.0.0.0 Mobile Safari/537.36"
5.249.224.8 - - [07/Oct/2025:20:16:34 +0000] "GET /jufisas/js/dolceescort.js HTTP/1.1" 200 3471 "https://klescorthub.net/author/ruthhouston/?nowprocket=1&no_optimize=1&wpr_imagedimensions=1" "WP-Rocket/SaaS Mozilla/5.0 (Linux; Android 13; Pixel 5) AppleWebKit/537.36 (KHTML, like Gecko) Chrome/106.0.0.0 Mobile Safari/537.36"
5.249.224.8 - - [07/Oct/2025:20:16:34 +0000] "GET /jufisas/js/js.cookie.js HTTP/1.1" 200 1556 "https://klescorthub.net/author/ruthhouston/?nowprocket=1&no_optimize=1&wpr_imagedimensions=1" "WP-Rocket/SaaS Mozilla/5.0 (Linux; Android 13; Pixel 5) AppleWebKit/537.36 (KHTML, like Gecko) Chrome/106.0.0.0 Mobile Safari/537.36"
5.249.224.8 - - [07/Oct/2025:20:16:34 +0000] "GET /jufisas/js/jquery.mobile.custom.min.js HTTP/1.1" 200 2862 "https://klescorthub.net/author/ruthhouston/?nowprocket=1&no_optimize=1&wpr_imagedimensions=1" "WP-Rocket/SaaS Mozilla/5.0 (Linux; Android 13; Pixel 5) AppleWebKit/537.36 (KHTML, like Gecko) Chrome/106.0.0.0 Mobile Safari/537.36"
5.249.224.8 - - [07/Oct/2025:20:16:34 +0000] "GET /jufisas/js/jquery.uploadifive.min.js HTTP/1.1" 200 4096 "https://klescorthub.net/author/ruthhouston/?nowprocket=1&no_optimize=1&wpr_imagedimensions=1" "WP-Rocket/SaaS Mozilla/5.0 (Linux; Android 13; Pixel 5) AppleWebKit/537.36 (KHTML, like Gecko) Chrome/106.0.0.0 Mobile Safari/537.36"
5.249.224.8 - - [07/Oct/2025:20:16:34 +0000] "GET /jufisas/js/checkator.jquery.js HTTP/1.1" 200 1572 "https://klescorthub.net/author/ruthhouston/?nowprocket=1&no_optimize=1&wpr_imagedimensions=1" "WP-Rocket/SaaS Mozilla/5.0 (Linux; Android 13; Pixel 5) AppleWebKit/537.36 (KHTML, like Gecko) Chrome/106.0.0.0 Mobile Safari/537.36"
5.249.224.8 - - [07/Oct/2025:20:16:34 +0000] "GET /ifovigum/wp-smushit/app/assets/js/smush-lazy-load.min.js HTTP/1.1" 200 7887 "https://klescorthub.net/author/ruthhouston/?nowprocket=1&no_optimize=1&wpr_imagedimensions=1" "WP-Rocket/SaaS Mozilla/5.0 (Linux; Android 13; Pixel 5) AppleWebKit/537.36 (KHTML, like Gecko) Chrome/106.0.0.0 Mobile Safari/537.36"
5.249.224.8 - - [07/Oct/2025:20:16:34 +0000] "GET /ifovigum/wp-rocket/assets/js/wpr-beacon.min.js HTTP/1.1" 200 8097 "https://klescorthub.net/author/ruthhouston/?nowprocket=1&no_optimize=1&wpr_imagedimensions=1" "WP-Rocket/SaaS Mozilla/5.0 (Linux; Android 13; Pixel 5) AppleWebKit/537.36 (KHTML, like Gecko) Chrome/106.0.0.0 Mobile Safari/537.36"
46.30.212.207 - - [07/Oct/2025:20:16:33 +0000] "GET /author/ruthhouston/?nowprocket=1&no_optimize=1&wpr_imagedimensions=1 HTTP/1.1" 200 16055 "-" "WP-Rocket/SaaS Mozilla/5.0 (X11; Linux x86_64) AppleWebKit/537.36 (KHTML, like Gecko) Chrome/106.0.0.0 Safari/537.36"
46.30.212.207 - - [07/Oct/2025:20:16:35 +0000] "GET /jufisas/dadipon.css HTTP/1.1" 200 15557 "https://klescorthub.net/author/ruthhouston/?nowprocket=1&no_optimize=1&wpr_imagedimensions=1" "WP-Rocket/SaaS Mozilla/5.0 (X11; Linux x86_64) AppleWebKit/537.36 (KHTML, like Gecko) Chrome/106.0.0.0 Safari/537.36"
46.30.212.207 - - [07/Oct/2025:20:16:35 +0000] "GET /jufisas/css/icon-font/style.css HTTP/1.1" 200 9216 "https://klescorthub.net/author/ruthhouston/?nowprocket=1&no_optimize=1&wpr_imagedimensions=1" "WP-Rocket/SaaS Mozilla/5.0 (X11; Linux x86_64) AppleWebKit/537.36 (KHTML, like Gecko) Chrome/106.0.0.0 Safari/537.36"
46.30.212.207 - - [07/Oct/2025:20:16:35 +0000] "GET /jufisas/css/select2.min.css HTTP/1.1" 200 1998 "https://klescorthub.net/author/ruthhouston/?nowprocket=1&no_optimize=1&wpr_imagedimensions=1" "WP-Rocket/SaaS Mozilla/5.0 (X11; Linux x86_64) AppleWebKit/537.36 (KHTML, like Gecko) Chrome/106.0.0.0 Safari/537.36"
46.30.212.207 - - [07/Oct/2025:20:16:35 +0000] "GET /jufisas/css/responsive.css HTTP/1.1" 200 2139 "https://klescorthub.net/author/ruthhouston/?nowprocket=1&no_optimize=1&wpr_imagedimensions=1" "WP-Rocket/SaaS Mozilla/5.0 (X11; Linux x86_64) AppleWebKit/537.36 (KHTML, like Gecko) Chrome/106.0.0.0 Safari/537.36"
46.30.212.207 - - [07/Oct/2025:20:16:35 +0000] "GET /jadoaksy/js/jquery/jquery-migrate.min.js HTTP/1.1" 200 4872 "https://klescorthub.net/author/ruthhouston/?nowprocket=1&no_optimize=1&wpr_imagedimensions=1" "WP-Rocket/SaaS Mozilla/5.0 (X11; Linux x86_64) AppleWebKit/537.36 (KHTML, like Gecko) Chrome/106.0.0.0 Safari/537.36"
46.30.212.207 - - [07/Oct/2025:20:16:35 +0000] "GET /jadoaksy/js/jquery/jquery.min.js HTTP/1.1" 200 30368 "https://klescorthub.net/author/ruthhouston/?nowprocket=1&no_optimize=1&wpr_imagedimensions=1" "WP-Rocket/SaaS Mozilla/5.0 (X11; Linux x86_64) AppleWebKit/537.36 (KHTML, like Gecko) Chrome/106.0.0.0 Safari/537.36"
46.30.212.207 - - [07/Oct/2025:20:16:35 +0000] "GET /jufisas/js/select2.min.js HTTP/1.1" 200 19907 "https://klescorthub.net/author/ruthhouston/?nowprocket=1&no_optimize=1&wpr_imagedimensions=1" "WP-Rocket/SaaS Mozilla/5.0 (X11; Linux x86_64) AppleWebKit/537.36 (KHTML, like Gecko) Chrome/106.0.0.0 Safari/537.36"
46.30.212.207 - - [07/Oct/2025:20:16:35 +0000] "GET /jufisas/js/dolceescort.js HTTP/1.1" 200 3471 "https://klescorthub.net/author/ruthhouston/?nowprocket=1&no_optimize=1&wpr_imagedimensions=1" "WP-Rocket/SaaS Mozilla/5.0 (X11; Linux x86_64) AppleWebKit/537.36 (KHTML, like Gecko) Chrome/106.0.0.0 Safari/537.36"
46.30.212.207 - - [07/Oct/2025:20:16:35 +0000] "GET /jufisas/js/js.cookie.js HTTP/1.1" 200 1556 "https://klescorthub.net/author/ruthhouston/?nowprocket=1&no_optimize=1&wpr_imagedimensions=1" "WP-Rocket/SaaS Mozilla/5.0 (X11; Linux x86_64) AppleWebKit/537.36 (KHTML, like Gecko) Chrome/106.0.0.0 Safari/537.36"
46.30.212.207 - - [07/Oct/2025:20:16:35 +0000] "GET /jufisas/js/jquery.mobile.custom.min.js HTTP/1.1" 200 2862 "https://klescorthub.net/author/ruthhouston/?nowprocket=1&no_optimize=1&wpr_imagedimensions=1" "WP-Rocket/SaaS Mozilla/5.0 (X11; Linux x86_64) AppleWebKit/537.36 (KHTML, like Gecko) Chrome/106.0.0.0 Safari/537.36"
46.30.212.207 - - [07/Oct/2025:20:16:35 +0000] "GET /jufisas/js/jquery.uploadifive.min.js HTTP/1.1" 200 4096 "https://klescorthub.net/author/ruthhouston/?nowprocket=1&no_optimize=1&wpr_imagedimensions=1" "WP-Rocket/SaaS Mozilla/5.0 (X11; Linux x86_64) AppleWebKit/537.36 (KHTML, like Gecko) Chrome/106.0.0.0 Safari/537.36"
46.30.212.207 - - [07/Oct/2025:20:16:35 +0000] "GET /jufisas/js/checkator.jquery.js HTTP/1.1" 200 1572 "https://klescorthub.net/author/ruthhouston/?nowprocket=1&no_optimize=1&wpr_imagedimensions=1" "WP-Rocket/SaaS Mozilla/5.0 (X11; Linux x86_64) AppleWebKit/537.36 (KHTML, like Gecko) Chrome/106.0.0.0 Safari/537.36"
46.30.212.207 - - [07/Oct/2025:20:16:35 +0000] "GET /ifovigum/wp-smushit/app/assets/js/smush-lazy-load.min.js HTTP/1.1" 200 7887 "https://klescorthub.net/author/ruthhouston/?nowprocket=1&no_optimize=1&wpr_imagedimensions=1" "WP-Rocket/SaaS Mozilla/5.0 (X11; Linux x86_64) AppleWebKit/537.36 (KHTML, like Gecko) Chrome/106.0.0.0 Safari/537.36"
46.30.212.207 - - [07/Oct/2025:20:16:35 +0000] "GET /ifovigum/wp-rocket/assets/js/wpr-beacon.min.js HTTP/1.1" 200 8097 "https://klescorthub.net/author/ruthhouston/?nowprocket=1&no_optimize=1&wpr_imagedimensions=1" "WP-Rocket/SaaS Mozilla/5.0 (X11; Linux x86_64) AppleWebKit/537.36 (KHTML, like Gecko) Chrome/106.0.0.0 Safari/537.36"
45.86.208.11 - - [07/Oct/2025:20:16:35 +0000] "POST /agency-edit-profile/ HTTP/1.1" 200 15665 "https://klescorthub.net/agency-edit-profile/" "Mozilla/5.0 (Windows NT 10.0; Win64; x64) AppleWebKit/537.36 (KHTML, like Gecko) Chrome/140.0.0.0 Safari/537.36"
5.249.224.8 - - [07/Oct/2025:20:16:36 +0000] "POST /wp-admin/admin-ajax.php HTTP/1.1" 200 755 "https://klescorthub.net/author/ruthhouston/?nowprocket=1&no_optimize=1&wpr_imagedimensions=1" "WP-Rocket/SaaS Mozilla/5.0 (Linux; Android 13; Pixel 5) AppleWebKit/537.36 (KHTML, like Gecko) Chrome/106.0.0.0 Mobile Safari/537.36"
46.30.212.207 - - [07/Oct/2025:20:16:36 +0000] "POST /wp-admin/admin-ajax.php HTTP/1.1" 200 975 "https://klescorthub.net/author/ruthhouston/?nowprocket=1&no_optimize=1&wpr_imagedimensions=1" "WP-Rocket/SaaS Mozilla/5.0 (X11; Linux x86_64) AppleWebKit/537.36 (KHTML, like Gecko) Chrome/106.0.0.0 Safari/537.36"
45.86.208.11 - - [07/Oct/2025:20:16:37 +0000] "GET /jufisas/ajax/get-cities.php?id=9&hide_empty=0&select2=yes HTTP/1.1" 200 510 "https://klescorthub.net/agency-edit-profile/" "Mozilla/5.0 (Windows NT 10.0; Win64; x64) AppleWebKit/537.36 (KHTML, like Gecko) Chrome/140.0.0.0 Safari/537.36"
203.161.56.247 - - [07/Oct/2025:20:16:41 +0000] "POST /wp-cron.php?doing_wp_cron=1759868201.8250789642333984375000 HTTP/1.1" 200 - "-" "WordPress/6.8.3; https://klescorthub.net"
45.86.208.11 - - [07/Oct/2025:20:16:40 +0000] "POST /agency-edit-profile/ HTTP/1.1" 200 15660 "https://klescorthub.net/agency-edit-profile/" "Mozilla/5.0 (Windows NT 10.0; Win64; x64) AppleWebKit/537.36 (KHTML, like Gecko) Chrome/140.0.0.0 Safari/537.36"
45.86.208.11 - - [07/Oct/2025:20:16:42 +0000] "GET /jufisas/ajax/get-cities.php?id=9&hide_empty=0&select2=yes HTTP/1.1" 200 510 "https://klescorthub.net/agency-edit-profile/" "Mozilla/5.0 (Windows NT 10.0; Win64; x64) AppleWebKit/537.36 (KHTML, like Gecko) Chrome/140.0.0.0 Safari/537.36"
45.86.208.11 - - [07/Oct/2025:20:16:45 +0000] "GET /agency/ruth-houston/ HTTP/1.1" 200 22256 "https://klescorthub.net/agency-edit-profile/" "Mozilla/5.0 (Windows NT 10.0; Win64; x64) AppleWebKit/537.36 (KHTML, like Gecko) Chrome/140.0.0.0 Safari/537.36"
45.86.208.11 - - [07/Oct/2025:20:16:48 +0000] "GET /agency/ruth-houston/ HTTP/1.1" 304 - "https://klescorthub.net/agency-edit-profile/" "Mozilla/5.0 (Windows NT 10.0; Win64; x64) AppleWebKit/537.36 (KHTML, like Gecko) Chrome/140.0.0.0 Safari/537.36"
45.86.208.11 - - [07/Oct/2025:20:16:54 +0000] "GET /agency-edit-profile/ HTTP/1.1" 200 22306 "https://klescorthub.net/agency/ruth-houston/" "Mozilla/5.0 (Windows NT 10.0; Win64; x64) AppleWebKit/537.36 (KHTML, like Gecko) Chrome/140.0.0.0 Safari/537.36"
46.30.212.207 - - [07/Oct/2025:20:16:53 +0000] "GET /agency/ruth-houston/?nowprocket=1&no_optimize=1&wpr_imagedimensions=1 HTTP/1.1" 200 16605 "-" "WP-Rocket/SaaS Mozilla/5.0 (Linux; Android 13; Pixel 5) AppleWebKit/537.36 (KHTML, like Gecko) Chrome/106.0.0.0 Mobile Safari/537.36"
46.30.212.207 - - [07/Oct/2025:20:16:54 +0000] "GET /jufisas/dadipon.css HTTP/1.1" 200 15557 "https://klescorthub.net/agency/ruth-houston/?nowprocket=1&no_optimize=1&wpr_imagedimensions=1" "WP-Rocket/SaaS Mozilla/5.0 (Linux; Android 13; Pixel 5) AppleWebKit/537.36 (KHTML, like Gecko) Chrome/106.0.0.0 Mobile Safari/537.36"
