5.249.224.8 - - [07/Oct/2025:19:02:02 +0000] "GET /jufisas/js/js.cookie.js HTTP/1.1" 200 1556 "https://klescorthub.net/agency/fiona-fowler/?nowprocket=1&no_optimize=1&wpr_imagedimensions=1" "WP-Rocket/SaaS Mozilla/5.0 (Linux; Android 13; Pixel 5) AppleWebKit/537.36 (KHTML, like Gecko) Chrome/106.0.0.0 Mobile Safari/537.36"
5.249.224.8 - - [07/Oct/2025:19:02:02 +0000] "GET /jufisas/js/jquery.uploadifive.min.js HTTP/1.1" 200 4096 "https://klescorthub.net/agency/fiona-fowler/?nowprocket=1&no_optimize=1&wpr_imagedimensions=1" "WP-Rocket/SaaS Mozilla/5.0 (Linux; Android 13; Pixel 5) AppleWebKit/537.36 (KHTML, like Gecko) Chrome/106.0.0.0 Mobile Safari/537.36"
5.249.224.8 - - [07/Oct/2025:19:02:02 +0000] "GET /jufisas/js/jquery.mobile.custom.min.js HTTP/1.1" 200 2862 "https://klescorthub.net/agency/fiona-fowler/?nowprocket=1&no_optimize=1&wpr_imagedimensions=1" "WP-Rocket/SaaS Mozilla/5.0 (Linux; Android 13; Pixel 5) AppleWebKit/537.36 (KHTML, like Gecko) Chrome/106.0.0.0 Mobile Safari/537.36"
5.249.224.8 - - [07/Oct/2025:19:02:02 +0000] "GET /jufisas/js/checkator.jquery.js HTTP/1.1" 200 1572 "https://klescorthub.net/agency/fiona-fowler/?nowprocket=1&no_optimize=1&wpr_imagedimensions=1" "WP-Rocket/SaaS Mozilla/5.0 (Linux; Android 13; Pixel 5) AppleWebKit/537.36 (KHTML, like Gecko) Chrome/106.0.0.0 Mobile Safari/537.36"
5.249.224.8 - - [07/Oct/2025:19:02:02 +0000] "GET /ifovigum/wp-smushit/app/assets/js/smush-lazy-load.min.js HTTP/1.1" 200 7887 "https://klescorthub.net/agency/fiona-fowler/?nowprocket=1&no_optimize=1&wpr_imagedimensions=1" "WP-Rocket/SaaS Mozilla/5.0 (Linux; Android 13; Pixel 5) AppleWebKit/537.36 (KHTML, like Gecko) Chrome/106.0.0.0 Mobile Safari/537.36"
5.249.224.8 - - [07/Oct/2025:19:02:02 +0000] "GET /ifovigum/wp-rocket/assets/js/wpr-beacon.min.js HTTP/1.1" 200 8097 "https://klescorthub.net/agency/fiona-fowler/?nowprocket=1&no_optimize=1&wpr_imagedimensions=1" "WP-Rocket/SaaS Mozilla/5.0 (Linux; Android 13; Pixel 5) AppleWebKit/537.36 (KHTML, like Gecko) Chrome/106.0.0.0 Mobile Safari/537.36"
5.249.224.8 - - [07/Oct/2025:19:02:03 +0000] "POST /wp-admin/admin-ajax.php HTTP/1.1" 200 345 "https://klescorthub.net/agency/fiona-fowler/?nowprocket=1&no_optimize=1&wpr_imagedimensions=1" "WP-Rocket/SaaS Mozilla/5.0 (Linux; Android 13; Pixel 5) AppleWebKit/537.36 (KHTML, like Gecko) Chrome/106.0.0.0 Mobile Safari/537.36"
203.161.56.247 - - [07/Oct/2025:19:02:04 +0000] "POST /wp-admin/admin-ajax.php?action=as_async_request_queue_runner&nonce=74991f2725 HTTP/1.1" 200 - "-" "WordPress/6.8.3; https://klescorthub.net"
113.211.212.239 - - [07/Oct/2025:19:07:59 +0000] "GET /ibeptoxa/1700676984116/17006785155644-400x600.jpg HTTP/1.1" 200 47863 "https://klescorthub.net/page/2/" "Mozilla/5.0 (iPhone; CPU iPhone OS 18_6_2 like Mac OS X) AppleWebKit/605.1.15 (KHTML, like Gecko) Brave/1 Mobile/15E148 Safari/604.1"
113.211.212.239 - - [07/Oct/2025:19:08:02 +0000] "GET / HTTP/1.1" 200 39449 "https://klescorthub.net/page/2/" "Mozilla/5.0 (iPhone; CPU iPhone OS 18_6_2 like Mac OS X) AppleWebKit/605.1.15 (KHTML, like Gecko) Brave/1 Mobile/15E148 Safari/604.1"
113.211.212.239 - - [07/Oct/2025:19:08:03 +0000] "GET /ibeptoxa/1702572538365/17025725521698-400x600.jpg HTTP/1.1" 200 46792 "https://klescorthub.net/" "Mozilla/5.0 (iPhone; CPU iPhone OS 18_6_2 like Mac OS X) AppleWebKit/605.1.15 (KHTML, like Gecko) Brave/1 Mobile/15E148 Safari/604.1"
113.211.212.239 - - [07/Oct/2025:19:08:04 +0000] "GET /ibeptoxa/1701672929497/17016729475960-400x600.jpg HTTP/1.1" 200 51902 "https://klescorthub.net/" "Mozilla/5.0 (iPhone; CPU iPhone OS 18_6_2 like Mac OS X) AppleWebKit/605.1.15 (KHTML, like Gecko) Brave/1 Mobile/15E148 Safari/604.1"
113.211.212.239 - - [07/Oct/2025:19:08:04 +0000] "GET /ibeptoxa/1701673037890/17016730515791-400x600.jpg HTTP/1.1" 200 41006 "https://klescorthub.net/" "Mozilla/5.0 (iPhone; CPU iPhone OS 18_6_2 like Mac OS X) AppleWebKit/605.1.15 (KHTML, like Gecko) Brave/1 Mobile/15E148 Safari/604.1"
113.211.212.239 - - [07/Oct/2025:19:08:04 +0000] "GET /ibeptoxa/1702572435665/17025724483886-400x600.jpg HTTP/1.1" 200 48717 "https://klescorthub.net/" "Mozilla/5.0 (iPhone; CPU iPhone OS 18_6_2 like Mac OS X) AppleWebKit/605.1.15 (KHTML, like Gecko) Brave/1 Mobile/15E148 Safari/604.1"
113.211.212.239 - - [07/Oct/2025:19:08:04 +0000] "GET /ibeptoxa/1702572485869/17025725011111-400x600.jpg HTTP/1.1" 200 38580 "https://klescorthub.net/" "Mozilla/5.0 (iPhone; CPU iPhone OS 18_6_2 like Mac OS X) AppleWebKit/605.1.15 (KHTML, like Gecko) Brave/1 Mobile/15E148 Safari/604.1"
113.211.212.239 - - [07/Oct/2025:19:08:04 +0000] "GET /ibeptoxa/1759305711552/17593057293004-400x600.jpg HTTP/1.1" 200 35631 "https://klescorthub.net/" "Mozilla/5.0 (iPhone; CPU iPhone OS 18_6_2 like Mac OS X) AppleWebKit/605.1.15 (KHTML, like Gecko) Brave/1 Mobile/15E148 Safari/604.1"
113.211.212.239 - - [07/Oct/2025:19:08:04 +0000] "GET /ibeptoxa/1759302704900/17593027317922-400x600.jpg HTTP/1.1" 200 31954 "https://klescorthub.net/" "Mozilla/5.0 (iPhone; CPU iPhone OS 18_6_2 like Mac OS X) AppleWebKit/605.1.15 (KHTML, like Gecko) Brave/1 Mobile/15E148 Safari/604.1"
113.211.212.239 - - [07/Oct/2025:19:08:04 +0000] "GET /ibeptoxa/1702572657109/17025726868281-400x600.jpg HTTP/1.1" 200 37343 "https://klescorthub.net/" "Mozilla/5.0 (iPhone; CPU iPhone OS 18_6_2 like Mac OS X) AppleWebKit/605.1.15 (KHTML, like Gecko) Brave/1 Mobile/15E148 Safari/604.1"
113.211.212.239 - - [07/Oct/2025:19:08:06 +0000] "GET /ibeptoxa/1759296944562/17592969777029-400x600.jpg HTTP/1.1" 200 30552 "https://klescorthub.net/" "Mozilla/5.0 (iPhone; CPU iPhone OS 18_6_2 like Mac OS X) AppleWebKit/605.1.15 (KHTML, like Gecko) Brave/1 Mobile/15E148 Safari/604.1"
113.211.212.239 - - [07/Oct/2025:19:08:06 +0000] "GET /ibeptoxa/1759302473446/17593025502671-400x600.jpg HTTP/1.1" 200 41242 "https://klescorthub.net/" "Mozilla/5.0 (iPhone; CPU iPhone OS 18_6_2 like Mac OS X) AppleWebKit/605.1.15 (KHTML, like Gecko) Brave/1 Mobile/15E148 Safari/604.1"
113.211.212.239 - - [07/Oct/2025:19:08:07 +0000] "GET /ibeptoxa/1746899884338/17468999081148-400x600.jpg HTTP/1.1" 200 39394 "https://klescorthub.net/" "Mozilla/5.0 (iPhone; CPU iPhone OS 18_6_2 like Mac OS X) AppleWebKit/605.1.15 (KHTML, like Gecko) Brave/1 Mobile/15E148 Safari/604.1"
113.211.212.239 - - [07/Oct/2025:19:08:08 +0000] "GET /ibeptoxa/1746899744902/17468997647980-400x600.jpg HTTP/1.1" 200 36606 "https://klescorthub.net/" "Mozilla/5.0 (iPhone; CPU iPhone OS 18_6_2 like Mac OS X) AppleWebKit/605.1.15 (KHTML, like Gecko) Brave/1 Mobile/15E148 Safari/604.1"
113.211.212.239 - - [07/Oct/2025:19:08:08 +0000] "GET /ibeptoxa/1746899070629/17468990969850-400x600.jpg HTTP/1.1" 200 34094 "https://klescorthub.net/" "Mozilla/5.0 (iPhone; CPU iPhone OS 18_6_2 like Mac OS X) AppleWebKit/605.1.15 (KHTML, like Gecko) Brave/1 Mobile/15E148 Safari/604.1"
113.211.212.239 - - [07/Oct/2025:19:08:09 +0000] "GET /ibeptoxa/174689923569/17468992497100-400x600.jpg HTTP/1.1" 200 47770 "https://klescorthub.net/" "Mozilla/5.0 (iPhone; CPU iPhone OS 18_6_2 like Mac OS X) AppleWebKit/605.1.15 (KHTML, like Gecko) Brave/1 Mobile/15E148 Safari/604.1"
113.211.212.239 - - [07/Oct/2025:19:08:09 +0000] "GET /ibeptoxa/1745963506769/17459637432770-400x600.jpg HTTP/1.1" 200 44106 "https://klescorthub.net/" "Mozilla/5.0 (iPhone; CPU iPhone OS 18_6_2 like Mac OS X) AppleWebKit/605.1.15 (KHTML, like Gecko) Brave/1 Mobile/15E148 Safari/604.1"
113.211.212.239 - - [07/Oct/2025:19:08:09 +0000] "GET /ibeptoxa/1745963887292/17459639014688-400x600.jpg HTTP/1.1" 200 35945 "https://klescorthub.net/" "Mozilla/5.0 (iPhone; CPU iPhone OS 18_6_2 like Mac OS X) AppleWebKit/605.1.15 (KHTML, like Gecko) Brave/1 Mobile/15E148 Safari/604.1"
113.211.212.239 - - [07/Oct/2025:19:08:10 +0000] "GET /ibeptoxa/1745962284505/17459623043429-400x600.jpg HTTP/1.1" 200 35190 "https://klescorthub.net/" "Mozilla/5.0 (iPhone; CPU iPhone OS 18_6_2 like Mac OS X) AppleWebKit/605.1.15 (KHTML, like Gecko) Brave/1 Mobile/15E148 Safari/604.1"
113.211.212.239 - - [07/Oct/2025:19:08:10 +0000] "GET /ibeptoxa/1745962632739/17459632995200-400x600.jpg HTTP/1.1" 200 31943 "https://klescorthub.net/" "Mozilla/5.0 (iPhone; CPU iPhone OS 18_6_2 like Mac OS X) AppleWebKit/605.1.15 (KHTML, like Gecko) Brave/1 Mobile/15E148 Safari/604.1"
113.211.212.239 - - [07/Oct/2025:19:08:10 +0000] "GET /ibeptoxa/1706783643798/17067836607619-400x600.jpg HTTP/1.1" 200 44072 "https://klescorthub.net/" "Mozilla/5.0 (iPhone; CPU iPhone OS 18_6_2 like Mac OS X) AppleWebKit/605.1.15 (KHTML, like Gecko) Brave/1 Mobile/15E148 Safari/604.1"
113.211.212.239 - - [07/Oct/2025:19:08:10 +0000] "GET /ibeptoxa/1745962003542/17459620256839-400x600.jpg HTTP/1.1" 200 39375 "https://klescorthub.net/" "Mozilla/5.0 (iPhone; CPU iPhone OS 18_6_2 like Mac OS X) AppleWebKit/605.1.15 (KHTML, like Gecko) Brave/1 Mobile/15E148 Safari/604.1"
113.211.212.239 - - [07/Oct/2025:19:08:12 +0000] "GET /ibeptoxa/1706783232238/17067832711077-400x600.jpg HTTP/1.1" 200 40053 "https://klescorthub.net/" "Mozilla/5.0 (iPhone; CPU iPhone OS 18_6_2 like Mac OS X) AppleWebKit/605.1.15 (KHTML, like Gecko) Brave/1 Mobile/15E148 Safari/604.1"
113.211.212.239 - - [07/Oct/2025:19:08:12 +0000] "GET /ibeptoxa/1706783543293/17067835817177-400x600.jpg HTTP/1.1" 200 45345 "https://klescorthub.net/" "Mozilla/5.0 (iPhone; CPU iPhone OS 18_6_2 like Mac OS X) AppleWebKit/605.1.15 (KHTML, like Gecko) Brave/1 Mobile/15E148 Safari/604.1"
113.211.212.239 - - [07/Oct/2025:19:08:12 +0000] "GET /ibeptoxa/1702572277319/17025722901395-400x600.jpg HTTP/1.1" 200 51902 "https://klescorthub.net/" "Mozilla/5.0 (iPhone; CPU iPhone OS 18_6_2 like Mac OS X) AppleWebKit/605.1.15 (KHTML, like Gecko) Brave/1 Mobile/15E148 Safari/604.1"
113.211.212.239 - - [07/Oct/2025:19:08:12 +0000] "GET /ibeptoxa/1702572328253/17025723506772-400x600.jpg HTTP/1.1" 200 41123 "https://klescorthub.net/" "Mozilla/5.0 (iPhone; CPU iPhone OS 18_6_2 like Mac OS X) AppleWebKit/605.1.15 (KHTML, like Gecko) Brave/1 Mobile/15E148 Safari/604.1"
113.211.212.239 - - [07/Oct/2025:19:08:13 +0000] "GET /ibeptoxa/1702572591995/17025726091009-400x600.jpg HTTP/1.1" 200 37814 "https://klescorthub.net/" "Mozilla/5.0 (iPhone; CPU iPhone OS 18_6_2 like Mac OS X) AppleWebKit/605.1.15 (KHTML, like Gecko) Brave/1 Mobile/15E148 Safari/604.1"
113.211.212.239 - - [07/Oct/2025:19:08:13 +0000] "GET /ibeptoxa/1702572725668/17025727397192-400x600.jpg HTTP/1.1" 200 48553 "https://klescorthub.net/" "Mozilla/5.0 (iPhone; CPU iPhone OS 18_6_2 like Mac OS X) AppleWebKit/605.1.15 (KHTML, like Gecko) Brave/1 Mobile/15E148 Safari/604.1"
113.211.212.239 - - [07/Oct/2025:19:08:13 +0000] "GET /ibeptoxa/1702572080231/17025721076279-400x600.jpg HTTP/1.1" 200 40566 "https://klescorthub.net/" "Mozilla/5.0 (iPhone; CPU iPhone OS 18_6_2 like Mac OS X) AppleWebKit/605.1.15 (KHTML, like Gecko) Brave/1 Mobile/15E148 Safari/604.1"
113.211.212.239 - - [07/Oct/2025:19:08:13 +0000] "GET /ibeptoxa/1702572185693/17025722228528-400x600.jpg HTTP/1.1" 200 40735 "https://klescorthub.net/" "Mozilla/5.0 (iPhone; CPU iPhone OS 18_6_2 like Mac OS X) AppleWebKit/605.1.15 (KHTML, like Gecko) Brave/1 Mobile/15E148 Safari/604.1"
113.211.212.239 - - [07/Oct/2025:19:08:14 +0000] "GET /ibeptoxa/1701803838515/17018038512258-400x600.jpg HTTP/1.1" 200 36691 "https://klescorthub.net/" "Mozilla/5.0 (iPhone; CPU iPhone OS 18_6_2 like Mac OS X) AppleWebKit/605.1.15 (KHTML, like Gecko) Brave/1 Mobile/15E148 Safari/604.1"
113.211.212.239 - - [07/Oct/2025:19:08:14 +0000] "GET /ibeptoxa/1701803917124/17018039288272-400x600.jpg HTTP/1.1" 200 38026 "https://klescorthub.net/" "Mozilla/5.0 (iPhone; CPU iPhone OS 18_6_2 like Mac OS X) AppleWebKit/605.1.15 (KHTML, like Gecko) Brave/1 Mobile/15E148 Safari/604.1"
113.211.212.239 - - [07/Oct/2025:19:08:14 +0000] "GET /ibeptoxa/1701803723133/17018037374977-400x600.jpg HTTP/1.1" 200 44525 "https://klescorthub.net/" "Mozilla/5.0 (iPhone; CPU iPhone OS 18_6_2 like Mac OS X) AppleWebKit/605.1.15 (KHTML, like Gecko) Brave/1 Mobile/15E148 Safari/604.1"
113.211.212.239 - - [07/Oct/2025:19:08:14 +0000] "GET /ibeptoxa/1701803785634/17018037951895-400x600.jpg HTTP/1.1" 200 31061 "https://klescorthub.net/" "Mozilla/5.0 (iPhone; CPU iPhone OS 18_6_2 like Mac OS X) AppleWebKit/605.1.15 (KHTML, like Gecko) Brave/1 Mobile/15E148 Safari/604.1"
113.211.212.239 - - [07/Oct/2025:19:08:17 +0000] "GET /ibeptoxa/1701803571491/17018035893893-400x600.jpg HTTP/1.1" 200 35566 "https://klescorthub.net/" "Mozilla/5.0 (iPhone; CPU iPhone OS 18_6_2 like Mac OS X) AppleWebKit/605.1.15 (KHTML, like Gecko) Brave/1 Mobile/15E148 Safari/604.1"
113.211.212.239 - - [07/Oct/2025:19:08:17 +0000] "GET /ibeptoxa/1701803654332/17018036732139-400x600.jpg HTTP/1.1" 200 33738 "https://klescorthub.net/" "Mozilla/5.0 (iPhone; CPU iPhone OS 18_6_2 like Mac OS X) AppleWebKit/605.1.15 (KHTML, like Gecko) Brave/1 Mobile/15E148 Safari/604.1"
113.211.212.239 - - [07/Oct/2025:19:08:18 +0000] "GET /ibeptoxa/1701673436674/17016734586544-400x600.jpg HTTP/1.1" 200 33469 "https://klescorthub.net/" "Mozilla/5.0 (iPhone; CPU iPhone OS 18_6_2 like Mac OS X) AppleWebKit/605.1.15 (KHTML, like Gecko) Brave/1 Mobile/15E148 Safari/604.1"
113.211.212.239 - - [07/Oct/2025:19:08:18 +0000] "GET /ibeptoxa/1701673504226/17016735157618-400x600.jpg HTTP/1.1" 200 48553 "https://klescorthub.net/" "Mozilla/5.0 (iPhone; CPU iPhone OS 18_6_2 like Mac OS X) AppleWebKit/605.1.15 (KHTML, like Gecko) Brave/1 Mobile/15E148 Safari/604.1"
113.211.212.239 - - [07/Oct/2025:19:08:19 +0000] "GET /ibeptoxa/17016730911/17016731059024-400x600.jpg HTTP/1.1" 200 48717 "https://klescorthub.net/" "Mozilla/5.0 (iPhone; CPU iPhone OS 18_6_2 like Mac OS X) AppleWebKit/605.1.15 (KHTML, like Gecko) Brave/1 Mobile/15E148 Safari/604.1"
113.211.212.239 - - [07/Oct/2025:19:08:19 +0000] "GET /ibeptoxa/1701673320121/17016733375105-400x600.jpg HTTP/1.1" 200 37814 "https://klescorthub.net/" "Mozilla/5.0 (iPhone; CPU iPhone OS 18_6_2 like Mac OS X) AppleWebKit/605.1.15 (KHTML, like Gecko) Brave/1 Mobile/15E148 Safari/604.1"
113.211.212.239 - - [07/Oct/2025:19:08:19 +0000] "GET /ibeptoxa/1701672868719/17016728916296-400x600.jpg HTTP/1.1" 200 49251 "https://klescorthub.net/" "Mozilla/5.0 (iPhone; CPU iPhone OS 18_6_2 like Mac OS X) AppleWebKit/605.1.15 (KHTML, like Gecko) Brave/1 Mobile/15E148 Safari/604.1"
113.211.212.239 - - [07/Oct/2025:19:08:19 +0000] "GET /ibeptoxa/1701672989206/17016729984810-400x600.jpg HTTP/1.1" 200 41123 "https://klescorthub.net/" "Mozilla/5.0 (iPhone; CPU iPhone OS 18_6_2 like Mac OS X) AppleWebKit/605.1.15 (KHTML, like Gecko) Brave/1 Mobile/15E148 Safari/604.1"
113.211.212.239 - - [07/Oct/2025:19:08:27 +0000] "GET /escort_profile/marina/ HTTP/1.1" 200 44842 "https://klescorthub.net/" "Mozilla/5.0 (iPhone; CPU iPhone OS 18_6_2 like Mac OS X) AppleWebKit/605.1.15 (KHTML, like Gecko) Brave/1 Mobile/15E148 Safari/604.1"
113.211.212.239 - - [07/Oct/2025:19:08:28 +0000] "GET /ifovigum/wp-rocket/assets/js/wpr-beacon.min.js HTTP/1.1" 200 8097 "https://klescorthub.net/escort_profile/marina/" "Mozilla/5.0 (iPhone; CPU iPhone OS 18_6_2 like Mac OS X) AppleWebKit/605.1.15 (KHTML, like Gecko) Brave/1 Mobile/15E148 Safari/604.1"
113.211.212.239 - - [07/Oct/2025:19:08:29 +0000] "GET /ibeptoxa/17016730911/17016731059024-392x490.jpg HTTP/1.1" 200 42290 "https://klescorthub.net/escort_profile/marina/" "Mozilla/5.0 (iPhone; CPU iPhone OS 18_6_2 like Mac OS X) AppleWebKit/605.1.15 (KHTML, like Gecko) Brave/1 Mobile/15E148 Safari/604.1"
113.211.212.239 - - [07/Oct/2025:19:08:29 +0000] "GET /ibeptoxa/17016730911/17016731156190-392x490.jpg HTTP/1.1" 200 36369 "https://klescorthub.net/escort_profile/marina/" "Mozilla/5.0 (iPhone; CPU iPhone OS 18_6_2 like Mac OS X) AppleWebKit/605.1.15 (KHTML, like Gecko) Brave/1 Mobile/15E148 Safari/604.1"
113.211.212.239 - - [07/Oct/2025:19:08:29 +0000] "GET /ibeptoxa/17016730911/17016731153741-392x490.jpg HTTP/1.1" 200 35438 "https://klescorthub.net/escort_profile/marina/" "Mozilla/5.0 (iPhone; CPU iPhone OS 18_6_2 like Mac OS X) AppleWebKit/605.1.15 (KHTML, like Gecko) Brave/1 Mobile/15E148 Safari/604.1"
113.211.212.239 - - [07/Oct/2025:19:08:29 +0000] "GET /ibeptoxa/17016730911/17016731158123-392x490.jpg HTTP/1.1" 200 33008 "https://klescorthub.net/escort_profile/marina/" "Mozilla/5.0 (iPhone; CPU iPhone OS 18_6_2 like Mac OS X) AppleWebKit/605.1.15 (KHTML, like Gecko) Brave/1 Mobile/15E148 Safari/604.1"
113.211.212.239 - - [07/Oct/2025:19:08:29 +0000] "GET /ibeptoxa/17016730911/17016731151473-392x490.jpg HTTP/1.1" 200 41926 "https://klescorthub.net/escort_profile/marina/" "Mozilla/5.0 (iPhone; CPU iPhone OS 18_6_2 like Mac OS X) AppleWebKit/605.1.15 (KHTML, like Gecko) Brave/1 Mobile/15E148 Safari/604.1"
203.161.56.247 - - [07/Oct/2025:19:08:30 +0000] "POST /wp-cron.php?doing_wp_cron=1759864110.2492649555206298828125 HTTP/1.1" 200 - "-" "WordPress/6.8.3; https://klescorthub.net"
113.211.212.239 - - [07/Oct/2025:19:08:29 +0000] "POST /wp-admin/admin-ajax.php HTTP/1.1" 200 89 "https://klescorthub.net/escort_profile/marina/" "Mozilla/5.0 (iPhone; CPU iPhone OS 18_6_2 like Mac OS X) AppleWebKit/605.1.15 (KHTML, like Gecko) Brave/1 Mobile/15E148 Safari/604.1"
113.211.212.239 - - [07/Oct/2025:19:08:31 +0000] "POST /wp-admin/admin-ajax.php HTTP/1.1" 200 424 "https://klescorthub.net/escort_profile/marina/" "Mozilla/5.0 (iPhone; CPU iPhone OS 18_6_2 like Mac OS X) AppleWebKit/605.1.15 (KHTML, like Gecko) Brave/1 Mobile/15E148 Safari/604.1"
203.161.56.247 - - [07/Oct/2025:19:08:30 +0000] "POST /wp-admin/admin-ajax.php?action=as_async_request_queue_runner&nonce=74991f2725 HTTP/1.1" 200 - "-" "WordPress/6.8.3; https://klescorthub.net"
203.161.56.247 - - [07/Oct/2025:19:08:35 +0000] "GET /girls/kuala-lumpur/bukit-bintang-escorts/ HTTP/1.1" 200 38772 "-" "WP Rocket/Preload"
203.161.56.247 - - [07/Oct/2025:19:08:38 +0000] "GET /girls/kuala-lumpur/bukit-bintang-escorts/ HTTP/1.1" 200 38853 "-" "WP Rocket/Preload Mozilla/5.0 (iPhone; CPU iPhone OS 9_1 like Mac OS X) AppleWebKit/601.1.46 (KHTML, like Gecko) Version/9.0 Mobile/13B143 Safari/601.1"
203.161.56.247 - - [07/Oct/2025:19:08:39 +0000] "GET /author/hemakhan/ HTTP/1.1" 200 38730 "-" "WP Rocket/Preload"
203.161.56.247 - - [07/Oct/2025:19:08:41 +0000] "GET /author/hemakhan/ HTTP/1.1" 200 38803 "-" "WP Rocket/Preload Mozilla/5.0 (iPhone; CPU iPhone OS 9_1 like Mac OS X) AppleWebKit/601.1.46 (KHTML, like Gecko) Version/9.0 Mobile/13B143 Safari/601.1"
203.161.56.247 - - [07/Oct/2025:19:10:39 +0000] "POST /wp-cron.php?doing_wp_cron=1759864239.0375030040740966796875 HTTP/1.1" 200 - "-" "WordPress/6.8.3; https://klescorthub.net"
216.73.216.116 - - [07/Oct/2025:19:10:37 +0000] "GET /news-sitemap.xml HTTP/1.1" 404 196 "-" "Mozilla/5.0 AppleWebKit/537.36 (KHTML, like Gecko; compatible; ClaudeBot/1.0; +claudebot@anthropic.com)"
216.73.216.116 - - [07/Oct/2025:19:10:38 +0000] "GET /sitemap.html HTTP/1.1" 200 1082 "-" "Mozilla/5.0 AppleWebKit/537.36 (KHTML, like Gecko; compatible; ClaudeBot/1.0; +claudebot@anthropic.com)"
216.73.216.116 - - [07/Oct/2025:19:10:53 +0000] "GET /sitemap.xml HTTP/1.1" 200 450 "-" "Mozilla/5.0 AppleWebKit/537.36 (KHTML, like Gecko; compatible; ClaudeBot/1.0; +claudebot@anthropic.com)"
203.161.56.247 - - [07/Oct/2025:19:14:27 +0000] "POST /wp-cron.php?doing_wp_cron=1759864467.7364459037780761718750 HTTP/1.1" 200 - "-" "WordPress/6.8.3; https://klescorthub.net"
40.77.167.23 - - [07/Oct/2025:19:14:26 +0000] "GET /sitemap.xml.gz HTTP/1.1" 200 451 "-" "Mozilla/5.0 AppleWebKit/537.36 (KHTML, like Gecko; compatible; bingbot/2.0; +http://www.bing.com/bingbot.htm) Chrome/116.0.1938.76 Safari/537.36"
203.161.56.247 - - [07/Oct/2025:19:14:28 +0000] "GET /author/fionafowler/ HTTP/1.1" 200 38728 "-" "WP Rocket/Preload"
203.161.56.247 - - [07/Oct/2025:19:14:31 +0000] "GET /author/fionafowler/ HTTP/1.1" 200 38801 "-" "WP Rocket/Preload Mozilla/5.0 (iPhone; CPU iPhone OS 9_1 like Mac OS X) AppleWebKit/601.1.46 (KHTML, like Gecko) Version/9.0 Mobile/13B143 Safari/601.1"
203.161.56.247 - - [07/Oct/2025:19:14:32 +0000] "GET /agency/fiona-fowler/ HTTP/1.1" 200 39479 "-" "WP Rocket/Preload"
203.161.56.247 - - [07/Oct/2025:19:14:34 +0000] "GET /agency/fiona-fowler/ HTTP/1.1" 200 39534 "-" "WP Rocket/Preload Mozilla/5.0 (iPhone; CPU iPhone OS 9_1 like Mac OS X) AppleWebKit/601.1.46 (KHTML, like Gecko) Version/9.0 Mobile/13B143 Safari/601.1"
79.145.14.225 - - [07/Oct/2025:19:17:01 +0000] "GET /ibeptoxa/2023/05/SEX-KL-ESCORT-BANNER-260x130px.jpg HTTP/1.1" 200 32684 "https://lavanyaroymay.freeescortsite.com/" "Mozilla/5.0 (iPhone; CPU iPhone OS 18_6_2 like Mac OS X) AppleWebKit/605.1.15 (KHTML, like Gecko) Version/18.6 Mobile/15E148 Safari/604.1"
79.145.14.225 - - [07/Oct/2025:19:17:03 +0000] "GET /ibeptoxa/2023/05/SEX-KL-ESCORT-BANNER-260x130px.jpg HTTP/1.1" 200 32684 "https://lavanyaroymay.freeescortsite.com/" "Mozilla/5.0 (iPhone; CPU iPhone OS 18_6_2 like Mac OS X) AppleWebKit/605.1.15 (KHTML, like Gecko) Version/18.6 Mobile/15E148 Safari/604.1"
111.225.149.77 - - [07/Oct/2025:19:17:15 +0000] "GET /ibeptoxa/1759302473446/17593025502671-170x206.jpg HTTP/1.1" 200 8887 "-" "Mozilla/5.0 (Linux; Android 5.0) AppleWebKit/537.36 (KHTML, like Gecko) Mobile Safari/537.36 (compatible; Bytespider; https://zhanzhang.toutiao.com/)"
103.131.71.63 - - [07/Oct/2025:19:17:55 +0000] "GET / HTTP/1.1" 200 39453 "-" "Mozilla/5.0 (compatible; coccocbot-web/1.0; +http://help.coccoc.com/searchengine)"
203.161.56.247 - - [07/Oct/2025:19:24:56 +0000] "POST /wp-cron.php?doing_wp_cron=1759865096.3446569442749023437500 HTTP/1.1" 200 - "-" "WordPress/6.8.3; https://klescorthub.net"
216.73.216.116 - - [07/Oct/2025:19:24:54 +0000] "GET /sitemap.html HTTP/1.1" 200 1082 "-" "Mozilla/5.0 AppleWebKit/537.36 (KHTML, like Gecko; compatible; ClaudeBot/1.0; +claudebot@anthropic.com)"
203.161.56.247 - - [07/Oct/2025:19:30:03 +0000] "POST /wp-cron.php?doing_wp_cron=1759865403.3698160648345947265625 HTTP/1.1" 200 - "-" "WordPress/6.8.3; https://klescorthub.net"
216.73.216.116 - - [07/Oct/2025:19:30:01 +0000] "GET /robots.txt HTTP/1.1" 200 177 "-" "Mozilla/5.0 AppleWebKit/537.36 (KHTML, like Gecko; compatible; ClaudeBot/1.0; +claudebot@anthropic.com)"
216.73.216.116 - - [07/Oct/2025:19:30:03 +0000] "GET /news-sitemap.xml HTTP/1.1" 404 196 "-" "Mozilla/5.0 AppleWebKit/537.36 (KHTML, like Gecko; compatible; ClaudeBot/1.0; +claudebot@anthropic.com)"
203.161.56.247 - - [07/Oct/2025:19:34:47 +0000] "POST /wp-cron.php?doing_wp_cron=1759865687.4857840538024902343750 HTTP/1.1" 200 - "-" "WordPress/6.8.3; https://klescorthub.net"
5.102.173.71 - - [07/Oct/2025:19:34:46 +0000] "GET /robots.txt HTTP/1.1" 200 177 "-" "Mozilla/5.0 (compatible; MojeekBot/0.11; +https://www.mojeek.com/bot.html)"
5.102.173.71 - - [07/Oct/2025:19:34:47 +0000] "GET / HTTP/1.1" 200 39453 "-" "Mozilla/5.0 (compatible; MojeekBot/0.11; +https://www.mojeek.com/bot.html)"
40.77.167.132 - - [07/Oct/2025:19:37:37 +0000] "GET /girls/kuala-lumpur/mid-valley-escorts/ HTTP/1.1" 200 37161 "-" "Mozilla/5.0 AppleWebKit/537.36 (KHTML, like Gecko; compatible; bingbot/2.0; +http://www.bing.com/bingbot.htm) Chrome/116.0.1938.76 Safari/537.36"
203.161.56.247 - - [07/Oct/2025:19:38:01 +0000] "POST /wp-cron.php?doing_wp_cron=1759865881.4447610378265380859375 HTTP/1.1" 200 - "-" "WordPress/6.8.3; https://klescorthub.net"
77.75.78.160 - - [07/Oct/2025:19:38:00 +0000] "GET /classified-ads-offering/ HTTP/1.1" 301 14273 "-" "Mozilla/5.0 (compatible; SeznamBot/4.0; +https://o-seznam.cz/napoveda/vyhledavani/en/seznambot-crawler/)"
203.161.56.247 - - [07/Oct/2025:19:44:55 +0000] "POST /wp-cron.php?doing_wp_cron=1759866295.5240669250488281250000 HTTP/1.1" 200 - "-" "WordPress/6.8.3; https://klescorthub.net"
216.73.216.116 - - [07/Oct/2025:19:44:54 +0000] "GET /sitemap.rss HTTP/1.1" 200 1987 "-" "Mozilla/5.0 AppleWebKit/537.36 (KHTML, like Gecko; compatible; ClaudeBot/1.0; +claudebot@anthropic.com)"
203.161.56.247 - - [07/Oct/2025:19:46:47 +0000] "POST /wp-cron.php?doing_wp_cron=1759866407.1903200149536132812500 HTTP/1.1" 200 - "-" "WordPress/6.8.3; https://klescorthub.net"
216.73.216.116 - - [07/Oct/2025:19:46:45 +0000] "GET /sitemap.html HTTP/1.1" 200 1082 "-" "Mozilla/5.0 AppleWebKit/537.36 (KHTML, like Gecko; compatible; ClaudeBot/1.0; +claudebot@anthropic.com)"
203.161.56.247 - - [07/Oct/2025:19:48:02 +0000] "POST /wp-cron.php?doing_wp_cron=1759866482.5755538940429687500000 HTTP/1.1" 200 - "-" "WordPress/6.8.3; https://klescorthub.net"
85.208.96.206 - - [07/Oct/2025:19:48:01 +0000] "GET /wp-login.php?redirect_to=https%3A%2F%2Fklescorthub.net%3A443%2Fescort_profile%2Fbella%2F HTTP/1.1" 200 2307 "-" "Mozilla/5.0 (compatible; SemrushBot/7~bl; +http://www.semrush.com/bot.html)"
57.141.0.19 - - [07/Oct/2025:19:49:46 +0000] "GET /girls/kuala-lumpur/gombak-escorts/ HTTP/1.1" 200 163449 "-" "meta-externalagent/1.1 (+https://developers.facebook.com/docs/sharing/webmasters/crawler)"
203.161.56.247 - - [07/Oct/2025:19:55:11 +0000] "POST /wp-cron.php?doing_wp_cron=1759866911.4894530773162841796875 HTTP/1.1" 200 - "-" "WordPress/6.8.3; https://klescorthub.net"
45.86.208.11 - - [07/Oct/2025:19:55:09 +0000] "GET /agency/fiona-fowler/ HTTP/1.1" 200 22479 "https://klescorthub.net/category/blog/" "Mozilla/5.0 (Windows NT 10.0; Win64; x64) AppleWebKit/537.36 (KHTML, like Gecko) Chrome/140.0.0.0 Safari/537.36"
45.86.208.11 - - [07/Oct/2025:19:55:21 +0000] "GET /upload-logo/ HTTP/1.1" 200 18828 "https://klescorthub.net/agency/fiona-fowler/" "Mozilla/5.0 (Windows NT 10.0; Win64; x64) AppleWebKit/537.36 (KHTML, like Gecko) Chrome/140.0.0.0 Safari/537.36"
45.86.208.11 - - [07/Oct/2025:19:55:40 +0000] "GET /jufisas/i/cancel.png HTTP/1.1" 200 2960 "https://klescorthub.net/startala/cache/min/1/wp-content/themes/escortwp/style.css?ver=1759729543" "Mozilla/5.0 (Windows NT 10.0; Win64; x64) AppleWebKit/537.36 (KHTML, like Gecko) Chrome/140.0.0.0 Safari/537.36"
203.161.56.247 - - [07/Oct/2025:19:55:41 +0000] "POST /wp-cron.php?doing_wp_cron=1759866941.0739319324493408203125 HTTP/1.1" 200 - "-" "WordPress/6.8.3; https://klescorthub.net"
203.161.56.247 - - [07/Oct/2025:19:55:41 +0000] "POST /wp-admin/admin-post.php HTTP/1.1" 302 - "-" "WordPress/6.8.3; https://klescorthub.net"
45.86.208.11 - - [07/Oct/2025:19:55:39 +0000] "POST /jufisas/register-agency-upload-logo-process.php HTTP/1.1" 200 22 "https://klescorthub.net/upload-logo/" "Mozilla/5.0 (Windows NT 10.0; Win64; x64) AppleWebKit/537.36 (KHTML, like Gecko) Chrome/140.0.0.0 Safari/537.36"
45.86.208.11 - - [07/Oct/2025:19:55:47 +0000] "GET /upload-logo/ HTTP/1.1" 200 18846 "https://klescorthub.net/upload-logo/" "Mozilla/5.0 (Windows NT 10.0; Win64; x64) AppleWebKit/537.36 (KHTML, like Gecko) Chrome/140.0.0.0 Safari/537.36"
203.161.56.247 - - [07/Oct/2025:19:55:42 +0000] "POST /wp-admin/admin-ajax.php?action=as_async_request_queue_runner&nonce=3f620879fc HTTP/1.1" 200 - "-" "WordPress/6.8.3; https://klescorthub.net"
45.86.208.11 - - [07/Oct/2025:19:55:50 +0000] "GET / HTTP/1.1" 304 - "https://klescorthub.net/upload-logo/" "Mozilla/5.0 (Windows NT 10.0; Win64; x64) AppleWebKit/537.36 (KHTML, like Gecko) Chrome/140.0.0.0 Safari/537.36"
45.86.208.11 - - [07/Oct/2025:19:55:50 +0000] "GET /ibeptoxa/1701673037890/17016730515791-400x600.jpg HTTP/1.1" 200 41006 "https://klescorthub.net/" "Mozilla/5.0 (Windows NT 10.0; Win64; x64) AppleWebKit/537.36 (KHTML, like Gecko) Chrome/140.0.0.0 Safari/537.36"
45.86.208.11 - - [07/Oct/2025:19:55:50 +0000] "GET /ibeptoxa/1701672929497/17016729475960-400x600.jpg HTTP/1.1" 200 51902 "https://klescorthub.net/" "Mozilla/5.0 (Windows NT 10.0; Win64; x64) AppleWebKit/537.36 (KHTML, like Gecko) Chrome/140.0.0.0 Safari/537.36"
45.86.208.11 - - [07/Oct/2025:19:55:51 +0000] "GET /ibeptoxa/1759305711552/17593057293004-400x600.jpg HTTP/1.1" 200 35631 "https://klescorthub.net/" "Mozilla/5.0 (Windows NT 10.0; Win64; x64) AppleWebKit/537.36 (KHTML, like Gecko) Chrome/140.0.0.0 Safari/537.36"
45.86.208.11 - - [07/Oct/2025:19:55:51 +0000] "GET /ibeptoxa/1759302473446/17593025502671-400x600.jpg HTTP/1.1" 200 41242 "https://klescorthub.net/" "Mozilla/5.0 (Windows NT 10.0; Win64; x64) AppleWebKit/537.36 (KHTML, like Gecko) Chrome/140.0.0.0 Safari/537.36"
45.86.208.11 - - [07/Oct/2025:19:55:51 +0000] "GET /ibeptoxa/1759302704900/17593027317922-400x600.jpg HTTP/1.1" 200 31954 "https://klescorthub.net/" "Mozilla/5.0 (Windows NT 10.0; Win64; x64) AppleWebKit/537.36 (KHTML, like Gecko) Chrome/140.0.0.0 Safari/537.36"
45.86.208.11 - - [07/Oct/2025:19:55:51 +0000] "GET /ibeptoxa/1759296944562/17592969777029-400x600.jpg HTTP/1.1" 200 30552 "https://klescorthub.net/" "Mozilla/5.0 (Windows NT 10.0; Win64; x64) AppleWebKit/537.36 (KHTML, like Gecko) Chrome/140.0.0.0 Safari/537.36"
45.86.208.11 - - [07/Oct/2025:19:55:51 +0000] "GET /ibeptoxa/1746899884338/17468999081148-400x600.jpg HTTP/1.1" 200 39394 "https://klescorthub.net/" "Mozilla/5.0 (Windows NT 10.0; Win64; x64) AppleWebKit/537.36 (KHTML, like Gecko) Chrome/140.0.0.0 Safari/537.36"
45.86.208.11 - - [07/Oct/2025:19:55:51 +0000] "GET /ibeptoxa/1746899744902/17468997647980-400x600.jpg HTTP/1.1" 200 36606 "https://klescorthub.net/" "Mozilla/5.0 (Windows NT 10.0; Win64; x64) AppleWebKit/537.36 (KHTML, like Gecko) Chrome/140.0.0.0 Safari/537.36"
45.86.208.11 - - [07/Oct/2025:19:55:51 +0000] "GET /ibeptoxa/174689923569/17468992497100-400x600.jpg HTTP/1.1" 200 47770 "https://klescorthub.net/" "Mozilla/5.0 (Windows NT 10.0; Win64; x64) AppleWebKit/537.36 (KHTML, like Gecko) Chrome/140.0.0.0 Safari/537.36"
45.86.208.11 - - [07/Oct/2025:19:55:52 +0000] "GET /ibeptoxa/1746899070629/17468990969850-400x600.jpg HTTP/1.1" 200 34094 "https://klescorthub.net/" "Mozilla/5.0 (Windows NT 10.0; Win64; x64) AppleWebKit/537.36 (KHTML, like Gecko) Chrome/140.0.0.0 Safari/537.36"
45.86.208.11 - - [07/Oct/2025:19:55:52 +0000] "GET /ibeptoxa/1745963887292/17459639014688-400x600.jpg HTTP/1.1" 200 35945 "https://klescorthub.net/" "Mozilla/5.0 (Windows NT 10.0; Win64; x64) AppleWebKit/537.36 (KHTML, like Gecko) Chrome/140.0.0.0 Safari/537.36"
45.86.208.11 - - [07/Oct/2025:19:55:52 +0000] "GET /ibeptoxa/1745962632739/17459632995200-400x600.jpg HTTP/1.1" 200 31943 "https://klescorthub.net/" "Mozilla/5.0 (Windows NT 10.0; Win64; x64) AppleWebKit/537.36 (KHTML, like Gecko) Chrome/140.0.0.0 Safari/537.36"
45.86.208.11 - - [07/Oct/2025:19:55:52 +0000] "GET /ibeptoxa/1745962284505/17459623043429-400x600.jpg HTTP/1.1" 200 35190 "https://klescorthub.net/" "Mozilla/5.0 (Windows NT 10.0; Win64; x64) AppleWebKit/537.36 (KHTML, like Gecko) Chrome/140.0.0.0 Safari/537.36"
45.86.208.11 - - [07/Oct/2025:19:55:52 +0000] "GET /ibeptoxa/1745962003542/17459620256839-400x600.jpg HTTP/1.1" 200 39375 "https://klescorthub.net/" "Mozilla/5.0 (Windows NT 10.0; Win64; x64) AppleWebKit/537.36 (KHTML, like Gecko) Chrome/140.0.0.0 Safari/537.36"
45.86.208.11 - - [07/Oct/2025:19:55:52 +0000] "GET /ibeptoxa/1745963506769/17459637432770-400x600.jpg HTTP/1.1" 200 44106 "https://klescorthub.net/" "Mozilla/5.0 (Windows NT 10.0; Win64; x64) AppleWebKit/537.36 (KHTML, like Gecko) Chrome/140.0.0.0 Safari/537.36"
45.86.208.11 - - [07/Oct/2025:19:55:53 +0000] "GET /ibeptoxa/1701673504226/17016735157618-400x600.jpg HTTP/1.1" 200 48553 "https://klescorthub.net/" "Mozilla/5.0 (Windows NT 10.0; Win64; x64) AppleWebKit/537.36 (KHTML, like Gecko) Chrome/140.0.0.0 Safari/537.36"
45.86.208.11 - - [07/Oct/2025:19:55:53 +0000] "GET /ibeptoxa/1701672868719/17016728916296-400x600.jpg HTTP/1.1" 200 49251 "https://klescorthub.net/" "Mozilla/5.0 (Windows NT 10.0; Win64; x64) AppleWebKit/537.36 (KHTML, like Gecko) Chrome/140.0.0.0 Safari/537.36"
45.86.208.11 - - [07/Oct/2025:19:55:53 +0000] "GET /ibeptoxa/1701673320121/17016733375105-400x600.jpg HTTP/1.1" 200 37814 "https://klescorthub.net/" "Mozilla/5.0 (Windows NT 10.0; Win64; x64) AppleWebKit/537.36 (KHTML, like Gecko) Chrome/140.0.0.0 Safari/537.36"
45.86.208.11 - - [07/Oct/2025:19:55:53 +0000] "GET /ibeptoxa/1701673436674/17016734586544-400x600.jpg HTTP/1.1" 200 33469 "https://klescorthub.net/" "Mozilla/5.0 (Windows NT 10.0; Win64; x64) AppleWebKit/537.36 (KHTML, like Gecko) Chrome/140.0.0.0 Safari/537.36"
45.86.208.11 - - [07/Oct/2025:19:55:53 +0000] "GET /ibeptoxa/17016730911/17016731059024-400x600.jpg HTTP/1.1" 200 48717 "https://klescorthub.net/" "Mozilla/5.0 (Windows NT 10.0; Win64; x64) AppleWebKit/537.36 (KHTML, like Gecko) Chrome/140.0.0.0 Safari/537.36"
45.86.208.11 - - [07/Oct/2025:19:55:53 +0000] "GET /ibeptoxa/1701672989206/17016729984810-400x600.jpg HTTP/1.1" 200 41123 "https://klescorthub.net/" "Mozilla/5.0 (Windows NT 10.0; Win64; x64) AppleWebKit/537.36 (KHTML, like Gecko) Chrome/140.0.0.0 Safari/537.36"
45.86.208.11 - - [07/Oct/2025:19:55:55 +0000] "GET /escort_profile/irene/ HTTP/1.1" 200 22782 "https://klescorthub.net/" "Mozilla/5.0 (Windows NT 10.0; Win64; x64) AppleWebKit/537.36 (KHTML, like Gecko) Chrome/140.0.0.0 Safari/537.36"
45.86.208.11 - - [07/Oct/2025:19:55:56 +0000] "GET /jufisas/css/jquery.fancybox.min.css HTTP/1.1" 200 3096 "https://klescorthub.net/escort_profile/irene/" "Mozilla/5.0 (Windows NT 10.0; Win64; x64) AppleWebKit/537.36 (KHTML, like Gecko) Chrome/140.0.0.0 Safari/537.36"
45.86.208.11 - - [07/Oct/2025:19:55:57 +0000] "GET /jufisas/js/jquery.fancybox.min.js HTTP/1.1" 200 22013 "https://klescorthub.net/escort_profile/irene/" "Mozilla/5.0 (Windows NT 10.0; Win64; x64) AppleWebKit/537.36 (KHTML, like Gecko) Chrome/140.0.0.0 Safari/537.36"
45.86.208.11 - - [07/Oct/2025:19:55:57 +0000] "GET /ibeptoxa/1745962284505/17459623043429-280x415.jpg HTTP/1.1" 200 19515 "https://klescorthub.net/escort_profile/irene/" "Mozilla/5.0 (Windows NT 10.0; Win64; x64) AppleWebKit/537.36 (KHTML, like Gecko) Chrome/140.0.0.0 Safari/537.36"
45.86.208.11 - - [07/Oct/2025:19:55:57 +0000] "GET /ibeptoxa/1745962284505/17459623037281-280x415.jpg HTTP/1.1" 200 20376 "https://klescorthub.net/escort_profile/irene/" "Mozilla/5.0 (Windows NT 10.0; Win64; x64) AppleWebKit/537.36 (KHTML, like Gecko) Chrome/140.0.0.0 Safari/537.36"
45.86.208.11 - - [07/Oct/2025:19:55:57 +0000] "GET /ibeptoxa/1745962284505/17459623059393-280x415.jpg HTTP/1.1" 200 21111 "https://klescorthub.net/escort_profile/irene/" "Mozilla/5.0 (Windows NT 10.0; Win64; x64) AppleWebKit/537.36 (KHTML, like Gecko) Chrome/140.0.0.0 Safari/537.36"
45.86.208.11 - - [07/Oct/2025:19:55:57 +0000] "GET /ibeptoxa/1745962284505/17459623049580-280x415.jpg HTTP/1.1" 200 19246 "https://klescorthub.net/escort_profile/irene/" "Mozilla/5.0 (Windows NT 10.0; Win64; x64) AppleWebKit/537.36 (KHTML, like Gecko) Chrome/140.0.0.0 Safari/537.36"
45.86.208.11 - - [07/Oct/2025:19:55:57 +0000] "GET /ibeptoxa/1745962284505/17459623049531-280x415.jpg HTTP/1.1" 200 22499 "https://klescorthub.net/escort_profile/irene/" "Mozilla/5.0 (Windows NT 10.0; Win64; x64) AppleWebKit/537.36 (KHTML, like Gecko) Chrome/140.0.0.0 Safari/537.36"
45.86.208.11 - - [07/Oct/2025:19:56:00 +0000] "GET /ibeptoxa/1745962284505/17459623043429.jpg HTTP/1.1" 200 176283 "https://klescorthub.net/escort_profile/irene/" "Mozilla/5.0 (Windows NT 10.0; Win64; x64) AppleWebKit/537.36 (KHTML, like Gecko) Chrome/140.0.0.0 Safari/537.36"
45.86.208.11 - - [07/Oct/2025:19:56:00 +0000] "GET /ibeptoxa/1745962284505/17459623049580.jpg HTTP/1.1" 200 200375 "https://klescorthub.net/escort_profile/irene/" "Mozilla/5.0 (Windows NT 10.0; Win64; x64) AppleWebKit/537.36 (KHTML, like Gecko) Chrome/140.0.0.0 Safari/537.36"
45.86.208.11 - - [07/Oct/2025:19:56:00 +0000] "GET /ibeptoxa/1745962284505/17459623037281.jpg HTTP/1.1" 200 204910 "https://klescorthub.net/escort_profile/irene/" "Mozilla/5.0 (Windows NT 10.0; Win64; x64) AppleWebKit/537.36 (KHTML, like Gecko) Chrome/140.0.0.0 Safari/537.36"
203.161.56.247 - - [07/Oct/2025:19:56:46 +0000] "POST /wp-cron.php?doing_wp_cron=1759867006.6481590270996093750000 HTTP/1.1" 200 - "-" "WordPress/6.8.3; https://klescorthub.net"
157.55.39.196 - - [07/Oct/2025:19:56:45 +0000] "GET /agency/b2b-kl/ HTTP/1.1" 404 12657 "-" "Mozilla/5.0 AppleWebKit/537.36 (KHTML, like Gecko; compatible; bingbot/2.0; +http://www.bing.com/bingbot.htm) Chrome/116.0.1938.76 Safari/537.36"
45.86.208.11 - - [07/Oct/2025:19:56:50 +0000] "GET / HTTP/1.1" 304 - "https://klescorthub.net/escort_profile/irene/" "Mozilla/5.0 (Windows NT 10.0; Win64; x64) AppleWebKit/537.36 (KHTML, like Gecko) Chrome/140.0.0.0 Safari/537.36"
45.86.208.11 - - [07/Oct/2025:19:56:54 +0000] "GET /escort_profile/ruby-4/ HTTP/1.1" 200 22845 "https://klescorthub.net/" "Mozilla/5.0 (Windows NT 10.0; Win64; x64) AppleWebKit/537.36 (KHTML, like Gecko) Chrome/140.0.0.0 Safari/537.36"
45.86.208.11 - - [07/Oct/2025:19:56:56 +0000] "GET /ibeptoxa/1701803654332/17018036879980-280x415.jpg HTTP/1.1" 200 23620 "https://klescorthub.net/escort_profile/ruby-4/" "Mozilla/5.0 (Windows NT 10.0; Win64; x64) AppleWebKit/537.36 (KHTML, like Gecko) Chrome/140.0.0.0 Safari/537.36"
45.86.208.11 - - [07/Oct/2025:19:56:56 +0000] "GET /ibeptoxa/1701803654332/17018036732139-280x415.jpg HTTP/1.1" 200 19599 "https://klescorthub.net/escort_profile/ruby-4/" "Mozilla/5.0 (Windows NT 10.0; Win64; x64) AppleWebKit/537.36 (KHTML, like Gecko) Chrome/140.0.0.0 Safari/537.36"
45.86.208.11 - - [07/Oct/2025:19:56:56 +0000] "GET /ibeptoxa/1701803654332/17018036873719-280x415.jpg HTTP/1.1" 200 21963 "https://klescorthub.net/escort_profile/ruby-4/" "Mozilla/5.0 (Windows NT 10.0; Win64; x64) AppleWebKit/537.36 (KHTML, like Gecko) Chrome/140.0.0.0 Safari/537.36"
45.86.208.11 - - [07/Oct/2025:19:56:56 +0000] "GET /ibeptoxa/1701803654332/17018036876026-280x415.jpg HTTP/1.1" 200 22990 "https://klescorthub.net/escort_profile/ruby-4/" "Mozilla/5.0 (Windows NT 10.0; Win64; x64) AppleWebKit/537.36 (KHTML, like Gecko) Chrome/140.0.0.0 Safari/537.36"
45.86.208.11 - - [07/Oct/2025:19:56:56 +0000] "GET /ibeptoxa/1701803654332/17018036876597-280x415.jpg HTTP/1.1" 200 25973 "https://klescorthub.net/escort_profile/ruby-4/" "Mozilla/5.0 (Windows NT 10.0; Win64; x64) AppleWebKit/537.36 (KHTML, like Gecko) Chrome/140.0.0.0 Safari/537.36"
45.86.208.11 - - [07/Oct/2025:19:56:59 +0000] "GET /all-escorts/all-kl-escort-girls/ HTTP/1.1" 301 - "https://klescorthub.net/escort_profile/ruby-4/" "Mozilla/5.0 (Windows NT 10.0; Win64; x64) AppleWebKit/537.36 (KHTML, like Gecko) Chrome/140.0.0.0 Safari/537.36"
45.86.208.11 - - [07/Oct/2025:19:57:01 +0000] "GET / HTTP/1.1" 304 - "https://klescorthub.net/escort_profile/ruby-4/" "Mozilla/5.0 (Windows NT 10.0; Win64; x64) AppleWebKit/537.36 (KHTML, like Gecko) Chrome/140.0.0.0 Safari/537.36"
203.161.56.247 - - [07/Oct/2025:19:57:04 +0000] "POST /wp-cron.php?doing_wp_cron=1759867024.6906940937042236328125 HTTP/1.1" 200 - "-" "WordPress/6.8.3; https://klescorthub.net"
45.86.208.11 - - [07/Oct/2025:19:57:03 +0000] "GET /escort_profile/cucu-2/ HTTP/1.1" 200 22807 "https://klescorthub.net/" "Mozilla/5.0 (Windows NT 10.0; Win64; x64) AppleWebKit/537.36 (KHTML, like Gecko) Chrome/140.0.0.0 Safari/537.36"
45.86.208.11 - - [07/Oct/2025:19:57:05 +0000] "GET /ibeptoxa/1701673320121/17016733591347-280x415.jpg HTTP/1.1" 200 17886 "https://klescorthub.net/escort_profile/cucu-2/" "Mozilla/5.0 (Windows NT 10.0; Win64; x64) AppleWebKit/537.36 (KHTML, like Gecko) Chrome/140.0.0.0 Safari/537.36"
45.86.208.11 - - [07/Oct/2025:19:57:05 +0000] "GET /ibeptoxa/1701673320121/17016733594600-280x415.jpg HTTP/1.1" 200 21294 "https://klescorthub.net/escort_profile/cucu-2/" "Mozilla/5.0 (Windows NT 10.0; Win64; x64) AppleWebKit/537.36 (KHTML, like Gecko) Chrome/140.0.0.0 Safari/537.36"
45.86.208.11 - - [07/Oct/2025:19:57:05 +0000] "GET /ibeptoxa/1701673320121/17016733375105-280x415.jpg HTTP/1.1" 200 20443 "https://klescorthub.net/escort_profile/cucu-2/" "Mozilla/5.0 (Windows NT 10.0; Win64; x64) AppleWebKit/537.36 (KHTML, like Gecko) Chrome/140.0.0.0 Safari/537.36"
45.86.208.11 - - [07/Oct/2025:19:57:05 +0000] "GET /ibeptoxa/1701673320121/17016733595983-280x415.jpg HTTP/1.1" 200 22342 "https://klescorthub.net/escort_profile/cucu-2/" "Mozilla/5.0 (Windows NT 10.0; Win64; x64) AppleWebKit/537.36 (KHTML, like Gecko) Chrome/140.0.0.0 Safari/537.36"
45.86.208.11 - - [07/Oct/2025:19:57:05 +0000] "GET /ibeptoxa/1701673320121/17016733594008-280x415.jpg HTTP/1.1" 200 20862 "https://klescorthub.net/escort_profile/cucu-2/" "Mozilla/5.0 (Windows NT 10.0; Win64; x64) AppleWebKit/537.36 (KHTML, like Gecko) Chrome/140.0.0.0 Safari/537.36"
203.161.56.247 - - [07/Oct/2025:19:57:20 +0000] "POST /wp-cron.php?doing_wp_cron=1759867040.8553938865661621093750 HTTP/1.1" 200 - "-" "WordPress/6.8.3; https://klescorthub.net"
45.86.208.11 - - [07/Oct/2025:19:57:19 +0000] "GET /agency-edit-profile/ HTTP/1.1" 200 22435 "https://klescorthub.net/escort_profile/cucu-2/" "Mozilla/5.0 (Windows NT 10.0; Win64; x64) AppleWebKit/537.36 (KHTML, like Gecko) Chrome/140.0.0.0 Safari/537.36"
45.86.208.11 - - [07/Oct/2025:19:57:21 +0000] "GET /jufisas/ajax/get-cities.php?id=9&hide_empty=0&select2=yes HTTP/1.1" 200 510 "https://klescorthub.net/agency-edit-profile/" "Mozilla/5.0 (Windows NT 10.0; Win64; x64) AppleWebKit/537.36 (KHTML, like Gecko) Chrome/140.0.0.0 Safari/537.36"
203.161.56.247 - - [07/Oct/2025:19:59:14 +0000] "POST /wp-cron.php?doing_wp_cron=1759867154.9538650512695312500000 HTTP/1.1" 200 - "-" "WordPress/6.8.3; https://klescorthub.net"
216.73.216.116 - - [07/Oct/2025:19:59:13 +0000] "GET /sitemap.rss HTTP/1.1" 200 1987 "-" "Mozilla/5.0 AppleWebKit/537.36 (KHTML, like Gecko; compatible; ClaudeBot/1.0; +claudebot@anthropic.com)"
45.86.208.11 - - [07/Oct/2025:19:59:43 +0000] "GET / HTTP/1.1" 304 - "https://klescorthub.net/agency-registration/" "Mozilla/5.0 (Windows NT 10.0; Win64; x64) AppleWebKit/537.36 (KHTML, like Gecko) Chrome/140.0.0.0 Safari/537.36"
203.161.56.247 - - [07/Oct/2025:19:59:49 +0000] "POST /wp-cron.php?doing_wp_cron=1759867189.2133059501647949218750 HTTP/1.1" 200 - "-" "WordPress/6.8.3; https://klescorthub.net"
45.86.208.11 - - [07/Oct/2025:19:59:48 +0000] "GET /girls/kuala-lumpur/wangsa-maju-escorts/ HTTP/1.1" 200 20538 "https://klescorthub.net/" "Mozilla/5.0 (Windows NT 10.0; Win64; x64) AppleWebKit/537.36 (KHTML, like Gecko) Chrome/140.0.0.0 Safari/537.36"
45.86.208.11 - - [07/Oct/2025:19:59:50 +0000] "GET /jufisas/i/no-image.png HTTP/1.1" 200 5405 "https://klescorthub.net/girls/kuala-lumpur/wangsa-maju-escorts/" "Mozilla/5.0 (Windows NT 10.0; Win64; x64) AppleWebKit/537.36 (KHTML, like Gecko) Chrome/140.0.0.0 Safari/537.36"
45.86.208.11 - - [07/Oct/2025:19:59:50 +0000] "GET /ibeptoxa/1759861735107/1759861791614-400x600.png HTTP/1.1" 200 188541 "https://klescorthub.net/girls/kuala-lumpur/wangsa-maju-escorts/" "Mozilla/5.0 (Windows NT 10.0; Win64; x64) AppleWebKit/537.36 (KHTML, like Gecko) Chrome/140.0.0.0 Safari/537.36"
45.86.208.11 - - [07/Oct/2025:19:59:53 +0000] "GET / HTTP/1.1" 304 - "https://klescorthub.net/girls/kuala-lumpur/wangsa-maju-escorts/" "Mozilla/5.0 (Windows NT 10.0; Win64; x64) AppleWebKit/537.36 (KHTML, like Gecko) Chrome/140.0.0.0 Safari/537.36"
45.86.208.11 - - [07/Oct/2025:19:59:55 +0000] "GET /category/blog/ HTTP/1.1" 200 22010 "https://klescorthub.net/" "Mozilla/5.0 (Windows NT 10.0; Win64; x64) AppleWebKit/537.36 (KHTML, like Gecko) Chrome/140.0.0.0 Safari/537.36"
203.161.56.247 - - [07/Oct/2025:20:00:05 +0000] "POST /wp-cron.php?doing_wp_cron=1759867205.7806069850921630859375 HTTP/1.1" 200 - "-" "WordPress/6.8.3; https://klescorthub.net"
45.86.208.11 - - [07/Oct/2025:20:00:03 +0000] "GET /2024/01/17/find-female-escorts-in-kuala-lumpur/ HTTP/1.1" 200 20035 "https://klescorthub.net/category/blog/" "Mozilla/5.0 (Windows NT 10.0; Win64; x64) AppleWebKit/537.36 (KHTML, like Gecko) Chrome/140.0.0.0 Safari/537.36"
45.86.208.11 - - [07/Oct/2025:20:00:07 +0000] "GET /jadoaksy/js/comment-reply.min.js HTTP/1.1" 200 1375 "https://klescorthub.net/2024/01/17/find-female-escorts-in-kuala-lumpur/" "Mozilla/5.0 (Windows NT 10.0; Win64; x64) AppleWebKit/537.36 (KHTML, like Gecko) Chrome/140.0.0.0 Safari/537.36"
66.249.74.32 - - [07/Oct/2025:20:02:08 +0000] "GET /pj/ HTTP/1.1" 200 34846 "-" "Mozilla/5.0 (Linux; Android 6.0.1; Nexus 5X Build/MMB29P) AppleWebKit/537.36 (KHTML, like Gecko) Chrome/140.0.7339.207 Mobile Safari/537.36 (compatible; Googlebot/2.1; +http://www.google.com/bot.html)"
66.249.74.42 - - [07/Oct/2025:20:02:11 +0000] "GET /klia/ HTTP/1.1" 200 34873 "-" "Mozilla/5.0 (Linux; Android 6.0.1; Nexus 5X Build/MMB29P) AppleWebKit/537.36 (KHTML, like Gecko) Chrome/140.0.7339.207 Mobile Safari/537.36 (compatible; Googlebot/2.1; +http://www.google.com/bot.html)"
66.249.74.42 - - [07/Oct/2025:20:02:26 +0000] "GET /busty/ HTTP/1.1" 200 34777 "-" "Mozilla/5.0 (Linux; Android 6.0.1; Nexus 5X Build/MMB29P) AppleWebKit/537.36 (KHTML, like Gecko) Chrome/140.0.7339.207 Mobile Safari/537.36 (compatible; Googlebot/2.1; +http://www.google.com/bot.html)"
66.249.74.42 - - [07/Oct/2025:20:02:26 +0000] "GET /russian/ HTTP/1.1" 200 34639 "-" "Mozilla/5.0 (Linux; Android 6.0.1; Nexus 5X Build/MMB29P) AppleWebKit/537.36 (KHTML, like Gecko) Chrome/140.0.7339.207 Mobile Safari/537.36 (compatible; Googlebot/2.1; +http://www.google.com/bot.html)"
66.249.74.43 - - [07/Oct/2025:20:02:27 +0000] "GET /setapak/ HTTP/1.1" 200 34927 "-" "Mozilla/5.0 (Linux; Android 6.0.1; Nexus 5X Build/MMB29P) AppleWebKit/537.36 (KHTML, like Gecko) Chrome/140.0.7339.207 Mobile Safari/537.36 (compatible; Googlebot/2.1; +http://www.google.com/bot.html)"
66.249.74.42 - - [07/Oct/2025:20:02:44 +0000] "GET /chinese/ HTTP/1.1" 200 36067 "-" "Mozilla/5.0 (Linux; Android 6.0.1; Nexus 5X Build/MMB29P) AppleWebKit/537.36 (KHTML, like Gecko) Chrome/140.0.7339.207 Mobile Safari/537.36 (compatible; Googlebot/2.1; +http://www.google.com/bot.html)"
66.249.74.42 - - [07/Oct/2025:20:02:49 +0000] "GET /ampang/ HTTP/1.1" 200 34805 "-" "Mozilla/5.0 (Linux; Android 6.0.1; Nexus 5X Build/MMB29P) AppleWebKit/537.36 (KHTML, like Gecko) Chrome/140.0.7339.207 Mobile Safari/537.36 (compatible; Googlebot/2.1; +http://www.google.com/bot.html)"
66.249.74.42 - - [07/Oct/2025:20:02:59 +0000] "GET /thai/ HTTP/1.1" 200 34824 "-" "Mozilla/5.0 (Linux; Android 6.0.1; Nexus 5X Build/MMB29P) AppleWebKit/537.36 (KHTML, like Gecko) Chrome/140.0.7339.207 Mobile Safari/537.36 (compatible; Googlebot/2.1; +http://www.google.com/bot.html)"
66.249.74.32 - - [07/Oct/2025:20:03:12 +0000] "GET /registration/ HTTP/1.1" 200 33983 "-" "Mozilla/5.0 (Linux; Android 6.0.1; Nexus 5X Build/MMB29P) AppleWebKit/537.36 (KHTML, like Gecko) Chrome/140.0.7339.207 Mobile Safari/537.36 (compatible; Googlebot/2.1; +http://www.google.com/bot.html)"
52.2.58.41 - - [07/Oct/2025:20:03:32 +0000] "GET /bdsm/ HTTP/1.1" 200 36041 "-" "Mozilla/5.0 AppleWebKit/537.36 (KHTML, like Gecko; compatible; Amazonbot/0.1; +https://developer.amazon.com/support/amazonbot) Chrome/119.0.6045.214 Safari/537.36"
54.84.161.62 - - [07/Oct/2025:20:03:35 +0000] "GET /agency/himancallboyapp/ HTTP/1.1" 200 38305 "-" "Mozilla/5.0 AppleWebKit/537.36 (KHTML, like Gecko; compatible; Amazonbot/0.1; +https://developer.amazon.com/support/amazonbot) Chrome/119.0.6045.214 Safari/537.36"
66.249.74.42 - - [07/Oct/2025:20:03:50 +0000] "GET /klcc/ HTTP/1.1" 200 34808 "-" "Mozilla/5.0 (Linux; Android 6.0.1; Nexus 5X Build/MMB29P) AppleWebKit/537.36 (KHTML, like Gecko) Chrome/140.0.7339.207 Mobile Safari/537.36 (compatible; Googlebot/2.1; +http://www.google.com/bot.html)"
66.249.74.42 - - [07/Oct/2025:20:04:02 +0000] "GET /kota-damansara/ HTTP/1.1" 200 34815 "-" "Mozilla/5.0 (Linux; Android 6.0.1; Nexus 5X Build/MMB29P) AppleWebKit/537.36 (KHTML, like Gecko) Chrome/140.0.7339.207 Mobile Safari/537.36 (compatible; Googlebot/2.1; +http://www.google.com/bot.html)"
203.161.56.247 - - [07/Oct/2025:20:04:50 +0000] "POST /wp-cron.php?doing_wp_cron=1759867490.0713601112365722656250 HTTP/1.1" 200 - "-" "WordPress/6.8.3; https://klescorthub.net"
66.249.74.42 - - [07/Oct/2025:20:04:48 +0000] "GET /wp-login.php?redirect_to=https%3A%2F%2Fklescorthub.net%3A443%2Foutcall%2F HTTP/1.1" 200 2302 "-" "Mozilla/5.0 (Linux; Android 6.0.1; Nexus 5X Build/MMB29P) AppleWebKit/537.36 (KHTML, like Gecko) Chrome/140.0.7339.207 Mobile Safari/537.36 (compatible; Googlebot/2.1; +http://www.google.com/bot.html)"
66.249.74.32 - - [07/Oct/2025:20:05:25 +0000] "GET /girls/kuala-lumpur/puchong-escorts/ HTTP/1.1" 200 37155 "-" "Mozilla/5.0 (Linux; Android 6.0.1; Nexus 5X Build/MMB29P) AppleWebKit/537.36 (KHTML, like Gecko) Chrome/140.0.7339.207 Mobile Safari/537.36 (compatible; Googlebot/2.1; +http://www.google.com/bot.html)"
203.161.56.247 - - [07/Oct/2025:20:06:39 +0000] "POST /wp-cron.php?doing_wp_cron=1759867599.3529720306396484375000 HTTP/1.1" 200 - "-" "WordPress/6.8.3; https://klescorthub.net"
216.73.216.116 - - [07/Oct/2025:20:06:37 +0000] "GET /sitemap.html HTTP/1.1" 200 1082 "-" "Mozilla/5.0 AppleWebKit/537.36 (KHTML, like Gecko; compatible; ClaudeBot/1.0; +claudebot@anthropic.com)"
45.86.208.11 - - [07/Oct/2025:20:07:36 +0000] "GET /category/blog/ HTTP/1.1" 304 - "https://klescorthub.net/2024/01/17/find-female-escorts-in-kuala-lumpur/" "Mozilla/5.0 (Windows NT 10.0; Win64; x64) AppleWebKit/537.36 (KHTML, like Gecko) Chrome/140.0.0.0 Safari/537.36"
45.86.208.11 - - [07/Oct/2025:20:08:58 +0000] "GET /agency-registration/ HTTP/1.1" 200 37117 "-" "Mozilla/5.0 (Windows NT 10.0; Win64; x64) AppleWebKit/537.36 (KHTML, like Gecko) Chrome/140.0.0.0 Safari/537.36"
45.86.208.11 - - [07/Oct/2025:20:09:01 +0000] "GET /ibeptoxa/1715870706191.png HTTP/1.1" 200 7181 "https://klescorthub.net/agency-registration/" "Mozilla/5.0 (Windows NT 10.0; Win64; x64) AppleWebKit/537.36 (KHTML, like Gecko) Chrome/140.0.0.0 Safari/537.36"
45.86.208.11 - - [07/Oct/2025:20:09:01 +0000] "GET /ifovigum/wp-smushit/app/assets/js/smush-lazy-load.min.js HTTP/1.1" 200 7887 "https://klescorthub.net/agency-registration/" "Mozilla/5.0 (Windows NT 10.0; Win64; x64) AppleWebKit/537.36 (KHTML, like Gecko) Chrome/140.0.0.0 Safari/537.36"
45.86.208.11 - - [07/Oct/2025:20:09:01 +0000] "GET /jadoaksy/js/jquery/jquery.min.js HTTP/1.1" 200 30368 "https://klescorthub.net/agency-registration/" "Mozilla/5.0 (Windows NT 10.0; Win64; x64) AppleWebKit/537.36 (KHTML, like Gecko) Chrome/140.0.0.0 Safari/537.36"
