89.1.211.140 - - [07/Oct/2025:23:44:09 +0000] "GET /ibeptoxa/1701803785634/17018037951895-400x600.jpg HTTP/1.1" 200 31061 "https://klescorthub.net/" "Mozilla/5.0 (Android 15; Mobile; rv:143.0) Gecko/143.0 Firefox/143.0"
89.1.211.140 - - [07/Oct/2025:23:44:09 +0000] "GET /ibeptoxa/1701803723133/17018037374977-400x600.jpg HTTP/1.1" 200 44525 "https://klescorthub.net/" "Mozilla/5.0 (Android 15; Mobile; rv:143.0) Gecko/143.0 Firefox/143.0"
89.1.211.140 - - [07/Oct/2025:23:44:09 +0000] "GET /ibeptoxa/1701803571491/17018035893893-400x600.jpg HTTP/1.1" 200 35566 "https://klescorthub.net/" "Mozilla/5.0 (Android 15; Mobile; rv:143.0) Gecko/143.0 Firefox/143.0"
89.1.211.140 - - [07/Oct/2025:23:44:09 +0000] "GET /ibeptoxa/1701803654332/17018036732139-400x600.jpg HTTP/1.1" 200 33738 "https://klescorthub.net/" "Mozilla/5.0 (Android 15; Mobile; rv:143.0) Gecko/143.0 Firefox/143.0"
89.1.211.140 - - [07/Oct/2025:23:44:09 +0000] "GET /ibeptoxa/1701673504226/17016735157618-400x600.jpg HTTP/1.1" 200 48553 "https://klescorthub.net/" "Mozilla/5.0 (Android 15; Mobile; rv:143.0) Gecko/143.0 Firefox/143.0"
89.1.211.140 - - [07/Oct/2025:23:44:10 +0000] "GET /ibeptoxa/1701673436674/17016734586544-400x600.jpg HTTP/1.1" 200 33469 "https://klescorthub.net/" "Mozilla/5.0 (Android 15; Mobile; rv:143.0) Gecko/143.0 Firefox/143.0"
89.1.211.140 - - [07/Oct/2025:23:44:10 +0000] "GET /escort_profile/carmen/ HTTP/1.1" 200 43272 "https://klescorthub.net/" "Mozilla/5.0 (Android 15; Mobile; rv:143.0) Gecko/143.0 Firefox/143.0"
89.1.211.140 - - [07/Oct/2025:23:44:11 +0000] "GET /ibeptoxa/1701673320121/17016733375105-400x600.jpg HTTP/1.1" 200 37814 "https://klescorthub.net/" "Mozilla/5.0 (Android 15; Mobile; rv:143.0) Gecko/143.0 Firefox/143.0"
89.1.211.140 - - [07/Oct/2025:23:44:11 +0000] "GET /ibeptoxa/17016730911/17016731059024-400x600.jpg HTTP/1.1" 200 48717 "https://klescorthub.net/" "Mozilla/5.0 (Android 15; Mobile; rv:143.0) Gecko/143.0 Firefox/143.0"
89.1.211.140 - - [07/Oct/2025:23:44:12 +0000] "GET /ibeptoxa/1701672868719/17016728916296-400x600.jpg HTTP/1.1" 200 49251 "https://klescorthub.net/" "Mozilla/5.0 (Android 15; Mobile; rv:143.0) Gecko/143.0 Firefox/143.0"
89.1.211.140 - - [07/Oct/2025:23:44:12 +0000] "GET /ibeptoxa/1701672989206/17016729984810-400x600.jpg HTTP/1.1" 200 41123 "https://klescorthub.net/" "Mozilla/5.0 (Android 15; Mobile; rv:143.0) Gecko/143.0 Firefox/143.0"
89.1.211.140 - - [07/Oct/2025:23:44:12 +0000] "GET /escort_profile/ruby-4/ HTTP/1.1" 200 43112 "https://klescorthub.net/" "Mozilla/5.0 (Android 15; Mobile; rv:143.0) Gecko/143.0 Firefox/143.0"
89.1.211.140 - - [07/Oct/2025:23:44:13 +0000] "GET /escort_profile/kate/ HTTP/1.1" 200 44843 "https://klescorthub.net/" "Mozilla/5.0 (Android 15; Mobile; rv:143.0) Gecko/143.0 Firefox/143.0"
89.1.211.140 - - [07/Oct/2025:23:44:13 +0000] "GET /escort_profile/kate/ HTTP/1.1" 200 44843 "https://klescorthub.net/" "Mozilla/5.0 (Android 15; Mobile; rv:143.0) Gecko/143.0 Firefox/143.0"
89.1.211.140 - - [07/Oct/2025:23:44:14 +0000] "GET /ifovigum/wp-rocket/assets/js/wpr-beacon.min.js HTTP/1.1" 200 8097 "https://klescorthub.net/escort_profile/kate/" "Mozilla/5.0 (Android 15; Mobile; rv:143.0) Gecko/143.0 Firefox/143.0"
89.1.211.140 - - [07/Oct/2025:23:44:15 +0000] "GET /ibeptoxa/1701803723133/17018037374977-392x490.jpg HTTP/1.1" 200 36020 "https://klescorthub.net/escort_profile/kate/" "Mozilla/5.0 (Android 15; Mobile; rv:143.0) Gecko/143.0 Firefox/143.0"
89.1.211.140 - - [07/Oct/2025:23:44:15 +0000] "GET /ibeptoxa/1701803723133/17018037515466-392x490.jpg HTTP/1.1" 200 38667 "https://klescorthub.net/escort_profile/kate/" "Mozilla/5.0 (Android 15; Mobile; rv:143.0) Gecko/143.0 Firefox/143.0"
89.1.211.140 - - [07/Oct/2025:23:44:15 +0000] "GET /ibeptoxa/1701803723133/17018037511065-392x490.jpg HTTP/1.1" 200 45489 "https://klescorthub.net/escort_profile/kate/" "Mozilla/5.0 (Android 15; Mobile; rv:143.0) Gecko/143.0 Firefox/143.0"
89.1.211.140 - - [07/Oct/2025:23:44:15 +0000] "GET /ibeptoxa/1701803723133/17018037513515-392x490.jpg HTTP/1.1" 200 38650 "https://klescorthub.net/escort_profile/kate/" "Mozilla/5.0 (Android 15; Mobile; rv:143.0) Gecko/143.0 Firefox/143.0"
89.1.211.140 - - [07/Oct/2025:23:44:15 +0000] "GET /ibeptoxa/1701803723133/17018037515945-392x490.jpg HTTP/1.1" 200 35710 "https://klescorthub.net/escort_profile/kate/" "Mozilla/5.0 (Android 15; Mobile; rv:143.0) Gecko/143.0 Firefox/143.0"
203.161.56.247 - - [07/Oct/2025:23:44:33 +0000] "POST /wp-cron.php?doing_wp_cron=1759880672.9896709918975830078125 HTTP/1.1" 200 - "-" "WordPress/6.8.3; https://klescorthub.net"
45.61.184.47 - - [07/Oct/2025:23:44:31 +0000] "GET /wp-login.php HTTP/1.1" 200 2304 "-" "Mozilla/5.0 (Windows NT 6.1; rv:24.0) Gecko/20100101 Firefox/24.0"
45.61.184.47 - - [07/Oct/2025:23:44:33 +0000] "POST /wp-login.php HTTP/1.1" 200 2407 "-" "Mozilla/5.0 (Windows NT 6.1; rv:24.0) Gecko/20100101 Firefox/24.0"
57.141.0.72 - - [07/Oct/2025:23:44:49 +0000] "GET /agency/kl-escort-model/ HTTP/1.1" 200 146182 "-" "meta-externalagent/1.1 (+https://developers.facebook.com/docs/sharing/webmasters/crawler)"
86.165.125.182 - - [07/Oct/2025:23:48:05 +0000] "GET /ibeptoxa/2023/05/SEX-KL-ESCORT-BANNER-260x130px.jpg HTTP/1.1" 200 32684 "https://lavanyaroymay.freeescortsite.com/" "Mozilla/5.0 (Windows NT 10.0; Win64; x64) AppleWebKit/537.36 (KHTML, like Gecko) Chrome/141.0.0.0 Safari/537.36 Edg/141.0.0.0"
203.161.56.247 - - [07/Oct/2025:23:55:10 +0000] "POST /wp-cron.php?doing_wp_cron=1759881310.3511540889739990234375 HTTP/1.1" 200 - "-" "WordPress/6.8.3; https://klescorthub.net"
216.73.216.116 - - [07/Oct/2025:23:55:08 +0000] "GET /video-sitemap.xml HTTP/1.1" 404 180 "-" "Mozilla/5.0 AppleWebKit/537.36 (KHTML, like Gecko; compatible; ClaudeBot/1.0; +claudebot@anthropic.com)"
157.55.39.196 - - [08/Oct/2025:00:05:57 +0000] "GET /girls/kuala-lumpur/bukit-bintang-escorts/ HTTP/1.1" 200 38791 "-" "Mozilla/5.0 AppleWebKit/537.36 (KHTML, like Gecko; compatible; bingbot/2.0; +http://www.bing.com/bingbot.htm) Chrome/116.0.1938.76 Safari/537.36"
203.161.56.247 - - [08/Oct/2025:00:05:59 +0000] "POST /wp-cron.php?doing_wp_cron=1759881959.6843540668487548828125 HTTP/1.1" 200 - "-" "WordPress/6.8.3; https://klescorthub.net"
95.91.104.195 - - [08/Oct/2025:00:05:58 +0000] "GET /robots.txt HTTP/1.1" 200 580 "-" "Mozilla/5.0 (compatible; MJ12bot/v1.4.8; http://mj12bot.com/)"
203.161.56.247 - - [08/Oct/2025:00:06:03 +0000] "POST /wp-cron.php?doing_wp_cron=1759881963.5283639430999755859375 HTTP/1.1" 200 - "-" "WordPress/6.8.3; https://klescorthub.net"
95.91.104.195 - - [08/Oct/2025:00:06:02 +0000] "GET /agency/buy-verified-cashapp-accounts-in-2025-avoid-common-pitfalls/ HTTP/1.1" 404 46008 "-" "Mozilla/5.0 (compatible; MJ12bot/v1.4.8; http://mj12bot.com/)"
203.161.56.247 - - [08/Oct/2025:00:06:08 +0000] "POST /wp-cron.php?doing_wp_cron=1759881968.6597929000854492187500 HTTP/1.1" 200 - "-" "WordPress/6.8.3; https://klescorthub.net"
95.91.104.195 - - [08/Oct/2025:00:06:07 +0000] "GET /agency/karina/ HTTP/1.1" 404 45743 "-" "Mozilla/5.0 (compatible; MJ12bot/v1.4.8; http://mj12bot.com/)"
114.119.144.222 - - [08/Oct/2025:00:08:07 +0000] "GET /escort_profile/sophia-4/ HTTP/1.1" 200 43117 "https://klescorthub.net/girls/kuala-lumpur/jalan-ipoh-escorts/" "Mozilla/5.0 (Linux; Android 7.0;) AppleWebKit/537.36 (KHTML, like Gecko) Mobile Safari/537.36 (compatible; PetalBot;+https://webmaster.petalsearch.com/site/petalbot)"
66.249.74.43 - - [08/Oct/2025:00:08:08 +0000] "GET /agency/seosmmit/ HTTP/1.1" 200 37954 "-" "Mozilla/5.0 (Linux; Android 6.0.1; Nexus 5X Build/MMB29P) AppleWebKit/537.36 (KHTML, like Gecko) Chrome/140.0.7339.207 Mobile Safari/537.36 (compatible; Googlebot/2.1; +http://www.google.com/bot.html)"
203.161.56.247 - - [08/Oct/2025:00:11:00 +0000] "POST /wp-cron.php?doing_wp_cron=1759882260.9110109806060791015625 HTTP/1.1" 200 - "-" "WordPress/6.8.3; https://klescorthub.net"
216.73.216.116 - - [08/Oct/2025:00:10:59 +0000] "GET /news-sitemap.xml HTTP/1.1" 404 196 "-" "Mozilla/5.0 AppleWebKit/537.36 (KHTML, like Gecko; compatible; ClaudeBot/1.0; +claudebot@anthropic.com)"
94.72.103.33 - - [08/Oct/2025:00:12:04 +0000] "GET / HTTP/1.1" 200 194227 "https://klescorthub.net" "Mozilla/5.0 (Windows NT 10.0; Win64; x64; rv:76.0) Gecko/20100101 EmiaGY10-18 Firefox/76.0"
134.122.173.240 - - [08/Oct/2025:00:12:28 +0000] "GET / HTTP/1.1" 200 194227 "-" "Mozilla/5.0 (compatible; Yahoo! Slurp China; http://misc.yahoo.com.cn/help.html\xa1\xb1)"
66.249.74.43 - - [08/Oct/2025:00:14:10 +0000] "GET /escort_profile/wati-4/ HTTP/1.1" 200 44895 "-" "Mozilla/5.0 (Linux; Android 6.0.1; Nexus 5X Build/MMB29P) AppleWebKit/537.36 (KHTML, like Gecko) Chrome/140.0.7339.207 Mobile Safari/537.36 (compatible; Googlebot/2.1; +http://www.google.com/bot.html)"
192.42.116.212 - - [08/Oct/2025:00:22:23 +0000] "GET / HTTP/1.1" 200 194096 "https://klescorthub.net" "Mozilla/5.0 (Linux; Android 6.0; DIG-L21HN Build/HUAWEIDIG-L21HN) AppleWebKit/537.36 (KHTML, like Gecko) Chrome/81.0.4044.138 Mobile Safari/537.36 YaApp_Android/10.61 YaSearchBrowser/10.61"
14.128.63.14 - - [08/Oct/2025:00:32:30 +0000] "GET / HTTP/1.1" 200 194227 "https://klescorthub.net/" "Mozilla/4.0 (compatible; MSIE 9.0; Windows NT 6.1)"
203.161.56.247 - - [08/Oct/2025:00:34:25 +0000] "POST /wp-cron.php?doing_wp_cron=1759883665.5192749500274658203125 HTTP/1.1" 200 - "-" "WordPress/6.8.3; https://klescorthub.net"
20.171.207.190 - - [08/Oct/2025:00:34:24 +0000] "GET /news-sitemap.xml HTTP/1.1" 404 196 "-" "Mozilla/5.0 AppleWebKit/537.36 (KHTML, like Gecko; compatible; GPTBot/1.2; +https://openai.com/gptbot)"
203.161.56.247 - - [08/Oct/2025:00:34:48 +0000] "POST /wp-cron.php?doing_wp_cron=1759883688.2948949337005615234375 HTTP/1.1" 200 - "-" "WordPress/6.8.3; https://klescorthub.net"
69.171.230.113 - - [08/Oct/2025:00:34:47 +0000] "GET /robots.txt HTTP/1.1" 301 - "-" "facebookexternalhit/1.1 (+http://www.facebook.com/externalhit_uatext.php)"
20.171.207.190 - - [08/Oct/2025:00:34:48 +0000] "GET /sitemap.rss HTTP/1.1" 200 2034 "-" "Mozilla/5.0 AppleWebKit/537.36 (KHTML, like Gecko; compatible; GPTBot/1.2; +https://openai.com/gptbot)"
69.171.230.113 - - [08/Oct/2025:00:34:48 +0000] "GET /robots.txt HTTP/1.1" 200 580 "-" "facebookexternalhit/1.1 (+http://www.facebook.com/externalhit_uatext.php)"
203.161.56.247 - - [08/Oct/2025:00:38:16 +0000] "POST /wp-cron.php?doing_wp_cron=1759883896.5151729583740234375000 HTTP/1.1" 200 - "-" "WordPress/6.8.3; https://klescorthub.net"
20.171.207.190 - - [08/Oct/2025:00:38:15 +0000] "GET /video-sitemap.xml HTTP/1.1" 404 180 "-" "Mozilla/5.0 AppleWebKit/537.36 (KHTML, like Gecko; compatible; GPTBot/1.2; +https://openai.com/gptbot)"
203.161.56.247 - - [08/Oct/2025:00:39:36 +0000] "POST /wp-cron.php?doing_wp_cron=1759883976.3124020099639892578125 HTTP/1.1" 200 - "-" "WordPress/6.8.3; https://klescorthub.net"
20.171.207.190 - - [08/Oct/2025:00:39:34 +0000] "GET /sitemap.html HTTP/1.1" 200 1082 "-" "Mozilla/5.0 AppleWebKit/537.36 (KHTML, like Gecko; compatible; GPTBot/1.2; +https://openai.com/gptbot)"
114.119.157.33 - - [08/Oct/2025:00:40:49 +0000] "GET /ibeptoxa/1758615085264/1758615642882-400x504.jpg HTTP/1.1" 200 33154 "https://klescorthub.net/agency/rinky-model/" "Mozilla/5.0 (Linux; Android 7.0;) AppleWebKit/537.36 (KHTML, like Gecko) Mobile Safari/537.36 (compatible; PetalBot;+https://webmaster.petalsearch.com/site/petalbot)"
114.119.150.209 - - [08/Oct/2025:00:42:13 +0000] "GET /escort_profile/aishah-2/ HTTP/1.1" 200 44836 "https://klescorthub.net/girls/kuala-lumpur/page/3/" "Mozilla/5.0 (Linux; Android 7.0;) AppleWebKit/537.36 (KHTML, like Gecko) Mobile Safari/537.36 (compatible; PetalBot;+https://webmaster.petalsearch.com/site/petalbot)"
203.161.56.247 - - [08/Oct/2025:00:43:22 +0000] "POST /wp-cron.php?doing_wp_cron=1759884202.5282390117645263671875 HTTP/1.1" 200 - "-" "WordPress/6.8.3; https://klescorthub.net"
20.171.207.190 - - [08/Oct/2025:00:43:20 +0000] "GET /sitemap.xml HTTP/1.1" 200 450 "-" "Mozilla/5.0 AppleWebKit/537.36 (KHTML, like Gecko; compatible; GPTBot/1.2; +https://openai.com/gptbot)"
203.161.56.247 - - [08/Oct/2025:00:59:23 +0000] "POST /wp-cron.php?doing_wp_cron=1759885163.1111381053924560546875 HTTP/1.1" 200 - "-" "WordPress/6.8.3; https://klescorthub.net"
216.26.231.109 - - [08/Oct/2025:00:59:20 +0000] "GET /wp-login.php HTTP/1.1" 200 2293 "-" "Mozilla/5.0 (Windows NT 10.0; Win64; x64) AppleWebKit/537.36 (KHTML, like Gecko) Chrome/115.0.0.0 Safari/537.36 Edg/115.0.1901.203"
216.26.231.109 - - [08/Oct/2025:00:59:23 +0000] "POST /wp-login.php HTTP/1.1" 200 2387 "https://klescorthub.net/wp-login.php" "Mozilla/5.0 (Windows NT 10.0; Win64; x64) AppleWebKit/537.36 (KHTML, like Gecko) Chrome/115.0.0.0 Safari/537.36 Edg/115.0.1901.203"
57.141.0.40 - - [08/Oct/2025:00:59:53 +0000] "GET /2024/07/08/elevate-your-evenings-with-premium-kl-outcall-escorts/ HTTP/1.1" 200 142162 "-" "meta-externalagent/1.1 (+https://developers.facebook.com/docs/sharing/webmasters/crawler)"
203.161.56.247 - - [08/Oct/2025:01:00:51 +0000] "POST /wp-cron.php?doing_wp_cron=1759885250.9835820198059082031250 HTTP/1.1" 200 - "-" "WordPress/6.8.3; https://klescorthub.net"
216.73.216.116 - - [08/Oct/2025:01:00:48 +0000] "GET /robots.txt HTTP/1.1" 200 177 "-" "Mozilla/5.0 AppleWebKit/537.36 (KHTML, like Gecko; compatible; ClaudeBot/1.0; +claudebot@anthropic.com)"
216.73.216.116 - - [08/Oct/2025:01:00:51 +0000] "GET /sitemap.rss HTTP/1.1" 200 2036 "-" "Mozilla/5.0 AppleWebKit/537.36 (KHTML, like Gecko; compatible; ClaudeBot/1.0; +claudebot@anthropic.com)"
182.42.104.32 - - [08/Oct/2025:01:01:56 +0000] "GET / HTTP/1.1" 200 39450 "http://www.klescorthub.net" "Mozilla/5.0 (iPhone; CPU iPhone OS 13_2_3 like Mac OS X) AppleWebKit/605.1.15 (KHTML, like Gecko) Version/13.0.3 Mobile/15E148 Safari/604.1"
203.161.56.247 - - [08/Oct/2025:01:02:11 +0000] "POST /wp-cron.php?doing_wp_cron=1759885331.0616910457611083984375 HTTP/1.1" 200 - "-" "WordPress/6.8.3; https://klescorthub.net"
85.208.96.202 - - [08/Oct/2025:01:02:10 +0000] "GET /robots.txt HTTP/1.1" 200 177 "-" "Mozilla/5.0 (compatible; SemrushBot/7~bl; +http://www.semrush.com/bot.html)"
85.208.96.209 - - [08/Oct/2025:01:02:12 +0000] "GET /wp-login.php?redirect_to=https%3A%2F%2Fklescorthub.net%2Fescort_profile%2Fjulia%2F HTTP/1.1" 200 2304 "-" "Mozilla/5.0 (compatible; SemrushBot/7~bl; +http://www.semrush.com/bot.html)"
203.161.56.247 - - [08/Oct/2025:01:05:03 +0000] "POST /wp-cron.php?doing_wp_cron=1759885503.8370380401611328125000 HTTP/1.1" 200 - "-" "WordPress/6.8.3; https://klescorthub.net"
66.249.74.43 - - [08/Oct/2025:01:04:52 +0000] "GET /robots.txt HTTP/1.1" 200 177 "-" "Mozilla/5.0 (compatible; Googlebot/2.1; +http://www.google.com/bot.html)"
66.249.74.42 - - [08/Oct/2025:01:05:04 +0000] "GET /escort_profile/nadia-4/ HTTP/1.1" 404 12665 "-" "Mozilla/5.0 (Linux; Android 6.0.1; Nexus 5X Build/MMB29P) AppleWebKit/537.36 (KHTML, like Gecko) Chrome/140.0.7339.207 Mobile Safari/537.36 (compatible; Googlebot/2.1; +http://www.google.com/bot.html)"
203.161.56.247 - - [08/Oct/2025:01:05:09 +0000] "GET /chinese/ HTTP/1.1" 200 36025 "-" "WP Rocket/Preload"
203.161.56.247 - - [08/Oct/2025:01:05:19 +0000] "GET /chinese/ HTTP/1.1" 200 36045 "-" "WP Rocket/Preload Mozilla/5.0 (iPhone; CPU iPhone OS 9_1 like Mac OS X) AppleWebKit/601.1.46 (KHTML, like Gecko) Version/9.0 Mobile/13B143 Safari/601.1"
90.214.215.27 - - [08/Oct/2025:01:06:30 +0000] "GET /escort_profile/yani-3/ HTTP/1.1" 200 43082 "https://www.google.com/" "Mozilla/5.0 (Linux; Android 10; K) AppleWebKit/537.36 (KHTML, like Gecko) SamsungBrowser/28.0 Chrome/130.0.0.0 Mobile Safari/537.36"
90.214.215.27 - - [08/Oct/2025:01:06:31 +0000] "GET /ibeptoxa/1715870706191.png HTTP/1.1" 200 7181 "https://klescorthub.net/escort_profile/yani-3/" "Mozilla/5.0 (Linux; Android 10; K) AppleWebKit/537.36 (KHTML, like Gecko) SamsungBrowser/28.0 Chrome/130.0.0.0 Mobile Safari/537.36"
90.214.215.27 - - [08/Oct/2025:01:06:31 +0000] "GET /ifovigum/wp-smushit/app/assets/js/smush-lazy-load.min.js HTTP/1.1" 200 7887 "https://klescorthub.net/escort_profile/yani-3/" "Mozilla/5.0 (Linux; Android 10; K) AppleWebKit/537.36 (KHTML, like Gecko) SamsungBrowser/28.0 Chrome/130.0.0.0 Mobile Safari/537.36"
90.214.215.27 - - [08/Oct/2025:01:06:31 +0000] "GET /ibeptoxa/2024/05/cropped-iconfinder_kl-escort-hub-180x180.png HTTP/1.1" 200 2418 "https://klescorthub.net/escort_profile/yani-3/" "Mozilla/5.0 (Linux; Android 10; K) AppleWebKit/537.36 (KHTML, like Gecko) SamsungBrowser/28.0 Chrome/130.0.0.0 Mobile Safari/537.36"
90.214.215.27 - - [08/Oct/2025:01:06:31 +0000] "GET /ibeptoxa/2024/05/cropped-iconfinder_kl-escort-hub-192x192.png HTTP/1.1" 200 2682 "https://klescorthub.net/escort_profile/yani-3/" "Mozilla/5.0 (Linux; Android 10; K) AppleWebKit/537.36 (KHTML, like Gecko) SamsungBrowser/28.0 Chrome/130.0.0.0 Mobile Safari/537.36"
90.214.215.27 - - [08/Oct/2025:01:06:33 +0000] "GET /jadoaksy/js/jquery/jquery-migrate.min.js HTTP/1.1" 200 4872 "https://klescorthub.net/escort_profile/yani-3/" "Mozilla/5.0 (Linux; Android 10; K) AppleWebKit/537.36 (KHTML, like Gecko) SamsungBrowser/28.0 Chrome/130.0.0.0 Mobile Safari/537.36"
90.214.215.27 - - [08/Oct/2025:01:06:33 +0000] "GET /jadoaksy/js/jquery/jquery.min.js HTTP/1.1" 200 30368 "https://klescorthub.net/escort_profile/yani-3/" "Mozilla/5.0 (Linux; Android 10; K) AppleWebKit/537.36 (KHTML, like Gecko) SamsungBrowser/28.0 Chrome/130.0.0.0 Mobile Safari/537.36"
90.214.215.27 - - [08/Oct/2025:01:06:33 +0000] "GET /jufisas/js/select2.min.js HTTP/1.1" 200 19907 "https://klescorthub.net/escort_profile/yani-3/" "Mozilla/5.0 (Linux; Android 10; K) AppleWebKit/537.36 (KHTML, like Gecko) SamsungBrowser/28.0 Chrome/130.0.0.0 Mobile Safari/537.36"
90.214.215.27 - - [08/Oct/2025:01:06:33 +0000] "GET /startala/cache/min/1/wp-content/themes/escortwp/js/dolceescort.js?ver=1758949368 HTTP/1.1" 200 2906 "https://klescorthub.net/escort_profile/yani-3/" "Mozilla/5.0 (Linux; Android 10; K) AppleWebKit/537.36 (KHTML, like Gecko) SamsungBrowser/28.0 Chrome/130.0.0.0 Mobile Safari/537.36"
90.214.215.27 - - [08/Oct/2025:01:06:33 +0000] "GET /jufisas/js/jquery.mobile.custom.min.js HTTP/1.1" 200 2862 "https://klescorthub.net/escort_profile/yani-3/" "Mozilla/5.0 (Linux; Android 10; K) AppleWebKit/537.36 (KHTML, like Gecko) SamsungBrowser/28.0 Chrome/130.0.0.0 Mobile Safari/537.36"
90.214.215.27 - - [08/Oct/2025:01:06:33 +0000] "GET /jufisas/js/jquery.uploadifive.min.js HTTP/1.1" 200 4096 "https://klescorthub.net/escort_profile/yani-3/" "Mozilla/5.0 (Linux; Android 10; K) AppleWebKit/537.36 (KHTML, like Gecko) SamsungBrowser/28.0 Chrome/130.0.0.0 Mobile Safari/537.36"
90.214.215.27 - - [08/Oct/2025:01:06:33 +0000] "GET /startala/cache/min/1/wp-content/themes/escortwp/js/js.cookie.js?ver=1758949368 HTTP/1.1" 200 1156 "https://klescorthub.net/escort_profile/yani-3/" "Mozilla/5.0 (Linux; Android 10; K) AppleWebKit/537.36 (KHTML, like Gecko) SamsungBrowser/28.0 Chrome/130.0.0.0 Mobile Safari/537.36"
90.214.215.27 - - [08/Oct/2025:01:06:33 +0000] "GET /startala/cache/min/1/wp-content/themes/escortwp/js/checkator.jquery.js?ver=1758949368 HTTP/1.1" 200 690 "https://klescorthub.net/escort_profile/yani-3/" "Mozilla/5.0 (Linux; Android 10; K) AppleWebKit/537.36 (KHTML, like Gecko) SamsungBrowser/28.0 Chrome/130.0.0.0 Mobile Safari/537.36"
90.214.215.27 - - [08/Oct/2025:01:06:33 +0000] "GET /jufisas/js/jquery.fancybox.min.js HTTP/1.1" 200 22013 "https://klescorthub.net/escort_profile/yani-3/" "Mozilla/5.0 (Linux; Android 10; K) AppleWebKit/537.36 (KHTML, like Gecko) SamsungBrowser/28.0 Chrome/130.0.0.0 Mobile Safari/537.36"
57.141.0.58 - - [08/Oct/2025:01:09:18 +0000] "GET /tag/blog/ HTTP/1.1" 200 297424 "-" "meta-externalagent/1.1 (+https://developers.facebook.com/docs/sharing/webmasters/crawler)"
113.211.116.48 - - [08/Oct/2025:01:10:19 +0000] "GET /escort_profile/lavender/ HTTP/1.1" 200 43333 "https://www.google.com/" "Mozilla/5.0 (Linux; Android 10; K) AppleWebKit/537.36 (KHTML, like Gecko) SamsungBrowser/28.0 Chrome/130.0.0.0 Mobile Safari/537.36"
113.211.116.48 - - [08/Oct/2025:01:10:20 +0000] "GET /ibeptoxa/1715870706191.png HTTP/1.1" 200 7181 "https://klescorthub.net/escort_profile/lavender/" "Mozilla/5.0 (Linux; Android 10; K) AppleWebKit/537.36 (KHTML, like Gecko) SamsungBrowser/28.0 Chrome/130.0.0.0 Mobile Safari/537.36"
113.211.116.48 - - [08/Oct/2025:01:10:21 +0000] "GET /ifovigum/wp-smushit/app/assets/js/smush-lazy-load.min.js HTTP/1.1" 200 7887 "https://klescorthub.net/escort_profile/lavender/" "Mozilla/5.0 (Linux; Android 10; K) AppleWebKit/537.36 (KHTML, like Gecko) SamsungBrowser/28.0 Chrome/130.0.0.0 Mobile Safari/537.36"
113.211.116.48 - - [08/Oct/2025:01:10:21 +0000] "GET /ibeptoxa/2024/05/cropped-iconfinder_kl-escort-hub-192x192.png HTTP/1.1" 200 2682 "https://klescorthub.net/escort_profile/lavender/" "Mozilla/5.0 (Linux; Android 10; K) AppleWebKit/537.36 (KHTML, like Gecko) SamsungBrowser/28.0 Chrome/130.0.0.0 Mobile Safari/537.36"
113.211.116.48 - - [08/Oct/2025:01:10:21 +0000] "GET /ibeptoxa/2024/05/cropped-iconfinder_kl-escort-hub-180x180.png HTTP/1.1" 200 2418 "https://klescorthub.net/escort_profile/lavender/" "Mozilla/5.0 (Linux; Android 10; K) AppleWebKit/537.36 (KHTML, like Gecko) SamsungBrowser/28.0 Chrome/130.0.0.0 Mobile Safari/537.36"
93.158.71.185 - - [08/Oct/2025:01:15:40 +0000] "GET / HTTP/1.1" 200 39450 "http://klescorthub.net/" "Mozilla/5.0 (Linux; Android 12; SAMSUNG SM-A415F) AppleWebKit/537.36 (KHTML, like Gecko) SamsungBrowser/23.0 Chrome/115.0.0.0 Mobile Safari/537.3"
203.161.56.247 - - [08/Oct/2025:01:15:38 +0000] "GET /author/dongphucasian12/ HTTP/1.1" 200 39702 "-" "WP Rocket/Preload"
203.161.56.247 - - [08/Oct/2025:01:15:41 +0000] "GET /author/dongphucasian12/ HTTP/1.1" 200 39711 "-" "WP Rocket/Preload Mozilla/5.0 (iPhone; CPU iPhone OS 9_1 like Mac OS X) AppleWebKit/601.1.46 (KHTML, like Gecko) Version/9.0 Mobile/13B143 Safari/601.1"
203.161.56.247 - - [08/Oct/2025:01:15:43 +0000] "GET /2024/ HTTP/1.1" 200 39440 "-" "WP Rocket/Preload"
203.161.56.247 - - [08/Oct/2025:01:15:44 +0000] "GET /2024/ HTTP/1.1" 200 39456 "-" "WP Rocket/Preload Mozilla/5.0 (iPhone; CPU iPhone OS 9_1 like Mac OS X) AppleWebKit/601.1.46 (KHTML, like Gecko) Version/9.0 Mobile/13B143 Safari/601.1"
203.161.56.247 - - [08/Oct/2025:01:15:46 +0000] "GET /cim/ HTTP/1.1" 200 35871 "-" "WP Rocket/Preload"
203.161.56.247 - - [08/Oct/2025:01:15:47 +0000] "GET /cim/ HTTP/1.1" 200 35892 "-" "WP Rocket/Preload Mozilla/5.0 (iPhone; CPU iPhone OS 9_1 like Mac OS X) AppleWebKit/601.1.46 (KHTML, like Gecko) Version/9.0 Mobile/13B143 Safari/601.1"
203.161.56.247 - - [08/Oct/2025:01:15:49 +0000] "GET /agency/dongphucasian12/ HTTP/1.1" 200 38590 "-" "WP Rocket/Preload"
203.161.56.247 - - [08/Oct/2025:01:15:50 +0000] "GET /agency/dongphucasian12/ HTTP/1.1" 200 38604 "-" "WP Rocket/Preload Mozilla/5.0 (iPhone; CPU iPhone OS 9_1 like Mac OS X) AppleWebKit/601.1.46 (KHTML, like Gecko) Version/9.0 Mobile/13B143 Safari/601.1"
203.161.56.247 - - [08/Oct/2025:01:15:52 +0000] "GET /escort_profile/ HTTP/1.1" 200 42223 "-" "WP Rocket/Preload"
203.161.56.247 - - [08/Oct/2025:01:15:53 +0000] "GET /escort_profile/ HTTP/1.1" 200 42232 "-" "WP Rocket/Preload Mozilla/5.0 (iPhone; CPU iPhone OS 9_1 like Mac OS X) AppleWebKit/601.1.46 (KHTML, like Gecko) Version/9.0 Mobile/13B143 Safari/601.1"
203.161.56.247 - - [08/Oct/2025:01:15:55 +0000] "GET /klcc/ HTTP/1.1" 200 36056 "-" "WP Rocket/Preload"
203.161.56.247 - - [08/Oct/2025:01:15:56 +0000] "GET /klcc/ HTTP/1.1" 200 34789 "-" "WP Rocket/Preload Mozilla/5.0 (iPhone; CPU iPhone OS 9_1 like Mac OS X) AppleWebKit/601.1.46 (KHTML, like Gecko) Version/9.0 Mobile/13B143 Safari/601.1"
203.161.56.247 - - [08/Oct/2025:01:15:57 +0000] "GET /klia/ HTTP/1.1" 200 36113 "-" "WP Rocket/Preload"
203.161.56.247 - - [08/Oct/2025:01:15:59 +0000] "GET /klia/ HTTP/1.1" 200 34849 "-" "WP Rocket/Preload Mozilla/5.0 (iPhone; CPU iPhone OS 9_1 like Mac OS X) AppleWebKit/601.1.46 (KHTML, like Gecko) Version/9.0 Mobile/13B143 Safari/601.1"
77.75.78.160 - - [08/Oct/2025:01:18:40 +0000] "GET /agency/developingchristie/ HTTP/1.1" 200 39506 "-" "Mozilla/5.0 (compatible; SeznamBot/4.0; +https://o-seznam.cz/napoveda/vyhledavani/en/seznambot-crawler/)"
52.167.144.23 - - [08/Oct/2025:01:21:08 +0000] "GET / HTTP/1.1" 200 39453 "-" "Mozilla/5.0 AppleWebKit/537.36 (KHTML, like Gecko; compatible; bingbot/2.0; +http://www.bing.com/bingbot.htm) Chrome/116.0.1938.76 Safari/537.36"
203.161.56.247 - - [08/Oct/2025:01:25:32 +0000] "POST /wp-cron.php?doing_wp_cron=1759886732.2580330371856689453125 HTTP/1.1" 200 - "-" "WordPress/6.8.3; https://klescorthub.net"
77.75.78.160 - - [08/Oct/2025:01:25:30 +0000] "GET /page-sitemap.xml HTTP/1.1" 200 1349 "-" "Mozilla/5.0 (compatible; SeznamBot/4.0; +https://o-seznam.cz/napoveda/vyhledavani/en/seznambot-crawler/)"
203.161.56.247 - - [08/Oct/2025:01:25:33 +0000] "GET /author/sexyklescortsgirls/ HTTP/1.1" 200 39573 "-" "WP Rocket/Preload"
203.161.56.247 - - [08/Oct/2025:01:25:35 +0000] "GET /author/sexyklescortsgirls/ HTTP/1.1" 200 39591 "-" "WP Rocket/Preload Mozilla/5.0 (iPhone; CPU iPhone OS 9_1 like Mac OS X) AppleWebKit/601.1.46 (KHTML, like Gecko) Version/9.0 Mobile/13B143 Safari/601.1"
203.161.56.247 - - [08/Oct/2025:01:25:37 +0000] "GET /massage/ HTTP/1.1" 200 36053 "-" "WP Rocket/Preload"
203.161.56.247 - - [08/Oct/2025:01:25:38 +0000] "GET /massage/ HTTP/1.1" 200 35171 "-" "WP Rocket/Preload Mozilla/5.0 (iPhone; CPU iPhone OS 9_1 like Mac OS X) AppleWebKit/601.1.46 (KHTML, like Gecko) Version/9.0 Mobile/13B143 Safari/601.1"
203.161.56.247 - - [08/Oct/2025:01:25:40 +0000] "GET /author/ftx856/ HTTP/1.1" 200 39956 "-" "WP Rocket/Preload"
203.161.56.247 - - [08/Oct/2025:01:25:41 +0000] "GET /author/ftx856/ HTTP/1.1" 200 39971 "-" "WP Rocket/Preload Mozilla/5.0 (iPhone; CPU iPhone OS 9_1 like Mac OS X) AppleWebKit/601.1.46 (KHTML, like Gecko) Version/9.0 Mobile/13B143 Safari/601.1"
203.161.56.247 - - [08/Oct/2025:01:25:43 +0000] "GET /my/ HTTP/1.1" 200 34762 "-" "WP Rocket/Preload"
203.161.56.247 - - [08/Oct/2025:01:25:44 +0000] "GET /my/ HTTP/1.1" 200 34930 "-" "WP Rocket/Preload Mozilla/5.0 (iPhone; CPU iPhone OS 9_1 like Mac OS X) AppleWebKit/601.1.46 (KHTML, like Gecko) Version/9.0 Mobile/13B143 Safari/601.1"
203.161.56.247 - - [08/Oct/2025:01:25:46 +0000] "GET /author/naukria/ HTTP/1.1" 200 39730 "-" "WP Rocket/Preload"
203.161.56.247 - - [08/Oct/2025:01:25:47 +0000] "GET /author/naukria/ HTTP/1.1" 200 39743 "-" "WP Rocket/Preload Mozilla/5.0 (iPhone; CPU iPhone OS 9_1 like Mac OS X) AppleWebKit/601.1.46 (KHTML, like Gecko) Version/9.0 Mobile/13B143 Safari/601.1"
203.161.56.247 - - [08/Oct/2025:01:25:49 +0000] "GET /author/b2bklescort/ HTTP/1.1" 200 39569 "-" "WP Rocket/Preload"
203.161.56.247 - - [08/Oct/2025:01:25:50 +0000] "GET /author/b2bklescort/ HTTP/1.1" 200 39578 "-" "WP Rocket/Preload Mozilla/5.0 (iPhone; CPU iPhone OS 9_1 like Mac OS X) AppleWebKit/601.1.46 (KHTML, like Gecko) Version/9.0 Mobile/13B143 Safari/601.1"
203.161.56.247 - - [08/Oct/2025:01:25:52 +0000] "GET /outcall/ HTTP/1.1" 200 36049 "-" "WP Rocket/Preload"
203.161.56.247 - - [08/Oct/2025:01:25:53 +0000] "GET /outcall/ HTTP/1.1" 200 34783 "-" "WP Rocket/Preload Mozilla/5.0 (iPhone; CPU iPhone OS 9_1 like Mac OS X) AppleWebKit/601.1.46 (KHTML, like Gecko) Version/9.0 Mobile/13B143 Safari/601.1"
203.161.56.247 - - [08/Oct/2025:01:25:55 +0000] "GET /agency/topusasmmshop-19/ HTTP/1.1" 200 38110 "-" "WP Rocket/Preload"
203.161.56.247 - - [08/Oct/2025:01:25:56 +0000] "GET /agency/topusasmmshop-19/ HTTP/1.1" 200 38125 "-" "WP Rocket/Preload Mozilla/5.0 (iPhone; CPU iPhone OS 9_1 like Mac OS X) AppleWebKit/601.1.46 (KHTML, like Gecko) Version/9.0 Mobile/13B143 Safari/601.1"
207.46.13.151 - - [08/Oct/2025:01:26:14 +0000] "GET /ibeptoxa/1706783643798/17067836607619.jpg HTTP/1.1" 200 211346 "-" "Mozilla/5.0 AppleWebKit/537.36 (KHTML, like Gecko; compatible; bingbot/2.0; +http://www.bing.com/bingbot.htm) Chrome/116.0.1938.76 Safari/537.36"
167.172.240.62 - - [08/Oct/2025:01:34:02 +0000] "GET / HTTP/1.1" 200 39453 "-" "Mozilla/5.0 (X11; Linux x86_64; rv:139.0) Gecko/20100101 Firefox/139.0"
203.161.56.247 - - [08/Oct/2025:01:34:02 +0000] "GET /author/kl-escort-hub/ HTTP/1.1" 200 39549 "-" "WP Rocket/Preload"
167.172.240.62 - - [08/Oct/2025:01:34:04 +0000] "GET /ibeptoxa/2024/05/cropped-iconfinder_kl-escort-hub-32x32.png HTTP/1.1" 200 490 "https://klescorthub.net/" "Mozilla/5.0 (X11; Linux x86_64; rv:139.0) Gecko/20100101 Firefox/139.0"
203.161.56.247 - - [08/Oct/2025:01:34:05 +0000] "GET /author/kl-escort-hub/ HTTP/1.1" 200 39561 "-" "WP Rocket/Preload Mozilla/5.0 (iPhone; CPU iPhone OS 9_1 like Mac OS X) AppleWebKit/601.1.46 (KHTML, like Gecko) Version/9.0 Mobile/13B143 Safari/601.1"
203.161.56.247 - - [08/Oct/2025:01:34:06 +0000] "GET /pj/ HTTP/1.1" 200 34740 "-" "WP Rocket/Preload"
203.161.56.247 - - [08/Oct/2025:01:34:08 +0000] "GET /pj/ HTTP/1.1" 200 34824 "-" "WP Rocket/Preload Mozilla/5.0 (iPhone; CPU iPhone OS 9_1 like Mac OS X) AppleWebKit/601.1.46 (KHTML, like Gecko) Version/9.0 Mobile/13B143 Safari/601.1"
203.161.56.247 - - [08/Oct/2025:01:34:09 +0000] "GET /agency/naukria/ HTTP/1.1" 200 38176 "-" "WP Rocket/Preload"
104.210.140.139 - - [08/Oct/2025:01:34:11 +0000] "GET /robots.txt HTTP/1.1" 200 177 "-" "Mozilla/5.0 (Macintosh; Intel Mac OS X 10_15_7) AppleWebKit/537.36 (KHTML, like Gecko) Chrome/131.0.0.0 Safari/537.36; compatible; OAI-SearchBot/1.0; +https://openai.com/searchbot"
203.161.56.247 - - [08/Oct/2025:01:34:11 +0000] "GET /agency/naukria/ HTTP/1.1" 200 38194 "-" "WP Rocket/Preload Mozilla/5.0 (iPhone; CPU iPhone OS 9_1 like Mac OS X) AppleWebKit/601.1.46 (KHTML, like Gecko) Version/9.0 Mobile/13B143 Safari/601.1"
203.161.56.247 - - [08/Oct/2025:01:34:12 +0000] "GET /author/klescortangel/ HTTP/1.1" 200 39561 "-" "WP Rocket/Preload"
203.161.56.247 - - [08/Oct/2025:01:34:14 +0000] "GET /author/klescortangel/ HTTP/1.1" 200 39570 "-" "WP Rocket/Preload Mozilla/5.0 (iPhone; CPU iPhone OS 9_1 like Mac OS X) AppleWebKit/601.1.46 (KHTML, like Gecko) Version/9.0 Mobile/13B143 Safari/601.1"
203.161.56.247 - - [08/Oct/2025:01:34:15 +0000] "GET /russian/ HTTP/1.1" 200 34832 "-" "WP Rocket/Preload"
203.161.56.247 - - [08/Oct/2025:01:34:17 +0000] "GET /russian/ HTTP/1.1" 200 34620 "-" "WP Rocket/Preload Mozilla/5.0 (iPhone; CPU iPhone OS 9_1 like Mac OS X) AppleWebKit/601.1.46 (KHTML, like Gecko) Version/9.0 Mobile/13B143 Safari/601.1"
203.161.56.247 - - [08/Oct/2025:01:34:18 +0000] "GET /author/miafloral/ HTTP/1.1" 200 39961 "-" "WP Rocket/Preload"
203.161.56.247 - - [08/Oct/2025:01:34:20 +0000] "GET /author/miafloral/ HTTP/1.1" 200 39968 "-" "WP Rocket/Preload Mozilla/5.0 (iPhone; CPU iPhone OS 9_1 like Mac OS X) AppleWebKit/601.1.46 (KHTML, like Gecko) Version/9.0 Mobile/13B143 Safari/601.1"
203.161.56.247 - - [08/Oct/2025:01:34:21 +0000] "GET /escort_profile/antonia/ HTTP/1.1" 200 43183 "-" "WP Rocket/Preload"
203.161.56.247 - - [08/Oct/2025:01:34:23 +0000] "GET /escort_profile/antonia/ HTTP/1.1" 200 43276 "-" "WP Rocket/Preload Mozilla/5.0 (iPhone; CPU iPhone OS 9_1 like Mac OS X) AppleWebKit/601.1.46 (KHTML, like Gecko) Version/9.0 Mobile/13B143 Safari/601.1"
77.75.78.160 - - [08/Oct/2025:01:40:31 +0000] "GET /agency/lavanya-roymay/ HTTP/1.1" 200 37577 "-" "Mozilla/5.0 (compatible; SeznamBot/4.0; +https://o-seznam.cz/napoveda/vyhledavani/en/seznambot-crawler/)"
172.226.44.169 - - [08/Oct/2025:01:40:46 +0000] "GET /escort_profile/lavender/ HTTP/1.1" 200 43333 "https://www.google.com/" "Mozilla/5.0 (iPhone; CPU iPhone OS 18_7_1 like Mac OS X) AppleWebKit/605.1.15 (KHTML, like Gecko) Version/18.7 Mobile/15E148 Safari/604.1"
104.28.122.69 - - [08/Oct/2025:01:40:46 +0000] "GET /ibeptoxa/1715870706191.png HTTP/1.1" 200 7181 "https://klescorthub.net/escort_profile/lavender/" "Mozilla/5.0 (iPhone; CPU iPhone OS 18_7_1 like Mac OS X) AppleWebKit/605.1.15 (KHTML, like Gecko) Version/18.7 Mobile/15E148 Safari/604.1"
172.226.44.169 - - [08/Oct/2025:01:40:47 +0000] "GET /ifovigum/wp-smushit/app/assets/js/smush-lazy-load.min.js HTTP/1.1" 200 7887 "https://klescorthub.net/escort_profile/lavender/" "Mozilla/5.0 (iPhone; CPU iPhone OS 18_7_1 like Mac OS X) AppleWebKit/605.1.15 (KHTML, like Gecko) Version/18.7 Mobile/15E148 Safari/604.1"
172.226.44.169 - - [08/Oct/2025:01:40:47 +0000] "GET /ibeptoxa/2024/05/cropped-iconfinder_kl-escort-hub-32x32.png HTTP/1.1" 200 490 "https://klescorthub.net/escort_profile/lavender/" "Mozilla/5.0 (iPhone; CPU iPhone OS 18_7_1 like Mac OS X) AppleWebKit/605.1.15 (KHTML, like Gecko) Version/18.7 Mobile/15E148 Safari/604.1"
104.28.122.69 - - [08/Oct/2025:01:40:47 +0000] "GET /ibeptoxa/2024/05/cropped-iconfinder_kl-escort-hub-192x192.png HTTP/1.1" 200 2682 "https://klescorthub.net/escort_profile/lavender/" "Mozilla/5.0 (iPhone; CPU iPhone OS 18_7_1 like Mac OS X) AppleWebKit/605.1.15 (KHTML, like Gecko) Version/18.7 Mobile/15E148 Safari/604.1"
172.226.44.169 - - [08/Oct/2025:01:40:50 +0000] "GET /jadoaksy/js/jquery/jquery.min.js HTTP/1.1" 200 30368 "https://klescorthub.net/escort_profile/lavender/" "Mozilla/5.0 (iPhone; CPU iPhone OS 18_7_1 like Mac OS X) AppleWebKit/605.1.15 (KHTML, like Gecko) Version/18.7 Mobile/15E148 Safari/604.1"
104.28.122.69 - - [08/Oct/2025:01:40:50 +0000] "GET /jadoaksy/js/jquery/jquery-migrate.min.js HTTP/1.1" 200 4872 "https://klescorthub.net/escort_profile/lavender/" "Mozilla/5.0 (iPhone; CPU iPhone OS 18_7_1 like Mac OS X) AppleWebKit/605.1.15 (KHTML, like Gecko) Version/18.7 Mobile/15E148 Safari/604.1"
104.28.122.69 - - [08/Oct/2025:01:40:50 +0000] "GET /jufisas/js/jquery.mobile.custom.min.js HTTP/1.1" 200 2862 "https://klescorthub.net/escort_profile/lavender/" "Mozilla/5.0 (iPhone; CPU iPhone OS 18_7_1 like Mac OS X) AppleWebKit/605.1.15 (KHTML, like Gecko) Version/18.7 Mobile/15E148 Safari/604.1"
172.226.44.169 - - [08/Oct/2025:01:40:50 +0000] "GET /startala/cache/min/1/wp-content/themes/escortwp/js/checkator.jquery.js?ver=1758949368 HTTP/1.1" 200 690 "https://klescorthub.net/escort_profile/lavender/" "Mozilla/5.0 (iPhone; CPU iPhone OS 18_7_1 like Mac OS X) AppleWebKit/605.1.15 (KHTML, like Gecko) Version/18.7 Mobile/15E148 Safari/604.1"
172.226.44.169 - - [08/Oct/2025:01:40:50 +0000] "GET /startala/cache/min/1/wp-content/themes/escortwp/js/js.cookie.js?ver=1758949368 HTTP/1.1" 200 1156 "https://klescorthub.net/escort_profile/lavender/" "Mozilla/5.0 (iPhone; CPU iPhone OS 18_7_1 like Mac OS X) AppleWebKit/605.1.15 (KHTML, like Gecko) Version/18.7 Mobile/15E148 Safari/604.1"
104.28.122.69 - - [08/Oct/2025:01:40:50 +0000] "GET /jufisas/js/jquery.fancybox.min.js HTTP/1.1" 200 22013 "https://klescorthub.net/escort_profile/lavender/" "Mozilla/5.0 (iPhone; CPU iPhone OS 18_7_1 like Mac OS X) AppleWebKit/605.1.15 (KHTML, like Gecko) Version/18.7 Mobile/15E148 Safari/604.1"
172.226.44.169 - - [08/Oct/2025:01:40:51 +0000] "GET /startala/cache/min/1/wp-content/themes/escortwp/js/dolceescort.js?ver=1758949368 HTTP/1.1" 200 2906 "https://klescorthub.net/escort_profile/lavender/" "Mozilla/5.0 (iPhone; CPU iPhone OS 18_7_1 like Mac OS X) AppleWebKit/605.1.15 (KHTML, like Gecko) Version/18.7 Mobile/15E148 Safari/604.1"
172.226.44.169 - - [08/Oct/2025:01:40:51 +0000] "GET /jufisas/js/select2.min.js HTTP/1.1" 200 19907 "https://klescorthub.net/escort_profile/lavender/" "Mozilla/5.0 (iPhone; CPU iPhone OS 18_7_1 like Mac OS X) AppleWebKit/605.1.15 (KHTML, like Gecko) Version/18.7 Mobile/15E148 Safari/604.1"
172.226.44.169 - - [08/Oct/2025:01:40:51 +0000] "GET /jufisas/js/jquery.uploadifive.min.js HTTP/1.1" 200 4096 "https://klescorthub.net/escort_profile/lavender/" "Mozilla/5.0 (iPhone; CPU iPhone OS 18_7_1 like Mac OS X) AppleWebKit/605.1.15 (KHTML, like Gecko) Version/18.7 Mobile/15E148 Safari/604.1"
172.226.44.169 - - [08/Oct/2025:01:40:53 +0000] "GET /ibeptoxa/1746899070629/17468990981193-367x490.jpg HTTP/1.1" 200 32148 "https://klescorthub.net/escort_profile/lavender/" "Mozilla/5.0 (iPhone; CPU iPhone OS 18_7_1 like Mac OS X) AppleWebKit/605.1.15 (KHTML, like Gecko) Version/18.7 Mobile/15E148 Safari/604.1"
172.226.44.169 - - [08/Oct/2025:01:40:53 +0000] "GET /ibeptoxa/1746899070629/17468990961646-327x490.jpg HTTP/1.1" 200 32058 "https://klescorthub.net/escort_profile/lavender/" "Mozilla/5.0 (iPhone; CPU iPhone OS 18_7_1 like Mac OS X) AppleWebKit/605.1.15 (KHTML, like Gecko) Version/18.7 Mobile/15E148 Safari/604.1"
172.226.44.169 - - [08/Oct/2025:01:40:53 +0000] "GET /ibeptoxa/1746899070629/17468990969850-400x476.jpg HTTP/1.1" 200 28991 "https://klescorthub.net/escort_profile/lavender/" "Mozilla/5.0 (iPhone; CPU iPhone OS 18_7_1 like Mac OS X) AppleWebKit/605.1.15 (KHTML, like Gecko) Version/18.7 Mobile/15E148 Safari/604.1"
203.161.56.247 - - [08/Oct/2025:01:50:17 +0000] "GET /setapak/ HTTP/1.1" 200 36068 "-" "WP Rocket/Preload"
216.173.75.63 - - [08/Oct/2025:01:50:18 +0000] "GET / HTTP/1.1" 200 194227 "-" "Mozilla/5.0+(compatible;+Googlebot/2.1;++http://www.google.com/bot.html)"
203.161.56.247 - - [08/Oct/2025:01:50:19 +0000] "GET /setapak/ HTTP/1.1" 200 34905 "-" "WP Rocket/Preload Mozilla/5.0 (iPhone; CPU iPhone OS 9_1 like Mac OS X) AppleWebKit/601.1.46 (KHTML, like Gecko) Version/9.0 Mobile/13B143 Safari/601.1"
203.161.56.247 - - [08/Oct/2025:01:50:20 +0000] "GET /escort_profile/cucu-3/ HTTP/1.1" 200 44824 "-" "WP Rocket/Preload"
216.173.75.63 - - [08/Oct/2025:01:50:22 +0000] "GET / HTTP/1.1" 200 194227 "-" "Mozilla/5.0 (Windows NT 10.0; Win64; x64) AppleWebKit/537.36 (KHTML, like Gecko) Chrome/132.0.0.0 Safari/537.36"
203.161.56.247 - - [08/Oct/2025:01:50:22 +0000] "GET /escort_profile/cucu-3/ HTTP/1.1" 200 43240 "-" "WP Rocket/Preload Mozilla/5.0 (iPhone; CPU iPhone OS 9_1 like Mac OS X) AppleWebKit/601.1.46 (KHTML, like Gecko) Version/9.0 Mobile/13B143 Safari/601.1"
203.161.56.247 - - [08/Oct/2025:01:50:23 +0000] "GET /sunway-pyramid/ HTTP/1.1" 200 34739 "-" "WP Rocket/Preload"
203.161.56.247 - - [08/Oct/2025:01:50:25 +0000] "GET /sunway-pyramid/ HTTP/1.1" 200 34903 "-" "WP Rocket/Preload Mozilla/5.0 (iPhone; CPU iPhone OS 9_1 like Mac OS X) AppleWebKit/601.1.46 (KHTML, like Gecko) Version/9.0 Mobile/13B143 Safari/601.1"
203.161.56.247 - - [08/Oct/2025:01:50:26 +0000] "GET /agency/mia-floral-agency/ HTTP/1.1" 200 38070 "-" "WP Rocket/Preload"
203.161.56.247 - - [08/Oct/2025:01:50:28 +0000] "GET /agency/mia-floral-agency/ HTTP/1.1" 200 38085 "-" "WP Rocket/Preload Mozilla/5.0 (iPhone; CPU iPhone OS 9_1 like Mac OS X) AppleWebKit/601.1.46 (KHTML, like Gecko) Version/9.0 Mobile/13B143 Safari/601.1"
203.161.56.247 - - [08/Oct/2025:01:50:29 +0000] "GET /author/wish8679/ HTTP/1.1" 200 39950 "-" "WP Rocket/Preload"
203.161.56.247 - - [08/Oct/2025:01:50:31 +0000] "GET /author/wish8679/ HTTP/1.1" 200 39967 "-" "WP Rocket/Preload Mozilla/5.0 (iPhone; CPU iPhone OS 9_1 like Mac OS X) AppleWebKit/601.1.46 (KHTML, like Gecko) Version/9.0 Mobile/13B143 Safari/601.1"
203.161.56.247 - - [08/Oct/2025:01:50:32 +0000] "GET /escort_profile/dewi-3/ HTTP/1.1" 200 43218 "-" "WP Rocket/Preload"
203.161.56.247 - - [08/Oct/2025:01:50:34 +0000] "GET /escort_profile/dewi-3/ HTTP/1.1" 200 43117 "-" "WP Rocket/Preload Mozilla/5.0 (iPhone; CPU iPhone OS 9_1 like Mac OS X) AppleWebKit/601.1.46 (KHTML, like Gecko) Version/9.0 Mobile/13B143 Safari/601.1"
203.161.56.247 - - [08/Oct/2025:01:50:35 +0000] "GET /thai/ HTTP/1.1" 200 36064 "-" "WP Rocket/Preload"
203.161.56.247 - - [08/Oct/2025:01:50:37 +0000] "GET /thai/ HTTP/1.1" 200 34803 "-" "WP Rocket/Preload Mozilla/5.0 (iPhone; CPU iPhone OS 9_1 like Mac OS X) AppleWebKit/601.1.46 (KHTML, like Gecko) Version/9.0 Mobile/13B143 Safari/601.1"
51.235.89.126 - - [08/Oct/2025:01:59:39 +0000] "GET /ibeptoxa/2024/05/cropped-iconfinder_kl-escort-hub-180x180.png HTTP/1.1" 200 2418 "https://myactivity.google.com/" "Mozilla/5.0 (Linux; Android 15; SM-A556E Build/AP3A.240905.015.A2; wv) AppleWebKit/537.36 (KHTML, like Gecko) Version/4.0 Chrome/140.0.7339.208 Mobile Safari/537.36 OcIdWebView ({\"os\":\"Android\",\"osVersion\":\"35\",\"app\":\"com.google.android.gms\",\"appVersion\":\"253830000\",\"style\":3,\"callingAppId\":\"com.google.android.googlequicksearchbox\",\"isDarkTheme\":true})"
51.235.89.126 - - [08/Oct/2025:01:59:39 +0000] "GET /ibeptoxa/17016730911/17016731059024-170x206.jpg HTTP/1.1" 200 11023 "https://myactivity.google.com/" "Mozilla/5.0 (Linux; Android 15; SM-A556E Build/AP3A.240905.015.A2; wv) AppleWebKit/537.36 (KHTML, like Gecko) Version/4.0 Chrome/140.0.7339.208 Mobile Safari/537.36 OcIdWebView ({\"os\":\"Android\",\"osVersion\":\"35\",\"app\":\"com.google.android.gms\",\"appVersion\":\"253830000\",\"style\":3,\"callingAppId\":\"com.google.android.googlequicksearchbox\",\"isDarkTheme\":true})"
51.235.89.126 - - [08/Oct/2025:01:59:39 +0000] "GET /ibeptoxa/1706783643798/17067836607619.jpg HTTP/1.1" 200 211346 "https://myactivity.google.com/" "Mozilla/5.0 (Linux; Android 15; SM-A556E Build/AP3A.240905.015.A2; wv) AppleWebKit/537.36 (KHTML, like Gecko) Version/4.0 Chrome/140.0.7339.208 Mobile Safari/537.36 OcIdWebView ({\"os\":\"Android\",\"osVersion\":\"35\",\"app\":\"com.google.android.gms\",\"appVersion\":\"253830000\",\"style\":3,\"callingAppId\":\"com.google.android.googlequicksearchbox\",\"isDarkTheme\":true})"
157.55.39.8 - - [08/Oct/2025:02:01:08 +0000] "GET /girls/kuala-lumpur/sungai-buloh-escorts/ HTTP/1.1" 200 38206 "-" "Mozilla/5.0 AppleWebKit/537.36 (KHTML, like Gecko; compatible; bingbot/2.0; +http://www.bing.com/bingbot.htm) Chrome/116.0.1938.76 Safari/537.36"
142.44.233.125 - - [08/Oct/2025:02:01:15 +0000] "GET /ibeptoxa/2023/05/SEX-KL-ESCORT-BANNER-260x130px.jpg HTTP/1.1" 200 32684 "-" "Mozilla/5.0 (compatible; AhrefsBot/7.0; +http://ahrefs.com/robot/)"
203.161.56.247 - - [08/Oct/2025:02:02:39 +0000] "GET /escort_profile/sophia-4/ HTTP/1.1" 200 44834 "-" "WP Rocket/Preload"
106.75.71.166 - - [08/Oct/2025:02:02:39 +0000] "GET /favicon.ico HTTP/1.1" 302 - "-" "Go-http-client/1.1"
106.75.71.166 - - [08/Oct/2025:02:02:41 +0000] "GET /ibeptoxa/2024/05/cropped-iconfinder_kl-escort-hub-32x32.png HTTP/1.1" 200 490 "https://klescorthub.net/favicon.ico" "Go-http-client/1.1"
203.161.56.247 - - [08/Oct/2025:02:02:40 +0000] "GET /escort_profile/sophia-4/ HTTP/1.1" 200 43095 "-" "WP Rocket/Preload Mozilla/5.0 (iPhone; CPU iPhone OS 9_1 like Mac OS X) AppleWebKit/601.1.46 (KHTML, like Gecko) Version/9.0 Mobile/13B143 Safari/601.1"
106.75.71.166 - - [08/Oct/2025:02:02:42 +0000] "GET /robots.txt HTTP/1.1" 200 177 "-" "Go-http-client/1.1"
106.75.71.166 - - [08/Oct/2025:02:02:42 +0000] "GET /sitemap.xml HTTP/1.1" 200 451 "-" "Go-http-client/1.1"
203.161.56.247 - - [08/Oct/2025:02:02:42 +0000] "GET /agency/seosmmit-4/ HTTP/1.1" 200 38448 "-" "WP Rocket/Preload"
203.161.56.247 - - [08/Oct/2025:02:02:44 +0000] "GET /agency/seosmmit-4/ HTTP/1.1" 200 38463 "-" "WP Rocket/Preload Mozilla/5.0 (iPhone; CPU iPhone OS 9_1 like Mac OS X) AppleWebKit/601.1.46 (KHTML, like Gecko) Version/9.0 Mobile/13B143 Safari/601.1"
203.161.56.247 - - [08/Oct/2025:02:02:45 +0000] "GET /escort_profile/wati-4/ HTTP/1.1" 200 44860 "-" "WP Rocket/Preload"
203.161.56.247 - - [08/Oct/2025:02:02:47 +0000] "GET /escort_profile/wati-4/ HTTP/1.1" 200 44870 "-" "WP Rocket/Preload Mozilla/5.0 (iPhone; CPU iPhone OS 9_1 like Mac OS X) AppleWebKit/601.1.46 (KHTML, like Gecko) Version/9.0 Mobile/13B143 Safari/601.1"
203.161.56.247 - - [08/Oct/2025:02:02:48 +0000] "GET /escort_profile/coco-3/ HTTP/1.1" 200 43249 "-" "WP Rocket/Preload"
203.161.56.247 - - [08/Oct/2025:02:02:50 +0000] "GET /escort_profile/coco-3/ HTTP/1.1" 200 43087 "-" "WP Rocket/Preload Mozilla/5.0 (iPhone; CPU iPhone OS 9_1 like Mac OS X) AppleWebKit/601.1.46 (KHTML, like Gecko) Version/9.0 Mobile/13B143 Safari/601.1"
203.161.56.247 - - [08/Oct/2025:02:02:51 +0000] "GET /author/ftx780/ HTTP/1.1" 200 39954 "-" "WP Rocket/Preload"
203.161.56.247 - - [08/Oct/2025:02:02:53 +0000] "GET /author/ftx780/ HTTP/1.1" 200 39964 "-" "WP Rocket/Preload Mozilla/5.0 (iPhone; CPU iPhone OS 9_1 like Mac OS X) AppleWebKit/601.1.46 (KHTML, like Gecko) Version/9.0 Mobile/13B143 Safari/601.1"
203.161.56.247 - - [08/Oct/2025:02:02:54 +0000] "GET /author/hemangidhawanmay/ HTTP/1.1" 200 38734 "-" "WP Rocket/Preload"
203.161.56.247 - - [08/Oct/2025:02:02:56 +0000] "GET /author/hemangidhawanmay/ HTTP/1.1" 200 38808 "-" "WP Rocket/Preload Mozilla/5.0 (iPhone; CPU iPhone OS 9_1 like Mac OS X) AppleWebKit/601.1.46 (KHTML, like Gecko) Version/9.0 Mobile/13B143 Safari/601.1"
203.161.56.247 - - [08/Oct/2025:02:02:57 +0000] "GET /author/ftx765/ HTTP/1.1" 200 39953 "-" "WP Rocket/Preload"
203.161.56.247 - - [08/Oct/2025:02:02:59 +0000] "GET /author/ftx765/ HTTP/1.1" 200 39971 "-" "WP Rocket/Preload Mozilla/5.0 (iPhone; CPU iPhone OS 9_1 like Mac OS X) AppleWebKit/601.1.46 (KHTML, like Gecko) Version/9.0 Mobile/13B143 Safari/601.1"
106.75.64.235 - - [08/Oct/2025:02:03:31 +0000] "GET / HTTP/1.1" 200 39453 "-" "Mozilla/5.0 (Macintosh; Intel Mac OS X 9_1_1) AppleWebKit/544.51 (KHTML, like Gecko) Chrome/53.0.2520 Safari/537.36"
106.75.64.235 - - [08/Oct/2025:02:03:35 +0000] "GET /ibeptoxa/2024/05/cropped-iconfinder_kl-escort-hub-32x32.png HTTP/1.1" 200 490 "-" "Go-http-client/1.1"
203.161.56.247 - - [08/Oct/2025:02:03:37 +0000] "POST /wp-cron.php?doing_wp_cron=1759889017.7943799495697021484375 HTTP/1.1" 200 - "-" "WordPress/6.8.3; https://klescorthub.net"
106.75.64.235 - - [08/Oct/2025:02:03:36 +0000] "GET /robots.txt HTTP/1.1" 200 177 "-" "Go-http-client/1.1"
106.75.64.235 - - [08/Oct/2025:02:03:36 +0000] "GET /sitemap.xml HTTP/1.1" 200 451 "-" "Go-http-client/1.1"
203.161.56.247 - - [08/Oct/2025:02:03:38 +0000] "GET /new-escorts/ HTTP/1.1" 200 36936 "-" "WP Rocket/Preload"
203.161.56.247 - - [08/Oct/2025:02:03:40 +0000] "GET /new-escorts/ HTTP/1.1" 200 35654 "-" "WP Rocket/Preload Mozilla/5.0 (iPhone; CPU iPhone OS 9_1 like Mac OS X) AppleWebKit/601.1.46 (KHTML, like Gecko) Version/9.0 Mobile/13B143 Safari/601.1"
203.161.56.247 - - [08/Oct/2025:02:03:41 +0000] "GET /author/ftx152/ HTTP/1.1" 200 39959 "-" "WP Rocket/Preload"
203.161.56.247 - - [08/Oct/2025:02:03:44 +0000] "GET /author/ftx152/ HTTP/1.1" 200 39971 "-" "WP Rocket/Preload Mozilla/5.0 (iPhone; CPU iPhone OS 9_1 like Mac OS X) AppleWebKit/601.1.46 (KHTML, like Gecko) Version/9.0 Mobile/13B143 Safari/601.1"
203.161.56.247 - - [08/Oct/2025:02:03:46 +0000] "GET /2023/05/06/ HTTP/1.1" 200 39377 "-" "WP Rocket/Preload"
203.161.56.247 - - [08/Oct/2025:02:03:47 +0000] "GET /2023/05/06/ HTTP/1.1" 200 39388 "-" "WP Rocket/Preload Mozilla/5.0 (iPhone; CPU iPhone OS 9_1 like Mac OS X) AppleWebKit/601.1.46 (KHTML, like Gecko) Version/9.0 Mobile/13B143 Safari/601.1"
203.161.56.247 - - [08/Oct/2025:02:03:49 +0000] "GET /author/ftx987/ HTTP/1.1" 200 39954 "-" "WP Rocket/Preload"
203.161.56.247 - - [08/Oct/2025:02:03:50 +0000] "GET /author/ftx987/ HTTP/1.1" 200 39970 "-" "WP Rocket/Preload Mozilla/5.0 (iPhone; CPU iPhone OS 9_1 like Mac OS X) AppleWebKit/601.1.46 (KHTML, like Gecko) Version/9.0 Mobile/13B143 Safari/601.1"
57.141.0.72 - - [08/Oct/2025:02:06:38 +0000] "GET /bb/ HTTP/1.1" 200 129294 "-" "meta-externalagent/1.1 (+https://developers.facebook.com/docs/sharing/webmasters/crawler)"
203.161.56.247 - - [08/Oct/2025:02:16:56 +0000] "POST /wp-cron.php?doing_wp_cron=1759889816.5762050151824951171875 HTTP/1.1" 200 - "-" "WordPress/6.8.3; https://klescorthub.net"
66.249.74.43 - - [08/Oct/2025:02:16:55 +0000] "GET /escort_profile/yani-2/ HTTP/1.1" 404 12663 "-" "Mozilla/5.0 (Linux; Android 6.0.1; Nexus 5X Build/MMB29P) AppleWebKit/537.36 (KHTML, like Gecko) Chrome/140.0.7339.207 Mobile Safari/537.36 (compatible; Googlebot/2.1; +http://www.google.com/bot.html)"
203.161.56.247 - - [08/Oct/2025:02:16:57 +0000] "GET /escort_profile/star-2/ HTTP/1.1" 200 43026 "-" "WP Rocket/Preload"
203.161.56.247 - - [08/Oct/2025:02:16:58 +0000] "GET /escort_profile/star-2/ HTTP/1.1" 200 44846 "-" "WP Rocket/Preload Mozilla/5.0 (iPhone; CPU iPhone OS 9_1 like Mac OS X) AppleWebKit/601.1.46 (KHTML, like Gecko) Version/9.0 Mobile/13B143 Safari/601.1"
203.161.56.247 - - [08/Oct/2025:02:17:00 +0000] "GET /escort_profile/meng-yao/ HTTP/1.1" 200 43103 "-" "WP Rocket/Preload"
203.161.56.247 - - [08/Oct/2025:02:17:01 +0000] "GET /escort_profile/meng-yao/ HTTP/1.1" 200 43312 "-" "WP Rocket/Preload Mozilla/5.0 (iPhone; CPU iPhone OS 9_1 like Mac OS X) AppleWebKit/601.1.46 (KHTML, like Gecko) Version/9.0 Mobile/13B143 Safari/601.1"
203.161.56.247 - - [08/Oct/2025:02:17:03 +0000] "GET /escort_profile/farhana/ HTTP/1.1" 200 44823 "-" "WP Rocket/Preload"
203.161.56.247 - - [08/Oct/2025:02:17:04 +0000] "GET /escort_profile/farhana/ HTTP/1.1" 200 43246 "-" "WP Rocket/Preload Mozilla/5.0 (iPhone; CPU iPhone OS 9_1 like Mac OS X) AppleWebKit/601.1.46 (KHTML, like Gecko) Version/9.0 Mobile/13B143 Safari/601.1"
203.161.56.247 - - [08/Oct/2025:02:17:06 +0000] "GET /agency/topusasmmshop-20/ HTTP/1.1" 200 38507 "-" "WP Rocket/Preload"
203.161.56.247 - - [08/Oct/2025:02:17:07 +0000] "GET /agency/topusasmmshop-20/ HTTP/1.1" 200 38524 "-" "WP Rocket/Preload Mozilla/5.0 (iPhone; CPU iPhone OS 9_1 like Mac OS X) AppleWebKit/601.1.46 (KHTML, like Gecko) Version/9.0 Mobile/13B143 Safari/601.1"
203.161.56.247 - - [08/Oct/2025:02:17:09 +0000] "GET /escort_profile/xin-yi-2/ HTTP/1.1" 200 44827 "-" "WP Rocket/Preload"
203.161.56.247 - - [08/Oct/2025:02:17:10 +0000] "GET /escort_profile/xin-yi-2/ HTTP/1.1" 200 43260 "-" "WP Rocket/Preload Mozilla/5.0 (iPhone; CPU iPhone OS 9_1 like Mac OS X) AppleWebKit/601.1.46 (KHTML, like Gecko) Version/9.0 Mobile/13B143 Safari/601.1"
203.161.56.247 - - [08/Oct/2025:02:17:11 +0000] "GET /escort_profile/elina-3/ HTTP/1.1" 200 43244 "-" "WP Rocket/Preload"
203.161.56.247 - - [08/Oct/2025:02:17:13 +0000] "GET /escort_profile/elina-3/ HTTP/1.1" 200 43234 "-" "WP Rocket/Preload Mozilla/5.0 (iPhone; CPU iPhone OS 9_1 like Mac OS X) AppleWebKit/601.1.46 (KHTML, like Gecko) Version/9.0 Mobile/13B143 Safari/601.1"
203.161.56.247 - - [08/Oct/2025:02:17:14 +0000] "GET /agency/hemangi-idhawanmay/ HTTP/1.1" 200 37519 "-" "WP Rocket/Preload"
