203.161.56.247 - - [08/Oct/2025:06:25:37 +0000] "POST /wp-cron.php?doing_wp_cron=1759904737.7590770721435546875000 HTTP/1.1" 200 - "-" "WordPress/6.8.3; https://klescorthub.net"
52.167.144.167 - - [08/Oct/2025:06:25:36 +0000] "GET / HTTP/1.1" 200 39429 "-" "Mozilla/5.0 AppleWebKit/537.36 (KHTML, like Gecko; compatible; bingbot/2.0; +http://www.bing.com/bingbot.htm) Chrome/116.0.1938.76 Safari/537.36"
203.161.56.247 - - [08/Oct/2025:06:25:38 +0000] "GET /russian/ HTTP/1.1" 200 34832 "-" "WP Rocket/Preload"
203.161.56.247 - - [08/Oct/2025:06:25:40 +0000] "GET /russian/ HTTP/1.1" 200 34619 "-" "WP Rocket/Preload Mozilla/5.0 (iPhone; CPU iPhone OS 9_1 like Mac OS X) AppleWebKit/601.1.46 (KHTML, like Gecko) Version/9.0 Mobile/13B143 Safari/601.1"
203.161.56.247 - - [08/Oct/2025:06:25:41 +0000] "GET /author/miafloral/ HTTP/1.1" 200 39960 "-" "WP Rocket/Preload"
203.161.56.247 - - [08/Oct/2025:06:25:43 +0000] "GET /author/miafloral/ HTTP/1.1" 200 39975 "-" "WP Rocket/Preload Mozilla/5.0 (iPhone; CPU iPhone OS 9_1 like Mac OS X) AppleWebKit/601.1.46 (KHTML, like Gecko) Version/9.0 Mobile/13B143 Safari/601.1"
203.161.56.247 - - [08/Oct/2025:06:25:44 +0000] "GET /escort_profile/antonia/ HTTP/1.1" 200 43181 "-" "WP Rocket/Preload"
203.161.56.247 - - [08/Oct/2025:06:25:46 +0000] "GET /escort_profile/antonia/ HTTP/1.1" 200 43279 "-" "WP Rocket/Preload Mozilla/5.0 (iPhone; CPU iPhone OS 9_1 like Mac OS X) AppleWebKit/601.1.46 (KHTML, like Gecko) Version/9.0 Mobile/13B143 Safari/601.1"
203.161.56.247 - - [08/Oct/2025:06:25:47 +0000] "GET /setapak/ HTTP/1.1" 200 36067 "-" "WP Rocket/Preload"
203.161.56.247 - - [08/Oct/2025:06:25:48 +0000] "GET /setapak/ HTTP/1.1" 200 34907 "-" "WP Rocket/Preload Mozilla/5.0 (iPhone; CPU iPhone OS 9_1 like Mac OS X) AppleWebKit/601.1.46 (KHTML, like Gecko) Version/9.0 Mobile/13B143 Safari/601.1"
203.161.56.247 - - [08/Oct/2025:06:25:50 +0000] "GET /escort_profile/cucu-3/ HTTP/1.1" 200 44822 "-" "WP Rocket/Preload"
203.161.56.247 - - [08/Oct/2025:06:25:51 +0000] "GET /escort_profile/cucu-3/ HTTP/1.1" 200 43242 "-" "WP Rocket/Preload Mozilla/5.0 (iPhone; CPU iPhone OS 9_1 like Mac OS X) AppleWebKit/601.1.46 (KHTML, like Gecko) Version/9.0 Mobile/13B143 Safari/601.1"
203.161.56.247 - - [08/Oct/2025:06:25:53 +0000] "GET /sunway-pyramid/ HTTP/1.1" 200 34736 "-" "WP Rocket/Preload"
203.161.56.247 - - [08/Oct/2025:06:25:54 +0000] "GET /sunway-pyramid/ HTTP/1.1" 200 36086 "-" "WP Rocket/Preload Mozilla/5.0 (iPhone; CPU iPhone OS 9_1 like Mac OS X) AppleWebKit/601.1.46 (KHTML, like Gecko) Version/9.0 Mobile/13B143 Safari/601.1"
203.161.56.247 - - [08/Oct/2025:06:25:56 +0000] "GET /agency/mia-floral-agency/ HTTP/1.1" 200 38072 "-" "WP Rocket/Preload"
203.161.56.247 - - [08/Oct/2025:06:25:57 +0000] "GET /agency/mia-floral-agency/ HTTP/1.1" 200 38086 "-" "WP Rocket/Preload Mozilla/5.0 (iPhone; CPU iPhone OS 9_1 like Mac OS X) AppleWebKit/601.1.46 (KHTML, like Gecko) Version/9.0 Mobile/13B143 Safari/601.1"
203.161.56.247 - - [08/Oct/2025:06:25:59 +0000] "GET /author/wish8679/ HTTP/1.1" 200 39951 "-" "WP Rocket/Preload"
203.161.56.247 - - [08/Oct/2025:06:26:00 +0000] "GET /author/wish8679/ HTTP/1.1" 200 39966 "-" "WP Rocket/Preload Mozilla/5.0 (iPhone; CPU iPhone OS 9_1 like Mac OS X) AppleWebKit/601.1.46 (KHTML, like Gecko) Version/9.0 Mobile/13B143 Safari/601.1"
203.161.56.247 - - [08/Oct/2025:06:26:19 +0000] "POST /wp-cron.php?doing_wp_cron=1759904779.2791090011596679687500 HTTP/1.1" 200 - "-" "WordPress/6.8.3; https://klescorthub.net"
154.26.212.232 - - [08/Oct/2025:06:26:18 +0000] "GET /static/images/nopic.png HTTP/1.1" 301 - "-" "Mozilla/5.0 (Windows NT 10.0; WOW64; rv:48.0) Gecko/20100101 Firefox/48.0"
203.161.56.247 - - [08/Oct/2025:06:26:20 +0000] "GET /escort_profile/dewi-3/ HTTP/1.1" 200 43215 "-" "WP Rocket/Preload"
154.26.212.232 - - [08/Oct/2025:06:26:20 +0000] "GET /static/images/nopic.png HTTP/1.1" 404 12481 "-" "Mozilla/5.0 (Windows NT 10.0; WOW64; rv:48.0) Gecko/20100101 Firefox/48.0"
203.161.56.247 - - [08/Oct/2025:06:26:21 +0000] "GET /escort_profile/dewi-3/ HTTP/1.1" 200 43402 "-" "WP Rocket/Preload Mozilla/5.0 (iPhone; CPU iPhone OS 9_1 like Mac OS X) AppleWebKit/601.1.46 (KHTML, like Gecko) Version/9.0 Mobile/13B143 Safari/601.1"
203.161.56.247 - - [08/Oct/2025:06:26:23 +0000] "GET /thai/ HTTP/1.1" 200 36067 "-" "WP Rocket/Preload"
203.161.56.247 - - [08/Oct/2025:06:26:24 +0000] "GET /thai/ HTTP/1.1" 200 34800 "-" "WP Rocket/Preload Mozilla/5.0 (iPhone; CPU iPhone OS 9_1 like Mac OS X) AppleWebKit/601.1.46 (KHTML, like Gecko) Version/9.0 Mobile/13B143 Safari/601.1"
203.161.56.247 - - [08/Oct/2025:06:26:26 +0000] "GET /escort_profile/sophia-4/ HTTP/1.1" 200 44833 "-" "WP Rocket/Preload"
203.161.56.247 - - [08/Oct/2025:06:26:27 +0000] "GET /escort_profile/sophia-4/ HTTP/1.1" 200 43095 "-" "WP Rocket/Preload Mozilla/5.0 (iPhone; CPU iPhone OS 9_1 like Mac OS X) AppleWebKit/601.1.46 (KHTML, like Gecko) Version/9.0 Mobile/13B143 Safari/601.1"
203.161.56.247 - - [08/Oct/2025:06:26:29 +0000] "GET /agency/seosmmit-4/ HTTP/1.1" 200 38444 "-" "WP Rocket/Preload"
203.161.56.247 - - [08/Oct/2025:06:26:30 +0000] "GET /agency/seosmmit-4/ HTTP/1.1" 200 38457 "-" "WP Rocket/Preload Mozilla/5.0 (iPhone; CPU iPhone OS 9_1 like Mac OS X) AppleWebKit/601.1.46 (KHTML, like Gecko) Version/9.0 Mobile/13B143 Safari/601.1"
203.161.56.247 - - [08/Oct/2025:06:26:32 +0000] "GET /escort_profile/wati-4/ HTTP/1.1" 200 44861 "-" "WP Rocket/Preload"
203.161.56.247 - - [08/Oct/2025:06:26:33 +0000] "GET /escort_profile/wati-4/ HTTP/1.1" 200 44871 "-" "WP Rocket/Preload Mozilla/5.0 (iPhone; CPU iPhone OS 9_1 like Mac OS X) AppleWebKit/601.1.46 (KHTML, like Gecko) Version/9.0 Mobile/13B143 Safari/601.1"
203.161.56.247 - - [08/Oct/2025:06:26:35 +0000] "GET /escort_profile/coco-3/ HTTP/1.1" 200 43244 "-" "WP Rocket/Preload"
203.161.56.247 - - [08/Oct/2025:06:26:36 +0000] "GET /escort_profile/coco-3/ HTTP/1.1" 200 43087 "-" "WP Rocket/Preload Mozilla/5.0 (iPhone; CPU iPhone OS 9_1 like Mac OS X) AppleWebKit/601.1.46 (KHTML, like Gecko) Version/9.0 Mobile/13B143 Safari/601.1"
203.161.56.247 - - [08/Oct/2025:06:26:38 +0000] "GET /escort_profile/star-2/ HTTP/1.1" 200 43030 "-" "WP Rocket/Preload"
203.161.56.247 - - [08/Oct/2025:06:26:39 +0000] "GET /escort_profile/star-2/ HTTP/1.1" 200 44846 "-" "WP Rocket/Preload Mozilla/5.0 (iPhone; CPU iPhone OS 9_1 like Mac OS X) AppleWebKit/601.1.46 (KHTML, like Gecko) Version/9.0 Mobile/13B143 Safari/601.1"
203.161.56.247 - - [08/Oct/2025:06:31:02 +0000] "POST /wp-cron.php?doing_wp_cron=1759905062.5214040279388427734375 HTTP/1.1" 200 - "-" "WordPress/6.8.3; https://klescorthub.net"
216.73.216.116 - - [08/Oct/2025:06:31:01 +0000] "GET /news-sitemap.xml HTTP/1.1" 404 196 "-" "Mozilla/5.0 AppleWebKit/537.36 (KHTML, like Gecko; compatible; ClaudeBot/1.0; +claudebot@anthropic.com)"
203.161.56.247 - - [08/Oct/2025:06:31:03 +0000] "GET /author/ftx780/ HTTP/1.1" 200 39955 "-" "WP Rocket/Preload"
203.161.56.247 - - [08/Oct/2025:06:31:06 +0000] "GET /author/ftx780/ HTTP/1.1" 200 39969 "-" "WP Rocket/Preload Mozilla/5.0 (iPhone; CPU iPhone OS 9_1 like Mac OS X) AppleWebKit/601.1.46 (KHTML, like Gecko) Version/9.0 Mobile/13B143 Safari/601.1"
203.161.56.247 - - [08/Oct/2025:06:31:07 +0000] "GET /escort_profile/meng-yao/ HTTP/1.1" 200 43104 "-" "WP Rocket/Preload"
203.161.56.247 - - [08/Oct/2025:06:31:09 +0000] "GET /escort_profile/meng-yao/ HTTP/1.1" 200 44900 "-" "WP Rocket/Preload Mozilla/5.0 (iPhone; CPU iPhone OS 9_1 like Mac OS X) AppleWebKit/601.1.46 (KHTML, like Gecko) Version/9.0 Mobile/13B143 Safari/601.1"
203.161.56.247 - - [08/Oct/2025:06:31:10 +0000] "GET /escort_profile/farhana/ HTTP/1.1" 200 44825 "-" "WP Rocket/Preload"
203.161.56.247 - - [08/Oct/2025:06:31:12 +0000] "GET /escort_profile/farhana/ HTTP/1.1" 200 43249 "-" "WP Rocket/Preload Mozilla/5.0 (iPhone; CPU iPhone OS 9_1 like Mac OS X) AppleWebKit/601.1.46 (KHTML, like Gecko) Version/9.0 Mobile/13B143 Safari/601.1"
203.161.56.247 - - [08/Oct/2025:06:31:13 +0000] "GET /agency/topusasmmshop-20/ HTTP/1.1" 200 38504 "-" "WP Rocket/Preload"
203.161.56.247 - - [08/Oct/2025:06:31:15 +0000] "GET /agency/topusasmmshop-20/ HTTP/1.1" 200 38521 "-" "WP Rocket/Preload Mozilla/5.0 (iPhone; CPU iPhone OS 9_1 like Mac OS X) AppleWebKit/601.1.46 (KHTML, like Gecko) Version/9.0 Mobile/13B143 Safari/601.1"
203.161.56.247 - - [08/Oct/2025:06:31:16 +0000] "GET /author/hemangidhawanmay/ HTTP/1.1" 200 38735 "-" "WP Rocket/Preload"
203.161.56.247 - - [08/Oct/2025:06:31:18 +0000] "GET /author/hemangidhawanmay/ HTTP/1.1" 200 38810 "-" "WP Rocket/Preload Mozilla/5.0 (iPhone; CPU iPhone OS 9_1 like Mac OS X) AppleWebKit/601.1.46 (KHTML, like Gecko) Version/9.0 Mobile/13B143 Safari/601.1"
203.161.56.247 - - [08/Oct/2025:06:31:19 +0000] "GET /escort_profile/xin-yi-2/ HTTP/1.1" 200 44827 "-" "WP Rocket/Preload"
203.161.56.247 - - [08/Oct/2025:06:31:21 +0000] "GET /escort_profile/xin-yi-2/ HTTP/1.1" 200 43253 "-" "WP Rocket/Preload Mozilla/5.0 (iPhone; CPU iPhone OS 9_1 like Mac OS X) AppleWebKit/601.1.46 (KHTML, like Gecko) Version/9.0 Mobile/13B143 Safari/601.1"
203.161.56.247 - - [08/Oct/2025:06:31:22 +0000] "GET /escort_profile/elina-3/ HTTP/1.1" 200 43243 "-" "WP Rocket/Preload"
203.161.56.247 - - [08/Oct/2025:06:31:24 +0000] "GET /escort_profile/elina-3/ HTTP/1.1" 200 43235 "-" "WP Rocket/Preload Mozilla/5.0 (iPhone; CPU iPhone OS 9_1 like Mac OS X) AppleWebKit/601.1.46 (KHTML, like Gecko) Version/9.0 Mobile/13B143 Safari/601.1"
203.161.56.247 - - [08/Oct/2025:06:35:00 +0000] "POST /wp-cron.php?doing_wp_cron=1759905300.8982648849487304687500 HTTP/1.1" 200 - "-" "WordPress/6.8.3; https://klescorthub.net"
175.140.13.39 - - [08/Oct/2025:06:34:59 +0000] "GET / HTTP/1.1" 200 39429 "https://www.google.com/" "Mozilla/5.0 (Linux; Android 10; K) AppleWebKit/537.36 (KHTML, like Gecko) Chrome/141.0.0.0 Mobile Safari/537.36"
175.140.13.39 - - [08/Oct/2025:06:35:02 +0000] "GET /ibeptoxa/1702572538365/17025725521698-400x600.jpg HTTP/1.1" 200 46792 "https://klescorthub.net/" "Mozilla/5.0 (Linux; Android 10; K) AppleWebKit/537.36 (KHTML, like Gecko) Chrome/141.0.0.0 Mobile Safari/537.36"
175.140.13.39 - - [08/Oct/2025:06:35:02 +0000] "GET /ifovigum/wp-smushit/app/assets/js/smush-lazy-load.min.js HTTP/1.1" 200 7887 "https://klescorthub.net/" "Mozilla/5.0 (Linux; Android 10; K) AppleWebKit/537.36 (KHTML, like Gecko) Chrome/141.0.0.0 Mobile Safari/537.36"
175.140.13.39 - - [08/Oct/2025:06:35:02 +0000] "GET /ibeptoxa/1715870706191.png HTTP/1.1" 200 7181 "https://klescorthub.net/" "Mozilla/5.0 (Linux; Android 10; K) AppleWebKit/537.36 (KHTML, like Gecko) Chrome/141.0.0.0 Mobile Safari/537.36"
175.140.13.39 - - [08/Oct/2025:06:35:02 +0000] "GET /ibeptoxa/1701672929497/17016729475960-400x600.jpg HTTP/1.1" 200 51902 "https://klescorthub.net/" "Mozilla/5.0 (Linux; Android 10; K) AppleWebKit/537.36 (KHTML, like Gecko) Chrome/141.0.0.0 Mobile Safari/537.36"
175.140.13.39 - - [08/Oct/2025:06:35:03 +0000] "GET /ibeptoxa/1701673037890/17016730515791-400x600.jpg HTTP/1.1" 200 41006 "https://klescorthub.net/" "Mozilla/5.0 (Linux; Android 10; K) AppleWebKit/537.36 (KHTML, like Gecko) Chrome/141.0.0.0 Mobile Safari/537.36"
175.140.13.39 - - [08/Oct/2025:06:35:03 +0000] "GET /ibeptoxa/1702572435665/17025724483886-400x600.jpg HTTP/1.1" 200 48717 "https://klescorthub.net/" "Mozilla/5.0 (Linux; Android 10; K) AppleWebKit/537.36 (KHTML, like Gecko) Chrome/141.0.0.0 Mobile Safari/537.36"
175.140.13.39 - - [08/Oct/2025:06:35:03 +0000] "GET /ibeptoxa/1702572485869/17025725011111-400x600.jpg HTTP/1.1" 200 38580 "https://klescorthub.net/" "Mozilla/5.0 (Linux; Android 10; K) AppleWebKit/537.36 (KHTML, like Gecko) Chrome/141.0.0.0 Mobile Safari/537.36"
175.140.13.39 - - [08/Oct/2025:06:35:03 +0000] "GET /ibeptoxa/1759305711552/17593057293004-400x600.jpg HTTP/1.1" 200 35631 "https://klescorthub.net/" "Mozilla/5.0 (Linux; Android 10; K) AppleWebKit/537.36 (KHTML, like Gecko) Chrome/141.0.0.0 Mobile Safari/537.36"
175.140.13.39 - - [08/Oct/2025:06:35:03 +0000] "GET /ibeptoxa/1759302704900/17593027317922-400x600.jpg HTTP/1.1" 200 31954 "https://klescorthub.net/" "Mozilla/5.0 (Linux; Android 10; K) AppleWebKit/537.36 (KHTML, like Gecko) Chrome/141.0.0.0 Mobile Safari/537.36"
175.140.13.39 - - [08/Oct/2025:06:35:03 +0000] "GET /ibeptoxa/1702572657109/17025726868281-400x600.jpg HTTP/1.1" 200 37343 "https://klescorthub.net/" "Mozilla/5.0 (Linux; Android 10; K) AppleWebKit/537.36 (KHTML, like Gecko) Chrome/141.0.0.0 Mobile Safari/537.36"
175.140.13.39 - - [08/Oct/2025:06:35:03 +0000] "GET /ibeptoxa/2024/05/cropped-iconfinder_kl-escort-hub-192x192.png HTTP/1.1" 200 2682 "https://klescorthub.net/" "Mozilla/5.0 (Linux; Android 10; K) AppleWebKit/537.36 (KHTML, like Gecko) Chrome/141.0.0.0 Mobile Safari/537.36"
175.140.13.39 - - [08/Oct/2025:06:35:03 +0000] "GET /ibeptoxa/2024/05/cropped-iconfinder_kl-escort-hub-180x180.png HTTP/1.1" 200 2418 "https://klescorthub.net/" "Mozilla/5.0 (Linux; Android 10; K) AppleWebKit/537.36 (KHTML, like Gecko) Chrome/141.0.0.0 Mobile Safari/537.36"
203.161.56.247 - - [08/Oct/2025:06:35:02 +0000] "GET /agency/hemangi-idhawanmay/ HTTP/1.1" 200 37515 "-" "WP Rocket/Preload"
175.140.13.39 - - [08/Oct/2025:06:35:06 +0000] "GET /jadoaksy/js/jquery/jquery.min.js HTTP/1.1" 200 30368 "https://klescorthub.net/" "Mozilla/5.0 (Linux; Android 10; K) AppleWebKit/537.36 (KHTML, like Gecko) Chrome/141.0.0.0 Mobile Safari/537.36"
175.140.13.39 - - [08/Oct/2025:06:35:06 +0000] "GET /jadoaksy/js/jquery/jquery-migrate.min.js HTTP/1.1" 200 4872 "https://klescorthub.net/" "Mozilla/5.0 (Linux; Android 10; K) AppleWebKit/537.36 (KHTML, like Gecko) Chrome/141.0.0.0 Mobile Safari/537.36"
175.140.13.39 - - [08/Oct/2025:06:35:06 +0000] "GET /startala/cache/min/1/wp-content/themes/escortwp/js/dolceescort.js?ver=1758949368 HTTP/1.1" 200 2906 "https://klescorthub.net/" "Mozilla/5.0 (Linux; Android 10; K) AppleWebKit/537.36 (KHTML, like Gecko) Chrome/141.0.0.0 Mobile Safari/537.36"
175.140.13.39 - - [08/Oct/2025:06:35:06 +0000] "GET /jufisas/js/select2.min.js HTTP/1.1" 200 19907 "https://klescorthub.net/" "Mozilla/5.0 (Linux; Android 10; K) AppleWebKit/537.36 (KHTML, like Gecko) Chrome/141.0.0.0 Mobile Safari/537.36"
175.140.13.39 - - [08/Oct/2025:06:35:06 +0000] "GET /startala/cache/min/1/wp-content/themes/escortwp/js/js.cookie.js?ver=1758949368 HTTP/1.1" 200 1156 "https://klescorthub.net/" "Mozilla/5.0 (Linux; Android 10; K) AppleWebKit/537.36 (KHTML, like Gecko) Chrome/141.0.0.0 Mobile Safari/537.36"
175.140.13.39 - - [08/Oct/2025:06:35:06 +0000] "GET /jufisas/js/jquery.uploadifive.min.js HTTP/1.1" 200 4096 "https://klescorthub.net/" "Mozilla/5.0 (Linux; Android 10; K) AppleWebKit/537.36 (KHTML, like Gecko) Chrome/141.0.0.0 Mobile Safari/537.36"
175.140.13.39 - - [08/Oct/2025:06:35:06 +0000] "GET /jufisas/js/jquery.mobile.custom.min.js HTTP/1.1" 200 2862 "https://klescorthub.net/" "Mozilla/5.0 (Linux; Android 10; K) AppleWebKit/537.36 (KHTML, like Gecko) Chrome/141.0.0.0 Mobile Safari/537.36"
175.140.13.39 - - [08/Oct/2025:06:35:06 +0000] "GET /startala/cache/min/1/wp-content/themes/escortwp/js/checkator.jquery.js?ver=1758949368 HTTP/1.1" 200 690 "https://klescorthub.net/" "Mozilla/5.0 (Linux; Android 10; K) AppleWebKit/537.36 (KHTML, like Gecko) Chrome/141.0.0.0 Mobile Safari/537.36"
203.161.56.247 - - [08/Oct/2025:06:35:05 +0000] "GET /agency/hemangi-idhawanmay/ HTTP/1.1" 200 37548 "-" "WP Rocket/Preload Mozilla/5.0 (iPhone; CPU iPhone OS 9_1 like Mac OS X) AppleWebKit/601.1.46 (KHTML, like Gecko) Version/9.0 Mobile/13B143 Safari/601.1"
175.140.13.39 - - [08/Oct/2025:06:35:06 +0000] "GET /escort_profile/marina-2/ HTTP/1.1" 200 43518 "https://klescorthub.net/" "Mozilla/5.0 (Linux; Android 10; K) AppleWebKit/537.36 (KHTML, like Gecko) Chrome/141.0.0.0 Mobile Safari/537.36"
175.140.13.39 - - [08/Oct/2025:06:35:07 +0000] "GET /escort_profile/marina-2/ HTTP/1.1" 304 - "https://klescorthub.net/" "Mozilla/5.0 (Linux; Android 10; K) AppleWebKit/537.36 (KHTML, like Gecko) Chrome/141.0.0.0 Mobile Safari/537.36"
175.140.13.39 - - [08/Oct/2025:06:35:07 +0000] "GET /ibeptoxa/1759302473446/17593025502671-400x600.jpg HTTP/1.1" 200 41242 "https://klescorthub.net/" "Mozilla/5.0 (Linux; Android 10; K) AppleWebKit/537.36 (KHTML, like Gecko) Chrome/141.0.0.0 Mobile Safari/537.36"
175.140.13.39 - - [08/Oct/2025:06:35:07 +0000] "GET /ibeptoxa/1759296944562/17592969777029-400x600.jpg HTTP/1.1" 200 30552 "https://klescorthub.net/" "Mozilla/5.0 (Linux; Android 10; K) AppleWebKit/537.36 (KHTML, like Gecko) Chrome/141.0.0.0 Mobile Safari/537.36"
203.161.56.247 - - [08/Oct/2025:06:35:06 +0000] "GET /escort_profile/aaminah-3/ HTTP/1.1" 200 44826 "-" "WP Rocket/Preload"
175.140.13.39 - - [08/Oct/2025:06:35:09 +0000] "GET /ibeptoxa/1746899884338/17468999081148-400x600.jpg HTTP/1.1" 200 39394 "https://klescorthub.net/" "Mozilla/5.0 (Linux; Android 10; K) AppleWebKit/537.36 (KHTML, like Gecko) Chrome/141.0.0.0 Mobile Safari/537.36"
175.140.13.39 - - [08/Oct/2025:06:35:09 +0000] "GET /ibeptoxa/1746899070629/17468990969850-400x600.jpg HTTP/1.1" 200 34094 "https://klescorthub.net/" "Mozilla/5.0 (Linux; Android 10; K) AppleWebKit/537.36 (KHTML, like Gecko) Chrome/141.0.0.0 Mobile Safari/537.36"
175.140.13.39 - - [08/Oct/2025:06:35:09 +0000] "GET /ibeptoxa/174689923569/17468992497100-400x600.jpg HTTP/1.1" 200 47770 "https://klescorthub.net/" "Mozilla/5.0 (Linux; Android 10; K) AppleWebKit/537.36 (KHTML, like Gecko) Chrome/141.0.0.0 Mobile Safari/537.36"
175.140.13.39 - - [08/Oct/2025:06:35:09 +0000] "GET /ibeptoxa/1746899744902/17468997647980-400x600.jpg HTTP/1.1" 200 36606 "https://klescorthub.net/" "Mozilla/5.0 (Linux; Android 10; K) AppleWebKit/537.36 (KHTML, like Gecko) Chrome/141.0.0.0 Mobile Safari/537.36"
175.140.13.39 - - [08/Oct/2025:06:35:08 +0000] "GET /escort_profile/fazura-3/ HTTP/1.1" 200 43267 "https://klescorthub.net/" "Mozilla/5.0 (Linux; Android 10; K) AppleWebKit/537.36 (KHTML, like Gecko) Chrome/141.0.0.0 Mobile Safari/537.36"
203.161.56.247 - - [08/Oct/2025:06:35:08 +0000] "GET /escort_profile/aaminah-3/ HTTP/1.1" 200 43252 "-" "WP Rocket/Preload Mozilla/5.0 (iPhone; CPU iPhone OS 9_1 like Mac OS X) AppleWebKit/601.1.46 (KHTML, like Gecko) Version/9.0 Mobile/13B143 Safari/601.1"
175.140.13.39 - - [08/Oct/2025:06:35:09 +0000] "GET /ibeptoxa/1745963887292/17459639014688-400x600.jpg HTTP/1.1" 200 35945 "https://klescorthub.net/" "Mozilla/5.0 (Linux; Android 10; K) AppleWebKit/537.36 (KHTML, like Gecko) Chrome/141.0.0.0 Mobile Safari/537.36"
175.140.13.39 - - [08/Oct/2025:06:35:09 +0000] "GET /escort_profile/fazura-3/ HTTP/1.1" 304 - "https://klescorthub.net/" "Mozilla/5.0 (Linux; Android 10; K) AppleWebKit/537.36 (KHTML, like Gecko) Chrome/141.0.0.0 Mobile Safari/537.36"
175.140.13.39 - - [08/Oct/2025:06:35:09 +0000] "GET /ibeptoxa/1745963506769/17459637432770-400x600.jpg HTTP/1.1" 200 44106 "https://klescorthub.net/" "Mozilla/5.0 (Linux; Android 10; K) AppleWebKit/537.36 (KHTML, like Gecko) Chrome/141.0.0.0 Mobile Safari/537.36"
175.140.13.39 - - [08/Oct/2025:06:35:09 +0000] "GET /escort_profile/gisele/ HTTP/1.1" 200 43991 "https://klescorthub.net/" "Mozilla/5.0 (Linux; Android 10; K) AppleWebKit/537.36 (KHTML, like Gecko) Chrome/141.0.0.0 Mobile Safari/537.36"
175.140.13.39 - - [08/Oct/2025:06:35:11 +0000] "GET /escort_profile/gisele/ HTTP/1.1" 304 - "https://klescorthub.net/" "Mozilla/5.0 (Linux; Android 10; K) AppleWebKit/537.36 (KHTML, like Gecko) Chrome/141.0.0.0 Mobile Safari/537.36"
203.161.56.247 - - [08/Oct/2025:06:35:09 +0000] "GET /escort_profile/aaminah-2/ HTTP/1.1" 200 44816 "-" "WP Rocket/Preload"
175.140.13.39 - - [08/Oct/2025:06:35:10 +0000] "GET /escort_profile/emon/ HTTP/1.1" 200 44511 "https://klescorthub.net/" "Mozilla/5.0 (Linux; Android 10; K) AppleWebKit/537.36 (KHTML, like Gecko) Chrome/141.0.0.0 Mobile Safari/537.36"
175.140.13.39 - - [08/Oct/2025:06:35:11 +0000] "GET /escort_profile/emon/ HTTP/1.1" 304 - "https://klescorthub.net/" "Mozilla/5.0 (Linux; Android 10; K) AppleWebKit/537.36 (KHTML, like Gecko) Chrome/141.0.0.0 Mobile Safari/537.36"
203.161.56.247 - - [08/Oct/2025:06:35:11 +0000] "GET /escort_profile/aaminah-2/ HTTP/1.1" 200 44823 "-" "WP Rocket/Preload Mozilla/5.0 (iPhone; CPU iPhone OS 9_1 like Mac OS X) AppleWebKit/601.1.46 (KHTML, like Gecko) Version/9.0 Mobile/13B143 Safari/601.1"
203.161.56.247 - - [08/Oct/2025:06:35:12 +0000] "GET /escort_profile/soda-3/ HTTP/1.1" 200 44808 "-" "WP Rocket/Preload"
175.140.13.39 - - [08/Oct/2025:06:35:13 +0000] "GET /escort_profile/dina/ HTTP/1.1" 200 43548 "https://klescorthub.net/" "Mozilla/5.0 (Linux; Android 10; K) AppleWebKit/537.36 (KHTML, like Gecko) Chrome/141.0.0.0 Mobile Safari/537.36"
175.140.13.39 - - [08/Oct/2025:06:35:15 +0000] "GET /ibeptoxa/1745962632739/17459632995200-400x600.jpg HTTP/1.1" 200 31943 "https://klescorthub.net/" "Mozilla/5.0 (Linux; Android 10; K) AppleWebKit/537.36 (KHTML, like Gecko) Chrome/141.0.0.0 Mobile Safari/537.36"
175.140.13.39 - - [08/Oct/2025:06:35:15 +0000] "GET /ibeptoxa/1745962284505/17459623043429-400x600.jpg HTTP/1.1" 200 35190 "https://klescorthub.net/" "Mozilla/5.0 (Linux; Android 10; K) AppleWebKit/537.36 (KHTML, like Gecko) Chrome/141.0.0.0 Mobile Safari/537.36"
175.140.13.39 - - [08/Oct/2025:06:35:15 +0000] "GET /escort_profile/dina/ HTTP/1.1" 200 43570 "https://klescorthub.net/" "Mozilla/5.0 (Linux; Android 10; K) AppleWebKit/537.36 (KHTML, like Gecko) Chrome/141.0.0.0 Mobile Safari/537.36"
203.161.56.247 - - [08/Oct/2025:06:35:14 +0000] "GET /escort_profile/soda-3/ HTTP/1.1" 200 44816 "-" "WP Rocket/Preload Mozilla/5.0 (iPhone; CPU iPhone OS 9_1 like Mac OS X) AppleWebKit/601.1.46 (KHTML, like Gecko) Version/9.0 Mobile/13B143 Safari/601.1"
175.140.13.39 - - [08/Oct/2025:06:35:16 +0000] "GET /ibeptoxa/1745962003542/17459620256839-400x600.jpg HTTP/1.1" 200 39375 "https://klescorthub.net/" "Mozilla/5.0 (Linux; Android 10; K) AppleWebKit/537.36 (KHTML, like Gecko) Chrome/141.0.0.0 Mobile Safari/537.36"
175.140.13.39 - - [08/Oct/2025:06:35:16 +0000] "GET /ibeptoxa/1706783643798/17067836607619-400x600.jpg HTTP/1.1" 200 44072 "https://klescorthub.net/" "Mozilla/5.0 (Linux; Android 10; K) AppleWebKit/537.36 (KHTML, like Gecko) Chrome/141.0.0.0 Mobile Safari/537.36"
175.140.13.39 - - [08/Oct/2025:06:35:15 +0000] "GET /escort_profile/lavender/ HTTP/1.1" 200 43312 "https://klescorthub.net/" "Mozilla/5.0 (Linux; Android 10; K) AppleWebKit/537.36 (KHTML, like Gecko) Chrome/141.0.0.0 Mobile Safari/537.36"
175.140.13.39 - - [08/Oct/2025:06:35:17 +0000] "GET /escort_profile/lavender/ HTTP/1.1" 304 - "https://klescorthub.net/" "Mozilla/5.0 (Linux; Android 10; K) AppleWebKit/537.36 (KHTML, like Gecko) Chrome/141.0.0.0 Mobile Safari/537.36"
203.161.56.247 - - [08/Oct/2025:06:35:15 +0000] "GET /author/ftx765/ HTTP/1.1" 200 39955 "-" "WP Rocket/Preload"
175.140.13.39 - - [08/Oct/2025:06:35:15 +0000] "GET /escort_profile/mango/ HTTP/1.1" 200 43638 "https://klescorthub.net/" "Mozilla/5.0 (Linux; Android 10; K) AppleWebKit/537.36 (KHTML, like Gecko) Chrome/141.0.0.0 Mobile Safari/537.36"
175.140.13.39 - - [08/Oct/2025:06:35:17 +0000] "GET /escort_profile/mango/ HTTP/1.1" 304 - "https://klescorthub.net/" "Mozilla/5.0 (Linux; Android 10; K) AppleWebKit/537.36 (KHTML, like Gecko) Chrome/141.0.0.0 Mobile Safari/537.36"
175.140.13.39 - - [08/Oct/2025:06:35:17 +0000] "GET /ibeptoxa/1706783232238/17067832711077-400x600.jpg HTTP/1.1" 200 40053 "https://klescorthub.net/" "Mozilla/5.0 (Linux; Android 10; K) AppleWebKit/537.36 (KHTML, like Gecko) Chrome/141.0.0.0 Mobile Safari/537.36"
175.140.13.39 - - [08/Oct/2025:06:35:17 +0000] "GET /ibeptoxa/1706783543293/17067835817177-400x600.jpg HTTP/1.1" 200 45345 "https://klescorthub.net/" "Mozilla/5.0 (Linux; Android 10; K) AppleWebKit/537.36 (KHTML, like Gecko) Chrome/141.0.0.0 Mobile Safari/537.36"
175.140.13.39 - - [08/Oct/2025:06:35:17 +0000] "GET /escort_profile/meng-yao/ HTTP/1.1" 200 44919 "https://klescorthub.net/" "Mozilla/5.0 (Linux; Android 10; K) AppleWebKit/537.36 (KHTML, like Gecko) Chrome/141.0.0.0 Mobile Safari/537.36"
175.140.13.39 - - [08/Oct/2025:06:35:17 +0000] "GET /ibeptoxa/1702572591995/17025726091009-400x600.jpg HTTP/1.1" 200 37814 "https://klescorthub.net/" "Mozilla/5.0 (Linux; Android 10; K) AppleWebKit/537.36 (KHTML, like Gecko) Chrome/141.0.0.0 Mobile Safari/537.36"
175.140.13.39 - - [08/Oct/2025:06:35:17 +0000] "GET /ibeptoxa/1702572725668/17025727397192-400x600.jpg HTTP/1.1" 200 48553 "https://klescorthub.net/" "Mozilla/5.0 (Linux; Android 10; K) AppleWebKit/537.36 (KHTML, like Gecko) Chrome/141.0.0.0 Mobile Safari/537.36"
175.140.13.39 - - [08/Oct/2025:06:35:18 +0000] "GET /escort_profile/meng-yao/ HTTP/1.1" 304 - "https://klescorthub.net/" "Mozilla/5.0 (Linux; Android 10; K) AppleWebKit/537.36 (KHTML, like Gecko) Chrome/141.0.0.0 Mobile Safari/537.36"
203.161.56.247 - - [08/Oct/2025:06:35:17 +0000] "GET /author/ftx765/ HTTP/1.1" 200 39966 "-" "WP Rocket/Preload Mozilla/5.0 (iPhone; CPU iPhone OS 9_1 like Mac OS X) AppleWebKit/601.1.46 (KHTML, like Gecko) Version/9.0 Mobile/13B143 Safari/601.1"
203.161.56.247 - - [08/Oct/2025:06:35:18 +0000] "GET /agency/topusasmmshop-21/ HTTP/1.1" 200 38500 "-" "WP Rocket/Preload"
203.161.56.247 - - [08/Oct/2025:06:35:20 +0000] "GET /agency/topusasmmshop-21/ HTTP/1.1" 200 38513 "-" "WP Rocket/Preload Mozilla/5.0 (iPhone; CPU iPhone OS 9_1 like Mac OS X) AppleWebKit/601.1.46 (KHTML, like Gecko) Version/9.0 Mobile/13B143 Safari/601.1"
175.140.13.39 - - [08/Oct/2025:06:35:25 +0000] "GET /escort_profile/irene/ HTTP/1.1" 200 43965 "https://klescorthub.net/" "Mozilla/5.0 (Linux; Android 10; K) AppleWebKit/537.36 (KHTML, like Gecko) Chrome/141.0.0.0 Mobile Safari/537.36"
175.140.13.39 - - [08/Oct/2025:06:35:26 +0000] "GET /escort_profile/irene/ HTTP/1.1" 304 - "https://klescorthub.net/" "Mozilla/5.0 (Linux; Android 10; K) AppleWebKit/537.36 (KHTML, like Gecko) Chrome/141.0.0.0 Mobile Safari/537.36"
175.140.13.39 - - [08/Oct/2025:06:35:27 +0000] "GET /ibeptoxa/1745962284505/17459623037281-327x490.jpg HTTP/1.1" 200 25964 "https://klescorthub.net/escort_profile/irene/" "Mozilla/5.0 (Linux; Android 10; K) AppleWebKit/537.36 (KHTML, like Gecko) Chrome/141.0.0.0 Mobile Safari/537.36"
175.140.13.39 - - [08/Oct/2025:06:35:27 +0000] "GET /ifovigum/wp-rocket/assets/js/wpr-beacon.min.js HTTP/1.1" 200 8097 "https://klescorthub.net/escort_profile/irene/" "Mozilla/5.0 (Linux; Android 10; K) AppleWebKit/537.36 (KHTML, like Gecko) Chrome/141.0.0.0 Mobile Safari/537.36"
175.140.13.39 - - [08/Oct/2025:06:35:38 +0000] "GET /jufisas/js/jquery.fancybox.min.js HTTP/1.1" 200 22013 "https://klescorthub.net/escort_profile/irene/" "Mozilla/5.0 (Linux; Android 10; K) AppleWebKit/537.36 (KHTML, like Gecko) Chrome/141.0.0.0 Mobile Safari/537.36"
175.140.13.39 - - [08/Oct/2025:06:35:38 +0000] "GET /ibeptoxa/1745962284505/17459623043429-387x490.jpg HTTP/1.1" 200 28705 "https://klescorthub.net/escort_profile/irene/" "Mozilla/5.0 (Linux; Android 10; K) AppleWebKit/537.36 (KHTML, like Gecko) Chrome/141.0.0.0 Mobile Safari/537.36"
175.140.13.39 - - [08/Oct/2025:06:35:37 +0000] "GET /girls/kuala-lumpur/bukit-bintang-escorts/ HTTP/1.1" 200 38855 "https://klescorthub.net/escort_profile/irene/" "Mozilla/5.0 (Linux; Android 10; K) AppleWebKit/537.36 (KHTML, like Gecko) Chrome/141.0.0.0 Mobile Safari/537.36"
175.140.13.39 - - [08/Oct/2025:06:35:39 +0000] "GET /girls/kuala-lumpur/bukit-bintang-escorts/ HTTP/1.1" 304 - "https://klescorthub.net/escort_profile/irene/" "Mozilla/5.0 (Linux; Android 10; K) AppleWebKit/537.36 (KHTML, like Gecko) Chrome/141.0.0.0 Mobile Safari/537.36"
175.140.13.39 - - [08/Oct/2025:06:35:40 +0000] "GET /ibeptoxa/1745962284505/17459623049580-327x490.jpg HTTP/1.1" 200 24873 "https://klescorthub.net/escort_profile/irene/" "Mozilla/5.0 (Linux; Android 10; K) AppleWebKit/537.36 (KHTML, like Gecko) Chrome/141.0.0.0 Mobile Safari/537.36"
175.140.13.39 - - [08/Oct/2025:06:35:40 +0000] "GET /ibeptoxa/1745962284505/17459623049531-327x490.jpg HTTP/1.1" 200 29365 "https://klescorthub.net/escort_profile/irene/" "Mozilla/5.0 (Linux; Android 10; K) AppleWebKit/537.36 (KHTML, like Gecko) Chrome/141.0.0.0 Mobile Safari/537.36"
175.140.13.39 - - [08/Oct/2025:06:35:40 +0000] "GET /ibeptoxa/1745962284505/17459623059393-327x490.jpg HTTP/1.1" 200 27570 "https://klescorthub.net/escort_profile/irene/" "Mozilla/5.0 (Linux; Android 10; K) AppleWebKit/537.36 (KHTML, like Gecko) Chrome/141.0.0.0 Mobile Safari/537.36"
175.140.13.39 - - [08/Oct/2025:06:35:45 +0000] "GET /ibeptoxa/1702572277319/17025722901395-400x600.jpg HTTP/1.1" 200 51902 "https://klescorthub.net/" "Mozilla/5.0 (Linux; Android 10; K) AppleWebKit/537.36 (KHTML, like Gecko) Chrome/141.0.0.0 Mobile Safari/537.36"
175.140.13.39 - - [08/Oct/2025:06:35:45 +0000] "GET /escort_profile/farhana/ HTTP/1.1" 200 43270 "https://klescorthub.net/" "Mozilla/5.0 (Linux; Android 10; K) AppleWebKit/537.36 (KHTML, like Gecko) Chrome/141.0.0.0 Mobile Safari/537.36"
175.140.13.39 - - [08/Oct/2025:06:35:45 +0000] "GET /escort_profile/farhana/ HTTP/1.1" 304 - "https://klescorthub.net/" "Mozilla/5.0 (Linux; Android 10; K) AppleWebKit/537.36 (KHTML, like Gecko) Chrome/141.0.0.0 Mobile Safari/537.36"
175.140.13.39 - - [08/Oct/2025:06:35:45 +0000] "GET /ibeptoxa/1702572328253/17025723506772-400x600.jpg HTTP/1.1" 200 41123 "https://klescorthub.net/" "Mozilla/5.0 (Linux; Android 10; K) AppleWebKit/537.36 (KHTML, like Gecko) Chrome/141.0.0.0 Mobile Safari/537.36"
175.140.13.39 - - [08/Oct/2025:06:35:45 +0000] "GET /ibeptoxa/1702572185693/17025722228528-400x600.jpg HTTP/1.1" 200 40735 "https://klescorthub.net/" "Mozilla/5.0 (Linux; Android 10; K) AppleWebKit/537.36 (KHTML, like Gecko) Chrome/141.0.0.0 Mobile Safari/537.36"
175.140.13.39 - - [08/Oct/2025:06:35:46 +0000] "GET /ibeptoxa/1702572080231/17025721076279-400x600.jpg HTTP/1.1" 200 40566 "https://klescorthub.net/" "Mozilla/5.0 (Linux; Android 10; K) AppleWebKit/537.36 (KHTML, like Gecko) Chrome/141.0.0.0 Mobile Safari/537.36"
175.140.13.39 - - [08/Oct/2025:06:35:49 +0000] "GET /escort_profile/xin-yi-2/ HTTP/1.1" 200 43274 "https://klescorthub.net/" "Mozilla/5.0 (Linux; Android 10; K) AppleWebKit/537.36 (KHTML, like Gecko) Chrome/141.0.0.0 Mobile Safari/537.36"
175.140.13.39 - - [08/Oct/2025:06:35:49 +0000] "GET /escort_profile/xin-yi-2/ HTTP/1.1" 304 - "https://klescorthub.net/" "Mozilla/5.0 (Linux; Android 10; K) AppleWebKit/537.36 (KHTML, like Gecko) Chrome/141.0.0.0 Mobile Safari/537.36"
175.140.13.39 - - [08/Oct/2025:06:35:50 +0000] "GET /escort_profile/aaminah-3/ HTTP/1.1" 200 43273 "https://klescorthub.net/" "Mozilla/5.0 (Linux; Android 10; K) AppleWebKit/537.36 (KHTML, like Gecko) Chrome/141.0.0.0 Mobile Safari/537.36"
175.140.13.39 - - [08/Oct/2025:06:35:50 +0000] "GET /escort_profile/aaminah-3/ HTTP/1.1" 304 - "https://klescorthub.net/" "Mozilla/5.0 (Linux; Android 10; K) AppleWebKit/537.36 (KHTML, like Gecko) Chrome/141.0.0.0 Mobile Safari/537.36"
175.140.13.39 - - [08/Oct/2025:06:35:50 +0000] "GET /ibeptoxa/1701803917124/17018039288272-400x600.jpg HTTP/1.1" 200 38026 "https://klescorthub.net/" "Mozilla/5.0 (Linux; Android 10; K) AppleWebKit/537.36 (KHTML, like Gecko) Chrome/141.0.0.0 Mobile Safari/537.36"
175.140.13.39 - - [08/Oct/2025:06:35:50 +0000] "GET /ibeptoxa/1701803838515/17018038512258-400x600.jpg HTTP/1.1" 200 36691 "https://klescorthub.net/" "Mozilla/5.0 (Linux; Android 10; K) AppleWebKit/537.36 (KHTML, like Gecko) Chrome/141.0.0.0 Mobile Safari/537.36"
175.140.13.39 - - [08/Oct/2025:06:35:51 +0000] "GET /ibeptoxa/1701803785634/17018037951895-400x600.jpg HTTP/1.1" 200 31061 "https://klescorthub.net/" "Mozilla/5.0 (Linux; Android 10; K) AppleWebKit/537.36 (KHTML, like Gecko) Chrome/141.0.0.0 Mobile Safari/537.36"
175.140.13.39 - - [08/Oct/2025:06:35:51 +0000] "GET /ibeptoxa/1701803723133/17018037374977-400x600.jpg HTTP/1.1" 200 44525 "https://klescorthub.net/" "Mozilla/5.0 (Linux; Android 10; K) AppleWebKit/537.36 (KHTML, like Gecko) Chrome/141.0.0.0 Mobile Safari/537.36"
203.161.56.247 - - [08/Oct/2025:06:35:52 +0000] "POST /wp-cron.php?doing_wp_cron=1759905352.3385760784149169921875 HTTP/1.1" 200 - "-" "WordPress/6.8.3; https://klescorthub.net"
175.140.13.39 - - [08/Oct/2025:06:35:51 +0000] "GET /escort_profile/siti-7/ HTTP/1.1" 200 43221 "https://klescorthub.net/" "Mozilla/5.0 (Linux; Android 10; K) AppleWebKit/537.36 (KHTML, like Gecko) Chrome/141.0.0.0 Mobile Safari/537.36"
175.140.13.39 - - [08/Oct/2025:06:35:53 +0000] "GET /escort_profile/siti-7/ HTTP/1.1" 304 - "https://klescorthub.net/" "Mozilla/5.0 (Linux; Android 10; K) AppleWebKit/537.36 (KHTML, like Gecko) Chrome/141.0.0.0 Mobile Safari/537.36"
175.140.13.39 - - [08/Oct/2025:06:35:54 +0000] "GET /ibeptoxa/1701803654332/17018036732139-400x600.jpg HTTP/1.1" 200 33738 "https://klescorthub.net/" "Mozilla/5.0 (Linux; Android 10; K) AppleWebKit/537.36 (KHTML, like Gecko) Chrome/141.0.0.0 Mobile Safari/537.36"
175.140.13.39 - - [08/Oct/2025:06:35:54 +0000] "GET /ibeptoxa/1701803571491/17018035893893-400x600.jpg HTTP/1.1" 200 35566 "https://klescorthub.net/" "Mozilla/5.0 (Linux; Android 10; K) AppleWebKit/537.36 (KHTML, like Gecko) Chrome/141.0.0.0 Mobile Safari/537.36"
175.140.13.39 - - [08/Oct/2025:06:35:53 +0000] "GET /escort_profile/carmen/ HTTP/1.1" 200 43252 "https://klescorthub.net/" "Mozilla/5.0 (Linux; Android 10; K) AppleWebKit/537.36 (KHTML, like Gecko) Chrome/141.0.0.0 Mobile Safari/537.36"
175.140.13.39 - - [08/Oct/2025:06:35:55 +0000] "GET /escort_profile/carmen/ HTTP/1.1" 304 - "https://klescorthub.net/" "Mozilla/5.0 (Linux; Android 10; K) AppleWebKit/537.36 (KHTML, like Gecko) Chrome/141.0.0.0 Mobile Safari/537.36"
175.140.13.39 - - [08/Oct/2025:06:36:00 +0000] "GET /all-escorts/all-kl-escort-girls/ HTTP/1.1" 301 - "https://klescorthub.net/" "Mozilla/5.0 (Linux; Android 10; K) AppleWebKit/537.36 (KHTML, like Gecko) Chrome/141.0.0.0 Mobile Safari/537.36"
175.140.13.39 - - [08/Oct/2025:06:36:01 +0000] "GET / HTTP/1.1" 200 39450 "https://klescorthub.net/" "Mozilla/5.0 (Linux; Android 10; K) AppleWebKit/537.36 (KHTML, like Gecko) Chrome/141.0.0.0 Mobile Safari/537.36"
175.140.13.39 - - [08/Oct/2025:06:36:03 +0000] "GET /ibeptoxa/1759296944562/17592969777029-170x206.jpg HTTP/1.1" 200 7202 "https://klescorthub.net/" "Mozilla/5.0 (Linux; Android 10; K) AppleWebKit/537.36 (KHTML, like Gecko) Chrome/141.0.0.0 Mobile Safari/537.36"
175.140.13.39 - - [08/Oct/2025:06:36:04 +0000] "GET /ibeptoxa/1745962632739/17459632995200-170x206.jpg HTTP/1.1" 200 8102 "https://klescorthub.net/" "Mozilla/5.0 (Linux; Android 10; K) AppleWebKit/537.36 (KHTML, like Gecko) Chrome/141.0.0.0 Mobile Safari/537.36"
175.140.13.39 - - [08/Oct/2025:06:36:04 +0000] "GET /ibeptoxa/1745962284505/17459623043429-170x206.jpg HTTP/1.1" 200 8298 "https://klescorthub.net/" "Mozilla/5.0 (Linux; Android 10; K) AppleWebKit/537.36 (KHTML, like Gecko) Chrome/141.0.0.0 Mobile Safari/537.36"
175.140.13.39 - - [08/Oct/2025:06:36:04 +0000] "GET /ibeptoxa/1745962003542/17459620256839-170x206.jpg HTTP/1.1" 200 9535 "https://klescorthub.net/" "Mozilla/5.0 (Linux; Android 10; K) AppleWebKit/537.36 (KHTML, like Gecko) Chrome/141.0.0.0 Mobile Safari/537.36"
203.161.56.247 - - [08/Oct/2025:06:36:04 +0000] "POST /wp-cron.php?doing_wp_cron=1759905364.5828039646148681640625 HTTP/1.1" 200 - "-" "WordPress/6.8.3; https://klescorthub.net"
175.140.13.39 - - [08/Oct/2025:06:36:03 +0000] "GET /escort_profile/nadia-3/ HTTP/1.1" 200 43096 "https://klescorthub.net/" "Mozilla/5.0 (Linux; Android 10; K) AppleWebKit/537.36 (KHTML, like Gecko) Chrome/141.0.0.0 Mobile Safari/537.36"
175.140.13.39 - - [08/Oct/2025:06:36:05 +0000] "GET /escort_profile/nadia-3/ HTTP/1.1" 304 - "https://klescorthub.net/" "Mozilla/5.0 (Linux; Android 10; K) AppleWebKit/537.36 (KHTML, like Gecko) Chrome/141.0.0.0 Mobile Safari/537.36"
175.140.13.39 - - [08/Oct/2025:06:36:05 +0000] "GET /ibeptoxa/1702572080231/17025721076279-170x206.jpg HTTP/1.1" 200 10128 "https://klescorthub.net/" "Mozilla/5.0 (Linux; Android 10; K) AppleWebKit/537.36 (KHTML, like Gecko) Chrome/141.0.0.0 Mobile Safari/537.36"
175.140.13.39 - - [08/Oct/2025:06:36:05 +0000] "GET /ibeptoxa/1701803917124/17018039288272-170x206.jpg HTTP/1.1" 200 7804 "https://klescorthub.net/" "Mozilla/5.0 (Linux; Android 10; K) AppleWebKit/537.36 (KHTML, like Gecko) Chrome/141.0.0.0 Mobile Safari/537.36"
175.140.13.39 - - [08/Oct/2025:06:36:05 +0000] "GET /ibeptoxa/1701803838515/17018038512258-170x206.jpg HTTP/1.1" 200 8877 "https://klescorthub.net/" "Mozilla/5.0 (Linux; Android 10; K) AppleWebKit/537.36 (KHTML, like Gecko) Chrome/141.0.0.0 Mobile Safari/537.36"
175.140.13.39 - - [08/Oct/2025:06:36:05 +0000] "GET /escort_profile/siti-7/ HTTP/1.1" 304 - "https://klescorthub.net/" "Mozilla/5.0 (Linux; Android 10; K) AppleWebKit/537.36 (KHTML, like Gecko) Chrome/141.0.0.0 Mobile Safari/537.36"
175.140.13.39 - - [08/Oct/2025:06:36:04 +0000] "GET /escort_profile/bella/ HTTP/1.1" 200 44038 "https://klescorthub.net/" "Mozilla/5.0 (Linux; Android 10; K) AppleWebKit/537.36 (KHTML, like Gecko) Chrome/141.0.0.0 Mobile Safari/537.36"
175.140.13.39 - - [08/Oct/2025:06:36:04 +0000] "GET /escort_profile/fion/ HTTP/1.1" 200 43513 "https://klescorthub.net/" "Mozilla/5.0 (Linux; Android 10; K) AppleWebKit/537.36 (KHTML, like Gecko) Chrome/141.0.0.0 Mobile Safari/537.36"
175.140.13.39 - - [08/Oct/2025:06:36:06 +0000] "GET /escort_profile/bella/ HTTP/1.1" 304 - "https://klescorthub.net/" "Mozilla/5.0 (Linux; Android 10; K) AppleWebKit/537.36 (KHTML, like Gecko) Chrome/141.0.0.0 Mobile Safari/537.36"
175.140.13.39 - - [08/Oct/2025:06:36:06 +0000] "GET /escort_profile/fion/ HTTP/1.1" 304 - "https://klescorthub.net/" "Mozilla/5.0 (Linux; Android 10; K) AppleWebKit/537.36 (KHTML, like Gecko) Chrome/141.0.0.0 Mobile Safari/537.36"
175.140.13.39 - - [08/Oct/2025:06:36:06 +0000] "GET /escort_profile/siti-7/ HTTP/1.1" 304 - "https://klescorthub.net/" "Mozilla/5.0 (Linux; Android 10; K) AppleWebKit/537.36 (KHTML, like Gecko) Chrome/141.0.0.0 Mobile Safari/537.36"
203.161.56.247 - - [08/Oct/2025:06:36:05 +0000] "GET /blog/ HTTP/1.1" 200 72008 "-" "WP Rocket/Preload"
175.140.13.39 - - [08/Oct/2025:06:36:07 +0000] "GET /ibeptoxa/1701673436674/17016734586544-170x206.jpg HTTP/1.1" 200 8697 "https://klescorthub.net/" "Mozilla/5.0 (Linux; Android 10; K) AppleWebKit/537.36 (KHTML, like Gecko) Chrome/141.0.0.0 Mobile Safari/537.36"
175.140.13.39 - - [08/Oct/2025:06:36:07 +0000] "GET /ibeptoxa/1701673504226/17016735157618-170x206.jpg HTTP/1.1" 200 10823 "https://klescorthub.net/" "Mozilla/5.0 (Linux; Android 10; K) AppleWebKit/537.36 (KHTML, like Gecko) Chrome/141.0.0.0 Mobile Safari/537.36"
175.140.13.39 - - [08/Oct/2025:06:36:08 +0000] "GET /ibeptoxa/1701673504226/17016735157618-400x600.jpg HTTP/1.1" 200 48553 "https://klescorthub.net/" "Mozilla/5.0 (Linux; Android 10; K) AppleWebKit/537.36 (KHTML, like Gecko) Chrome/141.0.0.0 Mobile Safari/537.36"
175.140.13.39 - - [08/Oct/2025:06:36:08 +0000] "GET /ibeptoxa/1701673436674/17016734586544-400x600.jpg HTTP/1.1" 200 33469 "https://klescorthub.net/" "Mozilla/5.0 (Linux; Android 10; K) AppleWebKit/537.36 (KHTML, like Gecko) Chrome/141.0.0.0 Mobile Safari/537.36"
175.140.13.39 - - [08/Oct/2025:06:36:08 +0000] "GET /ibeptoxa/1701673320121/17016733375105-400x600.jpg HTTP/1.1" 200 37814 "https://klescorthub.net/" "Mozilla/5.0 (Linux; Android 10; K) AppleWebKit/537.36 (KHTML, like Gecko) Chrome/141.0.0.0 Mobile Safari/537.36"
175.140.13.39 - - [08/Oct/2025:06:36:08 +0000] "GET /ibeptoxa/1701672989206/17016729984810-400x600.jpg HTTP/1.1" 200 41123 "https://klescorthub.net/" "Mozilla/5.0 (Linux; Android 10; K) AppleWebKit/537.36 (KHTML, like Gecko) Chrome/141.0.0.0 Mobile Safari/537.36"
175.140.13.39 - - [08/Oct/2025:06:36:08 +0000] "GET /ibeptoxa/17016730911/17016731059024-400x600.jpg HTTP/1.1" 200 48717 "https://klescorthub.net/" "Mozilla/5.0 (Linux; Android 10; K) AppleWebKit/537.36 (KHTML, like Gecko) Chrome/141.0.0.0 Mobile Safari/537.36"
203.161.56.247 - - [08/Oct/2025:06:36:07 +0000] "GET /blog/ HTTP/1.1" 200 72007 "-" "WP Rocket/Preload Mozilla/5.0 (iPhone; CPU iPhone OS 9_1 like Mac OS X) AppleWebKit/601.1.46 (KHTML, like Gecko) Version/9.0 Mobile/13B143 Safari/601.1"
175.140.13.39 - - [08/Oct/2025:06:36:07 +0000] "GET /escort_profile/kate/ HTTP/1.1" 200 44820 "https://klescorthub.net/" "Mozilla/5.0 (Linux; Android 10; K) AppleWebKit/537.36 (KHTML, like Gecko) Chrome/141.0.0.0 Mobile Safari/537.36"
175.140.13.39 - - [08/Oct/2025:06:36:08 +0000] "GET /ibeptoxa/1701672868719/17016728916296-400x600.jpg HTTP/1.1" 200 49251 "https://klescorthub.net/" "Mozilla/5.0 (Linux; Android 10; K) AppleWebKit/537.36 (KHTML, like Gecko) Chrome/141.0.0.0 Mobile Safari/537.36"
175.140.13.39 - - [08/Oct/2025:06:36:08 +0000] "GET /escort_profile/kate/ HTTP/1.1" 304 - "https://klescorthub.net/" "Mozilla/5.0 (Linux; Android 10; K) AppleWebKit/537.36 (KHTML, like Gecko) Chrome/141.0.0.0 Mobile Safari/537.36"
203.161.56.247 - - [08/Oct/2025:06:36:08 +0000] "GET /escort_profile/yani-3/ HTTP/1.1" 200 43224 "-" "WP Rocket/Preload"
175.140.13.39 - - [08/Oct/2025:06:36:08 +0000] "GET /escort_profile/aishah-2/ HTTP/1.1" 200 44816 "https://klescorthub.net/" "Mozilla/5.0 (Linux; Android 10; K) AppleWebKit/537.36 (KHTML, like Gecko) Chrome/141.0.0.0 Mobile Safari/537.36"
175.140.13.39 - - [08/Oct/2025:06:36:10 +0000] "GET /escort_profile/aishah-2/ HTTP/1.1" 304 - "https://klescorthub.net/" "Mozilla/5.0 (Linux; Android 10; K) AppleWebKit/537.36 (KHTML, like Gecko) Chrome/141.0.0.0 Mobile Safari/537.36"
203.161.56.247 - - [08/Oct/2025:06:36:10 +0000] "GET /escort_profile/yani-3/ HTTP/1.1" 200 43068 "-" "WP Rocket/Preload Mozilla/5.0 (iPhone; CPU iPhone OS 9_1 like Mac OS X) AppleWebKit/601.1.46 (KHTML, like Gecko) Version/9.0 Mobile/13B143 Safari/601.1"
203.161.56.247 - - [08/Oct/2025:06:36:11 +0000] "GET /escort_profile/marina/ HTTP/1.1" 200 44814 "-" "WP Rocket/Preload"
175.140.13.39 - - [08/Oct/2025:06:36:13 +0000] "GET /ibeptoxa/1701803723133/17018037374977-392x490.jpg HTTP/1.1" 200 36020 "https://klescorthub.net/escort_profile/kate/" "Mozilla/5.0 (Linux; Android 10; K) AppleWebKit/537.36 (KHTML, like Gecko) Chrome/141.0.0.0 Mobile Safari/537.36"
175.140.13.39 - - [08/Oct/2025:06:36:13 +0000] "GET /ibeptoxa/1701803723133/17018037515945-392x490.jpg HTTP/1.1" 200 35710 "https://klescorthub.net/escort_profile/kate/" "Mozilla/5.0 (Linux; Android 10; K) AppleWebKit/537.36 (KHTML, like Gecko) Chrome/141.0.0.0 Mobile Safari/537.36"
175.140.13.39 - - [08/Oct/2025:06:36:13 +0000] "GET /ibeptoxa/1701803723133/17018037515466-392x490.jpg HTTP/1.1" 200 38667 "https://klescorthub.net/escort_profile/kate/" "Mozilla/5.0 (Linux; Android 10; K) AppleWebKit/537.36 (KHTML, like Gecko) Chrome/141.0.0.0 Mobile Safari/537.36"
175.140.13.39 - - [08/Oct/2025:06:36:13 +0000] "GET /ibeptoxa/1701803723133/17018037511065-392x490.jpg HTTP/1.1" 200 45489 "https://klescorthub.net/escort_profile/kate/" "Mozilla/5.0 (Linux; Android 10; K) AppleWebKit/537.36 (KHTML, like Gecko) Chrome/141.0.0.0 Mobile Safari/537.36"
175.140.13.39 - - [08/Oct/2025:06:36:13 +0000] "GET /ibeptoxa/1701803723133/17018037513515-392x490.jpg HTTP/1.1" 200 38650 "https://klescorthub.net/escort_profile/kate/" "Mozilla/5.0 (Linux; Android 10; K) AppleWebKit/537.36 (KHTML, like Gecko) Chrome/141.0.0.0 Mobile Safari/537.36"
203.161.56.247 - - [08/Oct/2025:06:36:13 +0000] "GET /escort_profile/marina/ HTTP/1.1" 200 43241 "-" "WP Rocket/Preload Mozilla/5.0 (iPhone; CPU iPhone OS 9_1 like Mac OS X) AppleWebKit/601.1.46 (KHTML, like Gecko) Version/9.0 Mobile/13B143 Safari/601.1"
203.161.56.247 - - [08/Oct/2025:06:36:14 +0000] "GET /2024/01/17/ HTTP/1.1" 200 39389 "-" "WP Rocket/Preload"
203.161.56.247 - - [08/Oct/2025:06:36:16 +0000] "GET /2024/01/17/ HTTP/1.1" 200 39397 "-" "WP Rocket/Preload Mozilla/5.0 (iPhone; CPU iPhone OS 9_1 like Mac OS X) AppleWebKit/601.1.46 (KHTML, like Gecko) Version/9.0 Mobile/13B143 Safari/601.1"
175.140.13.39 - - [08/Oct/2025:06:36:18 +0000] "GET /escort_profile/marina/ HTTP/1.1" 200 43262 "https://klescorthub.net/" "Mozilla/5.0 (Linux; Android 10; K) AppleWebKit/537.36 (KHTML, like Gecko) Chrome/141.0.0.0 Mobile Safari/537.36"
175.140.13.39 - - [08/Oct/2025:06:36:18 +0000] "GET /escort_profile/marina/ HTTP/1.1" 304 - "https://klescorthub.net/" "Mozilla/5.0 (Linux; Android 10; K) AppleWebKit/537.36 (KHTML, like Gecko) Chrome/141.0.0.0 Mobile Safari/537.36"
203.161.56.247 - - [08/Oct/2025:06:36:17 +0000] "GET /escort_profile/nadia-3/ HTTP/1.1" 200 43255 "-" "WP Rocket/Preload"
203.161.56.247 - - [08/Oct/2025:06:36:19 +0000] "GET /escort_profile/nadia-3/ HTTP/1.1" 200 43118 "-" "WP Rocket/Preload Mozilla/5.0 (iPhone; CPU iPhone OS 9_1 like Mac OS X) AppleWebKit/601.1.46 (KHTML, like Gecko) Version/9.0 Mobile/13B143 Safari/601.1"
175.140.13.39 - - [08/Oct/2025:06:36:19 +0000] "GET /escort_profile/suriani-2/ HTTP/1.1" 200 43234 "https://klescorthub.net/" "Mozilla/5.0 (Linux; Android 10; K) AppleWebKit/537.36 (KHTML, like Gecko) Chrome/141.0.0.0 Mobile Safari/537.36"
175.140.13.39 - - [08/Oct/2025:06:36:20 +0000] "GET /escort_profile/suriani-2/ HTTP/1.1" 304 - "https://klescorthub.net/" "Mozilla/5.0 (Linux; Android 10; K) AppleWebKit/537.36 (KHTML, like Gecko) Chrome/141.0.0.0 Mobile Safari/537.36"
175.140.13.39 - - [08/Oct/2025:06:36:20 +0000] "GET /page/2/ HTTP/1.1" 200 15882 "https://klescorthub.net/" "Mozilla/5.0 (Linux; Android 10; K) AppleWebKit/537.36 (KHTML, like Gecko) Chrome/141.0.0.0 Mobile Safari/537.36"
203.161.56.247 - - [08/Oct/2025:06:36:20 +0000] "GET /new-escorts/ HTTP/1.1" 200 36936 "-" "WP Rocket/Preload"
175.140.13.39 - - [08/Oct/2025:06:36:21 +0000] "GET /page/2/ HTTP/1.1" 200 15882 "https://klescorthub.net/" "Mozilla/5.0 (Linux; Android 10; K) AppleWebKit/537.36 (KHTML, like Gecko) Chrome/141.0.0.0 Mobile Safari/537.36"
203.161.56.247 - - [08/Oct/2025:06:36:21 +0000] "GET /new-escorts/ HTTP/1.1" 200 35657 "-" "WP Rocket/Preload Mozilla/5.0 (iPhone; CPU iPhone OS 9_1 like Mac OS X) AppleWebKit/601.1.46 (KHTML, like Gecko) Version/9.0 Mobile/13B143 Safari/601.1"
175.140.13.39 - - [08/Oct/2025:06:36:22 +0000] "GET /jufisas/dadipon.css HTTP/1.1" 200 15557 "https://klescorthub.net/page/2/" "Mozilla/5.0 (Linux; Android 10; K) AppleWebKit/537.36 (KHTML, like Gecko) Chrome/141.0.0.0 Mobile Safari/537.36"
175.140.13.39 - - [08/Oct/2025:06:36:23 +0000] "GET /jufisas/css/icon-font/style.css HTTP/1.1" 200 9216 "https://klescorthub.net/page/2/" "Mozilla/5.0 (Linux; Android 10; K) AppleWebKit/537.36 (KHTML, like Gecko) Chrome/141.0.0.0 Mobile Safari/537.36"
175.140.13.39 - - [08/Oct/2025:06:36:23 +0000] "GET /jufisas/css/responsive.css HTTP/1.1" 200 2139 "https://klescorthub.net/page/2/" "Mozilla/5.0 (Linux; Android 10; K) AppleWebKit/537.36 (KHTML, like Gecko) Chrome/141.0.0.0 Mobile Safari/537.36"
175.140.13.39 - - [08/Oct/2025:06:36:23 +0000] "GET /jufisas/css/select2.min.css HTTP/1.1" 200 1998 "https://klescorthub.net/page/2/" "Mozilla/5.0 (Linux; Android 10; K) AppleWebKit/537.36 (KHTML, like Gecko) Chrome/141.0.0.0 Mobile Safari/537.36"
175.140.13.39 - - [08/Oct/2025:06:36:23 +0000] "GET /jufisas/js/dolceescort.js HTTP/1.1" 200 3471 "https://klescorthub.net/page/2/" "Mozilla/5.0 (Linux; Android 10; K) AppleWebKit/537.36 (KHTML, like Gecko) Chrome/141.0.0.0 Mobile Safari/537.36"
175.140.13.39 - - [08/Oct/2025:06:36:23 +0000] "GET /jufisas/js/js.cookie.js HTTP/1.1" 200 1556 "https://klescorthub.net/page/2/" "Mozilla/5.0 (Linux; Android 10; K) AppleWebKit/537.36 (KHTML, like Gecko) Chrome/141.0.0.0 Mobile Safari/537.36"
175.140.13.39 - - [08/Oct/2025:06:36:23 +0000] "GET /jufisas/js/checkator.jquery.js HTTP/1.1" 200 1572 "https://klescorthub.net/page/2/" "Mozilla/5.0 (Linux; Android 10; K) AppleWebKit/537.36 (KHTML, like Gecko) Chrome/141.0.0.0 Mobile Safari/537.36"
175.140.13.39 - - [08/Oct/2025:06:36:23 +0000] "GET /ibeptoxa/1700679104276/17006791165330-400x600.jpg HTTP/1.1" 200 39457 "https://klescorthub.net/page/2/" "Mozilla/5.0 (Linux; Android 10; K) AppleWebKit/537.36 (KHTML, like Gecko) Chrome/141.0.0.0 Mobile Safari/537.36"
175.140.13.39 - - [08/Oct/2025:06:36:23 +0000] "GET /ibeptoxa/1700678841719/17006788537955-400x600.jpg HTTP/1.1" 200 37968 "https://klescorthub.net/page/2/" "Mozilla/5.0 (Linux; Android 10; K) AppleWebKit/537.36 (KHTML, like Gecko) Chrome/141.0.0.0 Mobile Safari/537.36"
175.140.13.39 - - [08/Oct/2025:06:36:23 +0000] "GET /ibeptoxa/170067897548/17006789885225-400x600.jpg HTTP/1.1" 200 36222 "https://klescorthub.net/page/2/" "Mozilla/5.0 (Linux; Android 10; K) AppleWebKit/537.36 (KHTML, like Gecko) Chrome/141.0.0.0 Mobile Safari/537.36"
175.140.13.39 - - [08/Oct/2025:06:36:23 +0000] "GET /ibeptoxa/1700678667772/17006786815224-400x600.jpg HTTP/1.1" 200 50492 "https://klescorthub.net/page/2/" "Mozilla/5.0 (Linux; Android 10; K) AppleWebKit/537.36 (KHTML, like Gecko) Chrome/141.0.0.0 Mobile Safari/537.36"
175.140.13.39 - - [08/Oct/2025:06:36:23 +0000] "GET /ibeptoxa/1700678562186/17006785775051-400x600.jpg HTTP/1.1" 200 48184 "https://klescorthub.net/page/2/" "Mozilla/5.0 (Linux; Android 10; K) AppleWebKit/537.36 (KHTML, like Gecko) Chrome/141.0.0.0 Mobile Safari/537.36"
175.140.13.39 - - [08/Oct/2025:06:36:22 +0000] "GET /page/2/ HTTP/1.1" 200 15882 "https://klescorthub.net/" "Mozilla/5.0 (Linux; Android 10; K) AppleWebKit/537.36 (KHTML, like Gecko) Chrome/141.0.0.0 Mobile Safari/537.36"
175.140.13.39 - - [08/Oct/2025:06:36:24 +0000] "GET /ibeptoxa/1700676984116/17006785155644-400x600.jpg HTTP/1.1" 200 47863 "https://klescorthub.net/page/2/" "Mozilla/5.0 (Linux; Android 10; K) AppleWebKit/537.36 (KHTML, like Gecko) Chrome/141.0.0.0 Mobile Safari/537.36"
175.140.13.39 - - [08/Oct/2025:06:36:24 +0000] "GET /ibeptoxa/1700678615839/17006786334965-400x600.jpg HTTP/1.1" 200 47028 "https://klescorthub.net/page/2/" "Mozilla/5.0 (Linux; Android 10; K) AppleWebKit/537.36 (KHTML, like Gecko) Chrome/141.0.0.0 Mobile Safari/537.36"
203.161.56.247 - - [08/Oct/2025:06:36:23 +0000] "GET /author/ftx152/ HTTP/1.1" 200 39957 "-" "WP Rocket/Preload"
