175.136.215.212 - - [08/Oct/2025:05:49:42 +0000] "GET /ibeptoxa/1706783543293/17067835817177-400x600.jpg HTTP/1.1" 200 45345 "https://klescorthub.net/" "Mozilla/5.0 (iPhone; CPU iPhone OS 18_6_2 like Mac OS X) AppleWebKit/605.1.15 (KHTML, like Gecko) CriOS/141.0.7390.41 Mobile/15E148 Safari/604.1"
175.136.215.212 - - [08/Oct/2025:05:49:42 +0000] "GET /ibeptoxa/1706783232238/17067832711077-400x600.jpg HTTP/1.1" 200 40053 "https://klescorthub.net/" "Mozilla/5.0 (iPhone; CPU iPhone OS 18_6_2 like Mac OS X) AppleWebKit/605.1.15 (KHTML, like Gecko) CriOS/141.0.7390.41 Mobile/15E148 Safari/604.1"
203.161.56.247 - - [08/Oct/2025:05:49:42 +0000] "GET /busty/ HTTP/1.1" 200 34756 "-" "WP Rocket/Preload Mozilla/5.0 (iPhone; CPU iPhone OS 9_1 like Mac OS X) AppleWebKit/601.1.46 (KHTML, like Gecko) Version/9.0 Mobile/13B143 Safari/601.1"
175.136.215.212 - - [08/Oct/2025:05:49:44 +0000] "GET /ibeptoxa/1702572591995/17025726091009-400x600.jpg HTTP/1.1" 200 37814 "https://klescorthub.net/" "Mozilla/5.0 (iPhone; CPU iPhone OS 18_6_2 like Mac OS X) AppleWebKit/605.1.15 (KHTML, like Gecko) CriOS/141.0.7390.41 Mobile/15E148 Safari/604.1"
175.136.215.212 - - [08/Oct/2025:05:49:44 +0000] "GET /ibeptoxa/1702572725668/17025727397192-400x600.jpg HTTP/1.1" 200 48553 "https://klescorthub.net/" "Mozilla/5.0 (iPhone; CPU iPhone OS 18_6_2 like Mac OS X) AppleWebKit/605.1.15 (KHTML, like Gecko) CriOS/141.0.7390.41 Mobile/15E148 Safari/604.1"
203.161.56.247 - - [08/Oct/2025:05:49:45 +0000] "GET /link-to-us/ HTTP/1.1" 200 35289 "-" "WP Rocket/Preload Mozilla/5.0 (iPhone; CPU iPhone OS 9_1 like Mac OS X) AppleWebKit/601.1.46 (KHTML, like Gecko) Version/9.0 Mobile/13B143 Safari/601.1"
203.161.56.247 - - [08/Oct/2025:05:49:43 +0000] "GET /link-to-us/ HTTP/1.1" 200 35255 "-" "WP Rocket/Preload"
203.161.56.247 - - [08/Oct/2025:05:49:45 +0000] "GET /independent-escorts/ HTTP/1.1" 200 36192 "-" "WP Rocket/Preload"
175.136.215.212 - - [08/Oct/2025:05:49:48 +0000] "GET /ibeptoxa/1702572277319/17025722901395-400x600.jpg HTTP/1.1" 200 51902 "https://klescorthub.net/" "Mozilla/5.0 (iPhone; CPU iPhone OS 18_6_2 like Mac OS X) AppleWebKit/605.1.15 (KHTML, like Gecko) CriOS/141.0.7390.41 Mobile/15E148 Safari/604.1"
175.136.215.212 - - [08/Oct/2025:05:49:48 +0000] "GET /ibeptoxa/1702572328253/17025723506772-400x600.jpg HTTP/1.1" 200 41123 "https://klescorthub.net/" "Mozilla/5.0 (iPhone; CPU iPhone OS 18_6_2 like Mac OS X) AppleWebKit/605.1.15 (KHTML, like Gecko) CriOS/141.0.7390.41 Mobile/15E148 Safari/604.1"
203.161.56.247 - - [08/Oct/2025:05:49:47 +0000] "GET /independent-escorts/ HTTP/1.1" 200 36224 "-" "WP Rocket/Preload Mozilla/5.0 (iPhone; CPU iPhone OS 9_1 like Mac OS X) AppleWebKit/601.1.46 (KHTML, like Gecko) Version/9.0 Mobile/13B143 Safari/601.1"
203.161.56.247 - - [08/Oct/2025:05:49:48 +0000] "GET /female-escorts/ HTTP/1.1" 200 39511 "-" "WP Rocket/Preload"
175.136.215.212 - - [08/Oct/2025:05:49:51 +0000] "GET /ibeptoxa/1702572185693/17025722228528-400x600.jpg HTTP/1.1" 200 40735 "https://klescorthub.net/" "Mozilla/5.0 (iPhone; CPU iPhone OS 18_6_2 like Mac OS X) AppleWebKit/605.1.15 (KHTML, like Gecko) CriOS/141.0.7390.41 Mobile/15E148 Safari/604.1"
175.136.215.212 - - [08/Oct/2025:05:49:51 +0000] "GET /ibeptoxa/1702572080231/17025721076279-400x600.jpg HTTP/1.1" 200 40566 "https://klescorthub.net/" "Mozilla/5.0 (iPhone; CPU iPhone OS 18_6_2 like Mac OS X) AppleWebKit/605.1.15 (KHTML, like Gecko) CriOS/141.0.7390.41 Mobile/15E148 Safari/604.1"
175.136.215.212 - - [08/Oct/2025:05:49:51 +0000] "GET /ibeptoxa/1701803838515/17018038512258-400x600.jpg HTTP/1.1" 200 36691 "https://klescorthub.net/" "Mozilla/5.0 (iPhone; CPU iPhone OS 18_6_2 like Mac OS X) AppleWebKit/605.1.15 (KHTML, like Gecko) CriOS/141.0.7390.41 Mobile/15E148 Safari/604.1"
175.136.215.212 - - [08/Oct/2025:05:49:51 +0000] "GET /ibeptoxa/1701803917124/17018039288272-400x600.jpg HTTP/1.1" 200 38026 "https://klescorthub.net/" "Mozilla/5.0 (iPhone; CPU iPhone OS 18_6_2 like Mac OS X) AppleWebKit/605.1.15 (KHTML, like Gecko) CriOS/141.0.7390.41 Mobile/15E148 Safari/604.1"
203.161.56.247 - - [08/Oct/2025:05:49:49 +0000] "GET /female-escorts/ HTTP/1.1" 200 39501 "-" "WP Rocket/Preload Mozilla/5.0 (iPhone; CPU iPhone OS 9_1 like Mac OS X) AppleWebKit/601.1.46 (KHTML, like Gecko) Version/9.0 Mobile/13B143 Safari/601.1"
175.136.215.212 - - [08/Oct/2025:05:49:52 +0000] "GET /ibeptoxa/1701803723133/17018037374977-400x600.jpg HTTP/1.1" 200 44525 "https://klescorthub.net/" "Mozilla/5.0 (iPhone; CPU iPhone OS 18_6_2 like Mac OS X) AppleWebKit/605.1.15 (KHTML, like Gecko) CriOS/141.0.7390.41 Mobile/15E148 Safari/604.1"
175.136.215.212 - - [08/Oct/2025:05:49:52 +0000] "GET /ibeptoxa/1701803785634/17018037951895-400x600.jpg HTTP/1.1" 200 31061 "https://klescorthub.net/" "Mozilla/5.0 (iPhone; CPU iPhone OS 18_6_2 like Mac OS X) AppleWebKit/605.1.15 (KHTML, like Gecko) CriOS/141.0.7390.41 Mobile/15E148 Safari/604.1"
203.161.56.247 - - [08/Oct/2025:05:49:51 +0000] "GET /category/blog/ HTTP/1.1" 200 38563 "-" "WP Rocket/Preload"
175.136.215.212 - - [08/Oct/2025:05:49:53 +0000] "GET /ibeptoxa/1701803571491/17018035893893-400x600.jpg HTTP/1.1" 200 35566 "https://klescorthub.net/" "Mozilla/5.0 (iPhone; CPU iPhone OS 18_6_2 like Mac OS X) AppleWebKit/605.1.15 (KHTML, like Gecko) CriOS/141.0.7390.41 Mobile/15E148 Safari/604.1"
175.136.215.212 - - [08/Oct/2025:05:49:53 +0000] "GET /ibeptoxa/1701803654332/17018036732139-400x600.jpg HTTP/1.1" 200 33738 "https://klescorthub.net/" "Mozilla/5.0 (iPhone; CPU iPhone OS 18_6_2 like Mac OS X) AppleWebKit/605.1.15 (KHTML, like Gecko) CriOS/141.0.7390.41 Mobile/15E148 Safari/604.1"
203.161.56.247 - - [08/Oct/2025:05:49:52 +0000] "GET /category/blog/ HTTP/1.1" 200 38571 "-" "WP Rocket/Preload Mozilla/5.0 (iPhone; CPU iPhone OS 9_1 like Mac OS X) AppleWebKit/601.1.46 (KHTML, like Gecko) Version/9.0 Mobile/13B143 Safari/601.1"
175.136.215.212 - - [08/Oct/2025:05:49:55 +0000] "GET /ibeptoxa/1701673504226/17016735157618-400x600.jpg HTTP/1.1" 200 48553 "https://klescorthub.net/" "Mozilla/5.0 (iPhone; CPU iPhone OS 18_6_2 like Mac OS X) AppleWebKit/605.1.15 (KHTML, like Gecko) CriOS/141.0.7390.41 Mobile/15E148 Safari/604.1"
175.136.215.212 - - [08/Oct/2025:05:49:55 +0000] "GET /ibeptoxa/1701673436674/17016734586544-400x600.jpg HTTP/1.1" 200 33469 "https://klescorthub.net/" "Mozilla/5.0 (iPhone; CPU iPhone OS 18_6_2 like Mac OS X) AppleWebKit/605.1.15 (KHTML, like Gecko) CriOS/141.0.7390.41 Mobile/15E148 Safari/604.1"
175.136.215.212 - - [08/Oct/2025:05:49:55 +0000] "GET /ibeptoxa/1701673320121/17016733375105-400x600.jpg HTTP/1.1" 200 37814 "https://klescorthub.net/" "Mozilla/5.0 (iPhone; CPU iPhone OS 18_6_2 like Mac OS X) AppleWebKit/605.1.15 (KHTML, like Gecko) CriOS/141.0.7390.41 Mobile/15E148 Safari/604.1"
175.136.215.212 - - [08/Oct/2025:05:49:55 +0000] "GET /ibeptoxa/17016730911/17016731059024-400x600.jpg HTTP/1.1" 200 48717 "https://klescorthub.net/" "Mozilla/5.0 (iPhone; CPU iPhone OS 18_6_2 like Mac OS X) AppleWebKit/605.1.15 (KHTML, like Gecko) CriOS/141.0.7390.41 Mobile/15E148 Safari/604.1"
203.161.56.247 - - [08/Oct/2025:05:49:54 +0000] "GET /search-for-escorts/ HTTP/1.1" 200 37470 "-" "WP Rocket/Preload"
175.136.215.212 - - [08/Oct/2025:05:49:56 +0000] "GET /ibeptoxa/1701672989206/17016729984810-400x600.jpg HTTP/1.1" 200 41123 "https://klescorthub.net/" "Mozilla/5.0 (iPhone; CPU iPhone OS 18_6_2 like Mac OS X) AppleWebKit/605.1.15 (KHTML, like Gecko) CriOS/141.0.7390.41 Mobile/15E148 Safari/604.1"
175.136.215.212 - - [08/Oct/2025:05:49:56 +0000] "GET /ibeptoxa/1701672868719/17016728916296-400x600.jpg HTTP/1.1" 200 49251 "https://klescorthub.net/" "Mozilla/5.0 (iPhone; CPU iPhone OS 18_6_2 like Mac OS X) AppleWebKit/605.1.15 (KHTML, like Gecko) CriOS/141.0.7390.41 Mobile/15E148 Safari/604.1"
203.161.56.247 - - [08/Oct/2025:05:49:55 +0000] "GET /search-for-escorts/ HTTP/1.1" 200 37521 "-" "WP Rocket/Preload Mozilla/5.0 (iPhone; CPU iPhone OS 9_1 like Mac OS X) AppleWebKit/601.1.46 (KHTML, like Gecko) Version/9.0 Mobile/13B143 Safari/601.1"
203.161.56.247 - - [08/Oct/2025:05:49:57 +0000] "GET /bbj/ HTTP/1.1" 200 35990 "-" "WP Rocket/Preload"
203.161.56.247 - - [08/Oct/2025:05:49:58 +0000] "GET /bbj/ HTTP/1.1" 200 36014 "-" "WP Rocket/Preload Mozilla/5.0 (iPhone; CPU iPhone OS 9_1 like Mac OS X) AppleWebKit/601.1.46 (KHTML, like Gecko) Version/9.0 Mobile/13B143 Safari/601.1"
203.161.56.247 - - [08/Oct/2025:05:50:06 +0000] "POST /wp-cron.php?doing_wp_cron=1759902606.9708731174468994140625 HTTP/1.1" 200 - "-" "WordPress/6.8.3; https://klescorthub.net"
175.136.215.212 - - [08/Oct/2025:05:50:05 +0000] "GET /page/2/ HTTP/1.1" 200 15882 "https://klescorthub.net/" "Mozilla/5.0 (iPhone; CPU iPhone OS 18_6_2 like Mac OS X) AppleWebKit/605.1.15 (KHTML, like Gecko) CriOS/141.0.7390.41 Mobile/15E148 Safari/604.1"
175.136.215.212 - - [08/Oct/2025:05:50:07 +0000] "GET /jufisas/dadipon.css HTTP/1.1" 200 15557 "https://klescorthub.net/page/2/" "Mozilla/5.0 (iPhone; CPU iPhone OS 18_6_2 like Mac OS X) AppleWebKit/605.1.15 (KHTML, like Gecko) CriOS/141.0.7390.41 Mobile/15E148 Safari/604.1"
175.136.215.212 - - [08/Oct/2025:05:50:07 +0000] "GET /jufisas/js/js.cookie.js HTTP/1.1" 200 1556 "https://klescorthub.net/page/2/" "Mozilla/5.0 (iPhone; CPU iPhone OS 18_6_2 like Mac OS X) AppleWebKit/605.1.15 (KHTML, like Gecko) CriOS/141.0.7390.41 Mobile/15E148 Safari/604.1"
175.136.215.212 - - [08/Oct/2025:05:50:08 +0000] "GET /jufisas/js/checkator.jquery.js HTTP/1.1" 200 1572 "https://klescorthub.net/page/2/" "Mozilla/5.0 (iPhone; CPU iPhone OS 18_6_2 like Mac OS X) AppleWebKit/605.1.15 (KHTML, like Gecko) CriOS/141.0.7390.41 Mobile/15E148 Safari/604.1"
175.136.215.212 - - [08/Oct/2025:05:50:08 +0000] "GET /jufisas/css/responsive.css HTTP/1.1" 200 2139 "https://klescorthub.net/page/2/" "Mozilla/5.0 (iPhone; CPU iPhone OS 18_6_2 like Mac OS X) AppleWebKit/605.1.15 (KHTML, like Gecko) CriOS/141.0.7390.41 Mobile/15E148 Safari/604.1"
175.136.215.212 - - [08/Oct/2025:05:50:08 +0000] "GET /jufisas/css/icon-font/style.css HTTP/1.1" 200 9216 "https://klescorthub.net/page/2/" "Mozilla/5.0 (iPhone; CPU iPhone OS 18_6_2 like Mac OS X) AppleWebKit/605.1.15 (KHTML, like Gecko) CriOS/141.0.7390.41 Mobile/15E148 Safari/604.1"
175.136.215.212 - - [08/Oct/2025:05:50:08 +0000] "GET /jufisas/css/select2.min.css HTTP/1.1" 200 1998 "https://klescorthub.net/page/2/" "Mozilla/5.0 (iPhone; CPU iPhone OS 18_6_2 like Mac OS X) AppleWebKit/605.1.15 (KHTML, like Gecko) CriOS/141.0.7390.41 Mobile/15E148 Safari/604.1"
175.136.215.212 - - [08/Oct/2025:05:50:08 +0000] "GET /jufisas/js/dolceescort.js HTTP/1.1" 200 3471 "https://klescorthub.net/page/2/" "Mozilla/5.0 (iPhone; CPU iPhone OS 18_6_2 like Mac OS X) AppleWebKit/605.1.15 (KHTML, like Gecko) CriOS/141.0.7390.41 Mobile/15E148 Safari/604.1"
175.136.215.212 - - [08/Oct/2025:05:50:08 +0000] "GET /ibeptoxa/1700678841719/17006788537955-400x600.jpg HTTP/1.1" 200 37968 "https://klescorthub.net/page/2/" "Mozilla/5.0 (iPhone; CPU iPhone OS 18_6_2 like Mac OS X) AppleWebKit/605.1.15 (KHTML, like Gecko) CriOS/141.0.7390.41 Mobile/15E148 Safari/604.1"
175.136.215.212 - - [08/Oct/2025:05:50:08 +0000] "GET /ibeptoxa/1700678667772/17006786815224-400x600.jpg HTTP/1.1" 200 50492 "https://klescorthub.net/page/2/" "Mozilla/5.0 (iPhone; CPU iPhone OS 18_6_2 like Mac OS X) AppleWebKit/605.1.15 (KHTML, like Gecko) CriOS/141.0.7390.41 Mobile/15E148 Safari/604.1"
175.136.215.212 - - [08/Oct/2025:05:50:08 +0000] "GET /ibeptoxa/170067897548/17006789885225-400x600.jpg HTTP/1.1" 200 36222 "https://klescorthub.net/page/2/" "Mozilla/5.0 (iPhone; CPU iPhone OS 18_6_2 like Mac OS X) AppleWebKit/605.1.15 (KHTML, like Gecko) CriOS/141.0.7390.41 Mobile/15E148 Safari/604.1"
175.136.215.212 - - [08/Oct/2025:05:50:08 +0000] "GET /ibeptoxa/1700679104276/17006791165330-400x600.jpg HTTP/1.1" 200 39457 "https://klescorthub.net/page/2/" "Mozilla/5.0 (iPhone; CPU iPhone OS 18_6_2 like Mac OS X) AppleWebKit/605.1.15 (KHTML, like Gecko) CriOS/141.0.7390.41 Mobile/15E148 Safari/604.1"
175.136.215.212 - - [08/Oct/2025:05:50:08 +0000] "GET /ibeptoxa/1700678562186/17006785775051-400x600.jpg HTTP/1.1" 200 48184 "https://klescorthub.net/page/2/" "Mozilla/5.0 (iPhone; CPU iPhone OS 18_6_2 like Mac OS X) AppleWebKit/605.1.15 (KHTML, like Gecko) CriOS/141.0.7390.41 Mobile/15E148 Safari/604.1"
175.136.215.212 - - [08/Oct/2025:05:50:09 +0000] "GET /ibeptoxa/1700676984116/17006785155644-400x600.jpg HTTP/1.1" 200 47863 "https://klescorthub.net/page/2/" "Mozilla/5.0 (iPhone; CPU iPhone OS 18_6_2 like Mac OS X) AppleWebKit/605.1.15 (KHTML, like Gecko) CriOS/141.0.7390.41 Mobile/15E148 Safari/604.1"
175.136.215.212 - - [08/Oct/2025:05:50:09 +0000] "GET /ibeptoxa/1700678615839/17006786334965-400x600.jpg HTTP/1.1" 200 47028 "https://klescorthub.net/page/2/" "Mozilla/5.0 (iPhone; CPU iPhone OS 18_6_2 like Mac OS X) AppleWebKit/605.1.15 (KHTML, like Gecko) CriOS/141.0.7390.41 Mobile/15E148 Safari/604.1"
203.161.56.247 - - [08/Oct/2025:05:50:08 +0000] "GET /premium-escorts/ HTTP/1.1" 200 35853 "-" "WP Rocket/Preload"
203.161.56.247 - - [08/Oct/2025:05:50:09 +0000] "GET /premium-escorts/ HTTP/1.1" 200 37156 "-" "WP Rocket/Preload Mozilla/5.0 (iPhone; CPU iPhone OS 9_1 like Mac OS X) AppleWebKit/601.1.46 (KHTML, like Gecko) Version/9.0 Mobile/13B143 Safari/601.1"
203.161.56.247 - - [08/Oct/2025:05:50:11 +0000] "GET /online-escorts/ HTTP/1.1" 200 40181 "-" "WP Rocket/Preload"
203.161.56.247 - - [08/Oct/2025:05:50:12 +0000] "GET /online-escorts/ HTTP/1.1" 200 40193 "-" "WP Rocket/Preload Mozilla/5.0 (iPhone; CPU iPhone OS 9_1 like Mac OS X) AppleWebKit/601.1.46 (KHTML, like Gecko) Version/9.0 Mobile/13B143 Safari/601.1"
203.161.56.247 - - [08/Oct/2025:05:50:14 +0000] "GET /gay-escorts/ HTTP/1.1" 200 36178 "-" "WP Rocket/Preload"
175.136.215.212 - - [08/Oct/2025:05:50:15 +0000] "GET / HTTP/1.1" 200 39450 "https://klescorthub.net/page/2/" "Mozilla/5.0 (iPhone; CPU iPhone OS 18_6_2 like Mac OS X) AppleWebKit/605.1.15 (KHTML, like Gecko) CriOS/141.0.7390.41 Mobile/15E148 Safari/604.1"
203.161.56.247 - - [08/Oct/2025:05:50:15 +0000] "GET /gay-escorts/ HTTP/1.1" 200 36196 "-" "WP Rocket/Preload Mozilla/5.0 (iPhone; CPU iPhone OS 9_1 like Mac OS X) AppleWebKit/601.1.46 (KHTML, like Gecko) Version/9.0 Mobile/13B143 Safari/601.1"
203.161.56.247 - - [08/Oct/2025:05:50:17 +0000] "GET /agency-reviews/ HTTP/1.1" 200 36003 "-" "WP Rocket/Preload"
203.161.56.247 - - [08/Oct/2025:05:50:18 +0000] "GET /agency-reviews/ HTTP/1.1" 200 36017 "-" "WP Rocket/Preload Mozilla/5.0 (iPhone; CPU iPhone OS 9_1 like Mac OS X) AppleWebKit/601.1.46 (KHTML, like Gecko) Version/9.0 Mobile/13B143 Safari/601.1"
203.161.56.247 - - [08/Oct/2025:05:50:20 +0000] "GET /agency/topusasmmshop-10/ HTTP/1.1" 200 37972 "-" "WP Rocket/Preload"
203.161.56.247 - - [08/Oct/2025:05:50:21 +0000] "GET /agency/topusasmmshop-10/ HTTP/1.1" 200 37987 "-" "WP Rocket/Preload Mozilla/5.0 (iPhone; CPU iPhone OS 9_1 like Mac OS X) AppleWebKit/601.1.46 (KHTML, like Gecko) Version/9.0 Mobile/13B143 Safari/601.1"
203.161.56.247 - - [08/Oct/2025:05:50:23 +0000] "GET /category/uncategorized/ HTTP/1.1" 200 36211 "-" "WP Rocket/Preload"
203.161.56.247 - - [08/Oct/2025:05:50:24 +0000] "GET /category/uncategorized/ HTTP/1.1" 200 36224 "-" "WP Rocket/Preload Mozilla/5.0 (iPhone; CPU iPhone OS 9_1 like Mac OS X) AppleWebKit/601.1.46 (KHTML, like Gecko) Version/9.0 Mobile/13B143 Safari/601.1"
203.161.56.247 - - [08/Oct/2025:05:50:26 +0000] "GET /agency/topusasmmshop-11/ HTTP/1.1" 200 38083 "-" "WP Rocket/Preload"
203.161.56.247 - - [08/Oct/2025:05:50:27 +0000] "GET /agency/topusasmmshop-11/ HTTP/1.1" 200 38098 "-" "WP Rocket/Preload Mozilla/5.0 (iPhone; CPU iPhone OS 9_1 like Mac OS X) AppleWebKit/601.1.46 (KHTML, like Gecko) Version/9.0 Mobile/13B143 Safari/601.1"
175.136.215.212 - - [08/Oct/2025:05:50:31 +0000] "GET /escort_profile/agency-kl-eve-club/ HTTP/1.1" 200 43412 "https://klescorthub.net/" "Mozilla/5.0 (iPhone; CPU iPhone OS 18_6_2 like Mac OS X) AppleWebKit/605.1.15 (KHTML, like Gecko) CriOS/141.0.7390.41 Mobile/15E148 Safari/604.1"
175.136.215.212 - - [08/Oct/2025:05:50:34 +0000] "GET /ibeptoxa/1746899884338/17468999081148-331x490.jpg HTTP/1.1" 200 28490 "https://klescorthub.net/escort_profile/agency-kl-eve-club/" "Mozilla/5.0 (iPhone; CPU iPhone OS 18_6_2 like Mac OS X) AppleWebKit/605.1.15 (KHTML, like Gecko) CriOS/141.0.7390.41 Mobile/15E148 Safari/604.1"
175.136.215.212 - - [08/Oct/2025:05:50:34 +0000] "GET /ibeptoxa/1746899884338/17468999084298-331x490.jpg HTTP/1.1" 200 21445 "https://klescorthub.net/escort_profile/agency-kl-eve-club/" "Mozilla/5.0 (iPhone; CPU iPhone OS 18_6_2 like Mac OS X) AppleWebKit/605.1.15 (KHTML, like Gecko) CriOS/141.0.7390.41 Mobile/15E148 Safari/604.1"
175.136.215.212 - - [08/Oct/2025:05:50:38 +0000] "GET /ibeptoxa/1746899884338/17468999082271-331x490.jpg HTTP/1.1" 200 29230 "https://klescorthub.net/escort_profile/agency-kl-eve-club/" "Mozilla/5.0 (iPhone; CPU iPhone OS 18_6_2 like Mac OS X) AppleWebKit/605.1.15 (KHTML, like Gecko) CriOS/141.0.7390.41 Mobile/15E148 Safari/604.1"
175.136.215.212 - - [08/Oct/2025:05:51:58 +0000] "GET /bb/ HTTP/1.1" 200 34882 "https://www.google.com/" "Mozilla/5.0 (iPhone; CPU iPhone OS 18_6_2 like Mac OS X) AppleWebKit/605.1.15 (KHTML, like Gecko) CriOS/141.0.7390.41 Mobile/15E148 Safari/604.1"
203.161.56.247 - - [08/Oct/2025:05:52:01 +0000] "POST /wp-cron.php?doing_wp_cron=1759902721.0179290771484375000000 HTTP/1.1" 200 - "-" "WordPress/6.8.3; https://klescorthub.net"
175.136.215.212 - - [08/Oct/2025:05:52:00 +0000] "GET /favicon.ico HTTP/1.1" 302 - "-" "Mozilla/5.0 (iPhone; CPU iPhone OS 18_6_2 like Mac OS X) AppleWebKit/605.1.15 (KHTML, like Gecko) CriOS/141.0.7390.41 Mobile/15E148 Safari/604.1"
175.136.215.212 - - [08/Oct/2025:05:52:01 +0000] "GET /ibeptoxa/2024/05/cropped-iconfinder_kl-escort-hub-32x32.png HTTP/1.1" 200 490 "-" "Mozilla/5.0 (iPhone; CPU iPhone OS 18_6_2 like Mac OS X) AppleWebKit/605.1.15 (KHTML, like Gecko) CriOS/141.0.7390.41 Mobile/15E148 Safari/604.1"
203.161.56.247 - - [08/Oct/2025:05:52:02 +0000] "GET /agency/seosmmit-2/ HTTP/1.1" 200 38055 "-" "WP Rocket/Preload"
203.161.56.247 - - [08/Oct/2025:05:52:05 +0000] "GET /agency/seosmmit-2/ HTTP/1.1" 200 38069 "-" "WP Rocket/Preload Mozilla/5.0 (iPhone; CPU iPhone OS 9_1 like Mac OS X) AppleWebKit/601.1.46 (KHTML, like Gecko) Version/9.0 Mobile/13B143 Safari/601.1"
43.131.36.84 - - [08/Oct/2025:05:52:05 +0000] "GET /ibeptoxa/1701672929497/17016729475960-1 HTTP/1.1" 404 12684 "-" "Mozilla/5.0 (iPhone; CPU iPhone OS 13_2_3 like Mac OS X) AppleWebKit/605.1.15 (KHTML, like Gecko) Version/13.0.3 Mobile/15E148 Safari/604.1"
203.161.56.247 - - [08/Oct/2025:05:52:06 +0000] "GET /agency/topusasmmshop-17/ HTTP/1.1" 200 38495 "-" "WP Rocket/Preload"
203.161.56.247 - - [08/Oct/2025:05:52:08 +0000] "GET /agency/topusasmmshop-17/ HTTP/1.1" 200 38513 "-" "WP Rocket/Preload Mozilla/5.0 (iPhone; CPU iPhone OS 9_1 like Mac OS X) AppleWebKit/601.1.46 (KHTML, like Gecko) Version/9.0 Mobile/13B143 Safari/601.1"
203.161.56.247 - - [08/Oct/2025:05:52:09 +0000] "GET /cheap/ HTTP/1.1" 200 34731 "-" "WP Rocket/Preload"
203.161.56.247 - - [08/Oct/2025:05:52:11 +0000] "GET /cheap/ HTTP/1.1" 200 34806 "-" "WP Rocket/Preload Mozilla/5.0 (iPhone; CPU iPhone OS 9_1 like Mac OS X) AppleWebKit/601.1.46 (KHTML, like Gecko) Version/9.0 Mobile/13B143 Safari/601.1"
203.161.56.247 - - [08/Oct/2025:05:52:11 +0000] "GET /anal/ HTTP/1.1" 200 34740 "-" "WP Rocket/Preload"
203.161.56.247 - - [08/Oct/2025:05:52:13 +0000] "GET /anal/ HTTP/1.1" 200 34792 "-" "WP Rocket/Preload Mozilla/5.0 (iPhone; CPU iPhone OS 9_1 like Mac OS X) AppleWebKit/601.1.46 (KHTML, like Gecko) Version/9.0 Mobile/13B143 Safari/601.1"
203.161.56.247 - - [08/Oct/2025:05:52:14 +0000] "GET /agency/ruth-houston/ HTTP/1.1" 200 39028 "-" "WP Rocket/Preload"
203.161.56.247 - - [08/Oct/2025:05:52:16 +0000] "GET /agency/ruth-houston/ HTTP/1.1" 200 26007 "-" "WP Rocket/Preload Mozilla/5.0 (iPhone; CPU iPhone OS 9_1 like Mac OS X) AppleWebKit/601.1.46 (KHTML, like Gecko) Version/9.0 Mobile/13B143 Safari/601.1"
203.161.56.247 - - [08/Oct/2025:05:52:17 +0000] "GET /girls/kuala-lumpur/sentul-escorts/ HTTP/1.1" 200 38316 "-" "WP Rocket/Preload"
203.161.56.247 - - [08/Oct/2025:05:52:19 +0000] "GET /girls/kuala-lumpur/sentul-escorts/ HTTP/1.1" 200 38328 "-" "WP Rocket/Preload Mozilla/5.0 (iPhone; CPU iPhone OS 9_1 like Mac OS X) AppleWebKit/601.1.46 (KHTML, like Gecko) Version/9.0 Mobile/13B143 Safari/601.1"
203.161.56.247 - - [08/Oct/2025:05:52:20 +0000] "GET /author/dahliastewart/ HTTP/1.1" 200 38730 "-" "WP Rocket/Preload"
203.161.56.247 - - [08/Oct/2025:05:52:22 +0000] "GET /author/dahliastewart/ HTTP/1.1" 200 38803 "-" "WP Rocket/Preload Mozilla/5.0 (iPhone; CPU iPhone OS 9_1 like Mac OS X) AppleWebKit/601.1.46 (KHTML, like Gecko) Version/9.0 Mobile/13B143 Safari/601.1"
203.161.56.247 - - [08/Oct/2025:05:53:13 +0000] "POST /wp-cron.php?doing_wp_cron=1759902793.7107439041137695312500 HTTP/1.1" 200 - "-" "WordPress/6.8.3; https://klescorthub.net"
46.30.212.78 - - [08/Oct/2025:05:53:12 +0000] "GET /agency/ruth-houston/?nowprocket=1&no_optimize=1&wpr_imagedimensions=1 HTTP/1.1" 200 16522 "-" "WP-Rocket/SaaS Mozilla/5.0 (Linux; Android 13; Pixel 5) AppleWebKit/537.36 (KHTML, like Gecko) Chrome/106.0.0.0 Mobile Safari/537.36"
46.30.212.78 - - [08/Oct/2025:05:53:14 +0000] "GET /jufisas/dadipon.css HTTP/1.1" 200 15557 "https://klescorthub.net/agency/ruth-houston/?nowprocket=1&no_optimize=1&wpr_imagedimensions=1" "WP-Rocket/SaaS Mozilla/5.0 (Linux; Android 13; Pixel 5) AppleWebKit/537.36 (KHTML, like Gecko) Chrome/106.0.0.0 Mobile Safari/537.36"
46.30.212.78 - - [08/Oct/2025:05:53:14 +0000] "GET /jufisas/css/icon-font/style.css HTTP/1.1" 200 9216 "https://klescorthub.net/agency/ruth-houston/?nowprocket=1&no_optimize=1&wpr_imagedimensions=1" "WP-Rocket/SaaS Mozilla/5.0 (Linux; Android 13; Pixel 5) AppleWebKit/537.36 (KHTML, like Gecko) Chrome/106.0.0.0 Mobile Safari/537.36"
46.30.212.78 - - [08/Oct/2025:05:53:14 +0000] "GET /jufisas/css/responsive.css HTTP/1.1" 200 2139 "https://klescorthub.net/agency/ruth-houston/?nowprocket=1&no_optimize=1&wpr_imagedimensions=1" "WP-Rocket/SaaS Mozilla/5.0 (Linux; Android 13; Pixel 5) AppleWebKit/537.36 (KHTML, like Gecko) Chrome/106.0.0.0 Mobile Safari/537.36"
46.30.212.78 - - [08/Oct/2025:05:53:14 +0000] "GET /jufisas/css/select2.min.css HTTP/1.1" 200 1998 "https://klescorthub.net/agency/ruth-houston/?nowprocket=1&no_optimize=1&wpr_imagedimensions=1" "WP-Rocket/SaaS Mozilla/5.0 (Linux; Android 13; Pixel 5) AppleWebKit/537.36 (KHTML, like Gecko) Chrome/106.0.0.0 Mobile Safari/537.36"
46.30.212.78 - - [08/Oct/2025:05:53:14 +0000] "GET /jadoaksy/js/jquery/jquery.min.js HTTP/1.1" 200 30368 "https://klescorthub.net/agency/ruth-houston/?nowprocket=1&no_optimize=1&wpr_imagedimensions=1" "WP-Rocket/SaaS Mozilla/5.0 (Linux; Android 13; Pixel 5) AppleWebKit/537.36 (KHTML, like Gecko) Chrome/106.0.0.0 Mobile Safari/537.36"
46.30.212.78 - - [08/Oct/2025:05:53:14 +0000] "GET /jufisas/js/select2.min.js HTTP/1.1" 200 19907 "https://klescorthub.net/agency/ruth-houston/?nowprocket=1&no_optimize=1&wpr_imagedimensions=1" "WP-Rocket/SaaS Mozilla/5.0 (Linux; Android 13; Pixel 5) AppleWebKit/537.36 (KHTML, like Gecko) Chrome/106.0.0.0 Mobile Safari/537.36"
46.30.212.78 - - [08/Oct/2025:05:53:14 +0000] "GET /jadoaksy/js/jquery/jquery-migrate.min.js HTTP/1.1" 200 4872 "https://klescorthub.net/agency/ruth-houston/?nowprocket=1&no_optimize=1&wpr_imagedimensions=1" "WP-Rocket/SaaS Mozilla/5.0 (Linux; Android 13; Pixel 5) AppleWebKit/537.36 (KHTML, like Gecko) Chrome/106.0.0.0 Mobile Safari/537.36"
46.30.212.78 - - [08/Oct/2025:05:53:14 +0000] "GET /jufisas/js/dolceescort.js HTTP/1.1" 200 3471 "https://klescorthub.net/agency/ruth-houston/?nowprocket=1&no_optimize=1&wpr_imagedimensions=1" "WP-Rocket/SaaS Mozilla/5.0 (Linux; Android 13; Pixel 5) AppleWebKit/537.36 (KHTML, like Gecko) Chrome/106.0.0.0 Mobile Safari/537.36"
46.30.212.78 - - [08/Oct/2025:05:53:14 +0000] "GET /jufisas/js/js.cookie.js HTTP/1.1" 200 1556 "https://klescorthub.net/agency/ruth-houston/?nowprocket=1&no_optimize=1&wpr_imagedimensions=1" "WP-Rocket/SaaS Mozilla/5.0 (Linux; Android 13; Pixel 5) AppleWebKit/537.36 (KHTML, like Gecko) Chrome/106.0.0.0 Mobile Safari/537.36"
46.30.212.78 - - [08/Oct/2025:05:53:14 +0000] "GET /jufisas/js/jquery.uploadifive.min.js HTTP/1.1" 200 4096 "https://klescorthub.net/agency/ruth-houston/?nowprocket=1&no_optimize=1&wpr_imagedimensions=1" "WP-Rocket/SaaS Mozilla/5.0 (Linux; Android 13; Pixel 5) AppleWebKit/537.36 (KHTML, like Gecko) Chrome/106.0.0.0 Mobile Safari/537.36"
46.30.212.78 - - [08/Oct/2025:05:53:14 +0000] "GET /jufisas/js/jquery.mobile.custom.min.js HTTP/1.1" 200 2862 "https://klescorthub.net/agency/ruth-houston/?nowprocket=1&no_optimize=1&wpr_imagedimensions=1" "WP-Rocket/SaaS Mozilla/5.0 (Linux; Android 13; Pixel 5) AppleWebKit/537.36 (KHTML, like Gecko) Chrome/106.0.0.0 Mobile Safari/537.36"
46.30.212.78 - - [08/Oct/2025:05:53:14 +0000] "GET /jufisas/js/checkator.jquery.js HTTP/1.1" 200 1572 "https://klescorthub.net/agency/ruth-houston/?nowprocket=1&no_optimize=1&wpr_imagedimensions=1" "WP-Rocket/SaaS Mozilla/5.0 (Linux; Android 13; Pixel 5) AppleWebKit/537.36 (KHTML, like Gecko) Chrome/106.0.0.0 Mobile Safari/537.36"
46.30.212.78 - - [08/Oct/2025:05:53:14 +0000] "GET /ifovigum/wp-smushit/app/assets/js/smush-lazy-load.min.js HTTP/1.1" 200 7887 "https://klescorthub.net/agency/ruth-houston/?nowprocket=1&no_optimize=1&wpr_imagedimensions=1" "WP-Rocket/SaaS Mozilla/5.0 (Linux; Android 13; Pixel 5) AppleWebKit/537.36 (KHTML, like Gecko) Chrome/106.0.0.0 Mobile Safari/537.36"
46.30.212.78 - - [08/Oct/2025:05:53:14 +0000] "GET /ifovigum/wp-rocket/assets/js/wpr-beacon.min.js HTTP/1.1" 200 8097 "https://klescorthub.net/agency/ruth-houston/?nowprocket=1&no_optimize=1&wpr_imagedimensions=1" "WP-Rocket/SaaS Mozilla/5.0 (Linux; Android 13; Pixel 5) AppleWebKit/537.36 (KHTML, like Gecko) Chrome/106.0.0.0 Mobile Safari/537.36"
203.161.56.247 - - [08/Oct/2025:05:53:15 +0000] "GET /agency/dahlia-stewart/ HTTP/1.1" 200 39129 "-" "WP Rocket/Preload"
46.30.212.78 - - [08/Oct/2025:05:53:15 +0000] "POST /wp-admin/admin-ajax.php HTTP/1.1" 200 376 "https://klescorthub.net/agency/ruth-houston/?nowprocket=1&no_optimize=1&wpr_imagedimensions=1" "WP-Rocket/SaaS Mozilla/5.0 (Linux; Android 13; Pixel 5) AppleWebKit/537.36 (KHTML, like Gecko) Chrome/106.0.0.0 Mobile Safari/537.36"
203.161.56.247 - - [08/Oct/2025:05:53:18 +0000] "GET /agency/dahlia-stewart/ HTTP/1.1" 200 39126 "-" "WP Rocket/Preload Mozilla/5.0 (iPhone; CPU iPhone OS 9_1 like Mac OS X) AppleWebKit/601.1.46 (KHTML, like Gecko) Version/9.0 Mobile/13B143 Safari/601.1"
203.161.56.247 - - [08/Oct/2025:05:53:19 +0000] "GET /agency/ximena-webster/ HTTP/1.1" 200 39404 "-" "WP Rocket/Preload"
203.161.56.247 - - [08/Oct/2025:05:53:21 +0000] "GET /agency/ximena-webster/ HTTP/1.1" 200 39453 "-" "WP Rocket/Preload Mozilla/5.0 (iPhone; CPU iPhone OS 9_1 like Mac OS X) AppleWebKit/601.1.46 (KHTML, like Gecko) Version/9.0 Mobile/13B143 Safari/601.1"
203.161.56.247 - - [08/Oct/2025:05:53:22 +0000] "GET /author/brinleymccarty/ HTTP/1.1" 200 38734 "-" "WP Rocket/Preload"
203.161.56.247 - - [08/Oct/2025:05:53:24 +0000] "GET /author/brinleymccarty/ HTTP/1.1" 200 38808 "-" "WP Rocket/Preload Mozilla/5.0 (iPhone; CPU iPhone OS 9_1 like Mac OS X) AppleWebKit/601.1.46 (KHTML, like Gecko) Version/9.0 Mobile/13B143 Safari/601.1"
203.161.56.247 - - [08/Oct/2025:05:53:25 +0000] "GET /agency/brinley-mccarty/ HTTP/1.1" 200 39371 "-" "WP Rocket/Preload"
203.161.56.247 - - [08/Oct/2025:05:53:27 +0000] "GET /agency/brinley-mccarty/ HTTP/1.1" 200 39417 "-" "WP Rocket/Preload Mozilla/5.0 (iPhone; CPU iPhone OS 9_1 like Mac OS X) AppleWebKit/601.1.46 (KHTML, like Gecko) Version/9.0 Mobile/13B143 Safari/601.1"
203.161.56.247 - - [08/Oct/2025:05:53:28 +0000] "GET /author/sandrahughes/ HTTP/1.1" 200 38728 "-" "WP Rocket/Preload"
203.161.56.247 - - [08/Oct/2025:05:53:31 +0000] "GET /agency/sandra-hughes/ HTTP/1.1" 200 39544 "-" "WP Rocket/Preload"
203.161.56.247 - - [08/Oct/2025:05:53:30 +0000] "GET /author/sandrahughes/ HTTP/1.1" 200 38803 "-" "WP Rocket/Preload Mozilla/5.0 (iPhone; CPU iPhone OS 9_1 like Mac OS X) AppleWebKit/601.1.46 (KHTML, like Gecko) Version/9.0 Mobile/13B143 Safari/601.1"
203.161.56.247 - - [08/Oct/2025:05:53:33 +0000] "GET /agency/sandra-hughes/ HTTP/1.1" 200 39589 "-" "WP Rocket/Preload Mozilla/5.0 (iPhone; CPU iPhone OS 9_1 like Mac OS X) AppleWebKit/601.1.46 (KHTML, like Gecko) Version/9.0 Mobile/13B143 Safari/601.1"
203.161.56.247 - - [08/Oct/2025:05:54:07 +0000] "GET /author/dakotadouglas/ HTTP/1.1" 200 38734 "-" "WP Rocket/Preload"
203.161.56.247 - - [08/Oct/2025:05:54:10 +0000] "GET /agency/dakota-douglas/ HTTP/1.1" 200 39596 "-" "WP Rocket/Preload"
203.161.56.247 - - [08/Oct/2025:05:54:09 +0000] "GET /author/dakotadouglas/ HTTP/1.1" 200 38805 "-" "WP Rocket/Preload Mozilla/5.0 (iPhone; CPU iPhone OS 9_1 like Mac OS X) AppleWebKit/601.1.46 (KHTML, like Gecko) Version/9.0 Mobile/13B143 Safari/601.1"
203.161.56.247 - - [08/Oct/2025:05:54:12 +0000] "GET /agency/dakota-douglas/ HTTP/1.1" 200 39640 "-" "WP Rocket/Preload Mozilla/5.0 (iPhone; CPU iPhone OS 9_1 like Mac OS X) AppleWebKit/601.1.46 (KHTML, like Gecko) Version/9.0 Mobile/13B143 Safari/601.1"
203.161.56.247 - - [08/Oct/2025:05:54:13 +0000] "GET /girls/kuala-lumpur/wangsa-maju-escorts/ HTTP/1.1" 200 38439 "-" "WP Rocket/Preload"
203.161.56.247 - - [08/Oct/2025:05:54:15 +0000] "GET /girls/kuala-lumpur/wangsa-maju-escorts/ HTTP/1.1" 200 38449 "-" "WP Rocket/Preload Mozilla/5.0 (iPhone; CPU iPhone OS 9_1 like Mac OS X) AppleWebKit/601.1.46 (KHTML, like Gecko) Version/9.0 Mobile/13B143 Safari/601.1"
203.161.56.247 - - [08/Oct/2025:05:54:16 +0000] "GET /girls/kuala-lumpur/mont-kiara-escorts/ HTTP/1.1" 200 38335 "-" "WP Rocket/Preload"
203.161.56.247 - - [08/Oct/2025:05:54:18 +0000] "GET /girls/kuala-lumpur/mont-kiara-escorts/ HTTP/1.1" 200 38347 "-" "WP Rocket/Preload Mozilla/5.0 (iPhone; CPU iPhone OS 9_1 like Mac OS X) AppleWebKit/601.1.46 (KHTML, like Gecko) Version/9.0 Mobile/13B143 Safari/601.1"
203.161.56.247 - - [08/Oct/2025:05:54:20 +0000] "GET /girls/kuala-lumpur/gombak-escorts/ HTTP/1.1" 200 38430 "-" "WP Rocket/Preload"
175.136.215.212 - - [08/Oct/2025:05:54:25 +0000] "GET /bb/ HTTP/1.1" 200 34882 "https://www.google.com/" "Mozilla/5.0 (iPhone; CPU iPhone OS 18_6_2 like Mac OS X) AppleWebKit/605.1.15 (KHTML, like Gecko) CriOS/141.0.7390.41 Mobile/15E148 Safari/604.1"
175.136.215.212 - - [08/Oct/2025:05:54:26 +0000] "GET /ifovigum/wp-smushit/app/assets/js/smush-lazy-load.min.js HTTP/1.1" 200 7887 "https://klescorthub.net/bb/" "Mozilla/5.0 (iPhone; CPU iPhone OS 18_6_2 like Mac OS X) AppleWebKit/605.1.15 (KHTML, like Gecko) CriOS/141.0.7390.41 Mobile/15E148 Safari/604.1"
203.161.56.247 - - [08/Oct/2025:05:54:23 +0000] "GET /girls/kuala-lumpur/gombak-escorts/ HTTP/1.1" 200 38441 "-" "WP Rocket/Preload Mozilla/5.0 (iPhone; CPU iPhone OS 9_1 like Mac OS X) AppleWebKit/601.1.46 (KHTML, like Gecko) Version/9.0 Mobile/13B143 Safari/601.1"
175.136.215.212 - - [08/Oct/2025:05:54:26 +0000] "GET /ibeptoxa/1715870706191.png HTTP/1.1" 200 7181 "https://klescorthub.net/bb/" "Mozilla/5.0 (iPhone; CPU iPhone OS 18_6_2 like Mac OS X) AppleWebKit/605.1.15 (KHTML, like Gecko) CriOS/141.0.7390.41 Mobile/15E148 Safari/604.1"
175.136.215.212 - - [08/Oct/2025:05:54:27 +0000] "GET /jadoaksy/js/jquery/jquery.min.js HTTP/1.1" 200 30368 "https://klescorthub.net/bb/" "Mozilla/5.0 (iPhone; CPU iPhone OS 18_6_2 like Mac OS X) AppleWebKit/605.1.15 (KHTML, like Gecko) CriOS/141.0.7390.41 Mobile/15E148 Safari/604.1"
175.136.215.212 - - [08/Oct/2025:05:54:27 +0000] "GET /jadoaksy/js/jquery/jquery-migrate.min.js HTTP/1.1" 200 4872 "https://klescorthub.net/bb/" "Mozilla/5.0 (iPhone; CPU iPhone OS 18_6_2 like Mac OS X) AppleWebKit/605.1.15 (KHTML, like Gecko) CriOS/141.0.7390.41 Mobile/15E148 Safari/604.1"
175.136.215.212 - - [08/Oct/2025:05:54:28 +0000] "GET /jufisas/js/jquery.mobile.custom.min.js HTTP/1.1" 200 2862 "https://klescorthub.net/bb/" "Mozilla/5.0 (iPhone; CPU iPhone OS 18_6_2 like Mac OS X) AppleWebKit/605.1.15 (KHTML, like Gecko) CriOS/141.0.7390.41 Mobile/15E148 Safari/604.1"
175.136.215.212 - - [08/Oct/2025:05:54:28 +0000] "GET /jufisas/js/jquery.uploadifive.min.js HTTP/1.1" 200 4096 "https://klescorthub.net/bb/" "Mozilla/5.0 (iPhone; CPU iPhone OS 18_6_2 like Mac OS X) AppleWebKit/605.1.15 (KHTML, like Gecko) CriOS/141.0.7390.41 Mobile/15E148 Safari/604.1"
175.136.215.212 - - [08/Oct/2025:05:54:28 +0000] "GET /startala/cache/min/1/wp-content/themes/escortwp/js/dolceescort.js?ver=1758949368 HTTP/1.1" 200 2906 "https://klescorthub.net/bb/" "Mozilla/5.0 (iPhone; CPU iPhone OS 18_6_2 like Mac OS X) AppleWebKit/605.1.15 (KHTML, like Gecko) CriOS/141.0.7390.41 Mobile/15E148 Safari/604.1"
175.136.215.212 - - [08/Oct/2025:05:54:28 +0000] "GET /startala/cache/min/1/wp-content/themes/escortwp/js/checkator.jquery.js?ver=1758949368 HTTP/1.1" 200 690 "https://klescorthub.net/bb/" "Mozilla/5.0 (iPhone; CPU iPhone OS 18_6_2 like Mac OS X) AppleWebKit/605.1.15 (KHTML, like Gecko) CriOS/141.0.7390.41 Mobile/15E148 Safari/604.1"
175.136.215.212 - - [08/Oct/2025:05:54:28 +0000] "GET /jufisas/js/select2.min.js HTTP/1.1" 200 19907 "https://klescorthub.net/bb/" "Mozilla/5.0 (iPhone; CPU iPhone OS 18_6_2 like Mac OS X) AppleWebKit/605.1.15 (KHTML, like Gecko) CriOS/141.0.7390.41 Mobile/15E148 Safari/604.1"
175.136.215.212 - - [08/Oct/2025:05:54:28 +0000] "GET /startala/cache/min/1/wp-content/themes/escortwp/js/js.cookie.js?ver=1758949368 HTTP/1.1" 200 1156 "https://klescorthub.net/bb/" "Mozilla/5.0 (iPhone; CPU iPhone OS 18_6_2 like Mac OS X) AppleWebKit/605.1.15 (KHTML, like Gecko) CriOS/141.0.7390.41 Mobile/15E148 Safari/604.1"
203.161.56.247 - - [08/Oct/2025:05:54:42 +0000] "POST /wp-cron.php?doing_wp_cron=1759902882.2583649158477783203125 HTTP/1.1" 200 - "-" "WordPress/6.8.3; https://klescorthub.net"
216.73.216.116 - - [08/Oct/2025:05:54:41 +0000] "GET /robots.txt HTTP/1.1" 200 177 "-" "Mozilla/5.0 AppleWebKit/537.36 (KHTML, like Gecko; compatible; ClaudeBot/1.0; +claudebot@anthropic.com)"
216.73.216.116 - - [08/Oct/2025:05:54:42 +0000] "GET /sitemap.rss HTTP/1.1" 200 2036 "-" "Mozilla/5.0 AppleWebKit/537.36 (KHTML, like Gecko; compatible; ClaudeBot/1.0; +claudebot@anthropic.com)"
203.161.56.247 - - [08/Oct/2025:05:55:25 +0000] "POST /wp-cron.php?doing_wp_cron=1759902925.3177790641784667968750 HTTP/1.1" 200 - "-" "WordPress/6.8.3; https://klescorthub.net"
216.73.216.116 - - [08/Oct/2025:05:55:24 +0000] "GET /video-sitemap.xml HTTP/1.1" 404 180 "-" "Mozilla/5.0 AppleWebKit/537.36 (KHTML, like Gecko; compatible; ClaudeBot/1.0; +claudebot@anthropic.com)"
161.142.158.194 - - [08/Oct/2025:05:58:03 +0000] "GET /2023/06/08/escorts-in-malaysia-and-stds-how-to-protect-yourself/ HTTP/1.1" 200 38453 "https://www.google.com/" "Mozilla/5.0 (Windows NT 10.0; Win64; x64) AppleWebKit/537.36 (KHTML, like Gecko) Chrome/141.0.0.0 Safari/537.36"
161.142.158.194 - - [08/Oct/2025:05:58:04 +0000] "GET /ifovigum/wp-smushit/app/assets/js/smush-lazy-load.min.js HTTP/1.1" 200 7887 "https://klescorthub.net/2023/06/08/escorts-in-malaysia-and-stds-how-to-protect-yourself/" "Mozilla/5.0 (Windows NT 10.0; Win64; x64) AppleWebKit/537.36 (KHTML, like Gecko) Chrome/141.0.0.0 Safari/537.36"
161.142.158.194 - - [08/Oct/2025:05:58:05 +0000] "GET /ibeptoxa/1715870706191.png HTTP/1.1" 200 7181 "https://klescorthub.net/2023/06/08/escorts-in-malaysia-and-stds-how-to-protect-yourself/" "Mozilla/5.0 (Windows NT 10.0; Win64; x64) AppleWebKit/537.36 (KHTML, like Gecko) Chrome/141.0.0.0 Safari/537.36"
161.142.158.194 - - [08/Oct/2025:05:58:05 +0000] "GET /ibeptoxa/2024/05/cropped-iconfinder_kl-escort-hub-32x32.png HTTP/1.1" 200 490 "https://klescorthub.net/2023/06/08/escorts-in-malaysia-and-stds-how-to-protect-yourself/" "Mozilla/5.0 (Windows NT 10.0; Win64; x64) AppleWebKit/537.36 (KHTML, like Gecko) Chrome/141.0.0.0 Safari/537.36"
203.161.56.247 - - [08/Oct/2025:05:58:07 +0000] "POST /wp-cron.php?doing_wp_cron=1759903087.9467349052429199218750 HTTP/1.1" 200 - "-" "WordPress/6.8.3; https://klescorthub.net"
161.142.158.194 - - [08/Oct/2025:05:58:06 +0000] "GET /ibeptoxa/2023/06/STDKL.jpg HTTP/1.1" 404 12494 "https://klescorthub.net/2023/06/08/escorts-in-malaysia-and-stds-how-to-protect-yourself/" "Mozilla/5.0 (Windows NT 10.0; Win64; x64) AppleWebKit/537.36 (KHTML, like Gecko) Chrome/141.0.0.0 Safari/537.36"
203.161.56.247 - - [08/Oct/2025:05:58:08 +0000] "GET /agency/ruth-houston/ HTTP/1.1" 200 39025 "-" "WP Rocket/Preload"
203.161.56.247 - - [08/Oct/2025:05:58:10 +0000] "GET /agency/ruth-houston/ HTTP/1.1" 200 39028 "-" "WP Rocket/Preload Mozilla/5.0 (iPhone; CPU iPhone OS 9_1 like Mac OS X) AppleWebKit/601.1.46 (KHTML, like Gecko) Version/9.0 Mobile/13B143 Safari/601.1"
161.142.158.194 - - [08/Oct/2025:05:58:17 +0000] "GET /jadoaksy/js/jquery/jquery.min.js HTTP/1.1" 200 30368 "https://klescorthub.net/2023/06/08/escorts-in-malaysia-and-stds-how-to-protect-yourself/" "Mozilla/5.0 (Windows NT 10.0; Win64; x64) AppleWebKit/537.36 (KHTML, like Gecko) Chrome/141.0.0.0 Safari/537.36"
161.142.158.194 - - [08/Oct/2025:05:58:17 +0000] "GET /jadoaksy/js/jquery/jquery-migrate.min.js HTTP/1.1" 200 4872 "https://klescorthub.net/2023/06/08/escorts-in-malaysia-and-stds-how-to-protect-yourself/" "Mozilla/5.0 (Windows NT 10.0; Win64; x64) AppleWebKit/537.36 (KHTML, like Gecko) Chrome/141.0.0.0 Safari/537.36"
161.142.158.194 - - [08/Oct/2025:05:58:17 +0000] "GET /jufisas/js/select2.min.js HTTP/1.1" 200 19907 "https://klescorthub.net/2023/06/08/escorts-in-malaysia-and-stds-how-to-protect-yourself/" "Mozilla/5.0 (Windows NT 10.0; Win64; x64) AppleWebKit/537.36 (KHTML, like Gecko) Chrome/141.0.0.0 Safari/537.36"
161.142.158.194 - - [08/Oct/2025:05:58:17 +0000] "GET /startala/cache/min/1/wp-content/themes/escortwp/js/js.cookie.js?ver=1758949368 HTTP/1.1" 200 1156 "https://klescorthub.net/2023/06/08/escorts-in-malaysia-and-stds-how-to-protect-yourself/" "Mozilla/5.0 (Windows NT 10.0; Win64; x64) AppleWebKit/537.36 (KHTML, like Gecko) Chrome/141.0.0.0 Safari/537.36"
161.142.158.194 - - [08/Oct/2025:05:58:17 +0000] "GET /startala/cache/min/1/wp-content/themes/escortwp/js/dolceescort.js?ver=1758949368 HTTP/1.1" 200 2906 "https://klescorthub.net/2023/06/08/escorts-in-malaysia-and-stds-how-to-protect-yourself/" "Mozilla/5.0 (Windows NT 10.0; Win64; x64) AppleWebKit/537.36 (KHTML, like Gecko) Chrome/141.0.0.0 Safari/537.36"
161.142.158.194 - - [08/Oct/2025:05:58:17 +0000] "GET /jufisas/js/jquery.mobile.custom.min.js HTTP/1.1" 200 2862 "https://klescorthub.net/2023/06/08/escorts-in-malaysia-and-stds-how-to-protect-yourself/" "Mozilla/5.0 (Windows NT 10.0; Win64; x64) AppleWebKit/537.36 (KHTML, like Gecko) Chrome/141.0.0.0 Safari/537.36"
161.142.158.194 - - [08/Oct/2025:05:58:17 +0000] "GET /jufisas/js/jquery.uploadifive.min.js HTTP/1.1" 200 4096 "https://klescorthub.net/2023/06/08/escorts-in-malaysia-and-stds-how-to-protect-yourself/" "Mozilla/5.0 (Windows NT 10.0; Win64; x64) AppleWebKit/537.36 (KHTML, like Gecko) Chrome/141.0.0.0 Safari/537.36"
161.142.158.194 - - [08/Oct/2025:05:58:17 +0000] "GET /startala/cache/min/1/wp-content/themes/escortwp/js/checkator.jquery.js?ver=1758949368 HTTP/1.1" 200 690 "https://klescorthub.net/2023/06/08/escorts-in-malaysia-and-stds-how-to-protect-yourself/" "Mozilla/5.0 (Windows NT 10.0; Win64; x64) AppleWebKit/537.36 (KHTML, like Gecko) Chrome/141.0.0.0 Safari/537.36"
161.142.158.194 - - [08/Oct/2025:05:58:17 +0000] "GET /jadoaksy/js/comment-reply.min.js HTTP/1.1" 200 1375 "https://klescorthub.net/2023/06/08/escorts-in-malaysia-and-stds-how-to-protect-yourself/" "Mozilla/5.0 (Windows NT 10.0; Win64; x64) AppleWebKit/537.36 (KHTML, like Gecko) Chrome/141.0.0.0 Safari/537.36"
66.249.74.42 - - [08/Oct/2025:06:01:23 +0000] "GET /agency/zoya-khan/ HTTP/1.1" 200 38680 "-" "Mozilla/5.0 (Linux; Android 6.0.1; Nexus 5X Build/MMB29P) AppleWebKit/537.36 (KHTML, like Gecko) Chrome/140.0.7339.207 Mobile Safari/537.36 (compatible; Googlebot/2.1; +http://www.google.com/bot.html)"
203.161.56.247 - - [08/Oct/2025:06:05:21 +0000] "POST /wp-cron.php?doing_wp_cron=1759903521.7108619213104248046875 HTTP/1.1" 200 - "-" "WordPress/6.8.3; https://klescorthub.net"
43.157.67.70 - - [08/Oct/2025:06:05:20 +0000] "GET /contact-us/embed/ HTTP/1.1" 200 6128 "-" "Mozilla/5.0 (iPhone; CPU iPhone OS 13_2_3 like Mac OS X) AppleWebKit/605.1.15 (KHTML, like Gecko) Version/13.0.3 Mobile/15E148 Safari/604.1"
203.161.56.247 - - [08/Oct/2025:06:13:23 +0000] "POST /wp-cron.php?doing_wp_cron=1759904003.9726729393005371093750 HTTP/1.1" 200 - "-" "WordPress/6.8.3; https://klescorthub.net"
43.130.102.223 - - [08/Oct/2025:06:13:22 +0000] "GET /wp-login.php?redirect_to=https%3A%2F%2Fklescorthub.net%3A443%2Fregistration%2F HTTP/1.1" 200 2306 "-" "Mozilla/5.0 (iPhone; CPU iPhone OS 13_2_3 like Mac OS X) AppleWebKit/605.1.15 (KHTML, like Gecko) Version/13.0.3 Mobile/15E148 Safari/604.1"
203.161.56.247 - - [08/Oct/2025:06:13:25 +0000] "POST /wp-admin/admin-ajax.php?action=rocket_database_optimization&nonce=db2cf5d28e HTTP/1.1" 200 - "-" "WordPress/6.8.3; https://klescorthub.net"
203.161.56.247 - - [08/Oct/2025:06:13:28 +0000] "POST /wp-cron.php?doing_wp_cron=1759904008.4561400413513183593750 HTTP/1.1" 200 - "-" "WordPress/6.8.3; https://klescorthub.net"
203.161.56.247 - - [08/Oct/2025:06:13:28 +0000] "GET /chinese/ HTTP/1.1" 200 36026 "-" "WP Rocket/Preload"
203.161.56.247 - - [08/Oct/2025:06:13:31 +0000] "POST /wp-cron.php?doing_wp_cron=1759904011.0938630104064941406250 HTTP/1.1" 200 - "-" "WordPress/6.8.3; https://klescorthub.net"
203.161.56.247 - - [08/Oct/2025:06:13:30 +0000] "GET /chinese/ HTTP/1.1" 200 36042 "-" "WP Rocket/Preload Mozilla/5.0 (iPhone; CPU iPhone OS 9_1 like Mac OS X) AppleWebKit/601.1.46 (KHTML, like Gecko) Version/9.0 Mobile/13B143 Safari/601.1"
203.161.56.247 - - [08/Oct/2025:06:13:31 +0000] "GET /author/dongphucasian12/ HTTP/1.1" 200 39701 "-" "WP Rocket/Preload"
203.161.56.247 - - [08/Oct/2025:06:13:33 +0000] "GET /author/dongphucasian12/ HTTP/1.1" 200 39713 "-" "WP Rocket/Preload Mozilla/5.0 (iPhone; CPU iPhone OS 9_1 like Mac OS X) AppleWebKit/601.1.46 (KHTML, like Gecko) Version/9.0 Mobile/13B143 Safari/601.1"
203.161.56.247 - - [08/Oct/2025:06:13:34 +0000] "GET /2024/ HTTP/1.1" 200 39441 "-" "WP Rocket/Preload"
203.161.56.247 - - [08/Oct/2025:06:13:36 +0000] "GET /2024/ HTTP/1.1" 200 39454 "-" "WP Rocket/Preload Mozilla/5.0 (iPhone; CPU iPhone OS 9_1 like Mac OS X) AppleWebKit/601.1.46 (KHTML, like Gecko) Version/9.0 Mobile/13B143 Safari/601.1"
203.161.56.247 - - [08/Oct/2025:06:13:37 +0000] "GET /cim/ HTTP/1.1" 200 35869 "-" "WP Rocket/Preload"
203.161.56.247 - - [08/Oct/2025:06:13:40 +0000] "POST /wp-cron.php?doing_wp_cron=1759904020.0973899364471435546875 HTTP/1.1" 200 - "-" "WordPress/6.8.3; https://klescorthub.net"
203.161.56.247 - - [08/Oct/2025:06:13:39 +0000] "GET /cim/ HTTP/1.1" 200 35888 "-" "WP Rocket/Preload Mozilla/5.0 (iPhone; CPU iPhone OS 9_1 like Mac OS X) AppleWebKit/601.1.46 (KHTML, like Gecko) Version/9.0 Mobile/13B143 Safari/601.1"
203.161.56.247 - - [08/Oct/2025:06:13:40 +0000] "GET /agency/dongphucasian12/ HTTP/1.1" 200 38587 "-" "WP Rocket/Preload"
203.161.56.247 - - [08/Oct/2025:06:13:42 +0000] "GET /agency/dongphucasian12/ HTTP/1.1" 200 38601 "-" "WP Rocket/Preload Mozilla/5.0 (iPhone; CPU iPhone OS 9_1 like Mac OS X) AppleWebKit/601.1.46 (KHTML, like Gecko) Version/9.0 Mobile/13B143 Safari/601.1"
203.161.56.247 - - [08/Oct/2025:06:13:43 +0000] "GET /escort_profile/ HTTP/1.1" 200 42226 "-" "WP Rocket/Preload"
203.161.56.247 - - [08/Oct/2025:06:13:45 +0000] "GET /escort_profile/ HTTP/1.1" 200 42234 "-" "WP Rocket/Preload Mozilla/5.0 (iPhone; CPU iPhone OS 9_1 like Mac OS X) AppleWebKit/601.1.46 (KHTML, like Gecko) Version/9.0 Mobile/13B143 Safari/601.1"
203.161.56.247 - - [08/Oct/2025:06:13:26 +0000] "POST /wp-admin/admin-ajax.php?action=as_async_request_queue_runner&nonce=3f6386a120 HTTP/1.1" 200 - "-" "WordPress/6.8.3; https://klescorthub.net"
203.161.56.247 - - [08/Oct/2025:06:16:08 +0000] "POST /wp-cron.php?doing_wp_cron=1759904168.0009479522705078125000 HTTP/1.1" 200 - "-" "WordPress/6.8.3; https://klescorthub.net"
54.163.136.244 - - [08/Oct/2025:06:16:06 +0000] "GET /girls/kuala-lumpur/putrajaya-escorts/ HTTP/1.1" 200 38361 "-" "Mozilla/5.0 AppleWebKit/537.36 (KHTML, like Gecko; compatible; Amazonbot/0.1; +https://developer.amazon.com/support/amazonbot) Chrome/119.0.6045.214 Safari/537.36"
203.161.56.247 - - [08/Oct/2025:06:21:15 +0000] "GET /klcc/ HTTP/1.1" 200 36054 "-" "WP Rocket/Preload"
203.161.56.247 - - [08/Oct/2025:06:21:17 +0000] "GET /klcc/ HTTP/1.1" 200 34789 "-" "WP Rocket/Preload Mozilla/5.0 (iPhone; CPU iPhone OS 9_1 like Mac OS X) AppleWebKit/601.1.46 (KHTML, like Gecko) Version/9.0 Mobile/13B143 Safari/601.1"
203.161.56.247 - - [08/Oct/2025:06:21:19 +0000] "GET /klia/ HTTP/1.1" 200 36112 "-" "WP Rocket/Preload"
203.161.56.247 - - [08/Oct/2025:06:21:20 +0000] "GET /klia/ HTTP/1.1" 200 34852 "-" "WP Rocket/Preload Mozilla/5.0 (iPhone; CPU iPhone OS 9_1 like Mac OS X) AppleWebKit/601.1.46 (KHTML, like Gecko) Version/9.0 Mobile/13B143 Safari/601.1"
203.161.56.247 - - [08/Oct/2025:06:21:22 +0000] "GET /author/sexyklescortsgirls/ HTTP/1.1" 200 39581 "-" "WP Rocket/Preload"
203.161.56.247 - - [08/Oct/2025:06:21:23 +0000] "GET /author/sexyklescortsgirls/ HTTP/1.1" 200 39587 "-" "WP Rocket/Preload Mozilla/5.0 (iPhone; CPU iPhone OS 9_1 like Mac OS X) AppleWebKit/601.1.46 (KHTML, like Gecko) Version/9.0 Mobile/13B143 Safari/601.1"
203.161.56.247 - - [08/Oct/2025:06:21:25 +0000] "GET /massage/ HTTP/1.1" 200 36049 "-" "WP Rocket/Preload"
203.161.56.247 - - [08/Oct/2025:06:21:26 +0000] "GET /massage/ HTTP/1.1" 200 35173 "-" "WP Rocket/Preload Mozilla/5.0 (iPhone; CPU iPhone OS 9_1 like Mac OS X) AppleWebKit/601.1.46 (KHTML, like Gecko) Version/9.0 Mobile/13B143 Safari/601.1"
203.161.56.247 - - [08/Oct/2025:06:21:28 +0000] "GET /author/ftx856/ HTTP/1.1" 200 39958 "-" "WP Rocket/Preload"
203.161.56.247 - - [08/Oct/2025:06:21:29 +0000] "GET /author/ftx856/ HTTP/1.1" 200 39973 "-" "WP Rocket/Preload Mozilla/5.0 (iPhone; CPU iPhone OS 9_1 like Mac OS X) AppleWebKit/601.1.46 (KHTML, like Gecko) Version/9.0 Mobile/13B143 Safari/601.1"
203.161.56.247 - - [08/Oct/2025:06:21:31 +0000] "GET /my/ HTTP/1.1" 200 34762 "-" "WP Rocket/Preload"
203.161.56.247 - - [08/Oct/2025:06:21:32 +0000] "GET /my/ HTTP/1.1" 200 34928 "-" "WP Rocket/Preload Mozilla/5.0 (iPhone; CPU iPhone OS 9_1 like Mac OS X) AppleWebKit/601.1.46 (KHTML, like Gecko) Version/9.0 Mobile/13B143 Safari/601.1"
203.161.56.247 - - [08/Oct/2025:06:21:34 +0000] "GET /author/naukria/ HTTP/1.1" 200 39730 "-" "WP Rocket/Preload"
203.161.56.247 - - [08/Oct/2025:06:21:35 +0000] "GET /author/naukria/ HTTP/1.1" 200 39744 "-" "WP Rocket/Preload Mozilla/5.0 (iPhone; CPU iPhone OS 9_1 like Mac OS X) AppleWebKit/601.1.46 (KHTML, like Gecko) Version/9.0 Mobile/13B143 Safari/601.1"
203.161.56.247 - - [08/Oct/2025:06:23:04 +0000] "POST /wp-cron.php?doing_wp_cron=1759904584.3728590011596679687500 HTTP/1.1" 200 - "-" "WordPress/6.8.3; https://klescorthub.net"
43.130.72.177 - - [08/Oct/2025:06:23:02 +0000] "GET /agency-registration/ HTTP/1.1" 200 38432 "-" "Mozilla/5.0 (iPhone; CPU iPhone OS 13_2_3 like Mac OS X) AppleWebKit/605.1.15 (KHTML, like Gecko) Version/13.0.3 Mobile/15E148 Safari/604.1"
203.161.56.247 - - [08/Oct/2025:06:23:05 +0000] "GET /author/b2bklescort/ HTTP/1.1" 200 39564 "-" "WP Rocket/Preload"
203.161.56.247 - - [08/Oct/2025:06:23:08 +0000] "GET /author/b2bklescort/ HTTP/1.1" 200 39579 "-" "WP Rocket/Preload Mozilla/5.0 (iPhone; CPU iPhone OS 9_1 like Mac OS X) AppleWebKit/601.1.46 (KHTML, like Gecko) Version/9.0 Mobile/13B143 Safari/601.1"
203.161.56.247 - - [08/Oct/2025:06:23:09 +0000] "GET /outcall/ HTTP/1.1" 200 36051 "-" "WP Rocket/Preload"
203.161.56.247 - - [08/Oct/2025:06:23:11 +0000] "GET /outcall/ HTTP/1.1" 200 34783 "-" "WP Rocket/Preload Mozilla/5.0 (iPhone; CPU iPhone OS 9_1 like Mac OS X) AppleWebKit/601.1.46 (KHTML, like Gecko) Version/9.0 Mobile/13B143 Safari/601.1"
203.161.56.247 - - [08/Oct/2025:06:23:12 +0000] "GET /agency/topusasmmshop-19/ HTTP/1.1" 200 38112 "-" "WP Rocket/Preload"
203.161.56.247 - - [08/Oct/2025:06:23:14 +0000] "GET /agency/topusasmmshop-19/ HTTP/1.1" 200 38124 "-" "WP Rocket/Preload Mozilla/5.0 (iPhone; CPU iPhone OS 9_1 like Mac OS X) AppleWebKit/601.1.46 (KHTML, like Gecko) Version/9.0 Mobile/13B143 Safari/601.1"
203.161.56.247 - - [08/Oct/2025:06:23:15 +0000] "GET /author/kl-escort-hub/ HTTP/1.1" 200 39548 "-" "WP Rocket/Preload"
203.161.56.247 - - [08/Oct/2025:06:23:17 +0000] "GET /author/kl-escort-hub/ HTTP/1.1" 200 39561 "-" "WP Rocket/Preload Mozilla/5.0 (iPhone; CPU iPhone OS 9_1 like Mac OS X) AppleWebKit/601.1.46 (KHTML, like Gecko) Version/9.0 Mobile/13B143 Safari/601.1"
203.161.56.247 - - [08/Oct/2025:06:23:18 +0000] "GET /pj/ HTTP/1.1" 200 34745 "-" "WP Rocket/Preload"
203.161.56.247 - - [08/Oct/2025:06:23:20 +0000] "GET /pj/ HTTP/1.1" 200 34822 "-" "WP Rocket/Preload Mozilla/5.0 (iPhone; CPU iPhone OS 9_1 like Mac OS X) AppleWebKit/601.1.46 (KHTML, like Gecko) Version/9.0 Mobile/13B143 Safari/601.1"
203.161.56.247 - - [08/Oct/2025:06:23:21 +0000] "GET /agency/naukria/ HTTP/1.1" 200 38178 "-" "WP Rocket/Preload"
203.161.56.247 - - [08/Oct/2025:06:23:23 +0000] "GET /agency/naukria/ HTTP/1.1" 200 38193 "-" "WP Rocket/Preload Mozilla/5.0 (iPhone; CPU iPhone OS 9_1 like Mac OS X) AppleWebKit/601.1.46 (KHTML, like Gecko) Version/9.0 Mobile/13B143 Safari/601.1"
203.161.56.247 - - [08/Oct/2025:06:23:24 +0000] "GET /author/klescortangel/ HTTP/1.1" 200 39561 "-" "WP Rocket/Preload"
203.161.56.247 - - [08/Oct/2025:06:23:26 +0000] "GET /author/klescortangel/ HTTP/1.1" 200 39570 "-" "WP Rocket/Preload Mozilla/5.0 (iPhone; CPU iPhone OS 9_1 like Mac OS X) AppleWebKit/601.1.46 (KHTML, like Gecko) Version/9.0 Mobile/13B143 Safari/601.1"
