45.86.208.11 - - [07/Oct/2025:20:34:31 +0000] "GET /startala/cache/min/1/wp-content/themes/escortwp/js/dolceescort.js?ver=1758949368 HTTP/1.1" 200 2906 "https://klescorthub.net/agency-registration/" "Mozilla/5.0 (Windows NT 10.0; Win64; x64) AppleWebKit/537.36 (KHTML, like Gecko) Chrome/140.0.0.0 Safari/537.36"
45.86.208.11 - - [07/Oct/2025:20:34:31 +0000] "GET /startala/cache/min/1/wp-content/themes/escortwp/js/js.cookie.js?ver=1758949368 HTTP/1.1" 200 1156 "https://klescorthub.net/agency-registration/" "Mozilla/5.0 (Windows NT 10.0; Win64; x64) AppleWebKit/537.36 (KHTML, like Gecko) Chrome/140.0.0.0 Safari/537.36"
45.86.208.11 - - [07/Oct/2025:20:34:31 +0000] "GET /jufisas/js/jquery.uploadifive.min.js HTTP/1.1" 200 4096 "https://klescorthub.net/agency-registration/" "Mozilla/5.0 (Windows NT 10.0; Win64; x64) AppleWebKit/537.36 (KHTML, like Gecko) Chrome/140.0.0.0 Safari/537.36"
45.86.208.11 - - [07/Oct/2025:20:34:31 +0000] "GET /jufisas/js/jquery.mobile.custom.min.js HTTP/1.1" 200 2862 "https://klescorthub.net/agency-registration/" "Mozilla/5.0 (Windows NT 10.0; Win64; x64) AppleWebKit/537.36 (KHTML, like Gecko) Chrome/140.0.0.0 Safari/537.36"
45.86.208.11 - - [07/Oct/2025:20:34:31 +0000] "GET /startala/cache/min/1/wp-content/themes/escortwp/js/checkator.jquery.js?ver=1758949368 HTTP/1.1" 200 690 "https://klescorthub.net/agency-registration/" "Mozilla/5.0 (Windows NT 10.0; Win64; x64) AppleWebKit/537.36 (KHTML, like Gecko) Chrome/140.0.0.0 Safari/537.36"
46.30.212.79 - - [07/Oct/2025:20:34:31 +0000] "GET /ifovigum/wp-rocket/assets/js/wpr-beacon.min.js HTTP/1.1" 200 8097 "https://klescorthub.net/author/emilyevans/?nowprocket=1&no_optimize=1&wpr_imagedimensions=1" "WP-Rocket/SaaS Mozilla/5.0 (X11; Linux x86_64) AppleWebKit/537.36 (KHTML, like Gecko) Chrome/106.0.0.0 Safari/537.36"
45.86.208.11 - - [07/Oct/2025:20:34:31 +0000] "GET /ibeptoxa/2024/05/cropped-iconfinder_kl-escort-hub-32x32.png HTTP/1.1" 200 490 "https://klescorthub.net/agency-registration/" "Mozilla/5.0 (Windows NT 10.0; Win64; x64) AppleWebKit/537.36 (KHTML, like Gecko) Chrome/140.0.0.0 Safari/537.36"
45.86.208.11 - - [07/Oct/2025:20:34:31 +0000] "GET /jufisas/ajax/get-cities.php?id=9&hide_empty=0&select2=yes HTTP/1.1" 200 510 "https://klescorthub.net/agency-registration/" "Mozilla/5.0 (Windows NT 10.0; Win64; x64) AppleWebKit/537.36 (KHTML, like Gecko) Chrome/140.0.0.0 Safari/537.36"
46.30.212.79 - - [07/Oct/2025:20:34:32 +0000] "POST /wp-admin/admin-ajax.php HTTP/1.1" 200 974 "https://klescorthub.net/author/emilyevans/?nowprocket=1&no_optimize=1&wpr_imagedimensions=1" "WP-Rocket/SaaS Mozilla/5.0 (X11; Linux x86_64) AppleWebKit/537.36 (KHTML, like Gecko) Chrome/106.0.0.0 Safari/537.36"
203.161.56.247 - - [07/Oct/2025:20:34:32 +0000] "GET /girls/kuala-lumpur/ HTTP/1.1" 200 40475 "-" "WP Rocket/Preload Mozilla/5.0 (iPhone; CPU iPhone OS 9_1 like Mac OS X) AppleWebKit/601.1.46 (KHTML, like Gecko) Version/9.0 Mobile/13B143 Safari/601.1"
203.161.56.247 - - [07/Oct/2025:20:34:33 +0000] "GET /agency/emily-evans/ HTTP/1.1" 200 26006 "-" "WP Rocket/Preload"
203.161.56.247 - - [07/Oct/2025:20:34:35 +0000] "GET /agency/emily-evans/ HTTP/1.1" 200 26015 "-" "WP Rocket/Preload Mozilla/5.0 (iPhone; CPU iPhone OS 9_1 like Mac OS X) AppleWebKit/601.1.46 (KHTML, like Gecko) Version/9.0 Mobile/13B143 Safari/601.1"
203.161.56.247 - - [07/Oct/2025:20:34:36 +0000] "GET / HTTP/1.1" 200 39429 "-" "WP Rocket/Preload"
203.161.56.247 - - [07/Oct/2025:20:34:38 +0000] "GET / HTTP/1.1" 200 39430 "-" "WP Rocket/Preload Mozilla/5.0 (iPhone; CPU iPhone OS 9_1 like Mac OS X) AppleWebKit/601.1.46 (KHTML, like Gecko) Version/9.0 Mobile/13B143 Safari/601.1"
203.161.56.247 - - [07/Oct/2025:20:34:52 +0000] "POST /wp-cron.php?doing_wp_cron=1759869292.0667109489440917968750 HTTP/1.1" 200 - "-" "WordPress/6.8.3; https://klescorthub.net"
45.86.208.11 - - [07/Oct/2025:20:34:51 +0000] "GET /jufisas/ajax/check-username.php?user=Palmer%20Torres HTTP/1.1" 200 73 "https://klescorthub.net/agency-registration/" "Mozilla/5.0 (Windows NT 10.0; Win64; x64) AppleWebKit/537.36 (KHTML, like Gecko) Chrome/140.0.0.0 Safari/537.36"
45.86.208.11 - - [07/Oct/2025:20:34:52 +0000] "GET /jufisas/ajax/check-username.php?user=Palmer%20Torres HTTP/1.1" 200 73 "https://klescorthub.net/agency-registration/" "Mozilla/5.0 (Windows NT 10.0; Win64; x64) AppleWebKit/537.36 (KHTML, like Gecko) Chrome/140.0.0.0 Safari/537.36"
203.161.56.247 - - [07/Oct/2025:20:35:06 +0000] "POST /wp-cron.php?doing_wp_cron=1759869306.9620809555053710937500 HTTP/1.1" 200 - "-" "WordPress/6.8.3; https://klescorthub.net"
46.30.212.204 - - [07/Oct/2025:20:35:05 +0000] "GET /agency/emily-evans/?nowprocket=1&no_optimize=1&wpr_imagedimensions=1 HTTP/1.1" 200 16524 "-" "WP-Rocket/SaaS Mozilla/5.0 (X11; Linux x86_64) AppleWebKit/537.36 (KHTML, like Gecko) Chrome/106.0.0.0 Safari/537.36"
46.30.212.204 - - [07/Oct/2025:20:35:07 +0000] "GET /jufisas/dadipon.css HTTP/1.1" 200 15557 "https://klescorthub.net/agency/emily-evans/?nowprocket=1&no_optimize=1&wpr_imagedimensions=1" "WP-Rocket/SaaS Mozilla/5.0 (X11; Linux x86_64) AppleWebKit/537.36 (KHTML, like Gecko) Chrome/106.0.0.0 Safari/537.36"
46.30.212.204 - - [07/Oct/2025:20:35:07 +0000] "GET /jufisas/css/icon-font/style.css HTTP/1.1" 200 9216 "https://klescorthub.net/agency/emily-evans/?nowprocket=1&no_optimize=1&wpr_imagedimensions=1" "WP-Rocket/SaaS Mozilla/5.0 (X11; Linux x86_64) AppleWebKit/537.36 (KHTML, like Gecko) Chrome/106.0.0.0 Safari/537.36"
46.30.212.204 - - [07/Oct/2025:20:35:07 +0000] "GET /jufisas/css/responsive.css HTTP/1.1" 200 2139 "https://klescorthub.net/agency/emily-evans/?nowprocket=1&no_optimize=1&wpr_imagedimensions=1" "WP-Rocket/SaaS Mozilla/5.0 (X11; Linux x86_64) AppleWebKit/537.36 (KHTML, like Gecko) Chrome/106.0.0.0 Safari/537.36"
46.30.212.204 - - [07/Oct/2025:20:35:07 +0000] "GET /jufisas/css/select2.min.css HTTP/1.1" 200 1998 "https://klescorthub.net/agency/emily-evans/?nowprocket=1&no_optimize=1&wpr_imagedimensions=1" "WP-Rocket/SaaS Mozilla/5.0 (X11; Linux x86_64) AppleWebKit/537.36 (KHTML, like Gecko) Chrome/106.0.0.0 Safari/537.36"
46.30.212.204 - - [07/Oct/2025:20:35:07 +0000] "GET /jufisas/js/dolceescort.js HTTP/1.1" 200 3471 "https://klescorthub.net/agency/emily-evans/?nowprocket=1&no_optimize=1&wpr_imagedimensions=1" "WP-Rocket/SaaS Mozilla/5.0 (X11; Linux x86_64) AppleWebKit/537.36 (KHTML, like Gecko) Chrome/106.0.0.0 Safari/537.36"
46.30.212.204 - - [07/Oct/2025:20:35:07 +0000] "GET /jadoaksy/js/jquery/jquery.min.js HTTP/1.1" 200 30368 "https://klescorthub.net/agency/emily-evans/?nowprocket=1&no_optimize=1&wpr_imagedimensions=1" "WP-Rocket/SaaS Mozilla/5.0 (X11; Linux x86_64) AppleWebKit/537.36 (KHTML, like Gecko) Chrome/106.0.0.0 Safari/537.36"
46.30.212.204 - - [07/Oct/2025:20:35:07 +0000] "GET /jadoaksy/js/jquery/jquery-migrate.min.js HTTP/1.1" 200 4872 "https://klescorthub.net/agency/emily-evans/?nowprocket=1&no_optimize=1&wpr_imagedimensions=1" "WP-Rocket/SaaS Mozilla/5.0 (X11; Linux x86_64) AppleWebKit/537.36 (KHTML, like Gecko) Chrome/106.0.0.0 Safari/537.36"
46.30.212.204 - - [07/Oct/2025:20:35:07 +0000] "GET /jufisas/js/select2.min.js HTTP/1.1" 200 19907 "https://klescorthub.net/agency/emily-evans/?nowprocket=1&no_optimize=1&wpr_imagedimensions=1" "WP-Rocket/SaaS Mozilla/5.0 (X11; Linux x86_64) AppleWebKit/537.36 (KHTML, like Gecko) Chrome/106.0.0.0 Safari/537.36"
46.30.212.204 - - [07/Oct/2025:20:35:08 +0000] "GET /jufisas/js/js.cookie.js HTTP/1.1" 200 1556 "https://klescorthub.net/agency/emily-evans/?nowprocket=1&no_optimize=1&wpr_imagedimensions=1" "WP-Rocket/SaaS Mozilla/5.0 (X11; Linux x86_64) AppleWebKit/537.36 (KHTML, like Gecko) Chrome/106.0.0.0 Safari/537.36"
46.30.212.204 - - [07/Oct/2025:20:35:08 +0000] "GET /jufisas/js/jquery.mobile.custom.min.js HTTP/1.1" 200 2862 "https://klescorthub.net/agency/emily-evans/?nowprocket=1&no_optimize=1&wpr_imagedimensions=1" "WP-Rocket/SaaS Mozilla/5.0 (X11; Linux x86_64) AppleWebKit/537.36 (KHTML, like Gecko) Chrome/106.0.0.0 Safari/537.36"
46.30.212.204 - - [07/Oct/2025:20:35:08 +0000] "GET /jufisas/js/checkator.jquery.js HTTP/1.1" 200 1572 "https://klescorthub.net/agency/emily-evans/?nowprocket=1&no_optimize=1&wpr_imagedimensions=1" "WP-Rocket/SaaS Mozilla/5.0 (X11; Linux x86_64) AppleWebKit/537.36 (KHTML, like Gecko) Chrome/106.0.0.0 Safari/537.36"
46.30.212.204 - - [07/Oct/2025:20:35:08 +0000] "GET /jufisas/js/jquery.uploadifive.min.js HTTP/1.1" 200 4096 "https://klescorthub.net/agency/emily-evans/?nowprocket=1&no_optimize=1&wpr_imagedimensions=1" "WP-Rocket/SaaS Mozilla/5.0 (X11; Linux x86_64) AppleWebKit/537.36 (KHTML, like Gecko) Chrome/106.0.0.0 Safari/537.36"
46.30.212.204 - - [07/Oct/2025:20:35:08 +0000] "GET /ifovigum/wp-smushit/app/assets/js/smush-lazy-load.min.js HTTP/1.1" 200 7887 "https://klescorthub.net/agency/emily-evans/?nowprocket=1&no_optimize=1&wpr_imagedimensions=1" "WP-Rocket/SaaS Mozilla/5.0 (X11; Linux x86_64) AppleWebKit/537.36 (KHTML, like Gecko) Chrome/106.0.0.0 Safari/537.36"
46.30.212.204 - - [07/Oct/2025:20:35:09 +0000] "GET /ifovigum/wp-rocket/assets/js/wpr-beacon.min.js HTTP/1.1" 200 8097 "https://klescorthub.net/agency/emily-evans/?nowprocket=1&no_optimize=1&wpr_imagedimensions=1" "WP-Rocket/SaaS Mozilla/5.0 (X11; Linux x86_64) AppleWebKit/537.36 (KHTML, like Gecko) Chrome/106.0.0.0 Safari/537.36"
107.189.14.177 - - [07/Oct/2025:20:35:09 +0000] "GET /wp-login.php HTTP/1.1" 200 2304 "-" "Mozilla/5.0 (Windows NT 6.2; WOW64; rv:31.0) Gecko/20100101 Firefox/31.0"
203.161.56.247 - - [07/Oct/2025:20:35:11 +0000] "POST /wp-cron.php?doing_wp_cron=1759869311.6705141067504882812500 HTTP/1.1" 200 - "-" "WordPress/6.8.3; https://klescorthub.net"
107.189.14.177 - - [07/Oct/2025:20:35:10 +0000] "POST /wp-login.php HTTP/1.1" 200 2407 "-" "Mozilla/5.0 (Windows NT 6.2; WOW64; rv:31.0) Gecko/20100101 Firefox/31.0"
46.30.212.204 - - [07/Oct/2025:20:35:10 +0000] "POST /wp-admin/admin-ajax.php HTTP/1.1" 200 473 "https://klescorthub.net/agency/emily-evans/?nowprocket=1&no_optimize=1&wpr_imagedimensions=1" "WP-Rocket/SaaS Mozilla/5.0 (X11; Linux x86_64) AppleWebKit/537.36 (KHTML, like Gecko) Chrome/106.0.0.0 Safari/537.36"
46.30.212.200 - - [07/Oct/2025:20:35:34 +0000] "GET /agency/emily-evans/?nowprocket=1&no_optimize=1&wpr_imagedimensions=1 HTTP/1.1" 200 16531 "-" "WP-Rocket/SaaS Mozilla/5.0 (Linux; Android 13; Pixel 5) AppleWebKit/537.36 (KHTML, like Gecko) Chrome/106.0.0.0 Mobile Safari/537.36"
46.30.212.200 - - [07/Oct/2025:20:35:35 +0000] "GET /jufisas/dadipon.css HTTP/1.1" 200 15557 "https://klescorthub.net/agency/emily-evans/?nowprocket=1&no_optimize=1&wpr_imagedimensions=1" "WP-Rocket/SaaS Mozilla/5.0 (Linux; Android 13; Pixel 5) AppleWebKit/537.36 (KHTML, like Gecko) Chrome/106.0.0.0 Mobile Safari/537.36"
46.30.212.200 - - [07/Oct/2025:20:35:36 +0000] "GET /jufisas/css/icon-font/style.css HTTP/1.1" 200 9216 "https://klescorthub.net/agency/emily-evans/?nowprocket=1&no_optimize=1&wpr_imagedimensions=1" "WP-Rocket/SaaS Mozilla/5.0 (Linux; Android 13; Pixel 5) AppleWebKit/537.36 (KHTML, like Gecko) Chrome/106.0.0.0 Mobile Safari/537.36"
46.30.212.200 - - [07/Oct/2025:20:35:36 +0000] "GET /jufisas/css/responsive.css HTTP/1.1" 200 2139 "https://klescorthub.net/agency/emily-evans/?nowprocket=1&no_optimize=1&wpr_imagedimensions=1" "WP-Rocket/SaaS Mozilla/5.0 (Linux; Android 13; Pixel 5) AppleWebKit/537.36 (KHTML, like Gecko) Chrome/106.0.0.0 Mobile Safari/537.36"
46.30.212.200 - - [07/Oct/2025:20:35:36 +0000] "GET /jufisas/css/select2.min.css HTTP/1.1" 200 1998 "https://klescorthub.net/agency/emily-evans/?nowprocket=1&no_optimize=1&wpr_imagedimensions=1" "WP-Rocket/SaaS Mozilla/5.0 (Linux; Android 13; Pixel 5) AppleWebKit/537.36 (KHTML, like Gecko) Chrome/106.0.0.0 Mobile Safari/537.36"
46.30.212.200 - - [07/Oct/2025:20:35:36 +0000] "GET /jadoaksy/js/jquery/jquery-migrate.min.js HTTP/1.1" 200 4872 "https://klescorthub.net/agency/emily-evans/?nowprocket=1&no_optimize=1&wpr_imagedimensions=1" "WP-Rocket/SaaS Mozilla/5.0 (Linux; Android 13; Pixel 5) AppleWebKit/537.36 (KHTML, like Gecko) Chrome/106.0.0.0 Mobile Safari/537.36"
46.30.212.200 - - [07/Oct/2025:20:35:36 +0000] "GET /jufisas/js/select2.min.js HTTP/1.1" 200 19907 "https://klescorthub.net/agency/emily-evans/?nowprocket=1&no_optimize=1&wpr_imagedimensions=1" "WP-Rocket/SaaS Mozilla/5.0 (Linux; Android 13; Pixel 5) AppleWebKit/537.36 (KHTML, like Gecko) Chrome/106.0.0.0 Mobile Safari/537.36"
46.30.212.200 - - [07/Oct/2025:20:35:36 +0000] "GET /jadoaksy/js/jquery/jquery.min.js HTTP/1.1" 200 30368 "https://klescorthub.net/agency/emily-evans/?nowprocket=1&no_optimize=1&wpr_imagedimensions=1" "WP-Rocket/SaaS Mozilla/5.0 (Linux; Android 13; Pixel 5) AppleWebKit/537.36 (KHTML, like Gecko) Chrome/106.0.0.0 Mobile Safari/537.36"
46.30.212.200 - - [07/Oct/2025:20:35:36 +0000] "GET /jufisas/js/dolceescort.js HTTP/1.1" 200 3471 "https://klescorthub.net/agency/emily-evans/?nowprocket=1&no_optimize=1&wpr_imagedimensions=1" "WP-Rocket/SaaS Mozilla/5.0 (Linux; Android 13; Pixel 5) AppleWebKit/537.36 (KHTML, like Gecko) Chrome/106.0.0.0 Mobile Safari/537.36"
46.30.212.200 - - [07/Oct/2025:20:35:36 +0000] "GET /jufisas/js/js.cookie.js HTTP/1.1" 200 1556 "https://klescorthub.net/agency/emily-evans/?nowprocket=1&no_optimize=1&wpr_imagedimensions=1" "WP-Rocket/SaaS Mozilla/5.0 (Linux; Android 13; Pixel 5) AppleWebKit/537.36 (KHTML, like Gecko) Chrome/106.0.0.0 Mobile Safari/537.36"
46.30.212.200 - - [07/Oct/2025:20:35:36 +0000] "GET /jufisas/js/jquery.uploadifive.min.js HTTP/1.1" 200 4096 "https://klescorthub.net/agency/emily-evans/?nowprocket=1&no_optimize=1&wpr_imagedimensions=1" "WP-Rocket/SaaS Mozilla/5.0 (Linux; Android 13; Pixel 5) AppleWebKit/537.36 (KHTML, like Gecko) Chrome/106.0.0.0 Mobile Safari/537.36"
46.30.212.200 - - [07/Oct/2025:20:35:36 +0000] "GET /jufisas/js/jquery.mobile.custom.min.js HTTP/1.1" 200 2862 "https://klescorthub.net/agency/emily-evans/?nowprocket=1&no_optimize=1&wpr_imagedimensions=1" "WP-Rocket/SaaS Mozilla/5.0 (Linux; Android 13; Pixel 5) AppleWebKit/537.36 (KHTML, like Gecko) Chrome/106.0.0.0 Mobile Safari/537.36"
46.30.212.200 - - [07/Oct/2025:20:35:36 +0000] "GET /jufisas/js/checkator.jquery.js HTTP/1.1" 200 1572 "https://klescorthub.net/agency/emily-evans/?nowprocket=1&no_optimize=1&wpr_imagedimensions=1" "WP-Rocket/SaaS Mozilla/5.0 (Linux; Android 13; Pixel 5) AppleWebKit/537.36 (KHTML, like Gecko) Chrome/106.0.0.0 Mobile Safari/537.36"
46.30.212.200 - - [07/Oct/2025:20:35:36 +0000] "GET /ifovigum/wp-smushit/app/assets/js/smush-lazy-load.min.js HTTP/1.1" 200 7887 "https://klescorthub.net/agency/emily-evans/?nowprocket=1&no_optimize=1&wpr_imagedimensions=1" "WP-Rocket/SaaS Mozilla/5.0 (Linux; Android 13; Pixel 5) AppleWebKit/537.36 (KHTML, like Gecko) Chrome/106.0.0.0 Mobile Safari/537.36"
46.30.212.200 - - [07/Oct/2025:20:35:36 +0000] "GET /ifovigum/wp-rocket/assets/js/wpr-beacon.min.js HTTP/1.1" 200 8097 "https://klescorthub.net/agency/emily-evans/?nowprocket=1&no_optimize=1&wpr_imagedimensions=1" "WP-Rocket/SaaS Mozilla/5.0 (Linux; Android 13; Pixel 5) AppleWebKit/537.36 (KHTML, like Gecko) Chrome/106.0.0.0 Mobile Safari/537.36"
46.30.212.200 - - [07/Oct/2025:20:35:37 +0000] "POST /wp-admin/admin-ajax.php HTTP/1.1" 200 375 "https://klescorthub.net/agency/emily-evans/?nowprocket=1&no_optimize=1&wpr_imagedimensions=1" "WP-Rocket/SaaS Mozilla/5.0 (Linux; Android 13; Pixel 5) AppleWebKit/537.36 (KHTML, like Gecko) Chrome/106.0.0.0 Mobile Safari/537.36"
203.161.56.247 - - [07/Oct/2025:20:35:39 +0000] "POST /wp-cron.php?doing_wp_cron=1759869339.3948891162872314453125 HTTP/1.1" 200 - "-" "WordPress/6.8.3; https://klescorthub.net"
45.86.208.11 - - [07/Oct/2025:20:35:43 +0000] "POST /agency-registration/ HTTP/1.1" 302 - "https://klescorthub.net/agency-registration/" "Mozilla/5.0 (Windows NT 10.0; Win64; x64) AppleWebKit/537.36 (KHTML, like Gecko) Chrome/140.0.0.0 Safari/537.36"
203.161.56.247 - - [07/Oct/2025:20:35:38 +0000] "POST /wp-admin/admin-ajax.php?action=as_async_request_queue_runner&nonce=74991f2725 HTTP/1.1" 200 - "-" "WordPress/6.8.3; https://klescorthub.net"
45.86.208.11 - - [07/Oct/2025:20:35:45 +0000] "GET /agency-registration/ HTTP/1.1" 200 16794 "https://klescorthub.net/agency-registration/" "Mozilla/5.0 (Windows NT 10.0; Win64; x64) AppleWebKit/537.36 (KHTML, like Gecko) Chrome/140.0.0.0 Safari/537.36"
45.86.208.11 - - [07/Oct/2025:20:35:46 +0000] "GET /startala/cache/min/1/wp-content/themes/escortwp/css/icon-font/style.css?ver=1759729543 HTTP/1.1" 200 9115 "https://klescorthub.net/agency-registration/" "Mozilla/5.0 (Windows NT 10.0; Win64; x64) AppleWebKit/537.36 (KHTML, like Gecko) Chrome/140.0.0.0 Safari/537.36"
45.86.208.11 - - [07/Oct/2025:20:35:46 +0000] "GET /startala/cache/min/1/wp-content/themes/escortwp/style.css?ver=1759729543 HTTP/1.1" 200 14641 "https://klescorthub.net/agency-registration/" "Mozilla/5.0 (Windows NT 10.0; Win64; x64) AppleWebKit/537.36 (KHTML, like Gecko) Chrome/140.0.0.0 Safari/537.36"
45.86.208.11 - - [07/Oct/2025:20:35:46 +0000] "GET /startala/cache/min/1/wp-content/themes/escortwp/css/responsive.css?ver=1759729543 HTTP/1.1" 200 1916 "https://klescorthub.net/agency-registration/" "Mozilla/5.0 (Windows NT 10.0; Win64; x64) AppleWebKit/537.36 (KHTML, like Gecko) Chrome/140.0.0.0 Safari/537.36"
45.86.208.11 - - [07/Oct/2025:20:35:47 +0000] "GET /jufisas/css/select2.min.css HTTP/1.1" 200 1998 "https://klescorthub.net/agency-registration/" "Mozilla/5.0 (Windows NT 10.0; Win64; x64) AppleWebKit/537.36 (KHTML, like Gecko) Chrome/140.0.0.0 Safari/537.36"
45.86.208.11 - - [07/Oct/2025:20:35:53 +0000] "GET /?ekey=81d3c982561c5f335620eeac1b11bac4 HTTP/1.1" 200 16079 "-" "Mozilla/5.0 (Windows NT 10.0; Win64; x64) AppleWebKit/537.36 (KHTML, like Gecko) Chrome/140.0.0.0 Safari/537.36"
45.86.208.11 - - [07/Oct/2025:20:35:56 +0000] "GET /jufisas/dadipon.css HTTP/1.1" 200 15557 "https://klescorthub.net/?ekey=81d3c982561c5f335620eeac1b11bac4" "Mozilla/5.0 (Windows NT 10.0; Win64; x64) AppleWebKit/537.36 (KHTML, like Gecko) Chrome/140.0.0.0 Safari/537.36"
45.86.208.11 - - [07/Oct/2025:20:35:56 +0000] "GET /jufisas/css/icon-font/style.css HTTP/1.1" 200 9216 "https://klescorthub.net/?ekey=81d3c982561c5f335620eeac1b11bac4" "Mozilla/5.0 (Windows NT 10.0; Win64; x64) AppleWebKit/537.36 (KHTML, like Gecko) Chrome/140.0.0.0 Safari/537.36"
45.86.208.11 - - [07/Oct/2025:20:35:56 +0000] "GET /jufisas/css/responsive.css HTTP/1.1" 200 2139 "https://klescorthub.net/?ekey=81d3c982561c5f335620eeac1b11bac4" "Mozilla/5.0 (Windows NT 10.0; Win64; x64) AppleWebKit/537.36 (KHTML, like Gecko) Chrome/140.0.0.0 Safari/537.36"
45.86.208.11 - - [07/Oct/2025:20:35:56 +0000] "GET /jufisas/js/dolceescort.js HTTP/1.1" 200 3471 "https://klescorthub.net/?ekey=81d3c982561c5f335620eeac1b11bac4" "Mozilla/5.0 (Windows NT 10.0; Win64; x64) AppleWebKit/537.36 (KHTML, like Gecko) Chrome/140.0.0.0 Safari/537.36"
45.86.208.11 - - [07/Oct/2025:20:35:56 +0000] "GET /jufisas/js/js.cookie.js HTTP/1.1" 200 1556 "https://klescorthub.net/?ekey=81d3c982561c5f335620eeac1b11bac4" "Mozilla/5.0 (Windows NT 10.0; Win64; x64) AppleWebKit/537.36 (KHTML, like Gecko) Chrome/140.0.0.0 Safari/537.36"
45.86.208.11 - - [07/Oct/2025:20:35:56 +0000] "GET /jufisas/js/checkator.jquery.js HTTP/1.1" 200 1572 "https://klescorthub.net/?ekey=81d3c982561c5f335620eeac1b11bac4" "Mozilla/5.0 (Windows NT 10.0; Win64; x64) AppleWebKit/537.36 (KHTML, like Gecko) Chrome/140.0.0.0 Safari/537.36"
45.86.208.11 - - [07/Oct/2025:20:35:57 +0000] "GET /ibeptoxa/1701673037890/17016730515791-400x600.jpg HTTP/1.1" 200 41006 "https://klescorthub.net/?ekey=81d3c982561c5f335620eeac1b11bac4" "Mozilla/5.0 (Windows NT 10.0; Win64; x64) AppleWebKit/537.36 (KHTML, like Gecko) Chrome/140.0.0.0 Safari/537.36"
45.86.208.11 - - [07/Oct/2025:20:35:57 +0000] "GET /ibeptoxa/1702572657109/17025726868281-400x600.jpg HTTP/1.1" 200 37343 "https://klescorthub.net/?ekey=81d3c982561c5f335620eeac1b11bac4" "Mozilla/5.0 (Windows NT 10.0; Win64; x64) AppleWebKit/537.36 (KHTML, like Gecko) Chrome/140.0.0.0 Safari/537.36"
45.86.208.11 - - [07/Oct/2025:20:35:57 +0000] "GET /ibeptoxa/1702572485869/17025725011111-400x600.jpg HTTP/1.1" 200 38580 "https://klescorthub.net/?ekey=81d3c982561c5f335620eeac1b11bac4" "Mozilla/5.0 (Windows NT 10.0; Win64; x64) AppleWebKit/537.36 (KHTML, like Gecko) Chrome/140.0.0.0 Safari/537.36"
45.86.208.11 - - [07/Oct/2025:20:35:57 +0000] "GET /ibeptoxa/1701672929497/17016729475960-400x600.jpg HTTP/1.1" 200 51902 "https://klescorthub.net/?ekey=81d3c982561c5f335620eeac1b11bac4" "Mozilla/5.0 (Windows NT 10.0; Win64; x64) AppleWebKit/537.36 (KHTML, like Gecko) Chrome/140.0.0.0 Safari/537.36"
45.86.208.11 - - [07/Oct/2025:20:35:57 +0000] "GET /ibeptoxa/1702572538365/17025725521698-400x600.jpg HTTP/1.1" 200 46792 "https://klescorthub.net/?ekey=81d3c982561c5f335620eeac1b11bac4" "Mozilla/5.0 (Windows NT 10.0; Win64; x64) AppleWebKit/537.36 (KHTML, like Gecko) Chrome/140.0.0.0 Safari/537.36"
45.86.208.11 - - [07/Oct/2025:20:35:57 +0000] "GET /ibeptoxa/1702572435665/17025724483886-400x600.jpg HTTP/1.1" 200 48717 "https://klescorthub.net/?ekey=81d3c982561c5f335620eeac1b11bac4" "Mozilla/5.0 (Windows NT 10.0; Win64; x64) AppleWebKit/537.36 (KHTML, like Gecko) Chrome/140.0.0.0 Safari/537.36"
45.86.208.11 - - [07/Oct/2025:20:35:57 +0000] "GET /ibeptoxa/1759305711552/17593057293004-400x600.jpg HTTP/1.1" 200 35631 "https://klescorthub.net/?ekey=81d3c982561c5f335620eeac1b11bac4" "Mozilla/5.0 (Windows NT 10.0; Win64; x64) AppleWebKit/537.36 (KHTML, like Gecko) Chrome/140.0.0.0 Safari/537.36"
45.86.208.11 - - [07/Oct/2025:20:35:57 +0000] "GET /ibeptoxa/1759302473446/17593025502671-400x600.jpg HTTP/1.1" 200 41242 "https://klescorthub.net/?ekey=81d3c982561c5f335620eeac1b11bac4" "Mozilla/5.0 (Windows NT 10.0; Win64; x64) AppleWebKit/537.36 (KHTML, like Gecko) Chrome/140.0.0.0 Safari/537.36"
45.86.208.11 - - [07/Oct/2025:20:35:57 +0000] "GET /ibeptoxa/1759302704900/17593027317922-400x600.jpg HTTP/1.1" 200 31954 "https://klescorthub.net/?ekey=81d3c982561c5f335620eeac1b11bac4" "Mozilla/5.0 (Windows NT 10.0; Win64; x64) AppleWebKit/537.36 (KHTML, like Gecko) Chrome/140.0.0.0 Safari/537.36"
45.86.208.11 - - [07/Oct/2025:20:35:57 +0000] "GET /ibeptoxa/1759296944562/17592969777029-400x600.jpg HTTP/1.1" 200 30552 "https://klescorthub.net/?ekey=81d3c982561c5f335620eeac1b11bac4" "Mozilla/5.0 (Windows NT 10.0; Win64; x64) AppleWebKit/537.36 (KHTML, like Gecko) Chrome/140.0.0.0 Safari/537.36"
45.86.208.11 - - [07/Oct/2025:20:35:57 +0000] "GET /ibeptoxa/1746899884338/17468999081148-400x600.jpg HTTP/1.1" 200 39394 "https://klescorthub.net/?ekey=81d3c982561c5f335620eeac1b11bac4" "Mozilla/5.0 (Windows NT 10.0; Win64; x64) AppleWebKit/537.36 (KHTML, like Gecko) Chrome/140.0.0.0 Safari/537.36"
45.86.208.11 - - [07/Oct/2025:20:35:57 +0000] "GET /ibeptoxa/1746899744902/17468997647980-400x600.jpg HTTP/1.1" 200 36606 "https://klescorthub.net/?ekey=81d3c982561c5f335620eeac1b11bac4" "Mozilla/5.0 (Windows NT 10.0; Win64; x64) AppleWebKit/537.36 (KHTML, like Gecko) Chrome/140.0.0.0 Safari/537.36"
45.86.208.11 - - [07/Oct/2025:20:35:58 +0000] "GET /ibeptoxa/1746899070629/17468990969850-400x600.jpg HTTP/1.1" 200 34094 "https://klescorthub.net/?ekey=81d3c982561c5f335620eeac1b11bac4" "Mozilla/5.0 (Windows NT 10.0; Win64; x64) AppleWebKit/537.36 (KHTML, like Gecko) Chrome/140.0.0.0 Safari/537.36"
45.86.208.11 - - [07/Oct/2025:20:35:58 +0000] "GET /ibeptoxa/1745963887292/17459639014688-400x600.jpg HTTP/1.1" 200 35945 "https://klescorthub.net/?ekey=81d3c982561c5f335620eeac1b11bac4" "Mozilla/5.0 (Windows NT 10.0; Win64; x64) AppleWebKit/537.36 (KHTML, like Gecko) Chrome/140.0.0.0 Safari/537.36"
45.86.208.11 - - [07/Oct/2025:20:35:58 +0000] "GET /ibeptoxa/1745963506769/17459637432770-400x600.jpg HTTP/1.1" 200 44106 "https://klescorthub.net/?ekey=81d3c982561c5f335620eeac1b11bac4" "Mozilla/5.0 (Windows NT 10.0; Win64; x64) AppleWebKit/537.36 (KHTML, like Gecko) Chrome/140.0.0.0 Safari/537.36"
45.86.208.11 - - [07/Oct/2025:20:35:58 +0000] "GET /ibeptoxa/1745962632739/17459632995200-400x600.jpg HTTP/1.1" 200 31943 "https://klescorthub.net/?ekey=81d3c982561c5f335620eeac1b11bac4" "Mozilla/5.0 (Windows NT 10.0; Win64; x64) AppleWebKit/537.36 (KHTML, like Gecko) Chrome/140.0.0.0 Safari/537.36"
45.86.208.11 - - [07/Oct/2025:20:35:58 +0000] "GET /ibeptoxa/1745962284505/17459623043429-400x600.jpg HTTP/1.1" 200 35190 "https://klescorthub.net/?ekey=81d3c982561c5f335620eeac1b11bac4" "Mozilla/5.0 (Windows NT 10.0; Win64; x64) AppleWebKit/537.36 (KHTML, like Gecko) Chrome/140.0.0.0 Safari/537.36"
45.86.208.11 - - [07/Oct/2025:20:35:58 +0000] "GET /ibeptoxa/174689923569/17468992497100-400x600.jpg HTTP/1.1" 200 47770 "https://klescorthub.net/?ekey=81d3c982561c5f335620eeac1b11bac4" "Mozilla/5.0 (Windows NT 10.0; Win64; x64) AppleWebKit/537.36 (KHTML, like Gecko) Chrome/140.0.0.0 Safari/537.36"
45.86.208.11 - - [07/Oct/2025:20:35:58 +0000] "GET /ibeptoxa/1745962003542/17459620256839-400x600.jpg HTTP/1.1" 200 39375 "https://klescorthub.net/?ekey=81d3c982561c5f335620eeac1b11bac4" "Mozilla/5.0 (Windows NT 10.0; Win64; x64) AppleWebKit/537.36 (KHTML, like Gecko) Chrome/140.0.0.0 Safari/537.36"
45.86.208.11 - - [07/Oct/2025:20:35:58 +0000] "GET /ibeptoxa/1706783643798/17067836607619-400x600.jpg HTTP/1.1" 200 44072 "https://klescorthub.net/?ekey=81d3c982561c5f335620eeac1b11bac4" "Mozilla/5.0 (Windows NT 10.0; Win64; x64) AppleWebKit/537.36 (KHTML, like Gecko) Chrome/140.0.0.0 Safari/537.36"
45.86.208.11 - - [07/Oct/2025:20:35:59 +0000] "GET /ibeptoxa/1702572591995/17025726091009-400x600.jpg HTTP/1.1" 200 37814 "https://klescorthub.net/?ekey=81d3c982561c5f335620eeac1b11bac4" "Mozilla/5.0 (Windows NT 10.0; Win64; x64) AppleWebKit/537.36 (KHTML, like Gecko) Chrome/140.0.0.0 Safari/537.36"
45.86.208.11 - - [07/Oct/2025:20:35:59 +0000] "GET /ibeptoxa/1702572725668/17025727397192-400x600.jpg HTTP/1.1" 200 48553 "https://klescorthub.net/?ekey=81d3c982561c5f335620eeac1b11bac4" "Mozilla/5.0 (Windows NT 10.0; Win64; x64) AppleWebKit/537.36 (KHTML, like Gecko) Chrome/140.0.0.0 Safari/537.36"
45.86.208.11 - - [07/Oct/2025:20:35:59 +0000] "GET /ibeptoxa/1706783232238/17067832711077-400x600.jpg HTTP/1.1" 200 40053 "https://klescorthub.net/?ekey=81d3c982561c5f335620eeac1b11bac4" "Mozilla/5.0 (Windows NT 10.0; Win64; x64) AppleWebKit/537.36 (KHTML, like Gecko) Chrome/140.0.0.0 Safari/537.36"
45.86.208.11 - - [07/Oct/2025:20:35:59 +0000] "GET /ibeptoxa/1702572328253/17025723506772-400x600.jpg HTTP/1.1" 200 41123 "https://klescorthub.net/?ekey=81d3c982561c5f335620eeac1b11bac4" "Mozilla/5.0 (Windows NT 10.0; Win64; x64) AppleWebKit/537.36 (KHTML, like Gecko) Chrome/140.0.0.0 Safari/537.36"
45.86.208.11 - - [07/Oct/2025:20:35:59 +0000] "GET /ibeptoxa/1706783543293/17067835817177-400x600.jpg HTTP/1.1" 200 45345 "https://klescorthub.net/?ekey=81d3c982561c5f335620eeac1b11bac4" "Mozilla/5.0 (Windows NT 10.0; Win64; x64) AppleWebKit/537.36 (KHTML, like Gecko) Chrome/140.0.0.0 Safari/537.36"
203.161.56.247 - - [07/Oct/2025:20:36:00 +0000] "POST /wp-cron.php?doing_wp_cron=1759869360.9605801105499267578125 HTTP/1.1" 200 - "-" "WordPress/6.8.3; https://klescorthub.net"
45.86.208.11 - - [07/Oct/2025:20:36:00 +0000] "GET /upload-logo/ HTTP/1.1" 200 18830 "https://klescorthub.net/?ekey=81d3c982561c5f335620eeac1b11bac4" "Mozilla/5.0 (Windows NT 10.0; Win64; x64) AppleWebKit/537.36 (KHTML, like Gecko) Chrome/140.0.0.0 Safari/537.36"
45.86.208.11 - - [07/Oct/2025:20:36:40 +0000] "GET /jufisas/i/cancel.png HTTP/1.1" 200 2960 "https://klescorthub.net/startala/cache/min/1/wp-content/themes/escortwp/style.css?ver=1759729543" "Mozilla/5.0 (Windows NT 10.0; Win64; x64) AppleWebKit/537.36 (KHTML, like Gecko) Chrome/140.0.0.0 Safari/537.36"
203.161.56.247 - - [07/Oct/2025:20:36:42 +0000] "POST /wp-cron.php?doing_wp_cron=1759869402.1323699951171875000000 HTTP/1.1" 200 - "-" "WordPress/6.8.3; https://klescorthub.net"
203.161.56.247 - - [07/Oct/2025:20:36:42 +0000] "POST /wp-admin/admin-post.php HTTP/1.1" 302 - "-" "WordPress/6.8.3; https://klescorthub.net"
45.86.208.11 - - [07/Oct/2025:20:36:40 +0000] "POST /jufisas/register-agency-upload-logo-process.php HTTP/1.1" 200 22 "https://klescorthub.net/upload-logo/" "Mozilla/5.0 (Windows NT 10.0; Win64; x64) AppleWebKit/537.36 (KHTML, like Gecko) Chrome/140.0.0.0 Safari/537.36"
45.86.208.11 - - [07/Oct/2025:20:36:49 +0000] "GET /upload-logo/ HTTP/1.1" 200 18850 "https://klescorthub.net/upload-logo/" "Mozilla/5.0 (Windows NT 10.0; Win64; x64) AppleWebKit/537.36 (KHTML, like Gecko) Chrome/140.0.0.0 Safari/537.36"
203.161.56.247 - - [07/Oct/2025:20:37:35 +0000] "POST /wp-cron.php?doing_wp_cron=1759869455.3028819561004638671875 HTTP/1.1" 200 - "-" "WordPress/6.8.3; https://klescorthub.net"
45.86.208.11 - - [07/Oct/2025:20:37:33 +0000] "GET /agency/palmer-torres/ HTTP/1.1" 200 22167 "https://klescorthub.net/upload-logo/" "Mozilla/5.0 (Windows NT 10.0; Win64; x64) AppleWebKit/537.36 (KHTML, like Gecko) Chrome/140.0.0.0 Safari/537.36"
45.86.208.11 - - [07/Oct/2025:20:37:36 +0000] "GET /ibeptoxa/1759869345629/1759869402156-400x666.jpg HTTP/1.1" 200 38580 "https://klescorthub.net/agency/palmer-torres/" "Mozilla/5.0 (Windows NT 10.0; Win64; x64) AppleWebKit/537.36 (KHTML, like Gecko) Chrome/140.0.0.0 Safari/537.36"
203.161.56.247 - - [07/Oct/2025:20:37:36 +0000] "GET /author/emilyevans/ HTTP/1.1" 200 38725 "-" "WP Rocket/Preload"
203.161.56.247 - - [07/Oct/2025:20:37:38 +0000] "GET /author/emilyevans/ HTTP/1.1" 200 38797 "-" "WP Rocket/Preload Mozilla/5.0 (iPhone; CPU iPhone OS 9_1 like Mac OS X) AppleWebKit/601.1.46 (KHTML, like Gecko) Version/9.0 Mobile/13B143 Safari/601.1"
203.161.56.247 - - [07/Oct/2025:20:37:40 +0000] "GET /all-escorts/all-kl-escort-girls/ HTTP/1.1" 301 - "-" "WP Rocket/Preload"
203.161.56.247 - - [07/Oct/2025:20:37:41 +0000] "GET /all-escorts/all-kl-escort-girls/ HTTP/1.1" 301 - "-" "WP Rocket/Preload Mozilla/5.0 (iPhone; CPU iPhone OS 9_1 like Mac OS X) AppleWebKit/601.1.46 (KHTML, like Gecko) Version/9.0 Mobile/13B143 Safari/601.1"
203.161.56.247 - - [07/Oct/2025:20:37:43 +0000] "GET /girls/kuala-lumpur/ HTTP/1.1" 200 40462 "-" "WP Rocket/Preload"
203.161.56.247 - - [07/Oct/2025:20:37:44 +0000] "GET /girls/kuala-lumpur/ HTTP/1.1" 200 40473 "-" "WP Rocket/Preload Mozilla/5.0 (iPhone; CPU iPhone OS 9_1 like Mac OS X) AppleWebKit/601.1.46 (KHTML, like Gecko) Version/9.0 Mobile/13B143 Safari/601.1"
57.141.0.70 - - [07/Oct/2025:20:37:45 +0000] "GET /2023/04/25/guide-to-book-malaysian-escorts/ HTTP/1.1" 200 158580 "-" "meta-externalagent/1.1 (+https://developers.facebook.com/docs/sharing/webmasters/crawler)"
203.161.56.247 - - [07/Oct/2025:20:37:46 +0000] "GET /agency/page/ HTTP/1.1" 404 12653 "-" "WP Rocket/Preload"
203.161.56.247 - - [07/Oct/2025:20:37:47 +0000] "GET /agency/page/ HTTP/1.1" 404 12657 "-" "WP Rocket/Preload Mozilla/5.0 (iPhone; CPU iPhone OS 9_1 like Mac OS X) AppleWebKit/601.1.46 (KHTML, like Gecko) Version/9.0 Mobile/13B143 Safari/601.1"
203.161.56.247 - - [07/Oct/2025:20:37:48 +0000] "GET /author/palmertorres/ HTTP/1.1" 200 25387 "-" "WP Rocket/Preload"
203.161.56.247 - - [07/Oct/2025:20:37:50 +0000] "GET /author/palmertorres/ HTTP/1.1" 200 25396 "-" "WP Rocket/Preload Mozilla/5.0 (iPhone; CPU iPhone OS 9_1 like Mac OS X) AppleWebKit/601.1.46 (KHTML, like Gecko) Version/9.0 Mobile/13B143 Safari/601.1"
203.161.56.247 - - [07/Oct/2025:20:37:52 +0000] "GET /agency/palmer-torres/ HTTP/1.1" 200 26036 "-" "WP Rocket/Preload"
203.161.56.247 - - [07/Oct/2025:20:37:53 +0000] "GET /agency/palmer-torres/ HTTP/1.1" 200 26042 "-" "WP Rocket/Preload Mozilla/5.0 (iPhone; CPU iPhone OS 9_1 like Mac OS X) AppleWebKit/601.1.46 (KHTML, like Gecko) Version/9.0 Mobile/13B143 Safari/601.1"
203.161.56.247 - - [07/Oct/2025:20:37:54 +0000] "GET / HTTP/1.1" 200 39429 "-" "WP Rocket/Preload"
203.161.56.247 - - [07/Oct/2025:20:37:56 +0000] "GET / HTTP/1.1" 200 39429 "-" "WP Rocket/Preload Mozilla/5.0 (iPhone; CPU iPhone OS 9_1 like Mac OS X) AppleWebKit/601.1.46 (KHTML, like Gecko) Version/9.0 Mobile/13B143 Safari/601.1"
203.161.56.247 - - [07/Oct/2025:20:38:04 +0000] "POST /wp-cron.php?doing_wp_cron=1759869484.7141129970550537109375 HTTP/1.1" 200 - "-" "WordPress/6.8.3; https://klescorthub.net"
46.30.212.205 - - [07/Oct/2025:20:38:03 +0000] "GET /author/palmertorres/?nowprocket=1&no_optimize=1&wpr_imagedimensions=1 HTTP/1.1" 200 16065 "-" "WP-Rocket/SaaS Mozilla/5.0 (Linux; Android 13; Pixel 5) AppleWebKit/537.36 (KHTML, like Gecko) Chrome/106.0.0.0 Mobile Safari/537.36"
46.30.212.205 - - [07/Oct/2025:20:38:05 +0000] "GET /jufisas/dadipon.css HTTP/1.1" 200 15557 "https://klescorthub.net/author/palmertorres/?nowprocket=1&no_optimize=1&wpr_imagedimensions=1" "WP-Rocket/SaaS Mozilla/5.0 (Linux; Android 13; Pixel 5) AppleWebKit/537.36 (KHTML, like Gecko) Chrome/106.0.0.0 Mobile Safari/537.36"
46.30.212.205 - - [07/Oct/2025:20:38:05 +0000] "GET /jufisas/css/icon-font/style.css HTTP/1.1" 200 9216 "https://klescorthub.net/author/palmertorres/?nowprocket=1&no_optimize=1&wpr_imagedimensions=1" "WP-Rocket/SaaS Mozilla/5.0 (Linux; Android 13; Pixel 5) AppleWebKit/537.36 (KHTML, like Gecko) Chrome/106.0.0.0 Mobile Safari/537.36"
46.30.212.205 - - [07/Oct/2025:20:38:05 +0000] "GET /jufisas/css/select2.min.css HTTP/1.1" 200 1998 "https://klescorthub.net/author/palmertorres/?nowprocket=1&no_optimize=1&wpr_imagedimensions=1" "WP-Rocket/SaaS Mozilla/5.0 (Linux; Android 13; Pixel 5) AppleWebKit/537.36 (KHTML, like Gecko) Chrome/106.0.0.0 Mobile Safari/537.36"
46.30.212.205 - - [07/Oct/2025:20:38:05 +0000] "GET /jadoaksy/js/jquery/jquery-migrate.min.js HTTP/1.1" 200 4872 "https://klescorthub.net/author/palmertorres/?nowprocket=1&no_optimize=1&wpr_imagedimensions=1" "WP-Rocket/SaaS Mozilla/5.0 (Linux; Android 13; Pixel 5) AppleWebKit/537.36 (KHTML, like Gecko) Chrome/106.0.0.0 Mobile Safari/537.36"
46.30.212.205 - - [07/Oct/2025:20:38:05 +0000] "GET /jadoaksy/js/jquery/jquery.min.js HTTP/1.1" 200 30368 "https://klescorthub.net/author/palmertorres/?nowprocket=1&no_optimize=1&wpr_imagedimensions=1" "WP-Rocket/SaaS Mozilla/5.0 (Linux; Android 13; Pixel 5) AppleWebKit/537.36 (KHTML, like Gecko) Chrome/106.0.0.0 Mobile Safari/537.36"
46.30.212.205 - - [07/Oct/2025:20:38:05 +0000] "GET /jufisas/js/select2.min.js HTTP/1.1" 200 19907 "https://klescorthub.net/author/palmertorres/?nowprocket=1&no_optimize=1&wpr_imagedimensions=1" "WP-Rocket/SaaS Mozilla/5.0 (Linux; Android 13; Pixel 5) AppleWebKit/537.36 (KHTML, like Gecko) Chrome/106.0.0.0 Mobile Safari/537.36"
46.30.212.205 - - [07/Oct/2025:20:38:05 +0000] "GET /jufisas/css/responsive.css HTTP/1.1" 200 2139 "https://klescorthub.net/author/palmertorres/?nowprocket=1&no_optimize=1&wpr_imagedimensions=1" "WP-Rocket/SaaS Mozilla/5.0 (Linux; Android 13; Pixel 5) AppleWebKit/537.36 (KHTML, like Gecko) Chrome/106.0.0.0 Mobile Safari/537.36"
46.30.212.205 - - [07/Oct/2025:20:38:05 +0000] "GET /jufisas/js/dolceescort.js HTTP/1.1" 200 3471 "https://klescorthub.net/author/palmertorres/?nowprocket=1&no_optimize=1&wpr_imagedimensions=1" "WP-Rocket/SaaS Mozilla/5.0 (Linux; Android 13; Pixel 5) AppleWebKit/537.36 (KHTML, like Gecko) Chrome/106.0.0.0 Mobile Safari/537.36"
46.30.212.205 - - [07/Oct/2025:20:38:05 +0000] "GET /jufisas/js/js.cookie.js HTTP/1.1" 200 1556 "https://klescorthub.net/author/palmertorres/?nowprocket=1&no_optimize=1&wpr_imagedimensions=1" "WP-Rocket/SaaS Mozilla/5.0 (Linux; Android 13; Pixel 5) AppleWebKit/537.36 (KHTML, like Gecko) Chrome/106.0.0.0 Mobile Safari/537.36"
46.30.212.205 - - [07/Oct/2025:20:38:05 +0000] "GET /jufisas/js/jquery.uploadifive.min.js HTTP/1.1" 200 4096 "https://klescorthub.net/author/palmertorres/?nowprocket=1&no_optimize=1&wpr_imagedimensions=1" "WP-Rocket/SaaS Mozilla/5.0 (Linux; Android 13; Pixel 5) AppleWebKit/537.36 (KHTML, like Gecko) Chrome/106.0.0.0 Mobile Safari/537.36"
46.30.212.205 - - [07/Oct/2025:20:38:05 +0000] "GET /jufisas/js/jquery.mobile.custom.min.js HTTP/1.1" 200 2862 "https://klescorthub.net/author/palmertorres/?nowprocket=1&no_optimize=1&wpr_imagedimensions=1" "WP-Rocket/SaaS Mozilla/5.0 (Linux; Android 13; Pixel 5) AppleWebKit/537.36 (KHTML, like Gecko) Chrome/106.0.0.0 Mobile Safari/537.36"
46.30.212.205 - - [07/Oct/2025:20:38:06 +0000] "GET /jufisas/js/checkator.jquery.js HTTP/1.1" 200 1572 "https://klescorthub.net/author/palmertorres/?nowprocket=1&no_optimize=1&wpr_imagedimensions=1" "WP-Rocket/SaaS Mozilla/5.0 (Linux; Android 13; Pixel 5) AppleWebKit/537.36 (KHTML, like Gecko) Chrome/106.0.0.0 Mobile Safari/537.36"
46.30.212.205 - - [07/Oct/2025:20:38:06 +0000] "GET /ifovigum/wp-smushit/app/assets/js/smush-lazy-load.min.js HTTP/1.1" 200 7887 "https://klescorthub.net/author/palmertorres/?nowprocket=1&no_optimize=1&wpr_imagedimensions=1" "WP-Rocket/SaaS Mozilla/5.0 (Linux; Android 13; Pixel 5) AppleWebKit/537.36 (KHTML, like Gecko) Chrome/106.0.0.0 Mobile Safari/537.36"
46.30.212.205 - - [07/Oct/2025:20:38:06 +0000] "GET /ifovigum/wp-rocket/assets/js/wpr-beacon.min.js HTTP/1.1" 200 8097 "https://klescorthub.net/author/palmertorres/?nowprocket=1&no_optimize=1&wpr_imagedimensions=1" "WP-Rocket/SaaS Mozilla/5.0 (Linux; Android 13; Pixel 5) AppleWebKit/537.36 (KHTML, like Gecko) Chrome/106.0.0.0 Mobile Safari/537.36"
46.30.212.77 - - [07/Oct/2025:20:38:06 +0000] "GET /agency/palmer-torres/?nowprocket=1&no_optimize=1&wpr_imagedimensions=1 HTTP/1.1" 200 16525 "-" "WP-Rocket/SaaS Mozilla/5.0 (X11; Linux x86_64) AppleWebKit/537.36 (KHTML, like Gecko) Chrome/106.0.0.0 Safari/537.36"
46.30.212.77 - - [07/Oct/2025:20:38:07 +0000] "GET /jufisas/dadipon.css HTTP/1.1" 200 15557 "https://klescorthub.net/agency/palmer-torres/?nowprocket=1&no_optimize=1&wpr_imagedimensions=1" "WP-Rocket/SaaS Mozilla/5.0 (X11; Linux x86_64) AppleWebKit/537.36 (KHTML, like Gecko) Chrome/106.0.0.0 Safari/537.36"
46.30.212.77 - - [07/Oct/2025:20:38:07 +0000] "GET /jufisas/css/icon-font/style.css HTTP/1.1" 200 9216 "https://klescorthub.net/agency/palmer-torres/?nowprocket=1&no_optimize=1&wpr_imagedimensions=1" "WP-Rocket/SaaS Mozilla/5.0 (X11; Linux x86_64) AppleWebKit/537.36 (KHTML, like Gecko) Chrome/106.0.0.0 Safari/537.36"
46.30.212.77 - - [07/Oct/2025:20:38:08 +0000] "GET /jufisas/css/responsive.css HTTP/1.1" 200 2139 "https://klescorthub.net/agency/palmer-torres/?nowprocket=1&no_optimize=1&wpr_imagedimensions=1" "WP-Rocket/SaaS Mozilla/5.0 (X11; Linux x86_64) AppleWebKit/537.36 (KHTML, like Gecko) Chrome/106.0.0.0 Safari/537.36"
46.30.212.77 - - [07/Oct/2025:20:38:08 +0000] "GET /jufisas/css/select2.min.css HTTP/1.1" 200 1998 "https://klescorthub.net/agency/palmer-torres/?nowprocket=1&no_optimize=1&wpr_imagedimensions=1" "WP-Rocket/SaaS Mozilla/5.0 (X11; Linux x86_64) AppleWebKit/537.36 (KHTML, like Gecko) Chrome/106.0.0.0 Safari/537.36"
46.30.212.77 - - [07/Oct/2025:20:38:08 +0000] "GET /jadoaksy/js/jquery/jquery.min.js HTTP/1.1" 200 30368 "https://klescorthub.net/agency/palmer-torres/?nowprocket=1&no_optimize=1&wpr_imagedimensions=1" "WP-Rocket/SaaS Mozilla/5.0 (X11; Linux x86_64) AppleWebKit/537.36 (KHTML, like Gecko) Chrome/106.0.0.0 Safari/537.36"
46.30.212.77 - - [07/Oct/2025:20:38:08 +0000] "GET /jufisas/js/select2.min.js HTTP/1.1" 200 19907 "https://klescorthub.net/agency/palmer-torres/?nowprocket=1&no_optimize=1&wpr_imagedimensions=1" "WP-Rocket/SaaS Mozilla/5.0 (X11; Linux x86_64) AppleWebKit/537.36 (KHTML, like Gecko) Chrome/106.0.0.0 Safari/537.36"
46.30.212.77 - - [07/Oct/2025:20:38:08 +0000] "GET /jadoaksy/js/jquery/jquery-migrate.min.js HTTP/1.1" 200 4872 "https://klescorthub.net/agency/palmer-torres/?nowprocket=1&no_optimize=1&wpr_imagedimensions=1" "WP-Rocket/SaaS Mozilla/5.0 (X11; Linux x86_64) AppleWebKit/537.36 (KHTML, like Gecko) Chrome/106.0.0.0 Safari/537.36"
46.30.212.77 - - [07/Oct/2025:20:38:08 +0000] "GET /jufisas/js/js.cookie.js HTTP/1.1" 200 1556 "https://klescorthub.net/agency/palmer-torres/?nowprocket=1&no_optimize=1&wpr_imagedimensions=1" "WP-Rocket/SaaS Mozilla/5.0 (X11; Linux x86_64) AppleWebKit/537.36 (KHTML, like Gecko) Chrome/106.0.0.0 Safari/537.36"
46.30.212.77 - - [07/Oct/2025:20:38:08 +0000] "GET /jufisas/js/dolceescort.js HTTP/1.1" 200 3471 "https://klescorthub.net/agency/palmer-torres/?nowprocket=1&no_optimize=1&wpr_imagedimensions=1" "WP-Rocket/SaaS Mozilla/5.0 (X11; Linux x86_64) AppleWebKit/537.36 (KHTML, like Gecko) Chrome/106.0.0.0 Safari/537.36"
46.30.212.77 - - [07/Oct/2025:20:38:08 +0000] "GET /jufisas/js/jquery.mobile.custom.min.js HTTP/1.1" 200 2862 "https://klescorthub.net/agency/palmer-torres/?nowprocket=1&no_optimize=1&wpr_imagedimensions=1" "WP-Rocket/SaaS Mozilla/5.0 (X11; Linux x86_64) AppleWebKit/537.36 (KHTML, like Gecko) Chrome/106.0.0.0 Safari/537.36"
46.30.212.77 - - [07/Oct/2025:20:38:08 +0000] "GET /jufisas/js/jquery.uploadifive.min.js HTTP/1.1" 200 4096 "https://klescorthub.net/agency/palmer-torres/?nowprocket=1&no_optimize=1&wpr_imagedimensions=1" "WP-Rocket/SaaS Mozilla/5.0 (X11; Linux x86_64) AppleWebKit/537.36 (KHTML, like Gecko) Chrome/106.0.0.0 Safari/537.36"
46.30.212.205 - - [07/Oct/2025:20:38:06 +0000] "POST /wp-admin/admin-ajax.php HTTP/1.1" 200 1083 "https://klescorthub.net/author/palmertorres/?nowprocket=1&no_optimize=1&wpr_imagedimensions=1" "WP-Rocket/SaaS Mozilla/5.0 (Linux; Android 13; Pixel 5) AppleWebKit/537.36 (KHTML, like Gecko) Chrome/106.0.0.0 Mobile Safari/537.36"
46.30.212.77 - - [07/Oct/2025:20:38:08 +0000] "GET /jufisas/js/checkator.jquery.js HTTP/1.1" 200 1572 "https://klescorthub.net/agency/palmer-torres/?nowprocket=1&no_optimize=1&wpr_imagedimensions=1" "WP-Rocket/SaaS Mozilla/5.0 (X11; Linux x86_64) AppleWebKit/537.36 (KHTML, like Gecko) Chrome/106.0.0.0 Safari/537.36"
46.30.212.77 - - [07/Oct/2025:20:38:08 +0000] "GET /ifovigum/wp-smushit/app/assets/js/smush-lazy-load.min.js HTTP/1.1" 200 7887 "https://klescorthub.net/agency/palmer-torres/?nowprocket=1&no_optimize=1&wpr_imagedimensions=1" "WP-Rocket/SaaS Mozilla/5.0 (X11; Linux x86_64) AppleWebKit/537.36 (KHTML, like Gecko) Chrome/106.0.0.0 Safari/537.36"
46.30.212.77 - - [07/Oct/2025:20:38:08 +0000] "GET /ifovigum/wp-rocket/assets/js/wpr-beacon.min.js HTTP/1.1" 200 8097 "https://klescorthub.net/agency/palmer-torres/?nowprocket=1&no_optimize=1&wpr_imagedimensions=1" "WP-Rocket/SaaS Mozilla/5.0 (X11; Linux x86_64) AppleWebKit/537.36 (KHTML, like Gecko) Chrome/106.0.0.0 Safari/537.36"
203.161.56.247 - - [07/Oct/2025:20:38:08 +0000] "GET /girls/kuala-lumpur/subang-jaya-escorts/ HTTP/1.1" 200 37336 "-" "WP Rocket/Preload"
203.161.56.247 - - [07/Oct/2025:20:38:09 +0000] "GET /girls/kuala-lumpur/subang-jaya-escorts/ HTTP/1.1" 200 38526 "-" "WP Rocket/Preload Mozilla/5.0 (iPhone; CPU iPhone OS 9_1 like Mac OS X) AppleWebKit/601.1.46 (KHTML, like Gecko) Version/9.0 Mobile/13B143 Safari/601.1"
46.30.212.77 - - [07/Oct/2025:20:38:09 +0000] "POST /wp-admin/admin-ajax.php HTTP/1.1" 200 494 "https://klescorthub.net/agency/palmer-torres/?nowprocket=1&no_optimize=1&wpr_imagedimensions=1" "WP-Rocket/SaaS Mozilla/5.0 (X11; Linux x86_64) AppleWebKit/537.36 (KHTML, like Gecko) Chrome/106.0.0.0 Safari/537.36"
203.161.56.247 - - [07/Oct/2025:20:38:11 +0000] "GET /agency/ HTTP/1.1" 200 39450 "-" "WP Rocket/Preload"
203.161.56.247 - - [07/Oct/2025:20:38:12 +0000] "GET /agency/ HTTP/1.1" 200 39461 "-" "WP Rocket/Preload Mozilla/5.0 (iPhone; CPU iPhone OS 9_1 like Mac OS X) AppleWebKit/601.1.46 (KHTML, like Gecko) Version/9.0 Mobile/13B143 Safari/601.1"
203.161.56.247 - - [07/Oct/2025:20:38:14 +0000] "GET /agency/emily-evans/ HTTP/1.1" 200 39420 "-" "WP Rocket/Preload"
203.161.56.247 - - [07/Oct/2025:20:38:15 +0000] "GET /agency/emily-evans/ HTTP/1.1" 200 39416 "-" "WP Rocket/Preload Mozilla/5.0 (iPhone; CPU iPhone OS 9_1 like Mac OS X) AppleWebKit/601.1.46 (KHTML, like Gecko) Version/9.0 Mobile/13B143 Safari/601.1"
45.86.208.11 - - [07/Oct/2025:20:38:21 +0000] "GET /agency-registration/ HTTP/1.1" 200 37117 "-" "Mozilla/5.0 (Windows NT 10.0; Win64; x64) AppleWebKit/537.36 (KHTML, like Gecko) Chrome/140.0.0.0 Safari/537.36"
203.161.56.247 - - [07/Oct/2025:20:38:21 +0000] "POST /wp-cron.php?doing_wp_cron=1759869501.6851079463958740234375 HTTP/1.1" 200 - "-" "WordPress/6.8.3; https://klescorthub.net"
46.30.212.78 - - [07/Oct/2025:20:38:20 +0000] "GET /agency/palmer-torres/?nowprocket=1&no_optimize=1&wpr_imagedimensions=1 HTTP/1.1" 200 16532 "-" "WP-Rocket/SaaS Mozilla/5.0 (Linux; Android 13; Pixel 5) AppleWebKit/537.36 (KHTML, like Gecko) Chrome/106.0.0.0 Mobile Safari/537.36"
45.86.208.11 - - [07/Oct/2025:20:38:22 +0000] "GET /ibeptoxa/1715870706191.png HTTP/1.1" 200 7181 "https://klescorthub.net/agency-registration/" "Mozilla/5.0 (Windows NT 10.0; Win64; x64) AppleWebKit/537.36 (KHTML, like Gecko) Chrome/140.0.0.0 Safari/537.36"
45.86.208.11 - - [07/Oct/2025:20:38:22 +0000] "GET /ifovigum/wp-smushit/app/assets/js/smush-lazy-load.min.js HTTP/1.1" 200 7887 "https://klescorthub.net/agency-registration/" "Mozilla/5.0 (Windows NT 10.0; Win64; x64) AppleWebKit/537.36 (KHTML, like Gecko) Chrome/140.0.0.0 Safari/537.36"
46.30.212.78 - - [07/Oct/2025:20:38:22 +0000] "GET /jufisas/dadipon.css HTTP/1.1" 200 15557 "https://klescorthub.net/agency/palmer-torres/?nowprocket=1&no_optimize=1&wpr_imagedimensions=1" "WP-Rocket/SaaS Mozilla/5.0 (Linux; Android 13; Pixel 5) AppleWebKit/537.36 (KHTML, like Gecko) Chrome/106.0.0.0 Mobile Safari/537.36"
46.30.212.78 - - [07/Oct/2025:20:38:22 +0000] "GET /jufisas/css/icon-font/style.css HTTP/1.1" 200 9216 "https://klescorthub.net/agency/palmer-torres/?nowprocket=1&no_optimize=1&wpr_imagedimensions=1" "WP-Rocket/SaaS Mozilla/5.0 (Linux; Android 13; Pixel 5) AppleWebKit/537.36 (KHTML, like Gecko) Chrome/106.0.0.0 Mobile Safari/537.36"
45.86.208.11 - - [07/Oct/2025:20:38:22 +0000] "GET /jadoaksy/js/jquery/jquery-migrate.min.js HTTP/1.1" 200 4872 "https://klescorthub.net/agency-registration/" "Mozilla/5.0 (Windows NT 10.0; Win64; x64) AppleWebKit/537.36 (KHTML, like Gecko) Chrome/140.0.0.0 Safari/537.36"
46.30.212.78 - - [07/Oct/2025:20:38:22 +0000] "GET /jufisas/css/select2.min.css HTTP/1.1" 200 1998 "https://klescorthub.net/agency/palmer-torres/?nowprocket=1&no_optimize=1&wpr_imagedimensions=1" "WP-Rocket/SaaS Mozilla/5.0 (Linux; Android 13; Pixel 5) AppleWebKit/537.36 (KHTML, like Gecko) Chrome/106.0.0.0 Mobile Safari/537.36"
46.30.212.78 - - [07/Oct/2025:20:38:22 +0000] "GET /jufisas/css/responsive.css HTTP/1.1" 200 2139 "https://klescorthub.net/agency/palmer-torres/?nowprocket=1&no_optimize=1&wpr_imagedimensions=1" "WP-Rocket/SaaS Mozilla/5.0 (Linux; Android 13; Pixel 5) AppleWebKit/537.36 (KHTML, like Gecko) Chrome/106.0.0.0 Mobile Safari/537.36"
46.30.212.78 - - [07/Oct/2025:20:38:22 +0000] "GET /jadoaksy/js/jquery/jquery-migrate.min.js HTTP/1.1" 200 4872 "https://klescorthub.net/agency/palmer-torres/?nowprocket=1&no_optimize=1&wpr_imagedimensions=1" "WP-Rocket/SaaS Mozilla/5.0 (Linux; Android 13; Pixel 5) AppleWebKit/537.36 (KHTML, like Gecko) Chrome/106.0.0.0 Mobile Safari/537.36"
46.30.212.78 - - [07/Oct/2025:20:38:22 +0000] "GET /jufisas/js/select2.min.js HTTP/1.1" 200 19907 "https://klescorthub.net/agency/palmer-torres/?nowprocket=1&no_optimize=1&wpr_imagedimensions=1" "WP-Rocket/SaaS Mozilla/5.0 (Linux; Android 13; Pixel 5) AppleWebKit/537.36 (KHTML, like Gecko) Chrome/106.0.0.0 Mobile Safari/537.36"
45.86.208.11 - - [07/Oct/2025:20:38:22 +0000] "GET /jadoaksy/js/jquery/jquery.min.js HTTP/1.1" 200 30368 "https://klescorthub.net/agency-registration/" "Mozilla/5.0 (Windows NT 10.0; Win64; x64) AppleWebKit/537.36 (KHTML, like Gecko) Chrome/140.0.0.0 Safari/537.36"
46.30.212.78 - - [07/Oct/2025:20:38:22 +0000] "GET /jadoaksy/js/jquery/jquery.min.js HTTP/1.1" 200 30368 "https://klescorthub.net/agency/palmer-torres/?nowprocket=1&no_optimize=1&wpr_imagedimensions=1" "WP-Rocket/SaaS Mozilla/5.0 (Linux; Android 13; Pixel 5) AppleWebKit/537.36 (KHTML, like Gecko) Chrome/106.0.0.0 Mobile Safari/537.36"
46.30.212.78 - - [07/Oct/2025:20:38:22 +0000] "GET /jufisas/js/dolceescort.js HTTP/1.1" 200 3471 "https://klescorthub.net/agency/palmer-torres/?nowprocket=1&no_optimize=1&wpr_imagedimensions=1" "WP-Rocket/SaaS Mozilla/5.0 (Linux; Android 13; Pixel 5) AppleWebKit/537.36 (KHTML, like Gecko) Chrome/106.0.0.0 Mobile Safari/537.36"
46.30.212.78 - - [07/Oct/2025:20:38:22 +0000] "GET /jufisas/js/js.cookie.js HTTP/1.1" 200 1556 "https://klescorthub.net/agency/palmer-torres/?nowprocket=1&no_optimize=1&wpr_imagedimensions=1" "WP-Rocket/SaaS Mozilla/5.0 (Linux; Android 13; Pixel 5) AppleWebKit/537.36 (KHTML, like Gecko) Chrome/106.0.0.0 Mobile Safari/537.36"
46.30.212.78 - - [07/Oct/2025:20:38:22 +0000] "GET /jufisas/js/jquery.uploadifive.min.js HTTP/1.1" 200 4096 "https://klescorthub.net/agency/palmer-torres/?nowprocket=1&no_optimize=1&wpr_imagedimensions=1" "WP-Rocket/SaaS Mozilla/5.0 (Linux; Android 13; Pixel 5) AppleWebKit/537.36 (KHTML, like Gecko) Chrome/106.0.0.0 Mobile Safari/537.36"
46.30.212.78 - - [07/Oct/2025:20:38:22 +0000] "GET /jufisas/js/jquery.mobile.custom.min.js HTTP/1.1" 200 2862 "https://klescorthub.net/agency/palmer-torres/?nowprocket=1&no_optimize=1&wpr_imagedimensions=1" "WP-Rocket/SaaS Mozilla/5.0 (Linux; Android 13; Pixel 5) AppleWebKit/537.36 (KHTML, like Gecko) Chrome/106.0.0.0 Mobile Safari/537.36"
45.86.208.11 - - [07/Oct/2025:20:38:22 +0000] "GET /jufisas/js/select2.min.js HTTP/1.1" 200 19907 "https://klescorthub.net/agency-registration/" "Mozilla/5.0 (Windows NT 10.0; Win64; x64) AppleWebKit/537.36 (KHTML, like Gecko) Chrome/140.0.0.0 Safari/537.36"
46.30.212.78 - - [07/Oct/2025:20:38:22 +0000] "GET /jufisas/js/checkator.jquery.js HTTP/1.1" 200 1572 "https://klescorthub.net/agency/palmer-torres/?nowprocket=1&no_optimize=1&wpr_imagedimensions=1" "WP-Rocket/SaaS Mozilla/5.0 (Linux; Android 13; Pixel 5) AppleWebKit/537.36 (KHTML, like Gecko) Chrome/106.0.0.0 Mobile Safari/537.36"
