/home/klesmriw/access-logs/klelegantmasssage.klescortgirldirectory.com-ssl_log
203.161.56.247 - - [07/Oct/2025:12:07:23 +0000] "POST /wp-cron.php?doing_wp_cron=1759838843.5764410495758056640625 HTTP/1.1" 200 - "-" "WordPress/6.8.3; https://klelegantmasssage.com"
216.73.216.3 - - [07/Oct/2025:12:07:21 +0000] "GET /sitemap.rss HTTP/1.1" 200 974 "-" "Mozilla/5.0 AppleWebKit/537.36 (KHTML, like Gecko; compatible; ClaudeBot/1.0; +claudebot@anthropic.com)"
203.161.56.247 - - [07/Oct/2025:12:12:54 +0000] "POST /wp-cron.php?doing_wp_cron=1759839174.0930459499359130859375 HTTP/1.1" 200 - "-" "WordPress/6.8.3; https://klelegantmasssage.com"
107.189.12.44 - - [07/Oct/2025:12:12:52 +0000] "GET /wp-login.php HTTP/1.1" 200 2048 "-" "Mozilla/5.0 (iPad; CPU OS 7_1_1 like Mac OS X) AppleWebKit/537.51.2 (KHTML, like Gecko) Version/7.0 Mobile/11D201 Safari/9537.53"
107.189.12.44 - - [07/Oct/2025:12:12:55 +0000] "POST /wp-login.php HTTP/1.1" 200 2147 "-" "Mozilla/5.0 (iPad; CPU OS 7_1_1 like Mac OS X) AppleWebKit/537.51.2 (KHTML, like Gecko) Version/7.0 Mobile/11D201 Safari/9537.53"
203.161.56.247 - - [07/Oct/2025:12:16:11 +0000] "POST /wp-cron.php?doing_wp_cron=1759839371.2577240467071533203125 HTTP/1.1" 200 - "-" "WordPress/6.8.3; https://klelegantmasssage.com"
18.97.14.83 - - [07/Oct/2025:12:16:09 +0000] "GET /massage_kl/category/bukit-bintang/page/2/ HTTP/1.1" 200 13513 "-" "CCBot/2.0 (https://commoncrawl.org/faq/)"
18.97.14.83 - - [07/Oct/2025:12:24:22 +0000] "GET /massage_kl/category/jalan-alor/ HTTP/1.1" 200 15589 "-" "CCBot/2.0 (https://commoncrawl.org/faq/)"
18.97.14.83 - - [07/Oct/2025:12:24:55 +0000] "GET /massage_kl/tag/massage-near-me/ HTTP/1.1" 200 14684 "-" "CCBot/2.0 (https://commoncrawl.org/faq/)"
203.161.56.247 - - [07/Oct/2025:12:27:49 +0000] "POST /wp-cron.php?doing_wp_cron=1759840069.6241180896759033203125 HTTP/1.1" 200 - "-" "WordPress/6.8.3; https://klelegantmasssage.com"
194.5.82.71 - - [07/Oct/2025:12:27:47 +0000] "GET / HTTP/1.1" 200 15240 "-" "Mozilla/5.0 (Linux; Android 11) AppleWebKit/537.36 (KHTML, like Gecko) Version/4.0 Chrome/140.0.7339.207 DuckDuckGo/5 Safari/537.36"
194.5.82.71 - - [07/Oct/2025:12:27:50 +0000] "GET /wp-includes/css/dist/block-library/style.min.css?ver=6.8.3 HTTP/1.1" 200 15315 "https://klelegantmasssage.com/" "Mozilla/5.0 (Linux; Android 11) AppleWebKit/537.36 (KHTML, like Gecko) Version/4.0 Chrome/140.0.7339.207 DuckDuckGo/5 Safari/537.36"
194.5.82.71 - - [07/Oct/2025:12:27:50 +0000] "GET /wp-content/fonts/5dc8a1e3df9d2bd6f3043df94e5bb755.css HTTP/1.1" 200 648 "https://klelegantmasssage.com/" "Mozilla/5.0 (Linux; Android 11) AppleWebKit/537.36 (KHTML, like Gecko) Version/4.0 Chrome/140.0.7339.207 DuckDuckGo/5 Safari/537.36"
194.5.82.86 - - [07/Oct/2025:12:27:50 +0000] "GET /wp-content/plugins/wp-call-button/assets/block/build/index.css?ver=085f82fba130fc4cf3057de5e2dcc820 HTTP/1.1" 200 334 "https://klelegantmasssage.com/" "Mozilla/5.0 (Linux; Android 11) AppleWebKit/537.36 (KHTML, like Gecko) Version/4.0 Chrome/140.0.7339.207 DuckDuckGo/5 Safari/537.36"
194.5.82.71 - - [07/Oct/2025:12:27:50 +0000] "GET /wp-content/themes/photomania/third-party/magnific-popup/css/magnific-popup.min.css?ver=1.1.0 HTTP/1.1" 200 1586 "https://klelegantmasssage.com/" "Mozilla/5.0 (Linux; Android 11) AppleWebKit/537.36 (KHTML, like Gecko) Version/4.0 Chrome/140.0.7339.207 DuckDuckGo/5 Safari/537.36"
194.5.82.56 - - [07/Oct/2025:12:27:50 +0000] "GET /wp-content/themes/photomania/third-party/font-awesome/css/all.min.css?ver=6.7.2 HTTP/1.1" 200 21501 "https://klelegantmasssage.com/" "Mozilla/5.0 (Linux; Android 11) AppleWebKit/537.36 (KHTML, like Gecko) Version/4.0 Chrome/140.0.7339.207 DuckDuckGo/5 Safari/537.36"
194.5.82.92 - - [07/Oct/2025:12:27:50 +0000] "GET /wp-content/plugins/click-to-chat-for-whatsapp/new/inc/assets/css/main.css?ver=4.29 HTTP/1.1" 200 736 "https://klelegantmasssage.com/" "Mozilla/5.0 (Linux; Android 11) AppleWebKit/537.36 (KHTML, like Gecko) Version/4.0 Chrome/140.0.7339.207 DuckDuckGo/5 Safari/537.36"
194.5.82.62 - - [07/Oct/2025:12:27:50 +0000] "GET /wp-content/themes/photomania/third-party/sidr/css/jquery.sidr.dark.min.css?ver=2.2.1 HTTP/1.1" 200 1305 "https://klelegantmasssage.com/" "Mozilla/5.0 (Linux; Android 11) AppleWebKit/537.36 (KHTML, like Gecko) Version/4.0 Chrome/140.0.7339.207 DuckDuckGo/5 Safari/537.36"
194.5.82.67 - - [07/Oct/2025:12:27:50 +0000] "GET /wp-content/themes/photomania/style.css?ver=20250630-113358 HTTP/1.1" 200 18906 "https://klelegantmasssage.com/" "Mozilla/5.0 (Linux; Android 11) AppleWebKit/537.36 (KHTML, like Gecko) Version/4.0 Chrome/140.0.7339.207 DuckDuckGo/5 Safari/537.36"
194.5.82.86 - - [07/Oct/2025:12:27:51 +0000] "GET /wp-content/themes/photomania/css/blocks.css?ver=20220208-61526 HTTP/1.1" 200 2738 "https://klelegantmasssage.com/" "Mozilla/5.0 (Linux; Android 11) AppleWebKit/537.36 (KHTML, like Gecko) Version/4.0 Chrome/140.0.7339.207 DuckDuckGo/5 Safari/537.36"
194.5.82.71 - - [07/Oct/2025:12:27:51 +0000] "GET /wp-includes/js/jquery/jquery.min.js?ver=3.7.1 HTTP/1.1" 200 30368 "https://klelegantmasssage.com/" "Mozilla/5.0 (Linux; Android 11) AppleWebKit/537.36 (KHTML, like Gecko) Version/4.0 Chrome/140.0.7339.207 DuckDuckGo/5 Safari/537.36"
194.5.82.92 - - [07/Oct/2025:12:27:51 +0000] "GET /wp-includes/js/jquery/jquery-migrate.min.js?ver=3.4.1 HTTP/1.1" 200 4872 "https://klelegantmasssage.com/" "Mozilla/5.0 (Linux; Android 11) AppleWebKit/537.36 (KHTML, like Gecko) Version/4.0 Chrome/140.0.7339.207 DuckDuckGo/5 Safari/537.36"
194.5.82.71 - - [07/Oct/2025:12:27:51 +0000] "GET /wp-content/themes/photomania/js/skip-link-focus-fix.min.js?ver=20130115 HTTP/1.1" 200 281 "https://klelegantmasssage.com/" "Mozilla/5.0 (Linux; Android 11) AppleWebKit/537.36 (KHTML, like Gecko) Version/4.0 Chrome/140.0.7339.207 DuckDuckGo/5 Safari/537.36"
194.5.82.86 - - [07/Oct/2025:12:27:51 +0000] "GET /wp-content/themes/photomania/third-party/cycle2/js/jquery.cycle2.min.js?ver=2.1.6 HTTP/1.1" 200 6730 "https://klelegantmasssage.com/" "Mozilla/5.0 (Linux; Android 11) AppleWebKit/537.36 (KHTML, like Gecko) Version/4.0 Chrome/140.0.7339.207 DuckDuckGo/5 Safari/537.36"
194.5.82.92 - - [07/Oct/2025:12:27:51 +0000] "GET /wp-content/uploads/2022/04/body-massage-spa-kl-pj.jpg HTTP/1.1" 200 80435 "https://klelegantmasssage.com/" "Mozilla/5.0 (Linux; Android 11) AppleWebKit/537.36 (KHTML, like Gecko) Version/4.0 Chrome/140.0.7339.207 DuckDuckGo/5 Safari/537.36"
194.5.82.56 - - [07/Oct/2025:12:27:51 +0000] "GET /wp-content/uploads/2024/02/M77.jpg HTTP/1.1" 200 124204 "https://klelegantmasssage.com/" "Mozilla/5.0 (Linux; Android 11) AppleWebKit/537.36 (KHTML, like Gecko) Version/4.0 Chrome/140.0.7339.207 DuckDuckGo/5 Safari/537.36"
194.5.82.67 - - [07/Oct/2025:12:27:51 +0000] "GET /wp-content/uploads/2024/02/T78.jpg HTTP/1.1" 200 161037 "https://klelegantmasssage.com/" "Mozilla/5.0 (Linux; Android 11) AppleWebKit/537.36 (KHTML, like Gecko) Version/4.0 Chrome/140.0.7339.207 DuckDuckGo/5 Safari/537.36"
194.5.82.62 - - [07/Oct/2025:12:27:51 +0000] "GET /wp-content/uploads/2024/02/VN-11.jpg HTTP/1.1" 200 136396 "https://klelegantmasssage.com/" "Mozilla/5.0 (Linux; Android 11) AppleWebKit/537.36 (KHTML, like Gecko) Version/4.0 Chrome/140.0.7339.207 DuckDuckGo/5 Safari/537.36"
194.5.82.86 - - [07/Oct/2025:12:27:51 +0000] "GET /wp-content/fonts/rajdhani/LDI2apCSOBg7S-QT7pa8FvOreec.woff2 HTTP/1.1" 200 15711 "https://klelegantmasssage.com/wp-content/fonts/5dc8a1e3df9d2bd6f3043df94e5bb755.css" "Mozilla/5.0 (Linux; Android 11) AppleWebKit/537.36 (KHTML, like Gecko) Version/4.0 Chrome/140.0.7339.207 DuckDuckGo/5 Safari/537.36"
194.5.82.71 - - [07/Oct/2025:12:27:51 +0000] "GET /wp-content/themes/photomania/third-party/font-awesome/webfonts/fa-solid-900.woff2 HTTP/1.1" 200 158263 "https://klelegantmasssage.com/wp-content/themes/photomania/third-party/font-awesome/css/all.min.css?ver=6.7.2" "Mozilla/5.0 (Linux; Android 11) AppleWebKit/537.36 (KHTML, like Gecko) Version/4.0 Chrome/140.0.7339.207 DuckDuckGo/5 Safari/537.36"
194.5.82.56 - - [07/Oct/2025:12:27:51 +0000] "GET /wp-content/fonts/rajdhani/LDI2apCSOBg7S-QT7pb0EPOreec.woff2 HTTP/1.1" 200 15107 "https://klelegantmasssage.com/wp-content/fonts/5dc8a1e3df9d2bd6f3043df94e5bb755.css" "Mozilla/5.0 (Linux; Android 11) AppleWebKit/537.36 (KHTML, like Gecko) Version/4.0 Chrome/140.0.7339.207 DuckDuckGo/5 Safari/537.36"
194.5.82.67 - - [07/Oct/2025:12:27:52 +0000] "GET /wp-content/fonts/rajdhani/LDIxapCSOBg7S-QT7p4HM-Y.woff2 HTTP/1.1" 200 14999 "https://klelegantmasssage.com/wp-content/fonts/5dc8a1e3df9d2bd6f3043df94e5bb755.css" "Mozilla/5.0 (Linux; Android 11) AppleWebKit/537.36 (KHTML, like Gecko) Version/4.0 Chrome/140.0.7339.207 DuckDuckGo/5 Safari/537.36"
194.5.82.62 - - [07/Oct/2025:12:27:52 +0000] "GET /wp-content/themes/photomania/third-party/font-awesome/webfonts/fa-brands-400.woff2 HTTP/1.1" 200 118686 "https://klelegantmasssage.com/wp-content/themes/photomania/third-party/font-awesome/css/all.min.css?ver=6.7.2" "Mozilla/5.0 (Linux; Android 11) AppleWebKit/537.36 (KHTML, like Gecko) Version/4.0 Chrome/140.0.7339.207 DuckDuckGo/5 Safari/537.36"
194.5.82.86 - - [07/Oct/2025:12:27:52 +0000] "GET /wp-content/themes/photomania/third-party/sidr/js/jquery.sidr.min.js?ver=2.2.1 HTTP/1.1" 200 2478 "https://klelegantmasssage.com/" "Mozilla/5.0 (Linux; Android 11) AppleWebKit/537.36 (KHTML, like Gecko) Version/4.0 Chrome/140.0.7339.207 DuckDuckGo/5 Safari/537.36"
194.5.82.71 - - [07/Oct/2025:12:27:52 +0000] "GET /wp-content/themes/photomania/third-party/magnific-popup/js/jquery.magnific-popup.min.js?ver=1.1.0 HTTP/1.1" 200 7182 "https://klelegantmasssage.com/" "Mozilla/5.0 (Linux; Android 11) AppleWebKit/537.36 (KHTML, like Gecko) Version/4.0 Chrome/140.0.7339.207 DuckDuckGo/5 Safari/537.36"
194.5.82.67 - - [07/Oct/2025:12:27:52 +0000] "GET /wp-includes/js/underscore.min.js?ver=1.13.7 HTTP/1.1" 200 7317 "https://klelegantmasssage.com/" "Mozilla/5.0 (Linux; Android 11) AppleWebKit/537.36 (KHTML, like Gecko) Version/4.0 Chrome/140.0.7339.207 DuckDuckGo/5 Safari/537.36"
194.5.82.62 - - [07/Oct/2025:12:27:52 +0000] "GET /wp-includes/js/wp-util.min.js?ver=6.8.3 HTTP/1.1" 200 756 "https://klelegantmasssage.com/" "Mozilla/5.0 (Linux; Android 11) AppleWebKit/537.36 (KHTML, like Gecko) Version/4.0 Chrome/140.0.7339.207 DuckDuckGo/5 Safari/537.36"
194.5.82.86 - - [07/Oct/2025:12:27:52 +0000] "GET /wp-includes/js/imagesloaded.min.js?ver=5.0.0 HTTP/1.1" 200 1803 "https://klelegantmasssage.com/" "Mozilla/5.0 (Linux; Android 11) AppleWebKit/537.36 (KHTML, like Gecko) Version/4.0 Chrome/140.0.7339.207 DuckDuckGo/5 Safari/537.36"
194.5.82.56 - - [07/Oct/2025:12:27:52 +0000] "GET /wp-includes/js/masonry.min.js?ver=4.2.2 HTTP/1.1" 200 7382 "https://klelegantmasssage.com/" "Mozilla/5.0 (Linux; Android 11) AppleWebKit/537.36 (KHTML, like Gecko) Version/4.0 Chrome/140.0.7339.207 DuckDuckGo/5 Safari/537.36"
194.5.82.92 - - [07/Oct/2025:12:27:52 +0000] "GET /wp-content/themes/photomania/js/custom.min.js?ver=1.0.0 HTTP/1.1" 200 806 "https://klelegantmasssage.com/" "Mozilla/5.0 (Linux; Android 11) AppleWebKit/537.36 (KHTML, like Gecko) Version/4.0 Chrome/140.0.7339.207 DuckDuckGo/5 Safari/537.36"
194.5.82.71 - - [07/Oct/2025:12:27:52 +0000] "GET /wp-content/plugins/click-to-chat-for-whatsapp/new/inc/assets/js/app.js?ver=4.29 HTTP/1.1" 200 3560 "https://klelegantmasssage.com/" "Mozilla/5.0 (Linux; Android 11) AppleWebKit/537.36 (KHTML, like Gecko) Version/4.0 Chrome/140.0.7339.207 DuckDuckGo/5 Safari/537.36"
194.5.82.67 - - [07/Oct/2025:12:27:52 +0000] "GET /wp-content/uploads/2022/07/M79.jpg HTTP/1.1" 200 148079 "https://klelegantmasssage.com/" "Mozilla/5.0 (Linux; Android 11) AppleWebKit/537.36 (KHTML, like Gecko) Version/4.0 Chrome/140.0.7339.207 DuckDuckGo/5 Safari/537.36"
194.5.82.62 - - [07/Oct/2025:12:27:52 +0000] "GET /wp-content/uploads/2022/07/M78.jpg HTTP/1.1" 200 112433 "https://klelegantmasssage.com/" "Mozilla/5.0 (Linux; Android 11) AppleWebKit/537.36 (KHTML, like Gecko) Version/4.0 Chrome/140.0.7339.207 DuckDuckGo/5 Safari/537.36"
194.5.82.56 - - [07/Oct/2025:12:27:52 +0000] "GET /wp-content/uploads/2022/10/M22.jpg HTTP/1.1" 200 108819 "https://klelegantmasssage.com/" "Mozilla/5.0 (Linux; Android 11) AppleWebKit/537.36 (KHTML, like Gecko) Version/4.0 Chrome/140.0.7339.207 DuckDuckGo/5 Safari/537.36"
194.5.82.71 - - [07/Oct/2025:12:27:52 +0000] "GET /wp-content/uploads/2022/10/M21.jpg HTTP/1.1" 200 104998 "https://klelegantmasssage.com/" "Mozilla/5.0 (Linux; Android 11) AppleWebKit/537.36 (KHTML, like Gecko) Version/4.0 Chrome/140.0.7339.207 DuckDuckGo/5 Safari/537.36"
194.5.82.92 - - [07/Oct/2025:12:27:52 +0000] "GET /wp-content/uploads/2022/07/M73.jpg HTTP/1.1" 200 137302 "https://klelegantmasssage.com/" "Mozilla/5.0 (Linux; Android 11) AppleWebKit/537.36 (KHTML, like Gecko) Version/4.0 Chrome/140.0.7339.207 DuckDuckGo/5 Safari/537.36"
194.5.82.62 - - [07/Oct/2025:12:27:52 +0000] "GET /wp-content/uploads/2022/07/T77.jpg HTTP/1.1" 200 133833 "https://klelegantmasssage.com/" "Mozilla/5.0 (Linux; Android 11) AppleWebKit/537.36 (KHTML, like Gecko) Version/4.0 Chrome/140.0.7339.207 DuckDuckGo/5 Safari/537.36"
194.5.82.86 - - [07/Oct/2025:12:27:52 +0000] "GET /wp-content/uploads/2022/07/M70.jpg HTTP/1.1" 200 122101 "https://klelegantmasssage.com/" "Mozilla/5.0 (Linux; Android 11) AppleWebKit/537.36 (KHTML, like Gecko) Version/4.0 Chrome/140.0.7339.207 DuckDuckGo/5 Safari/537.36"
194.5.82.71 - - [07/Oct/2025:12:27:53 +0000] "GET /wp-content/uploads/2022/07/T71.jpg HTTP/1.1" 200 110975 "https://klelegantmasssage.com/" "Mozilla/5.0 (Linux; Android 11) AppleWebKit/537.36 (KHTML, like Gecko) Version/4.0 Chrome/140.0.7339.207 DuckDuckGo/5 Safari/537.36"
194.5.82.67 - - [07/Oct/2025:12:27:53 +0000] "GET /wp-content/uploads/2022/04/C88.jpg HTTP/1.1" 200 108430 "https://klelegantmasssage.com/" "Mozilla/5.0 (Linux; Android 11) AppleWebKit/537.36 (KHTML, like Gecko) Version/4.0 Chrome/140.0.7339.207 DuckDuckGo/5 Safari/537.36"
194.5.82.62 - - [07/Oct/2025:12:27:53 +0000] "GET /wp-content/uploads/2022/07/I97.jpg HTTP/1.1" 200 179868 "https://klelegantmasssage.com/" "Mozilla/5.0 (Linux; Android 11) AppleWebKit/537.36 (KHTML, like Gecko) Version/4.0 Chrome/140.0.7339.207 DuckDuckGo/5 Safari/537.36"
194.5.82.56 - - [07/Oct/2025:12:27:53 +0000] "GET /wp-includes/js/wp-emoji-release.min.js?ver=6.8.3 HTTP/1.1" 200 5163 "https://klelegantmasssage.com/" "Mozilla/5.0 (Linux; Android 11) AppleWebKit/537.36 (KHTML, like Gecko) Version/4.0 Chrome/140.0.7339.207 DuckDuckGo/5 Safari/537.36"
194.5.82.71 - - [07/Oct/2025:12:27:53 +0000] "GET /wp-content/uploads/2022/04/C87.jpg HTTP/1.1" 200 98135 "https://klelegantmasssage.com/" "Mozilla/5.0 (Linux; Android 11) AppleWebKit/537.36 (KHTML, like Gecko) Version/4.0 Chrome/140.0.7339.207 DuckDuckGo/5 Safari/537.36"
194.5.82.86 - - [07/Oct/2025:12:27:53 +0000] "GET /wp-content/uploads/2022/04/C82.jpg HTTP/1.1" 200 116941 "https://klelegantmasssage.com/" "Mozilla/5.0 (Linux; Android 11) AppleWebKit/537.36 (KHTML, like Gecko) Version/4.0 Chrome/140.0.7339.207 DuckDuckGo/5 Safari/537.36"
194.5.82.92 - - [07/Oct/2025:12:27:53 +0000] "GET /wp-content/uploads/2022/04/V77.jpg HTTP/1.1" 200 114457 "https://klelegantmasssage.com/" "Mozilla/5.0 (Linux; Android 11) AppleWebKit/537.36 (KHTML, like Gecko) Version/4.0 Chrome/140.0.7339.207 DuckDuckGo/5 Safari/537.36"
194.5.82.62 - - [07/Oct/2025:12:27:53 +0000] "GET /wp-content/uploads/2022/04/V72.jpg HTTP/1.1" 200 100188 "https://klelegantmasssage.com/" "Mozilla/5.0 (Linux; Android 11) AppleWebKit/537.36 (KHTML, like Gecko) Version/4.0 Chrome/140.0.7339.207 DuckDuckGo/5 Safari/537.36"
194.5.82.56 - - [07/Oct/2025:12:27:53 +0000] "GET /wp-content/uploads/2022/04/V71.jpg HTTP/1.1" 200 104597 "https://klelegantmasssage.com/" "Mozilla/5.0 (Linux; Android 11) AppleWebKit/537.36 (KHTML, like Gecko) Version/4.0 Chrome/140.0.7339.207 DuckDuckGo/5 Safari/537.36"
194.5.82.67 - - [07/Oct/2025:12:27:53 +0000] "GET /wp-content/uploads/2022/04/V79.jpg HTTP/1.1" 200 146043 "https://klelegantmasssage.com/" "Mozilla/5.0 (Linux; Android 11) AppleWebKit/537.36 (KHTML, like Gecko) Version/4.0 Chrome/140.0.7339.207 DuckDuckGo/5 Safari/537.36"
194.5.82.71 - - [07/Oct/2025:12:27:53 +0000] "GET /wp-content/uploads/2022/04/VN-18.jpg HTTP/1.1" 200 123263 "https://klelegantmasssage.com/" "Mozilla/5.0 (Linux; Android 11) AppleWebKit/537.36 (KHTML, like Gecko) Version/4.0 Chrome/140.0.7339.207 DuckDuckGo/5 Safari/537.36"
194.5.82.71 - - [07/Oct/2025:12:27:54 +0000] "GET /wp-content/uploads/2022/04/cropped-iconfinder_kl-elegant-massage-192x192.png HTTP/1.1" 200 42380 "https://klelegantmasssage.com/" "Mozilla/5.0 (Linux; Android 11) AppleWebKit/537.36 (KHTML, like Gecko) Version/4.0 Chrome/140.0.7339.207 DuckDuckGo/5 Safari/537.36"
194.5.82.67 - - [07/Oct/2025:12:27:54 +0000] "GET /wp-content/uploads/2022/04/cropped-iconfinder_kl-elegant-massage-32x32.png HTTP/1.1" 200 2697 "https://klelegantmasssage.com/" "Mozilla/5.0 (Linux; Android 11) AppleWebKit/537.36 (KHTML, like Gecko) Version/4.0 Chrome/140.0.7339.207 DuckDuckGo/5 Safari/537.36"
194.5.82.84 - - [07/Oct/2025:12:27:54 +0000] "GET /wp-content/uploads/2022/04/cropped-iconfinder_kl-elegant-massage-180x180.png HTTP/1.1" 200 38136 "-" "DuckDuckGo/5 (com.duckduckgo.mobile.android; Android API 30)"
203.161.56.247 - - [07/Oct/2025:12:27:55 +0000] "POST /wp-cron.php?doing_wp_cron=1759840075.4168300628662109375000 HTTP/1.1" 200 - "-" "WordPress/6.8.3; https://klelegantmasssage.com"
194.5.82.67 - - [07/Oct/2025:12:27:54 +0000] "GET /apple-touch-icon.png HTTP/1.1" 404 12694 "-" "DuckDuckGo/5 (com.duckduckgo.mobile.android; Android API 30)"
194.5.82.84 - - [07/Oct/2025:12:27:55 +0000] "GET /favicon.ico HTTP/1.1" 302 - "-" "DuckDuckGo/5 (com.duckduckgo.mobile.android; Android API 30)"
194.5.82.84 - - [07/Oct/2025:12:27:56 +0000] "GET /wp-content/uploads/2022/04/cropped-iconfinder_kl-elegant-massage-32x32.png HTTP/1.1" 200 2697 "-" "DuckDuckGo/5 (com.duckduckgo.mobile.android; Android API 30)"
194.5.82.55 - - [07/Oct/2025:12:28:01 +0000] "GET /massage_kl/m-22/ HTTP/1.1" 200 14545 "https://klelegantmasssage.com/" "Mozilla/5.0 (Linux; Android 11; 21051182G Build/RKQ1.200826.002; wv) AppleWebKit/537.36 (KHTML, like Gecko) Version/4.0 Chrome/140.0.7339.207 Safari/537.36"
194.5.82.55 - - [07/Oct/2025:12:28:03 +0000] "GET /massage_kl/m-78/ HTTP/1.1" 200 14517 "https://klelegantmasssage.com/" "Mozilla/5.0 (Linux; Android 11; 21051182G Build/RKQ1.200826.002; wv) AppleWebKit/537.36 (KHTML, like Gecko) Version/4.0 Chrome/140.0.7339.207 Safari/537.36"
194.5.82.55 - - [07/Oct/2025:12:28:05 +0000] "GET /massage_kl/t-71/ HTTP/1.1" 200 14521 "https://klelegantmasssage.com/" "Mozilla/5.0 (Linux; Android 11; 21051182G Build/RKQ1.200826.002; wv) AppleWebKit/537.36 (KHTML, like Gecko) Version/4.0 Chrome/140.0.7339.207 Safari/537.36"
194.5.82.55 - - [07/Oct/2025:12:28:06 +0000] "GET /massage_kl/v72/ HTTP/1.1" 200 14307 "https://klelegantmasssage.com/" "Mozilla/5.0 (Linux; Android 11; 21051182G Build/RKQ1.200826.002; wv) AppleWebKit/537.36 (KHTML, like Gecko) Version/4.0 Chrome/140.0.7339.207 Safari/537.36"
194.5.82.55 - - [07/Oct/2025:12:28:09 +0000] "GET /massage_kl/c88/ HTTP/1.1" 200 14306 "https://klelegantmasssage.com/" "Mozilla/5.0 (Linux; Android 11; 21051182G Build/RKQ1.200826.002; wv) AppleWebKit/537.36 (KHTML, like Gecko) Version/4.0 Chrome/140.0.7339.207 Safari/537.36"
194.5.82.55 - - [07/Oct/2025:12:28:11 +0000] "GET /wp-includes/js/comment-reply.min.js?ver=6.8.3 HTTP/1.1" 200 1375 "https://klelegantmasssage.com/massage_kl/c88/" "Mozilla/5.0 (Linux; Android 11) AppleWebKit/537.36 (KHTML, like Gecko) Version/4.0 Chrome/140.0.7339.207 DuckDuckGo/5 Safari/537.36"
194.5.82.83 - - [07/Oct/2025:12:28:12 +0000] "GET /apple-touch-icon.png HTTP/1.1" 404 12694 "-" "DuckDuckGo/5 (com.duckduckgo.mobile.android; Android API 30)"
194.5.82.60 - - [07/Oct/2025:12:28:14 +0000] "GET /favicon.ico HTTP/1.1" 302 - "-" "DuckDuckGo/5 (com.duckduckgo.mobile.android; Android API 30)"
194.5.82.60 - - [07/Oct/2025:12:28:15 +0000] "GET /wp-content/uploads/2022/04/cropped-iconfinder_kl-elegant-massage-32x32.png HTTP/1.1" 200 2697 "-" "DuckDuckGo/5 (com.duckduckgo.mobile.android; Android API 30)"
194.5.82.55 - - [07/Oct/2025:12:28:15 +0000] "GET /massage_kl/c87/ HTTP/1.1" 200 14304 "https://klelegantmasssage.com/massage_kl/c88/" "Mozilla/5.0 (Linux; Android 11; 21051182G Build/RKQ1.200826.002; wv) AppleWebKit/537.36 (KHTML, like Gecko) Version/4.0 Chrome/140.0.7339.207 Safari/537.36"
203.161.56.247 - - [07/Oct/2025:12:28:45 +0000] "POST /wp-cron.php?doing_wp_cron=1759840125.3180239200592041015625 HTTP/1.1" 200 - "-" "WordPress/6.8.3; https://klelegantmasssage.com"
194.5.82.54 - - [07/Oct/2025:12:28:44 +0000] "GET /apple-touch-icon.png HTTP/1.1" 404 12694 "-" "DuckDuckGo/5 (com.duckduckgo.mobile.android; Android API 30)"
194.5.82.103 - - [07/Oct/2025:12:28:45 +0000] "GET /massage_kl/c88/ HTTP/1.1" 200 14306 "https://klelegantmasssage.com/" "Mozilla/5.0 (Linux; Android 11; 21051182G Build/RKQ1.200826.002; wv) AppleWebKit/537.36 (KHTML, like Gecko) Version/4.0 Chrome/140.0.7339.207 Safari/537.36"
113.211.97.186 - - [07/Oct/2025:12:28:46 +0000] "GET /wp-content/uploads/2022/04/C87.jpg HTTP/1.1" 200 98135 "https://www.google.com/" "Mozilla/5.0 (iPhone; CPU iPhone OS 18_6_2 like Mac OS X) AppleWebKit/605.1.15 (KHTML, like Gecko) Version/18.6 Mobile/15E148 Safari/604.1"
194.5.82.104 - - [07/Oct/2025:12:28:46 +0000] "GET /favicon.ico HTTP/1.1" 302 - "-" "DuckDuckGo/5 (com.duckduckgo.mobile.android; Android API 30)"
194.5.82.103 - - [07/Oct/2025:12:28:46 +0000] "GET /massage_kl/v71/ HTTP/1.1" 200 14310 "https://klelegantmasssage.com/" "Mozilla/5.0 (Linux; Android 11; 21051182G Build/RKQ1.200826.002; wv) AppleWebKit/537.36 (KHTML, like Gecko) Version/4.0 Chrome/140.0.7339.207 Safari/537.36"
194.5.82.104 - - [07/Oct/2025:12:28:47 +0000] "GET /wp-content/uploads/2022/04/cropped-iconfinder_kl-elegant-massage-32x32.png HTTP/1.1" 200 2697 "-" "DuckDuckGo/5 (com.duckduckgo.mobile.android; Android API 30)"
194.5.82.103 - - [07/Oct/2025:12:28:49 +0000] "GET /massage_kl/vn-18/ HTTP/1.1" 200 14320 "https://klelegantmasssage.com/" "Mozilla/5.0 (Linux; Android 11; 21051182G Build/RKQ1.200826.002; wv) AppleWebKit/537.36 (KHTML, like Gecko) Version/4.0 Chrome/140.0.7339.207 Safari/537.36"
203.161.56.247 - - [07/Oct/2025:12:28:52 +0000] "POST /wp-cron.php?doing_wp_cron=1759840132.0078680515289306640625 HTTP/1.1" 200 - "-" "WordPress/6.8.3; https://klelegantmasssage.com"
194.5.82.104 - - [07/Oct/2025:12:28:51 +0000] "GET /apple-touch-icon.png HTTP/1.1" 404 12694 "-" "DuckDuckGo/5 (com.duckduckgo.mobile.android; Android API 30)"
194.5.82.96 - - [07/Oct/2025:12:28:53 +0000] "GET /favicon.ico HTTP/1.1" 302 - "-" "DuckDuckGo/5 (com.duckduckgo.mobile.android; Android API 30)"
194.5.82.96 - - [07/Oct/2025:12:28:54 +0000] "GET /wp-content/uploads/2022/04/cropped-iconfinder_kl-elegant-massage-32x32.png HTTP/1.1" 200 2697 "-" "DuckDuckGo/5 (com.duckduckgo.mobile.android; Android API 30)"
194.5.82.103 - - [07/Oct/2025:12:28:54 +0000] "GET /massage_kl/vn-17/ HTTP/1.1" 200 14294 "https://klelegantmasssage.com/massage_kl/vn-18/" "Mozilla/5.0 (Linux; Android 11; 21051182G Build/RKQ1.200826.002; wv) AppleWebKit/537.36 (KHTML, like Gecko) Version/4.0 Chrome/140.0.7339.207 Safari/537.36"
194.5.82.103 - - [07/Oct/2025:12:28:55 +0000] "GET /wp-content/uploads/2022/04/VN-17.jpg HTTP/1.1" 200 135995 "https://klelegantmasssage.com/massage_kl/vn-17/" "Mozilla/5.0 (Linux; Android 11) AppleWebKit/537.36 (KHTML, like Gecko) Version/4.0 Chrome/140.0.7339.207 DuckDuckGo/5 Safari/537.36"
194.5.82.96 - - [07/Oct/2025:12:28:56 +0000] "GET /apple-touch-icon.png HTTP/1.1" 404 12694 "-" "DuckDuckGo/5 (com.duckduckgo.mobile.android; Android API 30)"
194.5.82.103 - - [07/Oct/2025:12:28:56 +0000] "GET /massage_kl/vn-18/ HTTP/1.1" 200 14320 "https://klelegantmasssage.com/" "Mozilla/5.0 (Linux; Android 11) AppleWebKit/537.36 (KHTML, like Gecko) Version/4.0 Chrome/140.0.7339.207 DuckDuckGo/5 Safari/537.36"
194.5.82.59 - - [07/Oct/2025:12:28:58 +0000] "GET /favicon.ico HTTP/1.1" 302 - "-" "DuckDuckGo/5 (com.duckduckgo.mobile.android; Android API 30)"
194.5.82.59 - - [07/Oct/2025:12:28:59 +0000] "GET /wp-content/uploads/2022/04/cropped-iconfinder_kl-elegant-massage-32x32.png HTTP/1.1" 200 2697 "-" "DuckDuckGo/5 (com.duckduckgo.mobile.android; Android API 30)"
194.5.82.76 - - [07/Oct/2025:12:28:58 +0000] "GET /apple-touch-icon.png HTTP/1.1" 404 12694 "-" "DuckDuckGo/5 (com.duckduckgo.mobile.android; Android API 30)"
194.5.82.59 - - [07/Oct/2025:12:29:00 +0000] "GET /favicon.ico HTTP/1.1" 302 - "-" "DuckDuckGo/5 (com.duckduckgo.mobile.android; Android API 30)"
194.5.82.59 - - [07/Oct/2025:12:29:01 +0000] "GET /wp-content/uploads/2022/04/cropped-iconfinder_kl-elegant-massage-32x32.png HTTP/1.1" 200 2697 "-" "DuckDuckGo/5 (com.duckduckgo.mobile.android; Android API 30)"
194.5.82.68 - - [07/Oct/2025:12:29:03 +0000] "GET /page/2/ HTTP/1.1" 200 13104 "https://klelegantmasssage.com/" "Mozilla/5.0 (Linux; Android 11; 21051182G Build/RKQ1.200826.002; wv) AppleWebKit/537.36 (KHTML, like Gecko) Version/4.0 Chrome/140.0.7339.207 Safari/537.36"
194.5.82.59 - - [07/Oct/2025:12:29:05 +0000] "GET /apple-touch-icon.png HTTP/1.1" 404 12694 "-" "DuckDuckGo/5 (com.duckduckgo.mobile.android; Android API 30)"
194.5.82.91 - - [07/Oct/2025:12:29:07 +0000] "GET /favicon.ico HTTP/1.1" 302 - "-" "DuckDuckGo/5 (com.duckduckgo.mobile.android; Android API 30)"
194.5.82.91 - - [07/Oct/2025:12:29:08 +0000] "GET /wp-content/uploads/2022/04/cropped-iconfinder_kl-elegant-massage-32x32.png HTTP/1.1" 200 2697 "-" "DuckDuckGo/5 (com.duckduckgo.mobile.android; Android API 30)"
194.5.82.68 - - [07/Oct/2025:12:29:07 +0000] "GET /massage_kl/v71/ HTTP/1.1" 200 14310 "https://klelegantmasssage.com/" "Mozilla/5.0 (Linux; Android 11; 21051182G Build/RKQ1.200826.002; wv) AppleWebKit/537.36 (KHTML, like Gecko) Version/4.0 Chrome/140.0.7339.207 Safari/537.36"
194.5.82.62 - - [07/Oct/2025:12:29:07 +0000] "GET /apple-touch-icon.png HTTP/1.1" 404 12694 "-" "DuckDuckGo/5 (com.duckduckgo.mobile.android; Android API 30)"
194.5.82.91 - - [07/Oct/2025:12:29:09 +0000] "GET /favicon.ico HTTP/1.1" 302 - "-" "DuckDuckGo/5 (com.duckduckgo.mobile.android; Android API 30)"
194.5.82.68 - - [07/Oct/2025:12:29:09 +0000] "GET /massage_kl/m-22/ HTTP/1.1" 200 14545 "https://klelegantmasssage.com/" "Mozilla/5.0 (Linux; Android 11; 21051182G Build/RKQ1.200826.002; wv) AppleWebKit/537.36 (KHTML, like Gecko) Version/4.0 Chrome/140.0.7339.207 Safari/537.36"
194.5.82.91 - - [07/Oct/2025:12:29:10 +0000] "GET /wp-content/uploads/2022/04/cropped-iconfinder_kl-elegant-massage-32x32.png HTTP/1.1" 200 2697 "-" "DuckDuckGo/5 (com.duckduckgo.mobile.android; Android API 30)"
18.97.14.83 - - [07/Oct/2025:12:29:30 +0000] "GET /massage_kl/c88/ HTTP/1.1" 200 14390 "-" "CCBot/2.0 (https://commoncrawl.org/faq/)"
18.97.14.83 - - [07/Oct/2025:12:30:40 +0000] "GET /massage_kl/category/mont-kiara/ HTTP/1.1" 200 15590 "-" "CCBot/2.0 (https://commoncrawl.org/faq/)"
18.97.14.83 - - [07/Oct/2025:12:50:44 +0000] "GET /massage_kl/category/sri-hartamas/ HTTP/1.1" 200 15592 "-" "CCBot/2.0 (https://commoncrawl.org/faq/)"
180.74.173.162 - - [07/Oct/2025:12:53:49 +0000] "GET / HTTP/1.1" 200 15332 "https://www.google.com/" "Mozilla/5.0 (Macintosh; Intel Mac OS X 10_15_7) AppleWebKit/605.1.15 (KHTML, like Gecko) Version/18.6 Safari/605.1.15"
180.74.173.162 - - [07/Oct/2025:12:53:49 +0000] "GET /wp-content/plugins/click-to-chat-for-whatsapp/new/inc/assets/css/main.css?ver=4.29 HTTP/1.1" 200 736 "https://klelegantmasssage.com/" "Mozilla/5.0 (Macintosh; Intel Mac OS X 10_15_7) AppleWebKit/605.1.15 (KHTML, like Gecko) Version/18.6 Safari/605.1.15"
180.74.173.162 - - [07/Oct/2025:12:53:49 +0000] "GET /wp-content/themes/photomania/third-party/sidr/css/jquery.sidr.dark.min.css?ver=2.2.1 HTTP/1.1" 200 1305 "https://klelegantmasssage.com/" "Mozilla/5.0 (Macintosh; Intel Mac OS X 10_15_7) AppleWebKit/605.1.15 (KHTML, like Gecko) Version/18.6 Safari/605.1.15"
180.74.173.162 - - [07/Oct/2025:12:53:49 +0000] "GET /wp-content/themes/photomania/third-party/magnific-popup/css/magnific-popup.min.css?ver=1.1.0 HTTP/1.1" 200 1586 "https://klelegantmasssage.com/" "Mozilla/5.0 (Macintosh; Intel Mac OS X 10_15_7) AppleWebKit/605.1.15 (KHTML, like Gecko) Version/18.6 Safari/605.1.15"
180.74.173.162 - - [07/Oct/2025:12:53:49 +0000] "GET /wp-content/themes/photomania/style.css?ver=20250630-113358 HTTP/1.1" 200 18906 "https://klelegantmasssage.com/" "Mozilla/5.0 (Macintosh; Intel Mac OS X 10_15_7) AppleWebKit/605.1.15 (KHTML, like Gecko) Version/18.6 Safari/605.1.15"
180.74.173.162 - - [07/Oct/2025:12:53:49 +0000] "GET /wp-content/themes/photomania/css/blocks.css?ver=20220208-61526 HTTP/1.1" 200 2738 "https://klelegantmasssage.com/" "Mozilla/5.0 (Macintosh; Intel Mac OS X 10_15_7) AppleWebKit/605.1.15 (KHTML, like Gecko) Version/18.6 Safari/605.1.15"
180.74.173.162 - - [07/Oct/2025:12:53:49 +0000] "GET /wp-includes/css/dist/block-library/style.min.css?ver=6.8.3 HTTP/1.1" 200 15315 "https://klelegantmasssage.com/" "Mozilla/5.0 (Macintosh; Intel Mac OS X 10_15_7) AppleWebKit/605.1.15 (KHTML, like Gecko) Version/18.6 Safari/605.1.15"
180.74.173.162 - - [07/Oct/2025:12:53:49 +0000] "GET /wp-content/themes/photomania/third-party/font-awesome/css/all.min.css?ver=6.7.2 HTTP/1.1" 200 21501 "https://klelegantmasssage.com/" "Mozilla/5.0 (Macintosh; Intel Mac OS X 10_15_7) AppleWebKit/605.1.15 (KHTML, like Gecko) Version/18.6 Safari/605.1.15"
180.74.173.162 - - [07/Oct/2025:12:53:49 +0000] "GET /wp-content/fonts/5dc8a1e3df9d2bd6f3043df94e5bb755.css HTTP/1.1" 200 648 "https://klelegantmasssage.com/" "Mozilla/5.0 (Macintosh; Intel Mac OS X 10_15_7) AppleWebKit/605.1.15 (KHTML, like Gecko) Version/18.6 Safari/605.1.15"
180.74.173.162 - - [07/Oct/2025:12:53:49 +0000] "GET /wp-content/plugins/wp-call-button/assets/block/build/index.css?ver=085f82fba130fc4cf3057de5e2dcc820 HTTP/1.1" 200 334 "https://klelegantmasssage.com/" "Mozilla/5.0 (Macintosh; Intel Mac OS X 10_15_7) AppleWebKit/605.1.15 (KHTML, like Gecko) Version/18.6 Safari/605.1.15"
180.74.173.162 - - [07/Oct/2025:12:53:50 +0000] "GET /wp-includes/js/jquery/jquery-migrate.min.js?ver=3.4.1 HTTP/1.1" 200 4872 "https://klelegantmasssage.com/" "Mozilla/5.0 (Macintosh; Intel Mac OS X 10_15_7) AppleWebKit/605.1.15 (KHTML, like Gecko) Version/18.6 Safari/605.1.15"
180.74.173.162 - - [07/Oct/2025:12:53:50 +0000] "GET /wp-content/plugins/click-to-chat-for-whatsapp/new/inc/assets/js/app.js?ver=4.29 HTTP/1.1" 200 3560 "https://klelegantmasssage.com/" "Mozilla/5.0 (Macintosh; Intel Mac OS X 10_15_7) AppleWebKit/605.1.15 (KHTML, like Gecko) Version/18.6 Safari/605.1.15"
180.74.173.162 - - [07/Oct/2025:12:53:50 +0000] "GET /wp-content/themes/photomania/js/skip-link-focus-fix.min.js?ver=20130115 HTTP/1.1" 200 281 "https://klelegantmasssage.com/" "Mozilla/5.0 (Macintosh; Intel Mac OS X 10_15_7) AppleWebKit/605.1.15 (KHTML, like Gecko) Version/18.6 Safari/605.1.15"
180.74.173.162 - - [07/Oct/2025:12:53:50 +0000] "GET /wp-content/themes/photomania/third-party/cycle2/js/jquery.cycle2.min.js?ver=2.1.6 HTTP/1.1" 200 6730 "https://klelegantmasssage.com/" "Mozilla/5.0 (Macintosh; Intel Mac OS X 10_15_7) AppleWebKit/605.1.15 (KHTML, like Gecko) Version/18.6 Safari/605.1.15"
180.74.173.162 - - [07/Oct/2025:12:53:50 +0000] "GET /wp-includes/js/jquery/jquery.min.js?ver=3.7.1 HTTP/1.1" 200 30368 "https://klelegantmasssage.com/" "Mozilla/5.0 (Macintosh; Intel Mac OS X 10_15_7) AppleWebKit/605.1.15 (KHTML, like Gecko) Version/18.6 Safari/605.1.15"
180.74.173.162 - - [07/Oct/2025:12:53:50 +0000] "GET /wp-content/themes/photomania/third-party/sidr/js/jquery.sidr.min.js?ver=2.2.1 HTTP/1.1" 200 2478 "https://klelegantmasssage.com/" "Mozilla/5.0 (Macintosh; Intel Mac OS X 10_15_7) AppleWebKit/605.1.15 (KHTML, like Gecko) Version/18.6 Safari/605.1.15"
180.74.173.162 - - [07/Oct/2025:12:53:50 +0000] "GET /wp-content/themes/photomania/third-party/magnific-popup/js/jquery.magnific-popup.min.js?ver=1.1.0 HTTP/1.1" 200 7182 "https://klelegantmasssage.com/" "Mozilla/5.0 (Macintosh; Intel Mac OS X 10_15_7) AppleWebKit/605.1.15 (KHTML, like Gecko) Version/18.6 Safari/605.1.15"
180.74.173.162 - - [07/Oct/2025:12:53:50 +0000] "GET /wp-includes/js/underscore.min.js?ver=1.13.7 HTTP/1.1" 200 7317 "https://klelegantmasssage.com/" "Mozilla/5.0 (Macintosh; Intel Mac OS X 10_15_7) AppleWebKit/605.1.15 (KHTML, like Gecko) Version/18.6 Safari/605.1.15"
180.74.173.162 - - [07/Oct/2025:12:53:50 +0000] "GET /wp-includes/js/wp-util.min.js?ver=6.8.3 HTTP/1.1" 200 756 "https://klelegantmasssage.com/" "Mozilla/5.0 (Macintosh; Intel Mac OS X 10_15_7) AppleWebKit/605.1.15 (KHTML, like Gecko) Version/18.6 Safari/605.1.15"
180.74.173.162 - - [07/Oct/2025:12:53:50 +0000] "GET /wp-includes/js/imagesloaded.min.js?ver=5.0.0 HTTP/1.1" 200 1803 "https://klelegantmasssage.com/" "Mozilla/5.0 (Macintosh; Intel Mac OS X 10_15_7) AppleWebKit/605.1.15 (KHTML, like Gecko) Version/18.6 Safari/605.1.15"
180.74.173.162 - - [07/Oct/2025:12:53:50 +0000] "GET /wp-includes/js/masonry.min.js?ver=4.2.2 HTTP/1.1" 200 7382 "https://klelegantmasssage.com/" "Mozilla/5.0 (Macintosh; Intel Mac OS X 10_15_7) AppleWebKit/605.1.15 (KHTML, like Gecko) Version/18.6 Safari/605.1.15"
180.74.173.162 - - [07/Oct/2025:12:53:50 +0000] "GET /wp-content/uploads/2024/02/VN-11.jpg HTTP/1.1" 200 136396 "https://klelegantmasssage.com/" "Mozilla/5.0 (Macintosh; Intel Mac OS X 10_15_7) AppleWebKit/605.1.15 (KHTML, like Gecko) Version/18.6 Safari/605.1.15"
180.74.173.162 - - [07/Oct/2025:12:53:50 +0000] "GET /wp-content/themes/photomania/js/custom.min.js?ver=1.0.0 HTTP/1.1" 200 806 "https://klelegantmasssage.com/" "Mozilla/5.0 (Macintosh; Intel Mac OS X 10_15_7) AppleWebKit/605.1.15 (KHTML, like Gecko) Version/18.6 Safari/605.1.15"
180.74.173.162 - - [07/Oct/2025:12:53:50 +0000] "GET /wp-content/fonts/rajdhani/LDI2apCSOBg7S-QT7pa8FvOreec.woff2 HTTP/1.1" 200 15711 "https://klelegantmasssage.com/" "Mozilla/5.0 (Macintosh; Intel Mac OS X 10_15_7) AppleWebKit/605.1.15 (KHTML, like Gecko) Version/18.6 Safari/605.1.15"
180.74.173.162 - - [07/Oct/2025:12:53:50 +0000] "GET /wp-content/fonts/rajdhani/LDIxapCSOBg7S-QT7p4HM-Y.woff2 HTTP/1.1" 200 14999 "https://klelegantmasssage.com/" "Mozilla/5.0 (Macintosh; Intel Mac OS X 10_15_7) AppleWebKit/605.1.15 (KHTML, like Gecko) Version/18.6 Safari/605.1.15"
180.74.173.162 - - [07/Oct/2025:12:53:50 +0000] "GET /wp-content/fonts/rajdhani/LDI2apCSOBg7S-QT7pb0EPOreec.woff2 HTTP/1.1" 200 15107 "https://klelegantmasssage.com/" "Mozilla/5.0 (Macintosh; Intel Mac OS X 10_15_7) AppleWebKit/605.1.15 (KHTML, like Gecko) Version/18.6 Safari/605.1.15"
180.74.173.162 - - [07/Oct/2025:12:53:50 +0000] "GET /wp-content/themes/photomania/third-party/font-awesome/webfonts/fa-solid-900.woff2 HTTP/1.1" 200 158263 "https://klelegantmasssage.com/" "Mozilla/5.0 (Macintosh; Intel Mac OS X 10_15_7) AppleWebKit/605.1.15 (KHTML, like Gecko) Version/18.6 Safari/605.1.15"
180.74.173.162 - - [07/Oct/2025:12:53:50 +0000] "GET /wp-content/themes/photomania/third-party/font-awesome/webfonts/fa-brands-400.woff2 HTTP/1.1" 200 118686 "https://klelegantmasssage.com/" "Mozilla/5.0 (Macintosh; Intel Mac OS X 10_15_7) AppleWebKit/605.1.15 (KHTML, like Gecko) Version/18.6 Safari/605.1.15"
180.74.173.162 - - [07/Oct/2025:12:53:50 +0000] "GET /wp-content/uploads/2022/04/body-massage-spa-kl-pj.jpg HTTP/1.1" 200 80435 "https://klelegantmasssage.com/" "Mozilla/5.0 (Macintosh; Intel Mac OS X 10_15_7) AppleWebKit/605.1.15 (KHTML, like Gecko) Version/18.6 Safari/605.1.15"
180.74.173.162 - - [07/Oct/2025:12:53:50 +0000] "GET /wp-content/uploads/2024/02/M77.jpg HTTP/1.1" 200 124204 "https://klelegantmasssage.com/" "Mozilla/5.0 (Macintosh; Intel Mac OS X 10_15_7) AppleWebKit/605.1.15 (KHTML, like Gecko) Version/18.6 Safari/605.1.15"
180.74.173.162 - - [07/Oct/2025:12:53:51 +0000] "GET /wp-content/themes/photomania/third-party/font-awesome/webfonts/fa-regular-400.woff2 HTTP/1.1" 200 25495 "https://klelegantmasssage.com/" "Mozilla/5.0 (Macintosh; Intel Mac OS X 10_15_7) AppleWebKit/605.1.15 (KHTML, like Gecko) Version/18.6 Safari/605.1.15"
180.74.173.162 - - [07/Oct/2025:12:53:51 +0000] "GET /wp-content/uploads/2024/02/T78.jpg HTTP/1.1" 200 161037 "https://klelegantmasssage.com/" "Mozilla/5.0 (Macintosh; Intel Mac OS X 10_15_7) AppleWebKit/605.1.15 (KHTML, like Gecko) Version/18.6 Safari/605.1.15"
180.74.173.162 - - [07/Oct/2025:12:53:51 +0000] "GET /wp-content/uploads/2022/10/M22.jpg HTTP/1.1" 200 108819 "https://klelegantmasssage.com/" "Mozilla/5.0 (Macintosh; Intel Mac OS X 10_15_7) AppleWebKit/605.1.15 (KHTML, like Gecko) Version/18.6 Safari/605.1.15"
180.74.173.162 - - [07/Oct/2025:12:53:51 +0000] "GET /wp-content/uploads/2022/10/M21.jpg HTTP/1.1" 200 104998 "https://klelegantmasssage.com/" "Mozilla/5.0 (Macintosh; Intel Mac OS X 10_15_7) AppleWebKit/605.1.15 (KHTML, like Gecko) Version/18.6 Safari/605.1.15"
180.74.173.162 - - [07/Oct/2025:12:53:51 +0000] "GET /wp-content/uploads/2022/07/M78.jpg HTTP/1.1" 200 112433 "https://klelegantmasssage.com/" "Mozilla/5.0 (Macintosh; Intel Mac OS X 10_15_7) AppleWebKit/605.1.15 (KHTML, like Gecko) Version/18.6 Safari/605.1.15"
180.74.173.162 - - [07/Oct/2025:12:53:51 +0000] "GET /wp-content/uploads/2022/07/M73.jpg HTTP/1.1" 200 137302 "https://klelegantmasssage.com/" "Mozilla/5.0 (Macintosh; Intel Mac OS X 10_15_7) AppleWebKit/605.1.15 (KHTML, like Gecko) Version/18.6 Safari/605.1.15"
180.74.173.162 - - [07/Oct/2025:12:53:51 +0000] "GET /wp-content/uploads/2022/07/M79.jpg HTTP/1.1" 200 148079 "https://klelegantmasssage.com/" "Mozilla/5.0 (Macintosh; Intel Mac OS X 10_15_7) AppleWebKit/605.1.15 (KHTML, like Gecko) Version/18.6 Safari/605.1.15"
180.74.173.162 - - [07/Oct/2025:12:53:51 +0000] "GET /wp-content/uploads/2022/07/M70.jpg HTTP/1.1" 200 122101 "https://klelegantmasssage.com/" "Mozilla/5.0 (Macintosh; Intel Mac OS X 10_15_7) AppleWebKit/605.1.15 (KHTML, like Gecko) Version/18.6 Safari/605.1.15"
180.74.173.162 - - [07/Oct/2025:12:53:51 +0000] "GET /wp-content/uploads/2022/07/I97.jpg HTTP/1.1" 200 179868 "https://klelegantmasssage.com/" "Mozilla/5.0 (Macintosh; Intel Mac OS X 10_15_7) AppleWebKit/605.1.15 (KHTML, like Gecko) Version/18.6 Safari/605.1.15"
180.74.173.162 - - [07/Oct/2025:12:53:52 +0000] "GET /wp-content/uploads/2022/07/T77.jpg HTTP/1.1" 200 133833 "https://klelegantmasssage.com/" "Mozilla/5.0 (Macintosh; Intel Mac OS X 10_15_7) AppleWebKit/605.1.15 (KHTML, like Gecko) Version/18.6 Safari/605.1.15"
180.74.173.162 - - [07/Oct/2025:12:53:52 +0000] "GET /wp-content/uploads/2022/07/T71.jpg HTTP/1.1" 200 110975 "https://klelegantmasssage.com/" "Mozilla/5.0 (Macintosh; Intel Mac OS X 10_15_7) AppleWebKit/605.1.15 (KHTML, like Gecko) Version/18.6 Safari/605.1.15"
180.74.173.162 - - [07/Oct/2025:12:53:52 +0000] "GET /wp-content/uploads/2022/04/C88.jpg HTTP/1.1" 200 108430 "https://klelegantmasssage.com/" "Mozilla/5.0 (Macintosh; Intel Mac OS X 10_15_7) AppleWebKit/605.1.15 (KHTML, like Gecko) Version/18.6 Safari/605.1.15"
180.74.173.162 - - [07/Oct/2025:12:53:52 +0000] "GET /wp-content/uploads/2022/04/C87.jpg HTTP/1.1" 200 98135 "https://klelegantmasssage.com/" "Mozilla/5.0 (Macintosh; Intel Mac OS X 10_15_7) AppleWebKit/605.1.15 (KHTML, like Gecko) Version/18.6 Safari/605.1.15"
180.74.173.162 - - [07/Oct/2025:12:53:52 +0000] "GET /wp-content/uploads/2022/04/C82.jpg HTTP/1.1" 200 116941 "https://klelegantmasssage.com/" "Mozilla/5.0 (Macintosh; Intel Mac OS X 10_15_7) AppleWebKit/605.1.15 (KHTML, like Gecko) Version/18.6 Safari/605.1.15"
180.74.173.162 - - [07/Oct/2025:12:53:52 +0000] "GET /wp-content/uploads/2022/04/V79.jpg HTTP/1.1" 200 146043 "https://klelegantmasssage.com/" "Mozilla/5.0 (Macintosh; Intel Mac OS X 10_15_7) AppleWebKit/605.1.15 (KHTML, like Gecko) Version/18.6 Safari/605.1.15"
180.74.173.162 - - [07/Oct/2025:12:53:52 +0000] "GET /wp-content/uploads/2022/04/V77.jpg HTTP/1.1" 200 114457 "https://klelegantmasssage.com/" "Mozilla/5.0 (Macintosh; Intel Mac OS X 10_15_7) AppleWebKit/605.1.15 (KHTML, like Gecko) Version/18.6 Safari/605.1.15"
180.74.173.162 - - [07/Oct/2025:12:53:52 +0000] "GET /wp-content/uploads/2022/04/V72.jpg HTTP/1.1" 200 100188 "https://klelegantmasssage.com/" "Mozilla/5.0 (Macintosh; Intel Mac OS X 10_15_7) AppleWebKit/605.1.15 (KHTML, like Gecko) Version/18.6 Safari/605.1.15"
180.74.173.162 - - [07/Oct/2025:12:53:52 +0000] "GET /wp-content/uploads/2022/04/V71.jpg HTTP/1.1" 200 104597 "https://klelegantmasssage.com/" "Mozilla/5.0 (Macintosh; Intel Mac OS X 10_15_7) AppleWebKit/605.1.15 (KHTML, like Gecko) Version/18.6 Safari/605.1.15"
180.74.173.162 - - [07/Oct/2025:12:53:52 +0000] "GET /wp-content/uploads/2022/04/VN-18.jpg HTTP/1.1" 200 123263 "https://klelegantmasssage.com/" "Mozilla/5.0 (Macintosh; Intel Mac OS X 10_15_7) AppleWebKit/605.1.15 (KHTML, like Gecko) Version/18.6 Safari/605.1.15"
180.74.173.162 - - [07/Oct/2025:12:53:52 +0000] "GET /wp-content/uploads/2022/04/cropped-iconfinder_kl-elegant-massage-32x32.png HTTP/1.1" 200 2697 "https://klelegantmasssage.com/" "Mozilla/5.0 (Macintosh; Intel Mac OS X 10_15_7) AppleWebKit/605.1.15 (KHTML, like Gecko) Version/18.6 Safari/605.1.15"
180.74.173.162 - - [07/Oct/2025:12:53:52 +0000] "GET /wp-content/uploads/2022/04/cropped-iconfinder_kl-elegant-massage-192x192.png HTTP/1.1" 200 42380 "https://klelegantmasssage.com/" "Mozilla/5.0 (Macintosh; Intel Mac OS X 10_15_7) AppleWebKit/605.1.15 (KHTML, like Gecko) Version/18.6 Safari/605.1.15"
180.74.173.162 - - [07/Oct/2025:12:54:11 +0000] "GET /massage_kl/t-78/ HTTP/1.1" 200 14624 "https://klelegantmasssage.com/" "Mozilla/5.0 (Macintosh; Intel Mac OS X 10_15_7) AppleWebKit/605.1.15 (KHTML, like Gecko) Version/18.6 Safari/605.1.15"
180.74.173.162 - - [07/Oct/2025:12:54:11 +0000] "GET /wp-includes/js/comment-reply.min.js?ver=6.8.3 HTTP/1.1" 200 1375 "https://klelegantmasssage.com/massage_kl/t-78/" "Mozilla/5.0 (Macintosh; Intel Mac OS X 10_15_7) AppleWebKit/605.1.15 (KHTML, like Gecko) Version/18.6 Safari/605.1.15"
180.74.173.162 - - [07/Oct/2025:12:54:54 +0000] "GET /massage_kl/c87/ HTTP/1.1" 200 14387 "https://klelegantmasssage.com/" "Mozilla/5.0 (Macintosh; Intel Mac OS X 10_15_7) AppleWebKit/605.1.15 (KHTML, like Gecko) Version/18.6 Safari/605.1.15"
203.161.56.247 - - [07/Oct/2025:12:58:09 +0000] "POST /wp-cron.php?doing_wp_cron=1759841889.7753090858459472656250 HTTP/1.1" 200 - "-" "WordPress/6.8.3; https://klelegantmasssage.com"
102.32.171.180 - - [07/Oct/2025:12:58:08 +0000] "POST /xmlrpc.php HTTP/1.1" 200 403 "-" "Mozilla/5.0 (X11; Ubuntu; Linux x86_64; x86) AppleWebKit/537.36 (KHTML, like Gecko) Chrome/100.0.0.0 Safari/537.36"
203.161.56.247 - - [07/Oct/2025:12:59:05 +0000] "POST /wp-cron.php?doing_wp_cron=1759841945.1786990165710449218750 HTTP/1.1" 200 - "-" "WordPress/6.8.3; https://klelegantmasssage.com"
114.119.133.35 - - [07/Oct/2025:12:59:03 +0000] "GET /massage_kl/category/klcc/page/2/ HTTP/1.1" 200 13436 "https://klelegantmasssage.com/massage_kl/category/klcc/page/2/" "Mozilla/5.0 (Linux; Android 7.0;) AppleWebKit/537.36 (KHTML, like Gecko) Mobile Safari/537.36 (compatible; PetalBot;+https://webmaster.petalsearch.com/site/petalbot)"
203.161.56.247 - - [07/Oct/2025:13:01:30 +0000] "POST /wp-cron.php?doing_wp_cron=1759842090.1794319152832031250000 HTTP/1.1" 200 - "-" "WordPress/6.8.3; https://klelegantmasssage.com"
108.179.219.178 - - [07/Oct/2025:13:01:28 +0000] "POST /xmlrpc.php HTTP/1.1" 200 225 "-" "Mozilla/5.0 (X11; Ubuntu; Linux x86_64; rv:85.0) Gecko/20100101 Firefox/91.0"
203.161.56.247 - - [07/Oct/2025:13:03:20 +0000] "POST /wp-cron.php?doing_wp_cron=1759842200.0562870502471923828125 HTTP/1.1" 200 - "-" "WordPress/6.8.3; https://klelegantmasssage.com"
216.73.216.3 - - [07/Oct/2025:13:03:18 +0000] "GET /robots.txt HTTP/1.1" 200 125 "-" "Mozilla/5.0 AppleWebKit/537.36 (KHTML, like Gecko; compatible; ClaudeBot/1.0; +claudebot@anthropic.com)"
216.73.216.3 - - [07/Oct/2025:13:03:20 +0000] "GET /sitemap.rss HTTP/1.1" 200 974 "-" "Mozilla/5.0 AppleWebKit/537.36 (KHTML, like Gecko; compatible; ClaudeBot/1.0; +claudebot@anthropic.com)"
44.215.210.112 - - [07/Oct/2025:13:10:59 +0000] "GET /massage_kl/m-78/? HTTP/1.1" 200 14600 "-" "Mozilla/5.0 AppleWebKit/537.36 (KHTML, like Gecko; compatible; Amazonbot/0.1; +https://developer.amazon.com/support/amazonbot) Chrome/119.0.6045.214 Safari/537.36"
34.194.95.99 - - [07/Oct/2025:13:11:01 +0000] "GET /massage_kl/m-22/? HTTP/1.1" 200 14628 "-" "Mozilla/5.0 AppleWebKit/537.36 (KHTML, like Gecko; compatible; Amazonbot/0.1; +https://developer.amazon.com/support/amazonbot) Chrome/119.0.6045.214 Safari/537.36"
203.161.56.247 - - [07/Oct/2025:13:15:19 +0000] "POST /wp-cron.php?doing_wp_cron=1759842919.3262660503387451171875 HTTP/1.1" 200 - "-" "WordPress/6.8.3; https://klelegantmasssage.com"
114.119.154.89 - - [07/Oct/2025:13:15:17 +0000] "GET /massage_kl/vn-17/ HTTP/1.1" 200 14292 "https://klelegantmasssage.com/massage_kl/category/kuala-lumpur/page/2/" "Mozilla/5.0 (Linux; Android 7.0;) AppleWebKit/537.36 (KHTML, like Gecko) Mobile Safari/537.36 (compatible; PetalBot;+https://webmaster.petalsearch.com/site/petalbot)"
216.73.216.3 - - [07/Oct/2025:13:26:50 +0000] "GET /massage_kl/v71 HTTP/1.1" 200 14393 "-" "Mozilla/5.0 AppleWebKit/537.36 (KHTML, like Gecko; compatible; ClaudeBot/1.0; +claudebot@anthropic.com)"
203.161.56.247 - - [07/Oct/2025:13:30:07 +0000] "POST /wp-cron.php?doing_wp_cron=1759843807.1930899620056152343750 HTTP/1.1" 200 - "-" "WordPress/6.8.3; https://klelegantmasssage.com"
216.73.216.3 - - [07/Oct/2025:13:30:04 +0000] "GET /sitemap.rss HTTP/1.1" 200 974 "-" "Mozilla/5.0 AppleWebKit/537.36 (KHTML, like Gecko; compatible; ClaudeBot/1.0; +claudebot@anthropic.com)"
203.161.56.247 - - [07/Oct/2025:13:31:01 +0000] "POST /wp-cron.php?doing_wp_cron=1759843861.2998030185699462890625 HTTP/1.1" 200 - "-" "WordPress/6.8.3; https://klelegantmasssage.com"
216.73.216.3 - - [07/Oct/2025:13:31:00 +0000] "GET /sitemap.rss HTTP/1.1" 200 974 "-" "Mozilla/5.0 AppleWebKit/537.36 (KHTML, like Gecko; compatible; ClaudeBot/1.0; +claudebot@anthropic.com)"
203.161.56.247 - - [07/Oct/2025:13:53:37 +0000] "POST /wp-cron.php?doing_wp_cron=1759845217.7382259368896484375000 HTTP/1.1" 200 - "-" "WordPress/6.8.3; https://klelegantmasssage.com"
57.141.0.14 - - [07/Oct/2025:13:53:35 +0000] "GET /index.html HTTP/1.1" 301 - "-" "meta-externalagent/1.1 (+https://developers.facebook.com/docs/sharing/webmasters/crawler)"
203.161.56.247 - - [07/Oct/2025:13:59:45 +0000] "POST /wp-cron.php?doing_wp_cron=1759845585.9140601158142089843750 HTTP/1.1" 200 - "-" "WordPress/6.8.3; https://klelegantmasssage.com"
216.73.216.3 - - [07/Oct/2025:13:59:44 +0000] "GET /sitemap.rss HTTP/1.1" 200 974 "-" "Mozilla/5.0 AppleWebKit/537.36 (KHTML, like Gecko; compatible; ClaudeBot/1.0; +claudebot@anthropic.com)"
20.191.45.212 - - [07/Oct/2025:14:15:38 +0000] "GET /wp-content/uploads/2022/04/cropped-iconfinder_kl-elegant-massage-32x32.png HTTP/1.1" 200 2697 "https://klelegantmasssage.com/wp-content/uploads/2022/04/cropped-iconfinder_kl-elegant-massage-32x32.png" "DuckDuckBot/1.1; (+http://duckduckgo.com/duckduckbot.html)"
203.161.56.247 - - [07/Oct/2025:14:17:38 +0000] "POST /wp-cron.php?doing_wp_cron=1759846658.2718648910522460937500 HTTP/1.1" 200 - "-" "WordPress/6.8.3; https://klelegantmasssage.com"
107.189.6.63 - - [07/Oct/2025:14:17:36 +0000] "GET /wp-login.php HTTP/1.1" 200 2048 "-" "Mozilla/5.0 (Windows NT 11.0; Win64; x64) AppleWebKit/543.56 (KHTML, like Gecko) Chrome/92.1.511.80 Safari/544.64"
107.189.6.63 - - [07/Oct/2025:14:17:36 +0000] "GET /wp-login.php HTTP/1.1" 200 2048 "-" "Mozilla/5.0 (Windows NT 11.0; Win64; x64) AppleWebKit/543.56 (KHTML, like Gecko) Chrome/92.1.511.80 Safari/544.64"
107.189.6.63 - - [07/Oct/2025:14:17:38 +0000] "POST /wp-login.php HTTP/1.1" 200 2140 "-" "Mozilla/5.0 (Windows NT 10.0; Win64; x64) AppleWebKit/544.36 (KHTML, like Gecko) Chrome/98.0.512.80 Safari/544.36"
107.189.6.63 - - [07/Oct/2025:14:17:38 +0000] "POST /wp-login.php HTTP/1.1" 200 2140 "-" "Mozilla/5.0 (Windows NT 10.0; Win64; x64) AppleWebKit/544.36 (KHTML, like Gecko) Chrome/98.0.512.80 Safari/544.36"
203.161.56.247 - - [07/Oct/2025:14:22:02 +0000] "POST /wp-cron.php?doing_wp_cron=1759846922.5312759876251220703125 HTTP/1.1" 200 - "-" "WordPress/6.8.3; https://klelegantmasssage.com"
66.249.73.131 - - [07/Oct/2025:14:22:00 +0000] "GET /massage_kl/m-73/ HTTP/1.1" 200 14525 "-" "Mozilla/5.0 (Linux; Android 6.0.1; Nexus 5X Build/MMB29P) AppleWebKit/537.36 (KHTML, like Gecko) Chrome/140.0.7339.207 Mobile Safari/537.36 (compatible; Googlebot/2.1; +http://www.google.com/bot.html)"
66.249.73.129 - - [07/Oct/2025:14:22:08 +0000] "GET /wp-includes/css/dist/block-library/style.min.css?ver=6.8.3 HTTP/1.1" 200 15315 "https://klelegantmasssage.com/massage_kl/m-73/" "Mozilla/5.0 (Linux; Android 6.0.1; Nexus 5X Build/MMB29P) AppleWebKit/537.36 (KHTML, like Gecko) Chrome/139.0.7258.127 Mobile Safari/537.36 (compatible; Googlebot/2.1; +http://www.google.com/bot.html)"
66.249.73.130 - - [07/Oct/2025:14:22:09 +0000] "GET /wp-content/themes/photomania/style.css?ver=20250630-113358 HTTP/1.1" 200 18906 "https://klelegantmasssage.com/massage_kl/m-73/" "Mozilla/5.0 (Linux; Android 6.0.1; Nexus 5X Build/MMB29P) AppleWebKit/537.36 (KHTML, like Gecko) Chrome/139.0.7258.127 Mobile Safari/537.36 (compatible; Googlebot/2.1; +http://www.google.com/bot.html)"
66.249.73.130 - - [07/Oct/2025:14:22:09 +0000] "GET /wp-content/themes/photomania/css/blocks.css?ver=20220208-61526 HTTP/1.1" 200 2738 "https://klelegantmasssage.com/massage_kl/m-73/" "Mozilla/5.0 (Linux; Android 6.0.1; Nexus 5X Build/MMB29P) AppleWebKit/537.36 (KHTML, like Gecko) Chrome/139.0.7258.127 Mobile Safari/537.36 (compatible; Googlebot/2.1; +http://www.google.com/bot.html)"
