/home/klesmriw/access-logs/localklescort.klescortgirldirectory.com
203.161.56.247 - - [07/Oct/2025:12:18:59 +0000] "POST /wp-cron.php?doing_wp_cron=1759839539.9003210067749023437500 HTTP/1.1" 200 - "-" "WordPress/6.8.3; https://localklescort.com"
20.191.45.212 - - [07/Oct/2025:12:18:57 +0000] "GET / HTTP/1.1" 301 - "http://localklescort.com/" "DuckDuckBot/1.1; (+http://duckduckgo.com/duckduckbot.html)"
203.161.56.247 - - [07/Oct/2025:12:24:19 +0000] "POST /wp-cron.php?doing_wp_cron=1759839859.3527050018310546875000 HTTP/1.1" 200 - "-" "WordPress/6.8.3; https://localklescort.com"
20.191.45.212 - - [07/Oct/2025:12:24:17 +0000] "GET / HTTP/1.1" 301 - "http://localklescort.com/" "DuckDuckBot/1.1; (+http://duckduckgo.com/duckduckbot.html)"
203.161.56.247 - - [07/Oct/2025:12:24:21 +0000] "POST /wp-cron.php?doing_wp_cron=1759839861.3971519470214843750000 HTTP/1.1" 200 - "-" "WordPress/6.8.3; https://localklescort.com"
20.191.45.212 - - [07/Oct/2025:12:24:19 +0000] "GET / HTTP/1.1" 301 - "http://localklescort.com/" "DuckDuckBot/1.1; (+http://duckduckgo.com/duckduckbot.html)"
216.244.66.197 - - [07/Oct/2025:12:25:02 +0000] "GET /robots.txt HTTP/1.1" 200 373 "-" "Mozilla/5.0 (compatible; DotBot/1.2; +https://opensiteexplorer.org/dotbot; help@moz.com)"
203.161.56.247 - - [07/Oct/2025:12:35:50 +0000] "POST /wp-cron.php?doing_wp_cron=1759840550.7183148860931396484375 HTTP/1.1" 200 - "-" "WordPress/6.8.3; https://localklescort.com"
216.244.66.197 - - [07/Oct/2025:12:35:48 +0000] "GET /all-kl-escort-girl/kl-escort/page/4/ HTTP/1.1" 200 113448 "-" "Mozilla/5.0 (compatible; DotBot/1.2; +https://opensiteexplorer.org/dotbot; help@moz.com)"
203.161.56.247 - - [07/Oct/2025:12:55:18 +0000] "POST /wp-cron.php?doing_wp_cron=1759841718.3941669464111328125000 HTTP/1.1" 200 - "-" "WordPress/6.8.3; https://localklescort.com"
216.244.66.197 - - [07/Oct/2025:12:55:16 +0000] "GET /kl-escort-angel-category/local-malay-girls/feed/ HTTP/1.1" 200 748 "-" "Mozilla/5.0 (compatible; DotBot/1.2; +https://opensiteexplorer.org/dotbot; help@moz.com)"
216.244.66.197 - - [07/Oct/2025:12:55:27 +0000] "GET /kl-escort-angel-tag/kl-girl/feed/ HTTP/1.1" 200 733 "-" "Mozilla/5.0 (compatible; DotBot/1.2; +https://opensiteexplorer.org/dotbot; help@moz.com)"
203.161.56.247 - - [07/Oct/2025:13:17:15 +0000] "POST /wp-cron.php?doing_wp_cron=1759843035.7815470695495605468750 HTTP/1.1" 200 - "-" "WordPress/6.8.3; https://localklescort.com"
216.244.66.197 - - [07/Oct/2025:13:17:14 +0000] "GET /robots.txt HTTP/1.1" 200 373 "-" "Mozilla/5.0 (compatible; DotBot/1.2; +https://opensiteexplorer.org/dotbot; help@moz.com)"
203.161.56.247 - - [07/Oct/2025:13:52:44 +0000] "POST /wp-cron.php?doing_wp_cron=1759845164.6914370059967041015625 HTTP/1.1" 200 - "-" "WordPress/6.8.3; https://localklescort.com"
216.244.66.197 - - [07/Oct/2025:13:52:42 +0000] "GET /local-kl-escort-tag/kl-girl/feed/ HTTP/1.1" 200 733 "-" "Mozilla/5.0 (compatible; DotBot/1.2; +https://opensiteexplorer.org/dotbot; help@moz.com)"
203.161.56.247 - - [07/Oct/2025:13:53:18 +0000] "POST /wp-cron.php?doing_wp_cron=1759845198.9555709362030029296875 HTTP/1.1" 200 - "-" "WordPress/6.8.3; https://localklescort.com"
5.188.167.226 - - [07/Oct/2025:13:53:17 +0000] "GET /phpinfo.php HTTP/1.1" 404 99989 "-" "curl/8.12.1"
5.188.167.226 - - [07/Oct/2025:13:53:17 +0000] "GET /info.php HTTP/1.1" 404 99962 "-" "curl/8.12.1"
178.128.52.209 - - [07/Oct/2025:14:09:33 +0000] "GET /wp-content/plugins/pwnd/pwnd.php HTTP/1.1" 404 26953 "-" "Mozilla/5.0"
203.161.56.247 - - [07/Oct/2025:14:21:16 +0000] "POST /wp-cron.php?doing_wp_cron=1759846876.2459371089935302734375 HTTP/1.1" 200 - "-" "WordPress/6.8.3; https://localklescort.com"
170.106.65.93 - - [07/Oct/2025:14:21:14 +0000] "GET / HTTP/1.1" 301 - "-" "Mozilla/5.0 (iPhone; CPU iPhone OS 13_2_3 like Mac OS X) AppleWebKit/605.1.15 (KHTML, like Gecko) Version/13.0.3 Mobile/15E148 Safari/604.1"
203.161.56.247 - - [07/Oct/2025:14:34:09 +0000] "POST /wp-cron.php?doing_wp_cron=1759847649.5593299865722656250000 HTTP/1.1" 200 - "-" "WordPress/6.8.3; https://localklescort.com"
43.131.253.14 - - [07/Oct/2025:14:34:07 +0000] "GET / HTTP/1.1" 301 - "-" "Mozilla/5.0 (iPhone; CPU iPhone OS 13_2_3 like Mac OS X) AppleWebKit/605.1.15 (KHTML, like Gecko) Version/13.0.3 Mobile/15E148 Safari/604.1"
203.161.56.247 - - [07/Oct/2025:15:53:52 +0000] "POST /wp-cron.php?doing_wp_cron=1759852432.2867400646209716796875 HTTP/1.1" 200 - "-" "WordPress/6.8.3; https://localklescort.com"
216.244.66.197 - - [07/Oct/2025:15:53:50 +0000] "GET /robots.txt HTTP/1.1" 200 373 "-" "Mozilla/5.0 (compatible; DotBot/1.2; +https://opensiteexplorer.org/dotbot; help@moz.com)"
203.161.56.247 - - [07/Oct/2025:16:02:01 +0000] "POST /wp-cron.php?doing_wp_cron=1759852921.3038439750671386718750 HTTP/1.1" 200 - "-" "WordPress/6.8.3; https://localklescort.com"
124.221.245.78 - - [07/Oct/2025:16:01:59 +0000] "GET / HTTP/1.1" 301 - "-" "Mozilla/5.0 (iPhone; CPU iPhone OS 13_2_3 like Mac OS X) AppleWebKit/605.1.15 (KHTML, like Gecko) Version/13.0.3 Mobile/15E148 Safari/604.1"
203.161.56.247 - - [07/Oct/2025:16:47:33 +0000] "POST /wp-cron.php?doing_wp_cron=1759855653.0710411071777343750000 HTTP/1.1" 200 - "-" "WordPress/6.8.3; https://localklescort.com"
216.244.66.197 - - [07/Oct/2025:16:47:31 +0000] "GET /robots.txt HTTP/1.1" 200 373 "-" "Mozilla/5.0 (compatible; DotBot/1.2; +https://opensiteexplorer.org/dotbot; help@moz.com)"
203.161.56.247 - - [07/Oct/2025:17:04:19 +0000] "POST /wp-cron.php?doing_wp_cron=1759856659.8014740943908691406250 HTTP/1.1" 200 - "-" "WordPress/6.8.3; https://localklescort.com"
216.244.66.197 - - [07/Oct/2025:17:04:17 +0000] "GET /service/69-position/page/1/ HTTP/1.1" 301 - "-" "Mozilla/5.0 (compatible; DotBot/1.2; +https://opensiteexplorer.org/dotbot; help@moz.com)"
159.26.115.79 - - [07/Oct/2025:17:28:37 +0000] "GET /wp-admin/css/ HTTP/1.1" 404 26946 "binance.com" "Mozilla/5.0 (Windows NT 10.0; Win64; x64) AppleWebKit/537.36 (KHTML, like Gecko) Chrome/90.0.4430.85 Safari/537.36"
159.26.115.79 - - [07/Oct/2025:17:28:41 +0000] "GET /.well-known/ HTTP/1.1" 404 26956 "binance.com" "Mozilla/5.0 (Windows NT 10.0; Win64; x64) AppleWebKit/537.36 (KHTML, like Gecko) Chrome/90.0.4430.85 Safari/537.36"
203.161.56.247 - - [07/Oct/2025:17:28:54 +0000] "POST /wp-cron.php?doing_wp_cron=1759858134.7847890853881835937500 HTTP/1.1" 200 - "-" "WordPress/6.8.3; https://localklescort.com"
159.26.115.79 - - [07/Oct/2025:17:28:53 +0000] "GET /sites/default/files/ HTTP/1.1" 404 26969 "binance.com" "Mozilla/5.0 (Windows NT 10.0; Win64; x64) AppleWebKit/537.36 (KHTML, like Gecko) Chrome/90.0.4430.85 Safari/537.36"
159.26.115.79 - - [07/Oct/2025:17:28:56 +0000] "GET /admin/controller/extension/extension/ HTTP/1.1" 404 26975 "binance.com" "Mozilla/5.0 (Windows NT 10.0; Win64; x64) AppleWebKit/537.36 (KHTML, like Gecko) Chrome/90.0.4430.85 Safari/537.36"
203.161.56.247 - - [07/Oct/2025:17:30:03 +0000] "POST /wp-cron.php?doing_wp_cron=1759858203.6490859985351562500000 HTTP/1.1" 200 - "-" "WordPress/6.8.3; https://localklescort.com"
159.26.115.79 - - [07/Oct/2025:17:30:00 +0000] "GET /uploads/ HTTP/1.1" 404 26936 "binance.com" "Mozilla/5.0 (Windows NT 10.0; Win64; x64) AppleWebKit/537.36 (KHTML, like Gecko) Chrome/90.0.4430.85 Safari/537.36"
159.26.115.79 - - [07/Oct/2025:17:30:05 +0000] "GET /images/ HTTP/1.1" 404 26937 "binance.com" "Mozilla/5.0 (Windows NT 10.0; Win64; x64) AppleWebKit/537.36 (KHTML, like Gecko) Chrome/90.0.4430.85 Safari/537.36"
159.26.115.79 - - [07/Oct/2025:17:30:10 +0000] "GET /files/ HTTP/1.1" 404 26942 "binance.com" "Mozilla/5.0 (Windows NT 10.0; Win64; x64) AppleWebKit/537.36 (KHTML, like Gecko) Chrome/90.0.4430.85 Safari/537.36"
203.161.56.247 - - [07/Oct/2025:19:27:54 +0000] "POST /wp-cron.php?doing_wp_cron=1759865274.4697730541229248046875 HTTP/1.1" 200 - "-" "WordPress/6.8.3; https://localklescort.com"
66.23.227.62 - - [07/Oct/2025:19:27:52 +0000] "HEAD / HTTP/1.1" 301 - "-" "Mozilla/5.0 (Windows NT 10.0; Win64; x64) AppleWebKit/537.36 (KHTML, like Gecko) Chrome/124.0.0.0 Safari/537.36"
85.208.98.18 - - [07/Oct/2025:20:12:47 +0000] "GET /robots.txt HTTP/1.1" 200 170 "-" "Mozilla/5.0 (compatible; SemrushBot; +http://www.semrush.com/bot.html)"
203.161.56.247 - - [07/Oct/2025:20:50:45 +0000] "POST /wp-cron.php?doing_wp_cron=1759870245.4892621040344238281250 HTTP/1.1" 200 - "-" "WordPress/6.8.3; https://localklescort.com"
217.13.221.178 - - [07/Oct/2025:20:50:43 +0000] "GET /wp-content/plugins/wp-automatic/css/style.css HTTP/1.1" 404 100335 "-" "curl/8.12.1"
203.161.56.247 - - [07/Oct/2025:22:06:22 +0000] "POST /wp-cron.php?doing_wp_cron=1759874782.9155359268188476562500 HTTP/1.1" 200 - "-" "WordPress/6.8.3; https://localklescort.com"
45.149.173.195 - - [07/Oct/2025:22:06:21 +0000] "GET / HTTP/1.1" 301 - "-" "Mozilla/5.0 (Windows NT 10.0; Win64; x64) AppleWebKit/537.36 (KHTML, like Gecko) Chrome/78.0.3904.108 Safari/537.36"
203.161.56.247 - - [07/Oct/2025:22:40:34 +0000] "POST /wp-cron.php?doing_wp_cron=1759876834.9733130931854248046875 HTTP/1.1" 200 - "-" "WordPress/6.8.3; https://localklescort.com"
154.213.198.213 - - [07/Oct/2025:22:40:33 +0000] "POST /xmlrpc.php HTTP/1.1" 200 206 "-" "Mozilla/5.0 (Macintosh; Intel Mac OS X 13_5) AppleWebKit/605.1.15 (KHTML, like Gecko) Version/17.5 Safari/605.1.15"
203.161.56.247 - - [07/Oct/2025:22:41:11 +0000] "POST /wp-cron.php?doing_wp_cron=1759876871.9014110565185546875000 HTTP/1.1" 200 - "-" "WordPress/6.8.3; https://localklescort.com"
156.242.34.57 - - [07/Oct/2025:22:41:10 +0000] "GET /wp-login.php HTTP/1.1" 302 - "-" "Mozilla/5.0 (Macintosh; Intel Mac OS X 13_5) AppleWebKit/605.1.15 (KHTML, like Gecko) Version/17.5 Safari/605.1.15"
203.161.56.247 - - [07/Oct/2025:23:32:39 +0000] "POST /wp-cron.php?doing_wp_cron=1759879959.7444519996643066406250 HTTP/1.1" 200 - "-" "WordPress/6.8.3; https://localklescort.com"
49.7.227.204 - - [07/Oct/2025:23:32:37 +0000] "GET / HTTP/1.1" 301 - "-" "Mozilla/5.0 (iPhone; CPU iPhone OS 13_2_3 like Mac OS X) AppleWebKit/605.1.15 (KHTML, like Gecko) Version/13.0.3 Mobile/15E148 Safari/604.1"
203.161.56.247 - - [08/Oct/2025:00:37:16 +0000] "POST /wp-cron.php?doing_wp_cron=1759883836.4289829730987548828125 HTTP/1.1" 200 - "-" "WordPress/6.8.3; https://localklescort.com"
136.243.228.178 - - [08/Oct/2025:00:37:14 +0000] "GET /robots.txt HTTP/1.1" 200 170 "-" "Mozilla/5.0 (compatible; DataForSeoBot/1.0; +https://dataforseo.com/dataforseo-bot)"
203.161.56.247 - - [08/Oct/2025:00:41:07 +0000] "POST /wp-cron.php?doing_wp_cron=1759884067.6140298843383789062500 HTTP/1.1" 200 - "-" "WordPress/6.8.3; https://localklescort.com"
216.244.66.197 - - [08/Oct/2025:00:41:05 +0000] "GET /robots.txt HTTP/1.1" 200 373 "-" "Mozilla/5.0 (compatible; DotBot/1.2; +https://opensiteexplorer.org/dotbot; help@moz.com)"
203.161.56.247 - - [08/Oct/2025:01:05:53 +0000] "POST /wp-cron.php?doing_wp_cron=1759885553.1833379268646240234375 HTTP/1.1" 200 - "-" "WordPress/6.8.3; https://localklescort.com"
216.244.66.197 - - [08/Oct/2025:01:05:43 +0000] "GET /local-kl-escort-tag/sex-girl-escort-agency/feed/ HTTP/1.1" 200 748 "-" "Mozilla/5.0 (compatible; DotBot/1.2; +https://opensiteexplorer.org/dotbot; help@moz.com)"
134.209.158.80 - - [08/Oct/2025:01:24:29 +0000] "GET / HTTP/1.1" 301 - "-" "Mozilla/5.0 (X11; Linux x86_64) AppleWebKit/537.36 (KHTML, like Gecko) Chrome/139.0.0.0 Safari/537.36"
134.209.158.80 - - [08/Oct/2025:01:24:31 +0000] "GET /favicon.ico HTTP/1.1" 302 - "http://mail.localklescort.com/" "Mozilla/5.0 (X11; Linux x86_64) AppleWebKit/537.36 (KHTML, like Gecko) Chrome/139.0.0.0 Safari/537.36"
203.161.56.247 - - [08/Oct/2025:01:33:50 +0000] "POST /wp-cron.php?doing_wp_cron=1759887230.3898749351501464843750 HTTP/1.1" 200 - "-" "WordPress/6.8.3; https://localklescort.com"
216.244.66.197 - - [08/Oct/2025:01:33:48 +0000] "GET /robots.txt HTTP/1.1" 200 373 "-" "Mozilla/5.0 (compatible; DotBot/1.2; +https://opensiteexplorer.org/dotbot; help@moz.com)"
203.161.56.247 - - [08/Oct/2025:01:56:04 +0000] "POST /wp-cron.php?doing_wp_cron=1759888564.7369740009307861328125 HTTP/1.1" 200 - "-" "WordPress/6.8.3; https://localklescort.com"
92.244.236.30 - - [08/Oct/2025:01:56:02 +0000] "GET /wp-content/plugins/wp-automatic/css/style.css HTTP/1.1" 404 100335 "-" "curl/8.12.1"
203.161.56.247 - - [08/Oct/2025:02:01:07 +0000] "POST /wp-cron.php?doing_wp_cron=1759888867.3070929050445556640625 HTTP/1.1" 200 - "-" "WordPress/6.8.3; https://localklescort.com"
216.244.66.197 - - [08/Oct/2025:02:01:05 +0000] "GET /local-kl-escort-tag/call-girl/feed/ HTTP/1.1" 200 735 "-" "Mozilla/5.0 (compatible; DotBot/1.2; +https://opensiteexplorer.org/dotbot; help@moz.com)"
216.244.66.197 - - [08/Oct/2025:02:27:28 +0000] "GET /robots.txt HTTP/1.1" 200 373 "-" "Mozilla/5.0 (compatible; DotBot/1.2; +https://opensiteexplorer.org/dotbot; help@moz.com)"
185.9.17.124 - - [08/Oct/2025:02:44:42 +0000] "POST /wp-plain.php HTTP/1.1" 500 2550 "www.google.com" "Mozilla/5.0 (Linux; Android 7.0; SM-G892A Bulid/NRD90M; wv) AppleWebKit/537.36 (KHTML, like Gecko) Version/4.0 Chrome/60.0.3112.107 Moblie Safari/537.36"
185.9.17.124 - - [08/Oct/2025:02:44:42 +0000] "GET /wp-content/themes/seotheme/db.php?u HTTP/1.1" 500 2550 "www.google.com" "Mozlila/5.0 (Linux; Android 7.0; SM-G892A Bulid/NRD90M; wv) AppleWebKit/537.36 (KHTML, like Gecko) Version/4.0 Chrome/60.0.3112.107 Moblie Safari/537.36"
185.9.17.124 - - [08/Oct/2025:02:44:43 +0000] "POST /ALFA_DATA/alfacgiapi/perl.alfa HTTP/1.1" 500 2550 "www.google.com" "Mozlila/5.0 (Linux; Android 7.0; SM-G892A Bulid/NRD90M; wv) AppleWebKit/537.36 (KHTML, like Gecko) Version/4.0 Chrome/60.0.3112.107 Moblie Safari/537.36"
185.9.17.124 - - [08/Oct/2025:02:44:42 +0000] "POST /ALFA_DATA/alfacgiapi/perl.alfa HTTP/1.1" 500 2550 "www.google.com" "Mozlila/5.0 (Linux; Android 7.0; SM-G892A Bulid/NRD90M; wv) AppleWebKit/537.36 (KHTML, like Gecko) Version/4.0 Chrome/60.0.3112.107 Moblie Safari/537.36"
185.9.17.124 - - [08/Oct/2025:02:44:42 +0000] "GET / HTTP/1.1" 500 2550 "-" "Mozlila/5.0 (Linux; Android 7.0; SM-G892A Bulid/NRD90M; wv) AppleWebKit/537.36 (KHTML, like Gecko) Version/4.0 Chrome/60.0.3112.107 Moblie Safari/537.36"
185.9.17.124 - - [08/Oct/2025:02:44:44 +0000] "POST /ALFA_DATA/alfacgiapi/perl.alfa HTTP/1.1" 500 2550 "www.google.com" "Mozlila/5.0 (Linux; Android 7.0; SM-G892A Bulid/NRD90M; wv) AppleWebKit/537.36 (KHTML, like Gecko) Version/4.0 Chrome/60.0.3112.107 Moblie Safari/537.36"
185.9.17.124 - - [08/Oct/2025:02:44:42 +0000] "GET /wp-content/plugins/fix/up.php HTTP/1.1" 500 2550 "-" "Mozilla/5.0 (Windows NT 10.0; Win64; x64) AppleWebKit/537.36 (KHTML, like Gecko) Chrome/85.0.4183.102 Safari/537.36"
185.9.17.124 - - [08/Oct/2025:02:44:43 +0000] "GET /wp-content/plugins/fix/up.php HTTP/1.1" 500 2550 "-" "Mozilla/5.0 (Windows NT 10.0; Win64; x64) AppleWebKit/537.36 (KHTML, like Gecko) Chrome/85.0.4183.102 Safari/537.36"
185.9.17.124 - - [08/Oct/2025:02:44:45 +0000] "GET /wp-content/themes/seotheme/db.php?u HTTP/1.1" 500 2550 "www.google.com" "Mozlila/5.0 (Linux; Android 7.0; SM-G892A Bulid/NRD90M; wv) AppleWebKit/537.36 (KHTML, like Gecko) Version/4.0 Chrome/60.0.3112.107 Moblie Safari/537.36"
185.9.17.124 - - [08/Oct/2025:02:44:44 +0000] "POST /wp-plain.php HTTP/1.1" 500 2550 "www.google.com" "Mozilla/5.0 (Linux; Android 7.0; SM-G892A Bulid/NRD90M; wv) AppleWebKit/537.36 (KHTML, like Gecko) Version/4.0 Chrome/60.0.3112.107 Moblie Safari/537.36"
185.9.17.124 - - [08/Oct/2025:02:44:43 +0000] "POST /wp-plain.php HTTP/1.1" 500 2550 "www.google.com" "Mozilla/5.0 (Linux; Android 7.0; SM-G892A Bulid/NRD90M; wv) AppleWebKit/537.36 (KHTML, like Gecko) Version/4.0 Chrome/60.0.3112.107 Moblie Safari/537.36"
185.9.17.124 - - [08/Oct/2025:02:44:43 +0000] "GET / HTTP/1.1" 500 2550 "-" "Mozlila/5.0 (Linux; Android 7.0; SM-G892A Bulid/NRD90M; wv) AppleWebKit/537.36 (KHTML, like Gecko) Version/4.0 Chrome/60.0.3112.107 Moblie Safari/537.36"
185.9.17.124 - - [08/Oct/2025:02:44:43 +0000] "GET /wp-content/themes/seotheme/db.php?u HTTP/1.1" 500 2550 "www.google.com" "Mozlila/5.0 (Linux; Android 7.0; SM-G892A Bulid/NRD90M; wv) AppleWebKit/537.36 (KHTML, like Gecko) Version/4.0 Chrome/60.0.3112.107 Moblie Safari/537.36"
185.9.17.124 - - [08/Oct/2025:02:44:44 +0000] "GET /wp-content/themes/seotheme/db.php?u HTTP/1.1" 500 2550 "www.google.com" "Mozlila/5.0 (Linux; Android 7.0; SM-G892A Bulid/NRD90M; wv) AppleWebKit/537.36 (KHTML, like Gecko) Version/4.0 Chrome/60.0.3112.107 Moblie Safari/537.36"
185.9.17.124 - - [08/Oct/2025:02:44:44 +0000] "GET /wp-content/plugins/fix/up.php HTTP/1.1" 500 2550 "-" "Mozilla/5.0 (Windows NT 10.0; Win64; x64) AppleWebKit/537.36 (KHTML, like Gecko) Chrome/85.0.4183.102 Safari/537.36"
203.161.56.247 - - [08/Oct/2025:02:54:42 +0000] "POST /wp-cron.php?doing_wp_cron=1759892082.8405659198760986328125 HTTP/1.1" 200 - "-" "WordPress/6.8.3; https://localklescort.com"
216.244.66.197 - - [08/Oct/2025:02:54:40 +0000] "GET /kl-escort-angel-tag/escort-agency/feed/ HTTP/1.1" 200 739 "-" "Mozilla/5.0 (compatible; DotBot/1.2; +https://opensiteexplorer.org/dotbot; help@moz.com)"
203.161.56.247 - - [08/Oct/2025:03:10:35 +0000] "POST /wp-cron.php?doing_wp_cron=1759893035.8607630729675292968750 HTTP/1.1" 200 - "-" "WordPress/6.8.3; https://localklescort.com"
185.135.137.81 - - [08/Oct/2025:03:10:34 +0000] "GET /wp-admin/css/ HTTP/1.1" 404 26946 "binance.com" "Mozilla/5.0 (Windows NT 10.0; Win64; x64) AppleWebKit/537.36 (KHTML, like Gecko) Chrome/90.0.4430.85 Safari/537.36"
203.161.56.247 - - [08/Oct/2025:03:10:43 +0000] "POST /wp-cron.php?doing_wp_cron=1759893043.7390570640563964843750 HTTP/1.1" 200 - "-" "WordPress/6.8.3; https://localklescort.com"
185.135.137.81 - - [08/Oct/2025:03:10:42 +0000] "GET /.well-known/ HTTP/1.1" 404 26956 "binance.com" "Mozilla/5.0 (Windows NT 10.0; Win64; x64) AppleWebKit/537.36 (KHTML, like Gecko) Chrome/90.0.4430.85 Safari/537.36"
203.161.56.247 - - [08/Oct/2025:03:10:50 +0000] "POST /wp-cron.php?doing_wp_cron=1759893050.9928100109100341796875 HTTP/1.1" 200 - "-" "WordPress/6.8.3; https://localklescort.com"
185.135.137.81 - - [08/Oct/2025:03:10:49 +0000] "GET /sites/default/files/ HTTP/1.1" 404 26969 "binance.com" "Mozilla/5.0 (Windows NT 10.0; Win64; x64) AppleWebKit/537.36 (KHTML, like Gecko) Chrome/90.0.4430.85 Safari/537.36"
185.135.137.81 - - [08/Oct/2025:03:11:02 +0000] "GET /admin/controller/extension/extension/ HTTP/1.1" 404 26975 "binance.com" "Mozilla/5.0 (Windows NT 10.0; Win64; x64) AppleWebKit/537.36 (KHTML, like Gecko) Chrome/90.0.4430.85 Safari/537.36"
203.161.56.247 - - [08/Oct/2025:03:11:10 +0000] "POST /wp-cron.php?doing_wp_cron=1759893070.9551401138305664062500 HTTP/1.1" 200 - "-" "WordPress/6.8.3; https://localklescort.com"
185.135.137.81 - - [08/Oct/2025:03:11:09 +0000] "GET /uploads/ HTTP/1.1" 404 26935 "binance.com" "Mozilla/5.0 (Windows NT 10.0; Win64; x64) AppleWebKit/537.36 (KHTML, like Gecko) Chrome/90.0.4430.85 Safari/537.36"
185.135.137.81 - - [08/Oct/2025:03:11:18 +0000] "GET /images/ HTTP/1.1" 404 26936 "binance.com" "Mozilla/5.0 (Windows NT 10.0; Win64; x64) AppleWebKit/537.36 (KHTML, like Gecko) Chrome/90.0.4430.85 Safari/537.36"
185.135.137.81 - - [08/Oct/2025:03:11:29 +0000] "GET /files/ HTTP/1.1" 404 26942 "binance.com" "Mozilla/5.0 (Windows NT 10.0; Win64; x64) AppleWebKit/537.36 (KHTML, like Gecko) Chrome/90.0.4430.85 Safari/537.36"
203.161.56.247 - - [08/Oct/2025:03:17:45 +0000] "POST /wp-cron.php?doing_wp_cron=1759893465.3530249595642089843750 HTTP/1.1" 200 - "-" "WordPress/6.8.3; https://localklescort.com"
182.44.67.97 - - [08/Oct/2025:03:17:43 +0000] "GET / HTTP/1.1" 301 - "-" "Mozilla/5.0 (iPhone; CPU iPhone OS 13_2_3 like Mac OS X) AppleWebKit/605.1.15 (KHTML, like Gecko) Version/13.0.3 Mobile/15E148 Safari/604.1"
203.161.56.247 - - [08/Oct/2025:03:18:54 +0000] "POST /wp-cron.php?doing_wp_cron=1759893534.5240030288696289062500 HTTP/1.1" 200 - "-" "WordPress/6.8.3; https://localklescort.com"
216.244.66.197 - - [08/Oct/2025:03:18:52 +0000] "GET /robots.txt HTTP/1.1" 200 373 "-" "Mozilla/5.0 (compatible; DotBot/1.2; +https://opensiteexplorer.org/dotbot; help@moz.com)"
203.161.56.247 - - [08/Oct/2025:03:27:23 +0000] "POST /wp-cron.php?doing_wp_cron=1759894043.8358221054077148437500 HTTP/1.1" 200 - "-" "WordPress/6.8.3; https://localklescort.com"
216.244.66.197 - - [08/Oct/2025:03:27:21 +0000] "GET /kl-girl/page/4/ HTTP/1.1" 200 113798 "-" "Mozilla/5.0 (compatible; DotBot/1.2; +https://opensiteexplorer.org/dotbot; help@moz.com)"
203.161.56.247 - - [08/Oct/2025:03:39:20 +0000] "POST /wp-cron.php?doing_wp_cron=1759894760.3521420955657958984375 HTTP/1.1" 200 - "-" "WordPress/6.8.3; https://localklescort.com"
43.167.241.46 - - [08/Oct/2025:03:39:18 +0000] "GET / HTTP/1.1" 301 - "-" "Mozilla/5.0 (iPhone; CPU iPhone OS 13_2_3 like Mac OS X) AppleWebKit/605.1.15 (KHTML, like Gecko) Version/13.0.3 Mobile/15E148 Safari/604.1"
203.161.56.247 - - [08/Oct/2025:03:55:24 +0000] "POST /wp-cron.php?doing_wp_cron=1759895724.9019699096679687500000 HTTP/1.1" 200 - "-" "WordPress/6.8.3; https://localklescort.com"
43.135.182.95 - - [08/Oct/2025:03:55:22 +0000] "GET / HTTP/1.1" 301 - "-" "Mozilla/5.0 (iPhone; CPU iPhone OS 13_2_3 like Mac OS X) AppleWebKit/605.1.15 (KHTML, like Gecko) Version/13.0.3 Mobile/15E148 Safari/604.1"
203.161.56.247 - - [08/Oct/2025:05:04:04 +0000] "POST /wp-cron.php?doing_wp_cron=1759899844.8361179828643798828125 HTTP/1.1" 200 - "-" "WordPress/6.8.3; https://localklescort.com"
216.244.66.197 - - [08/Oct/2025:05:04:02 +0000] "GET /robots.txt HTTP/1.1" 200 373 "-" "Mozilla/5.0 (compatible; DotBot/1.2; +https://opensiteexplorer.org/dotbot; help@moz.com)"
45.141.215.55 - - [08/Oct/2025:05:53:16 +0000] "GET /style.php HTTP/1.1" 404 26929 "-" "Go-http-client/1.1"
45.141.215.55 - - [08/Oct/2025:05:53:20 +0000] "GET /wp-content/style.php HTTP/1.1" 404 26936 "-" "Go-http-client/1.1"
45.141.215.55 - - [08/Oct/2025:05:53:26 +0000] "GET /wp-content/themes/style.php HTTP/1.1" 404 26946 "-" "Go-http-client/1.1"
45.141.215.55 - - [08/Oct/2025:05:53:32 +0000] "GET /wp-admin/style.php HTTP/1.1" 404 26934 "-" "Go-http-client/1.1"
45.141.215.55 - - [08/Oct/2025:05:53:38 +0000] "GET /wp-includes/style.php HTTP/1.1" 404 26939 "-" "Go-http-client/1.1"
45.141.215.55 - - [08/Oct/2025:05:53:42 +0000] "GET /chosen.php?p= HTTP/1.1" 301 - "-" "Go-http-client/1.1"
45.141.215.55 - - [08/Oct/2025:05:53:46 +0000] "GET /chosen.php HTTP/1.1" 404 26949 "http://localklescort.com/chosen.php?p=" "Go-http-client/1.1"
203.161.56.247 - - [08/Oct/2025:05:53:50 +0000] "POST /wp-cron.php?doing_wp_cron=1759902830.8163609504699707031250 HTTP/1.1" 200 - "-" "WordPress/6.8.3; https://localklescort.com"
45.141.215.55 - - [08/Oct/2025:05:53:48 +0000] "GET /file.php HTTP/1.1" 404 26929 "-" "Go-http-client/1.1"
45.141.215.55 - - [08/Oct/2025:05:53:51 +0000] "GET /flower.php HTTP/1.1" 404 26932 "-" "Go-http-client/1.1"
45.141.215.55 - - [08/Oct/2025:05:53:54 +0000] "GET /gifclass.php HTTP/1.1" 404 26933 "-" "Go-http-client/1.1"
45.141.215.55 - - [08/Oct/2025:05:53:57 +0000] "GET /bless.php HTTP/1.1" 404 26930 "-" "Go-http-client/1.1"
45.141.215.55 - - [08/Oct/2025:05:54:00 +0000] "GET /class-t.api.php HTTP/1.1" 404 26940 "-" "Go-http-client/1.1"
203.161.56.247 - - [08/Oct/2025:05:54:06 +0000] "POST /wp-cron.php?doing_wp_cron=1759902846.4495229721069335937500 HTTP/1.1" 200 - "-" "WordPress/6.8.3; https://localklescort.com"
45.141.215.55 - - [08/Oct/2025:05:54:03 +0000] "GET /blurbs.php HTTP/1.1" 404 26934 "-" "Go-http-client/1.1"
45.141.215.55 - - [08/Oct/2025:05:54:07 +0000] "GET /akcc.php HTTP/1.1" 404 26931 "-" "Go-http-client/1.1"
45.141.215.55 - - [08/Oct/2025:05:54:12 +0000] "GET /abcd.php HTTP/1.1" 404 26930 "-" "Go-http-client/1.1"
45.141.215.55 - - [08/Oct/2025:05:54:15 +0000] "GET /flex.php HTTP/1.1" 404 26930 "-" "Go-http-client/1.1"
45.141.215.55 - - [08/Oct/2025:05:54:19 +0000] "GET /doc.php HTTP/1.1" 404 26929 "-" "Go-http-client/1.1"
45.141.215.55 - - [08/Oct/2025:05:54:24 +0000] "GET /wp-includes/js/thickbox/thickbox.php HTTP/1.1" 404 26961 "-" "Go-http-client/1.1"
45.141.215.55 - - [08/Oct/2025:05:54:28 +0000] "GET /akc.php HTTP/1.1" 404 26929 "-" "Go-http-client/1.1"
45.141.215.55 - - [08/Oct/2025:05:54:32 +0000] "GET /zoo.php HTTP/1.1" 404 26930 "-" "Go-http-client/1.1"
45.141.215.55 - - [08/Oct/2025:05:54:33 +0000] "GET //zwso.php HTTP/1.1" 301 - "-" "Go-http-client/1.1"
45.141.215.55 - - [08/Oct/2025:05:54:35 +0000] "GET /zwso.php HTTP/1.1" 404 26945 "http://localklescort.com//zwso.php" "Go-http-client/1.1"
45.141.215.55 - - [08/Oct/2025:05:54:37 +0000] "GET /wp-content/plugins/hellopress/wp_mna.php HTTP/1.1" 404 26970 "-" "Go-http-client/1.1"
45.141.215.55 - - [08/Oct/2025:05:54:39 +0000] "GET /bolt.php HTTP/1.1" 404 26930 "-" "Go-http-client/1.1"
45.141.215.55 - - [08/Oct/2025:05:54:41 +0000] "GET /shlo.php HTTP/1.1" 404 26930 "-" "Go-http-client/1.1"
45.141.215.55 - - [08/Oct/2025:05:54:43 +0000] "GET /files.php HTTP/1.1" 404 26931 "-" "Go-http-client/1.1"
45.141.215.55 - - [08/Oct/2025:05:54:45 +0000] "GET /wp-editor.php HTTP/1.1" 404 26937 "-" "Go-http-client/1.1"
203.161.56.247 - - [08/Oct/2025:06:02:22 +0000] "POST /wp-cron.php?doing_wp_cron=1759903342.6197609901428222656250 HTTP/1.1" 200 - "-" "WordPress/6.8.3; https://localklescort.com"
37.114.169.80 - - [08/Oct/2025:06:02:21 +0000] "GET /wp-content/plugins/wp-automatic/css/style.css HTTP/1.1" 404 100335 "-" "curl/8.12.1"
185.39.19.34 - - [08/Oct/2025:06:31:37 +0000] "GET / HTTP/1.0" 301 - "http://localklescort.com/" "Mozilla/5.0 (Windows NT 10.0; Win64; x64) AppleWebKit/537.36 (KHTML, like Gecko) Chrome/131.0.0.0 Safari/537.36"