/home/klesmriw/access-logs/b2bmassagekl.klescortgirldirectory.com
203.161.56.247 - - [07/Oct/2025:12:30:27 +0000] "POST /wp-cron.php?doing_wp_cron=1759840227.4869239330291748046875 HTTP/1.1" 200 - "-" "WordPress/6.8.3; https://b2bmassagekl.net"
95.27.41.40 - - [07/Oct/2025:12:30:26 +0000] "GET /contacts/ HTTP/1.0" 404 42860 "http://b2bmassagekl.net/contacts/" "Mozilla/5.0 (Windows NT 6.3; Win64; x64) AppleWebKit/537.36 (KHTML, like Gecko) Chrome/103.0.5060.66 Safari/537.36"
95.27.41.40 - - [07/Oct/2025:12:30:29 +0000] "GET / HTTP/1.0" 301 - "http://b2bmassagekl.net/" "Mozilla/5.0 (Windows NT 6.3; Win64; x64) AppleWebKit/537.36 (KHTML, like Gecko) Chrome/103.0.5060.66 Safari/537.36"
203.161.56.247 - - [07/Oct/2025:12:36:31 +0000] "POST /wp-cron.php?doing_wp_cron=1759840591.5255720615386962890625 HTTP/1.1" 200 - "-" "WordPress/6.8.3; https://b2bmassagekl.net"
216.244.66.236 - - [07/Oct/2025:12:36:30 +0000] "GET /robots.txt HTTP/1.1" 200 270 "-" "Mozilla/5.0 (compatible; DotBot/1.2; +https://opensiteexplorer.org/dotbot; help@moz.com)"
216.244.66.236 - - [07/Oct/2025:12:55:32 +0000] "GET /wp-content/uploads/2022/06/Private-Economy-SUV-6-Seater.jpg HTTP/1.1" 200 190082 "-" "Mozilla/5.0 (compatible; DotBot/1.2; +https://opensiteexplorer.org/dotbot; help@moz.com)"
203.161.56.247 - - [07/Oct/2025:13:22:01 +0000] "POST /wp-cron.php?doing_wp_cron=1759843321.8993120193481445312500 HTTP/1.1" 200 - "-" "WordPress/6.8.3; https://b2bmassagekl.net"
5.181.0.254 - - [07/Oct/2025:13:22:00 +0000] "GET /becoming-kuala-lumpur-escort-getting-bookings/ HTTP/1.0" 404 43008 "http://b2bmassagekl.net/becoming-kuala-lumpur-escort-getting-bookings/" "Mozilla/5.0 (Windows NT 10.0; Win64; x64) AppleWebKit/537.36 (KHTML, like Gecko) Chrome/130.0.0.0 Safari/537.36"
203.161.56.247 - - [07/Oct/2025:13:28:39 +0000] "POST /wp-cron.php?doing_wp_cron=1759843719.1424999237060546875000 HTTP/1.1" 200 - "-" "WordPress/6.8.3; https://b2bmassagekl.net"
216.244.66.236 - - [07/Oct/2025:13:28:37 +0000] "GET /robots.txt HTTP/1.1" 200 270 "-" "Mozilla/5.0 (compatible; DotBot/1.2; +https://opensiteexplorer.org/dotbot; help@moz.com)"
203.161.56.247 - - [07/Oct/2025:13:30:57 +0000] "POST /wp-cron.php?doing_wp_cron=1759843857.4014539718627929687500 HTTP/1.1" 200 - "-" "WordPress/6.8.3; https://b2bmassagekl.net"
123.187.240.242 - - [07/Oct/2025:13:30:55 +0000] "GET / HTTP/1.1" 301 - "-" "Mozilla/5.0 (iPhone; CPU iPhone OS 13_2_3 like Mac OS X) AppleWebKit/605.1.15 (KHTML, like Gecko) Version/13.0.3 Mobile/15E148 Safari/604.1"
203.161.56.247 - - [07/Oct/2025:13:43:35 +0000] "POST /wp-cron.php?doing_wp_cron=1759844615.5237369537353515625000 HTTP/1.1" 200 - "-" "WordPress/6.8.3; https://b2bmassagekl.net"
167.71.190.13 - - [07/Oct/2025:13:43:33 +0000] "GET / HTTP/1.1" 301 - "-" "Mozilla/5.0 (X11; Linux x86_64) AppleWebKit/537.36 (KHTML, like Gecko) Chrome/139.0.0.0 Safari/537.36"
167.71.190.13 - - [07/Oct/2025:13:43:35 +0000] "GET /favicon.ico HTTP/1.1" 302 - "http://b2bmassagekl.net/" "Mozilla/5.0 (X11; Linux x86_64) AppleWebKit/537.36 (KHTML, like Gecko) Chrome/139.0.0.0 Safari/537.36"
216.244.66.236 - - [07/Oct/2025:13:51:41 +0000] "GET /cgi-sys/suspendedpage.cgi?attachment_id=4185 HTTP/1.1" 200 7626 "-" "Mozilla/5.0 (compatible; DotBot/1.2; +https://opensiteexplorer.org/dotbot; help@moz.com)"
203.161.56.247 - - [07/Oct/2025:14:01:05 +0000] "POST /wp-cron.php?doing_wp_cron=1759845665.1005780696868896484375 HTTP/1.1" 200 - "-" "WordPress/6.8.3; https://b2bmassagekl.net"
167.94.138.63 - - [07/Oct/2025:14:01:03 +0000] "GET / HTTP/1.1" 301 - "-" "Mozilla/5.0 (compatible; CensysInspect/1.1; +https://about.censys.io/)"
203.161.56.247 - - [07/Oct/2025:14:21:04 +0000] "POST /wp-cron.php?doing_wp_cron=1759846864.4989340305328369140625 HTTP/1.1" 200 - "-" "WordPress/6.8.3; https://b2bmassagekl.net"
216.244.66.236 - - [07/Oct/2025:14:21:02 +0000] "GET /robots.txt HTTP/1.1" 200 270 "-" "Mozilla/5.0 (compatible; DotBot/1.2; +https://opensiteexplorer.org/dotbot; help@moz.com)"
216.244.66.236 - - [07/Oct/2025:14:44:07 +0000] "GET /cgi-sys/suspendedpage.cgi?attachment_id=4027 HTTP/1.1" 200 7626 "-" "Mozilla/5.0 (compatible; DotBot/1.2; +https://opensiteexplorer.org/dotbot; help@moz.com)"
203.161.56.247 - - [07/Oct/2025:15:13:20 +0000] "POST /wp-cron.php?doing_wp_cron=1759850000.2548151016235351562500 HTTP/1.1" 200 - "-" "WordPress/6.8.3; https://b2bmassagekl.net"
216.244.66.236 - - [07/Oct/2025:15:13:18 +0000] "GET /robots.txt HTTP/1.1" 200 270 "-" "Mozilla/5.0 (compatible; DotBot/1.2; +https://opensiteexplorer.org/dotbot; help@moz.com)"
203.161.56.247 - - [07/Oct/2025:15:37:08 +0000] "POST /wp-cron.php?doing_wp_cron=1759851428.3563880920410156250000 HTTP/1.1" 200 - "-" "WordPress/6.8.3; https://b2bmassagekl.net"
185.194.178.18 - - [07/Oct/2025:15:37:07 +0000] "GET /becoming-kuala-lumpur-escort-getting-bookings/ HTTP/1.0" 404 43008 "http://b2bmassagekl.net/becoming-kuala-lumpur-escort-getting-bookings/" "Mozilla/5.0 (Windows NT 10.0; Win64; x64) AppleWebKit/537.36 (KHTML, like Gecko) Chrome/130.0.0.0 Safari/537.36"
203.161.56.247 - - [07/Oct/2025:15:47:31 +0000] "POST /wp-cron.php?doing_wp_cron=1759852051.1992409229278564453125 HTTP/1.1" 200 - "-" "WordPress/6.8.3; https://b2bmassagekl.net"
216.244.66.236 - - [07/Oct/2025:15:47:29 +0000] "GET /model-tag/spa-kl/feed/ HTTP/1.1" 200 702 "-" "Mozilla/5.0 (compatible; DotBot/1.2; +https://opensiteexplorer.org/dotbot; help@moz.com)"
203.161.56.247 - - [07/Oct/2025:16:05:49 +0000] "POST /wp-cron.php?doing_wp_cron=1759853149.2590520381927490234375 HTTP/1.1" 200 - "-" "WordPress/6.8.3; https://b2bmassagekl.net"
216.244.66.236 - - [07/Oct/2025:16:05:47 +0000] "GET /robots.txt HTTP/1.1" 200 270 "-" "Mozilla/5.0 (compatible; DotBot/1.2; +https://opensiteexplorer.org/dotbot; help@moz.com)"
203.161.56.247 - - [07/Oct/2025:16:09:08 +0000] "POST /wp-cron.php?doing_wp_cron=1759853348.5484700202941894531250 HTTP/1.1" 200 - "-" "WordPress/6.8.3; https://b2bmassagekl.net"
20.171.157.65 - - [07/Oct/2025:16:09:06 +0000] "GET /aa.php HTTP/1.1" 404 42852 "-" "-"
20.171.157.65 - - [07/Oct/2025:16:09:08 +0000] "GET /abcd.php HTTP/1.1" 404 42860 "-" "-"
20.171.157.65 - - [07/Oct/2025:16:09:09 +0000] "GET /about.php HTTP/1.1" 404 42864 "-" "-"
20.171.157.65 - - [07/Oct/2025:16:09:11 +0000] "GET /admin.php HTTP/1.1" 404 42864 "-" "-"
20.171.157.65 - - [07/Oct/2025:16:09:12 +0000] "GET /adminfuns.php HTTP/1.1" 404 42880 "-" "-"
20.171.157.65 - - [07/Oct/2025:16:09:13 +0000] "GET /alfa.php HTTP/1.1" 404 42860 "-" "-"
20.171.157.65 - - [07/Oct/2025:16:09:14 +0000] "GET /asasx.php HTTP/1.1" 404 42864 "-" "-"
20.171.157.65 - - [07/Oct/2025:16:09:15 +0000] "GET /autoload_classmap.php HTTP/1.1" 404 42912 "-" "-"
20.171.157.65 - - [07/Oct/2025:16:09:16 +0000] "GET /buy.php HTTP/1.1" 404 42856 "-" "-"
20.171.157.65 - - [07/Oct/2025:16:09:17 +0000] "GET /cgi-bin/ HTTP/1.1" 404 42856 "-" "-"
20.171.157.65 - - [07/Oct/2025:16:09:18 +0000] "GET /classwithtostring.php HTTP/1.1" 404 42912 "-" "-"
203.161.56.247 - - [07/Oct/2025:16:10:39 +0000] "POST /wp-cron.php?doing_wp_cron=1759853439.2568519115447998046875 HTTP/1.1" 200 - "-" "WordPress/6.8.3; https://b2bmassagekl.net"
103.57.94.141 - - [07/Oct/2025:16:10:37 +0000] "GET /wp-json/wp/v2/posts HTTP/1.1" 200 7747 "-" "Mozilla/5.0 (Windows NT 10.0; Win64; x64) AppleWebKit/537.36 (KHTML, like Gecko) Chrome/120.0.0.0 Safari/537.36"
216.244.66.236 - - [07/Oct/2025:16:20:05 +0000] "GET /cgi-sys/suspendedpage.cgi?replytocom=10793 HTTP/1.1" 200 7626 "-" "Mozilla/5.0 (compatible; DotBot/1.2; +https://opensiteexplorer.org/dotbot; help@moz.com)"
216.244.66.236 - - [07/Oct/2025:16:20:10 +0000] "GET /cgi-sys/suspendedpage.cgi?replytocom=10900 HTTP/1.1" 200 7626 "-" "Mozilla/5.0 (compatible; DotBot/1.2; +https://opensiteexplorer.org/dotbot; help@moz.com)"
216.244.66.236 - - [07/Oct/2025:16:20:13 +0000] "GET /cgi-sys/suspendedpage.cgi?replytocom=13050 HTTP/1.1" 200 7626 "-" "Mozilla/5.0 (compatible; DotBot/1.2; +https://opensiteexplorer.org/dotbot; help@moz.com)"
216.244.66.236 - - [07/Oct/2025:16:20:17 +0000] "GET /cgi-sys/suspendedpage.cgi?replytocom=13248 HTTP/1.1" 200 7626 "-" "Mozilla/5.0 (compatible; DotBot/1.2; +https://opensiteexplorer.org/dotbot; help@moz.com)"
216.244.66.236 - - [07/Oct/2025:16:20:20 +0000] "GET /cgi-sys/suspendedpage.cgi?replytocom=16659 HTTP/1.1" 200 7626 "-" "Mozilla/5.0 (compatible; DotBot/1.2; +https://opensiteexplorer.org/dotbot; help@moz.com)"
216.244.66.236 - - [07/Oct/2025:16:20:22 +0000] "GET /cgi-sys/suspendedpage.cgi?replytocom=16970 HTTP/1.1" 200 7626 "-" "Mozilla/5.0 (compatible; DotBot/1.2; +https://opensiteexplorer.org/dotbot; help@moz.com)"
216.244.66.236 - - [07/Oct/2025:16:20:24 +0000] "GET /cgi-sys/suspendedpage.cgi?replytocom=17018 HTTP/1.1" 200 7626 "-" "Mozilla/5.0 (compatible; DotBot/1.2; +https://opensiteexplorer.org/dotbot; help@moz.com)"
216.244.66.236 - - [07/Oct/2025:16:20:26 +0000] "GET /cgi-sys/suspendedpage.cgi?replytocom=17050 HTTP/1.1" 200 7626 "-" "Mozilla/5.0 (compatible; DotBot/1.2; +https://opensiteexplorer.org/dotbot; help@moz.com)"
216.244.66.236 - - [07/Oct/2025:16:20:28 +0000] "GET /cgi-sys/suspendedpage.cgi?replytocom=17211 HTTP/1.1" 200 7626 "-" "Mozilla/5.0 (compatible; DotBot/1.2; +https://opensiteexplorer.org/dotbot; help@moz.com)"
216.244.66.236 - - [07/Oct/2025:16:20:29 +0000] "GET /cgi-sys/suspendedpage.cgi?replytocom=5262 HTTP/1.1" 200 7626 "-" "Mozilla/5.0 (compatible; DotBot/1.2; +https://opensiteexplorer.org/dotbot; help@moz.com)"
216.244.66.236 - - [07/Oct/2025:16:20:31 +0000] "GET /cgi-sys/suspendedpage.cgi?replytocom=6632 HTTP/1.1" 200 7626 "-" "Mozilla/5.0 (compatible; DotBot/1.2; +https://opensiteexplorer.org/dotbot; help@moz.com)"
216.244.66.236 - - [07/Oct/2025:16:20:32 +0000] "GET /cgi-sys/suspendedpage.cgi?replytocom=6882 HTTP/1.1" 200 7626 "-" "Mozilla/5.0 (compatible; DotBot/1.2; +https://opensiteexplorer.org/dotbot; help@moz.com)"
216.244.66.236 - - [07/Oct/2025:16:20:33 +0000] "GET /cgi-sys/suspendedpage.cgi?replytocom=7266 HTTP/1.1" 200 7626 "-" "Mozilla/5.0 (compatible; DotBot/1.2; +https://opensiteexplorer.org/dotbot; help@moz.com)"
216.244.66.236 - - [07/Oct/2025:16:20:35 +0000] "GET /cgi-sys/suspendedpage.cgi?replytocom=9389 HTTP/1.1" 200 7626 "-" "Mozilla/5.0 (compatible; DotBot/1.2; +https://opensiteexplorer.org/dotbot; help@moz.com)"
203.161.56.247 - - [07/Oct/2025:16:21:22 +0000] "POST /wp-cron.php?doing_wp_cron=1759854082.6378710269927978515625 HTTP/1.1" 200 - "-" "WordPress/6.8.3; https://b2bmassagekl.net"
213.202.253.4 - - [07/Oct/2025:16:21:21 +0000] "GET /about.php?action=p&api=p&path=p&token= HTTP/1.1" 404 11351 "www.google.com" "Mozlila/5.0 (Linux; Android 7.0; SM-G892A Bulid/NRD90M; wv) AppleWebKit/537.36 (KHTML, like Gecko) Version/4.0 Chrome/60.0.3112.107 Moblie Safari/537.36"
203.161.56.247 - - [07/Oct/2025:16:25:05 +0000] "POST /wp-cron.php?doing_wp_cron=1759854305.3637189865112304687500 HTTP/1.1" 200 - "-" "WordPress/6.8.3; https://b2bmassagekl.net"
216.244.66.236 - - [07/Oct/2025:16:25:03 +0000] "GET /feed/?attachment_id=1417 HTTP/1.1" 200 704 "-" "Mozilla/5.0 (compatible; DotBot/1.2; +https://opensiteexplorer.org/dotbot; help@moz.com)"
203.161.56.247 - - [07/Oct/2025:16:27:26 +0000] "POST /wp-cron.php?doing_wp_cron=1759854446.9062139987945556640625 HTTP/1.1" 200 - "-" "WordPress/6.8.3; https://b2bmassagekl.net"
212.30.36.74 - - [07/Oct/2025:16:27:25 +0000] "GET / HTTP/1.0" 301 - "http://b2bmassagekl.net/" "Mozilla/5.0 (Windows NT 10.0; Win64; x64) AppleWebKit/537.36 (KHTML, like Gecko) Chrome/130.0.0.0 Safari/537.36"
203.161.56.247 - - [07/Oct/2025:16:37:47 +0000] "POST /wp-cron.php?doing_wp_cron=1759855067.6985800266265869140625 HTTP/1.1" 200 - "-" "WordPress/6.8.3; https://b2bmassagekl.net"
102.165.1.190 - - [07/Oct/2025:16:37:46 +0000] "GET /becoming-kuala-lumpur-escort-getting-bookings/ HTTP/1.1" 404 11374 "-" "Mozilla/5.0 (Windows NT 10.0; Win64; x64) AppleWebKit/537.36 (KHTML, like Gecko) Chrome/118.0.0.0 Safari/537.36"
203.161.56.247 - - [07/Oct/2025:16:52:52 +0000] "POST /wp-cron.php?doing_wp_cron=1759855972.9753329753875732421875 HTTP/1.1" 200 - "-" "WordPress/6.8.3; https://b2bmassagekl.net"
43.135.144.126 - - [07/Oct/2025:16:52:51 +0000] "GET / HTTP/1.1" 301 - "-" "Mozilla/5.0 (iPhone; CPU iPhone OS 13_2_3 like Mac OS X) AppleWebKit/605.1.15 (KHTML, like Gecko) Version/13.0.3 Mobile/15E148 Safari/604.1"
203.161.56.247 - - [07/Oct/2025:16:59:19 +0000] "POST /wp-cron.php?doing_wp_cron=1759856359.2240691184997558593750 HTTP/1.1" 200 - "-" "WordPress/6.8.3; https://b2bmassagekl.net"
216.244.66.236 - - [07/Oct/2025:16:59:17 +0000] "GET /robots.txt HTTP/1.1" 200 270 "-" "Mozilla/5.0 (compatible; DotBot/1.2; +https://opensiteexplorer.org/dotbot; help@moz.com)"
216.244.66.236 - - [07/Oct/2025:17:11:57 +0000] "GET /cgi-sys/suspendedpage.cgi?replytocom=10310 HTTP/1.1" 200 7626 "-" "Mozilla/5.0 (compatible; DotBot/1.2; +https://opensiteexplorer.org/dotbot; help@moz.com)"
216.244.66.236 - - [07/Oct/2025:17:12:01 +0000] "GET /cgi-sys/suspendedpage.cgi?replytocom=10594 HTTP/1.1" 200 7626 "-" "Mozilla/5.0 (compatible; DotBot/1.2; +https://opensiteexplorer.org/dotbot; help@moz.com)"
216.244.66.236 - - [07/Oct/2025:17:12:05 +0000] "GET /cgi-sys/suspendedpage.cgi?replytocom=10641 HTTP/1.1" 200 7626 "-" "Mozilla/5.0 (compatible; DotBot/1.2; +https://opensiteexplorer.org/dotbot; help@moz.com)"
216.244.66.236 - - [07/Oct/2025:17:12:08 +0000] "GET /cgi-sys/suspendedpage.cgi?replytocom=10681 HTTP/1.1" 200 7626 "-" "Mozilla/5.0 (compatible; DotBot/1.2; +https://opensiteexplorer.org/dotbot; help@moz.com)"
216.244.66.236 - - [07/Oct/2025:17:12:11 +0000] "GET /cgi-sys/suspendedpage.cgi?replytocom=12940 HTTP/1.1" 200 7626 "-" "Mozilla/5.0 (compatible; DotBot/1.2; +https://opensiteexplorer.org/dotbot; help@moz.com)"
216.244.66.236 - - [07/Oct/2025:17:12:13 +0000] "GET /cgi-sys/suspendedpage.cgi?replytocom=13042 HTTP/1.1" 200 7626 "-" "Mozilla/5.0 (compatible; DotBot/1.2; +https://opensiteexplorer.org/dotbot; help@moz.com)"
216.244.66.236 - - [07/Oct/2025:17:12:15 +0000] "GET /cgi-sys/suspendedpage.cgi?replytocom=13597 HTTP/1.1" 200 7626 "-" "Mozilla/5.0 (compatible; DotBot/1.2; +https://opensiteexplorer.org/dotbot; help@moz.com)"
216.244.66.236 - - [07/Oct/2025:17:12:17 +0000] "GET /cgi-sys/suspendedpage.cgi?replytocom=13633 HTTP/1.1" 200 7626 "-" "Mozilla/5.0 (compatible; DotBot/1.2; +https://opensiteexplorer.org/dotbot; help@moz.com)"
216.244.66.236 - - [07/Oct/2025:17:12:20 +0000] "GET /cgi-sys/suspendedpage.cgi?replytocom=16085 HTTP/1.1" 200 7626 "-" "Mozilla/5.0 (compatible; DotBot/1.2; +https://opensiteexplorer.org/dotbot; help@moz.com)"
216.244.66.236 - - [07/Oct/2025:17:12:21 +0000] "GET /cgi-sys/suspendedpage.cgi?replytocom=16350 HTTP/1.1" 200 7626 "-" "Mozilla/5.0 (compatible; DotBot/1.2; +https://opensiteexplorer.org/dotbot; help@moz.com)"
216.244.66.236 - - [07/Oct/2025:17:12:22 +0000] "GET /cgi-sys/suspendedpage.cgi?replytocom=16363 HTTP/1.1" 200 7626 "-" "Mozilla/5.0 (compatible; DotBot/1.2; +https://opensiteexplorer.org/dotbot; help@moz.com)"
216.244.66.236 - - [07/Oct/2025:17:12:24 +0000] "GET /cgi-sys/suspendedpage.cgi?replytocom=17059 HTTP/1.1" 200 7626 "-" "Mozilla/5.0 (compatible; DotBot/1.2; +https://opensiteexplorer.org/dotbot; help@moz.com)"
216.244.66.236 - - [07/Oct/2025:17:12:25 +0000] "GET /cgi-sys/suspendedpage.cgi?replytocom=7350 HTTP/1.1" 200 7626 "-" "Mozilla/5.0 (compatible; DotBot/1.2; +https://opensiteexplorer.org/dotbot; help@moz.com)"
216.244.66.236 - - [07/Oct/2025:17:12:27 +0000] "GET /cgi-sys/suspendedpage.cgi?replytocom=9089 HTTP/1.1" 200 7626 "-" "Mozilla/5.0 (compatible; DotBot/1.2; +https://opensiteexplorer.org/dotbot; help@moz.com)"
216.244.66.236 - - [07/Oct/2025:17:12:29 +0000] "GET /cgi-sys/suspendedpage.cgi?replytocom=9344 HTTP/1.1" 200 7626 "-" "Mozilla/5.0 (compatible; DotBot/1.2; +https://opensiteexplorer.org/dotbot; help@moz.com)"
216.244.66.236 - - [07/Oct/2025:17:12:31 +0000] "GET /cgi-sys/suspendedpage.cgi?replytocom=9350 HTTP/1.1" 200 7626 "-" "Mozilla/5.0 (compatible; DotBot/1.2; +https://opensiteexplorer.org/dotbot; help@moz.com)"
216.244.66.236 - - [07/Oct/2025:17:12:32 +0000] "GET /cgi-sys/suspendedpage.cgi?replytocom=9360 HTTP/1.1" 200 7626 "-" "Mozilla/5.0 (compatible; DotBot/1.2; +https://opensiteexplorer.org/dotbot; help@moz.com)"
43.173.179.164 - - [07/Oct/2025:17:18:00 +0000] "GET / HTTP/1.1" 301 - "-" "Mozilla/5.0 (Windows NT 10.0; Win64; x64) AppleWebKit/537.36 (KHTML, like Gecko) Chrome/133.0.0.0 Safari/537.36"
203.161.56.247 - - [07/Oct/2025:17:52:13 +0000] "POST /wp-cron.php?doing_wp_cron=1759859533.1513929367065429687500 HTTP/1.1" 200 - "-" "WordPress/6.8.3; https://b2bmassagekl.net"
216.244.66.236 - - [07/Oct/2025:17:52:11 +0000] "GET /robots.txt HTTP/1.1" 200 270 "-" "Mozilla/5.0 (compatible; DotBot/1.2; +https://opensiteexplorer.org/dotbot; help@moz.com)"
216.244.66.236 - - [07/Oct/2025:18:09:24 +0000] "GET /cgi-sys/suspendedpage.cgi?replytocom=11248 HTTP/1.1" 200 7626 "-" "Mozilla/5.0 (compatible; DotBot/1.2; +https://opensiteexplorer.org/dotbot; help@moz.com)"
216.244.66.236 - - [07/Oct/2025:18:09:30 +0000] "GET /cgi-sys/suspendedpage.cgi?replytocom=11280 HTTP/1.1" 200 7626 "-" "Mozilla/5.0 (compatible; DotBot/1.2; +https://opensiteexplorer.org/dotbot; help@moz.com)"
216.244.66.236 - - [07/Oct/2025:18:09:33 +0000] "GET /cgi-sys/suspendedpage.cgi?replytocom=11285 HTTP/1.1" 200 7626 "-" "Mozilla/5.0 (compatible; DotBot/1.2; +https://opensiteexplorer.org/dotbot; help@moz.com)"
216.244.66.236 - - [07/Oct/2025:18:09:37 +0000] "GET /cgi-sys/suspendedpage.cgi?replytocom=12975 HTTP/1.1" 200 7626 "-" "Mozilla/5.0 (compatible; DotBot/1.2; +https://opensiteexplorer.org/dotbot; help@moz.com)"
216.244.66.236 - - [07/Oct/2025:18:09:40 +0000] "GET /cgi-sys/suspendedpage.cgi?replytocom=13108 HTTP/1.1" 200 7626 "-" "Mozilla/5.0 (compatible; DotBot/1.2; +https://opensiteexplorer.org/dotbot; help@moz.com)"
216.244.66.236 - - [07/Oct/2025:18:09:42 +0000] "GET /cgi-sys/suspendedpage.cgi?replytocom=16432 HTTP/1.1" 200 7626 "-" "Mozilla/5.0 (compatible; DotBot/1.2; +https://opensiteexplorer.org/dotbot; help@moz.com)"
216.244.66.236 - - [07/Oct/2025:18:09:44 +0000] "GET /cgi-sys/suspendedpage.cgi?replytocom=16928 HTTP/1.1" 200 7626 "-" "Mozilla/5.0 (compatible; DotBot/1.2; +https://opensiteexplorer.org/dotbot; help@moz.com)"
216.244.66.236 - - [07/Oct/2025:18:09:46 +0000] "GET /cgi-sys/suspendedpage.cgi?replytocom=5285 HTTP/1.1" 200 7626 "-" "Mozilla/5.0 (compatible; DotBot/1.2; +https://opensiteexplorer.org/dotbot; help@moz.com)"
216.244.66.236 - - [07/Oct/2025:18:09:48 +0000] "GET /cgi-sys/suspendedpage.cgi?replytocom=6918 HTTP/1.1" 200 7626 "-" "Mozilla/5.0 (compatible; DotBot/1.2; +https://opensiteexplorer.org/dotbot; help@moz.com)"
216.244.66.236 - - [07/Oct/2025:18:09:50 +0000] "GET /cgi-sys/suspendedpage.cgi?replytocom=8690 HTTP/1.1" 200 7626 "-" "Mozilla/5.0 (compatible; DotBot/1.2; +https://opensiteexplorer.org/dotbot; help@moz.com)"
203.161.56.247 - - [07/Oct/2025:18:41:42 +0000] "POST /wp-cron.php?doing_wp_cron=1759862502.3736910820007324218750 HTTP/1.1" 200 - "-" "WordPress/6.8.3; https://b2bmassagekl.net"
43.166.255.122 - - [07/Oct/2025:18:41:40 +0000] "GET / HTTP/1.1" 301 - "-" "Mozilla/5.0 (iPhone; CPU iPhone OS 13_2_3 like Mac OS X) AppleWebKit/605.1.15 (KHTML, like Gecko) Version/13.0.3 Mobile/15E148 Safari/604.1"
203.161.56.247 - - [07/Oct/2025:18:44:26 +0000] "POST /wp-cron.php?doing_wp_cron=1759862666.7028210163116455078125 HTTP/1.1" 200 - "-" "WordPress/6.8.3; https://b2bmassagekl.net"
216.244.66.236 - - [07/Oct/2025:18:44:25 +0000] "GET /robots.txt HTTP/1.1" 200 270 "-" "Mozilla/5.0 (compatible; DotBot/1.2; +https://opensiteexplorer.org/dotbot; help@moz.com)"
203.161.56.247 - - [07/Oct/2025:18:50:47 +0000] "POST /wp-cron.php?doing_wp_cron=1759863047.3636119365692138671875 HTTP/1.1" 200 - "-" "WordPress/6.8.3; https://b2bmassagekl.net"
206.189.134.252 - - [07/Oct/2025:18:50:45 +0000] "GET /wp-content/plugins/helloapx/wp-apxupx.php?apx=upx HTTP/1.1" 404 11436 "-" "Mozlila/5.0 (Linux; Android 7.0; SM-G892A Bulid/NRD90M; wv) AppleWebKit/537.36 (KHTML, like Gecko) Version/4.0 Chrome/60.0.3112.107 Moblie Safari/537.36"
206.189.134.252 - - [07/Oct/2025:18:50:48 +0000] "GET /wp-content/plugins/dhon/newsfeed.php HTTP/1.1" 404 11433 "-" "Mozlila/5.0 (Linux; Android 7.0; SM-G892A Bulid/NRD90M; wv) AppleWebKit/537.36 (KHTML, like Gecko) Version/4.0 Chrome/60.0.3112.107 Moblie Safari/537.36"
206.189.134.252 - - [07/Oct/2025:18:50:50 +0000] "GET /wp-content/plugins/NexusLeadsReal/mini.php HTTP/1.1" 404 11439 "-" "Mozlila/5.0 (Linux; Android 7.0; SM-G892A Bulid/NRD90M; wv) AppleWebKit/537.36 (KHTML, like Gecko) Version/4.0 Chrome/60.0.3112.107 Moblie Safari/537.36"
206.189.134.252 - - [07/Oct/2025:18:50:51 +0000] "GET /wp-content/plugins/wpcall-button/button-image.php HTTP/1.1" 404 11437 "-" "Mozlila/5.0 (Linux; Android 7.0; SM-G892A Bulid/NRD90M; wv) AppleWebKit/537.36 (KHTML, like Gecko) Version/4.0 Chrome/60.0.3112.107 Moblie Safari/537.36"
206.189.134.252 - - [07/Oct/2025:18:50:54 +0000] "GET /wp-content/plugins/Core-Econ/upH.php HTTP/1.1" 404 11436 "-" "Mozlila/5.0 (Linux; Android 7.0; SM-G892A Bulid/NRD90M; wv) AppleWebKit/537.36 (KHTML, like Gecko) Version/4.0 Chrome/60.0.3112.107 Moblie Safari/537.36"
206.189.134.252 - - [07/Oct/2025:18:50:56 +0000] "GET /wp-content/plugins/phpadmin/acp.php HTTP/1.1" 404 11429 "-" "Mozlila/5.0 (Linux; Android 7.0; SM-G892A Bulid/NRD90M; wv) AppleWebKit/537.36 (KHTML, like Gecko) Version/4.0 Chrome/60.0.3112.107 Moblie Safari/537.36"
206.189.134.252 - - [07/Oct/2025:18:50:58 +0000] "GET /wp-content/plugins/phpad/acp.php HTTP/1.1" 404 11429 "-" "Mozlila/5.0 (Linux; Android 7.0; SM-G892A Bulid/NRD90M; wv) AppleWebKit/537.36 (KHTML, like Gecko) Version/4.0 Chrome/60.0.3112.107 Moblie Safari/537.36"
206.189.134.252 - - [07/Oct/2025:18:51:00 +0000] "GET /wp-content/plugins/pwnd/pwnd.php HTTP/1.1" 404 11426 "-" "Mozlila/5.0 (Linux; Android 7.0; SM-G892A Bulid/NRD90M; wv) AppleWebKit/537.36 (KHTML, like Gecko) Version/4.0 Chrome/60.0.3112.107 Moblie Safari/537.36"
206.189.134.252 - - [07/Oct/2025:18:51:02 +0000] "GET /wp-includes/js/jcrop/Jcrop.php HTTP/1.1" 404 11428 "-" "Mozlila/5.0 (Linux; Android 7.0; SM-G892A Bulid/NRD90M; wv) AppleWebKit/537.36 (KHTML, like Gecko) Version/4.0 Chrome/60.0.3112.107 Moblie Safari/537.36"
206.189.134.252 - - [07/Oct/2025:18:51:04 +0000] "GET /wp-content/plugins/index.php HTTP/1.1" 200 - "-" "Mozlila/5.0 (Linux; Android 7.0; SM-G892A Bulid/NRD90M; wv) AppleWebKit/537.36 (KHTML, like Gecko) Version/4.0 Chrome/60.0.3112.107 Moblie Safari/537.36"
203.161.56.247 - - [07/Oct/2025:18:51:07 +0000] "POST /wp-cron.php?doing_wp_cron=1759863067.7175869941711425781250 HTTP/1.1" 200 - "-" "WordPress/6.8.3; https://b2bmassagekl.net"
206.189.134.252 - - [07/Oct/2025:18:51:06 +0000] "GET /wp-admin/images/index.php HTTP/1.1" 301 - "-" "Mozlila/5.0 (Linux; Android 7.0; SM-G892A Bulid/NRD90M; wv) AppleWebKit/537.36 (KHTML, like Gecko) Version/4.0 Chrome/60.0.3112.107 Moblie Safari/537.36"
206.189.134.252 - - [07/Oct/2025:18:51:08 +0000] "GET /wp-admin/images/ HTTP/1.1" 404 11342 "-" "Mozlila/5.0 (Linux; Android 7.0; SM-G892A Bulid/NRD90M; wv) AppleWebKit/537.36 (KHTML, like Gecko) Version/4.0 Chrome/60.0.3112.107 Moblie Safari/537.36"
206.189.134.252 - - [07/Oct/2025:18:51:10 +0000] "GET /index/function.php HTTP/1.1" 404 11351 "-" "Mozlila/5.0 (Linux; Android 7.0; SM-G892A Bulid/NRD90M; wv) AppleWebKit/537.36 (KHTML, like Gecko) Version/4.0 Chrome/60.0.3112.107 Moblie Safari/537.36"
206.189.134.252 - - [07/Oct/2025:18:51:13 +0000] "GET /wp-admin/network/index.php HTTP/1.1" 302 - "-" "Mozlila/5.0 (Linux; Android 7.0; SM-G892A Bulid/NRD90M; wv) AppleWebKit/537.36 (KHTML, like Gecko) Version/4.0 Chrome/60.0.3112.107 Moblie Safari/537.36"
206.189.134.252 - - [07/Oct/2025:18:51:18 +0000] "GET /wp-includes/fonts/about.php HTTP/1.1" 404 11425 "-" "Mozlila/5.0 (Linux; Android 7.0; SM-G892A Bulid/NRD90M; wv) AppleWebKit/537.36 (KHTML, like Gecko) Version/4.0 Chrome/60.0.3112.107 Moblie Safari/537.36"
206.189.134.252 - - [07/Oct/2025:18:51:20 +0000] "GET /wp-includes/about.php HTTP/1.1" 404 11349 "-" "Mozlila/5.0 (Linux; Android 7.0; SM-G892A Bulid/NRD90M; wv) AppleWebKit/537.36 (KHTML, like Gecko) Version/4.0 Chrome/60.0.3112.107 Moblie Safari/537.36"
203.161.56.247 - - [07/Oct/2025:18:51:23 +0000] "POST /wp-cron.php?doing_wp_cron=1759863083.0229449272155761718750 HTTP/1.1" 200 - "-" "WordPress/6.8.3; https://b2bmassagekl.net"
206.189.134.252 - - [07/Oct/2025:18:51:22 +0000] "GET /wp-content/plugins/pwnd/acme-salvation.php HTTP/1.1" 404 11437 "-" "Mozlila/5.0 (Linux; Android 7.0; SM-G892A Bulid/NRD90M; wv) AppleWebKit/537.36 (KHTML, like Gecko) Version/4.0 Chrome/60.0.3112.107 Moblie Safari/537.36"
206.189.134.252 - - [07/Oct/2025:18:51:23 +0000] "GET /wp-content/plugins/pwnd/about.php HTTP/1.1" 404 11431 "-" "Mozlila/5.0 (Linux; Android 7.0; SM-G892A Bulid/NRD90M; wv) AppleWebKit/537.36 (KHTML, like Gecko) Version/4.0 Chrome/60.0.3112.107 Moblie Safari/537.36"
206.189.134.252 - - [07/Oct/2025:18:51:26 +0000] "GET /wp-content/plugins/pwnd/function.php HTTP/1.1" 404 11430 "-" "Mozlila/5.0 (Linux; Android 7.0; SM-G892A Bulid/NRD90M; wv) AppleWebKit/537.36 (KHTML, like Gecko) Version/4.0 Chrome/60.0.3112.107 Moblie Safari/537.36"
206.189.134.252 - - [07/Oct/2025:18:51:28 +0000] "GET /wp-content/plugins/pwnd/dropdown.php HTTP/1.1" 404 11435 "-" "Mozlila/5.0 (Linux; Android 7.0; SM-G892A Bulid/NRD90M; wv) AppleWebKit/537.36 (KHTML, like Gecko) Version/4.0 Chrome/60.0.3112.107 Moblie Safari/537.36"
206.189.134.252 - - [07/Oct/2025:18:51:30 +0000] "GET /wp-content/plugins/pwnd/nc4r3p.php HTTP/1.1" 404 11432 "-" "Mozlila/5.0 (Linux; Android 7.0; SM-G892A Bulid/NRD90M; wv) AppleWebKit/537.36 (KHTML, like Gecko) Version/4.0 Chrome/60.0.3112.107 Moblie Safari/537.36"
206.189.134.252 - - [07/Oct/2025:18:51:32 +0000] "GET /wp-content/plugins/pwnd/db.php HTTP/1.1" 404 11429 "-" "Mozlila/5.0 (Linux; Android 7.0; SM-G892A Bulid/NRD90M; wv) AppleWebKit/537.36 (KHTML, like Gecko) Version/4.0 Chrome/60.0.3112.107 Moblie Safari/537.36"
203.161.56.247 - - [07/Oct/2025:18:56:47 +0000] "POST /wp-cron.php?doing_wp_cron=1759863407.6372311115264892578125 HTTP/1.1" 200 - "-" "WordPress/6.8.3; https://b2bmassagekl.net"
115.72.3.155 - - [07/Oct/2025:18:56:45 +0000] "GET /wp-json/wp/v2/posts HTTP/1.1" 200 7747 "-" "Mozilla/5.0 (Windows NT 10.0; Win64; x64) AppleWebKit/537.36 (KHTML, like Gecko) Chrome/120.0.0.0 Safari/537.36"
216.244.66.236 - - [07/Oct/2025:19:02:08 +0000] "GET /cgi-sys/suspendedpage.cgi?replytocom=10071 HTTP/1.1" 200 7626 "-" "Mozilla/5.0 (compatible; DotBot/1.2; +https://opensiteexplorer.org/dotbot; help@moz.com)"
216.244.66.236 - - [07/Oct/2025:19:02:13 +0000] "GET /cgi-sys/suspendedpage.cgi?replytocom=10199 HTTP/1.1" 200 7626 "-" "Mozilla/5.0 (compatible; DotBot/1.2; +https://opensiteexplorer.org/dotbot; help@moz.com)"
216.244.66.236 - - [07/Oct/2025:19:02:17 +0000] "GET /cgi-sys/suspendedpage.cgi?replytocom=10647 HTTP/1.1" 200 7626 "-" "Mozilla/5.0 (compatible; DotBot/1.2; +https://opensiteexplorer.org/dotbot; help@moz.com)"
216.244.66.236 - - [07/Oct/2025:19:02:20 +0000] "GET /cgi-sys/suspendedpage.cgi?replytocom=12931 HTTP/1.1" 200 7626 "-" "Mozilla/5.0 (compatible; DotBot/1.2; +https://opensiteexplorer.org/dotbot; help@moz.com)"
216.244.66.236 - - [07/Oct/2025:19:02:23 +0000] "GET /cgi-sys/suspendedpage.cgi?replytocom=12936 HTTP/1.1" 200 7626 "-" "Mozilla/5.0 (compatible; DotBot/1.2; +https://opensiteexplorer.org/dotbot; help@moz.com)"
216.244.66.236 - - [07/Oct/2025:19:02:25 +0000] "GET /cgi-sys/suspendedpage.cgi?replytocom=13277 HTTP/1.1" 200 7626 "-" "Mozilla/5.0 (compatible; DotBot/1.2; +https://opensiteexplorer.org/dotbot; help@moz.com)"
216.244.66.236 - - [07/Oct/2025:19:02:28 +0000] "GET /cgi-sys/suspendedpage.cgi?replytocom=13493 HTTP/1.1" 200 7626 "-" "Mozilla/5.0 (compatible; DotBot/1.2; +https://opensiteexplorer.org/dotbot; help@moz.com)"
216.244.66.236 - - [07/Oct/2025:19:02:31 +0000] "GET /cgi-sys/suspendedpage.cgi?replytocom=15497 HTTP/1.1" 200 7626 "-" "Mozilla/5.0 (compatible; DotBot/1.2; +https://opensiteexplorer.org/dotbot; help@moz.com)"
216.244.66.236 - - [07/Oct/2025:19:02:33 +0000] "GET /cgi-sys/suspendedpage.cgi?replytocom=16018 HTTP/1.1" 200 7626 "-" "Mozilla/5.0 (compatible; DotBot/1.2; +https://opensiteexplorer.org/dotbot; help@moz.com)"
216.244.66.236 - - [07/Oct/2025:19:02:34 +0000] "GET /cgi-sys/suspendedpage.cgi?replytocom=17323 HTTP/1.1" 200 7626 "-" "Mozilla/5.0 (compatible; DotBot/1.2; +https://opensiteexplorer.org/dotbot; help@moz.com)"
216.244.66.236 - - [07/Oct/2025:19:02:35 +0000] "GET /cgi-sys/suspendedpage.cgi?replytocom=17330 HTTP/1.1" 200 7626 "-" "Mozilla/5.0 (compatible; DotBot/1.2; +https://opensiteexplorer.org/dotbot; help@moz.com)"
216.244.66.236 - - [07/Oct/2025:19:02:37 +0000] "GET /cgi-sys/suspendedpage.cgi?replytocom=17346 HTTP/1.1" 200 7626 "-" "Mozilla/5.0 (compatible; DotBot/1.2; +https://opensiteexplorer.org/dotbot; help@moz.com)"
216.244.66.236 - - [07/Oct/2025:19:02:39 +0000] "GET /cgi-sys/suspendedpage.cgi?replytocom=7462 HTTP/1.1" 200 7626 "-" "Mozilla/5.0 (compatible; DotBot/1.2; +https://opensiteexplorer.org/dotbot; help@moz.com)"
216.244.66.236 - - [07/Oct/2025:19:02:41 +0000] "GET /cgi-sys/suspendedpage.cgi?replytocom=7684 HTTP/1.1" 200 7626 "-" "Mozilla/5.0 (compatible; DotBot/1.2; +https://opensiteexplorer.org/dotbot; help@moz.com)"
216.244.66.236 - - [07/Oct/2025:19:02:42 +0000] "GET /cgi-sys/suspendedpage.cgi?replytocom=8286 HTTP/1.1" 200 7626 "-" "Mozilla/5.0 (compatible; DotBot/1.2; +https://opensiteexplorer.org/dotbot; help@moz.com)"
216.244.66.236 - - [07/Oct/2025:19:02:44 +0000] "GET /cgi-sys/suspendedpage.cgi?replytocom=8531 HTTP/1.1" 200 7626 "-" "Mozilla/5.0 (compatible; DotBot/1.2; +https://opensiteexplorer.org/dotbot; help@moz.com)"
216.244.66.236 - - [07/Oct/2025:19:02:45 +0000] "GET /cgi-sys/suspendedpage.cgi?replytocom=9386 HTTP/1.1" 200 7626 "-" "Mozilla/5.0 (compatible; DotBot/1.2; +https://opensiteexplorer.org/dotbot; help@moz.com)"
203.161.56.247 - - [07/Oct/2025:19:31:19 +0000] "POST /wp-cron.php?doing_wp_cron=1759865479.5999538898468017578125 HTTP/1.1" 200 - "-" "WordPress/6.8.3; https://b2bmassagekl.net"
176.116.178.91 - - [07/Oct/2025:19:31:18 +0000] "GET /wp-content/plugins/wp-automatic/css/style.css HTTP/1.1" 404 43425 "-" "curl/8.12.1"
203.161.56.247 - - [07/Oct/2025:19:36:34 +0000] "POST /wp-cron.php?doing_wp_cron=1759865794.4995219707489013671875 HTTP/1.1" 200 - "-" "WordPress/6.8.3; https://b2bmassagekl.net"
216.244.66.236 - - [07/Oct/2025:19:36:33 +0000] "GET /robots.txt HTTP/1.1" 200 270 "-" "Mozilla/5.0 (compatible; DotBot/1.2; +https://opensiteexplorer.org/dotbot; help@moz.com)"
203.161.56.247 - - [07/Oct/2025:19:51:46 +0000] "POST /wp-cron.php?doing_wp_cron=1759866706.3415050506591796875000 HTTP/1.1" 200 - "-" "WordPress/6.8.3; https://b2bmassagekl.net"
216.244.66.236 - - [07/Oct/2025:19:51:44 +0000] "GET /1/ HTTP/1.1" 301 46369 "-" "Mozilla/5.0 (compatible; DotBot/1.2; +https://opensiteexplorer.org/dotbot; help@moz.com)"
216.244.66.236 - - [07/Oct/2025:19:51:58 +0000] "GET /cgi-sys/suspendedpage.cgi?attachment_id=4190 HTTP/1.1" 200 7626 "-" "Mozilla/5.0 (compatible; DotBot/1.2; +https://opensiteexplorer.org/dotbot; help@moz.com)"
203.161.56.247 - - [07/Oct/2025:20:04:27 +0000] "POST /wp-cron.php?doing_wp_cron=1759867467.0779170989990234375000 HTTP/1.1" 200 - "-" "WordPress/6.8.3; https://b2bmassagekl.net"
216.244.66.236 - - [07/Oct/2025:20:04:25 +0000] "GET /model-tag/incall-kl/feed/ HTTP/1.1" 200 705 "-" "Mozilla/5.0 (compatible; DotBot/1.2; +https://opensiteexplorer.org/dotbot; help@moz.com)"
216.244.66.236 - - [07/Oct/2025:20:10:10 +0000] "GET /cgi-sys/suspendedpage.cgi?replytocom=13226 HTTP/1.1" 200 7626 "-" "Mozilla/5.0 (compatible; DotBot/1.2; +https://opensiteexplorer.org/dotbot; help@moz.com)"
216.244.66.236 - - [07/Oct/2025:20:10:16 +0000] "GET /cgi-sys/suspendedpage.cgi?replytocom=13379 HTTP/1.1" 200 7626 "-" "Mozilla/5.0 (compatible; DotBot/1.2; +https://opensiteexplorer.org/dotbot; help@moz.com)"
216.244.66.236 - - [07/Oct/2025:20:10:22 +0000] "GET /cgi-sys/suspendedpage.cgi?replytocom=13422 HTTP/1.1" 200 7626 "-" "Mozilla/5.0 (compatible; DotBot/1.2; +https://opensiteexplorer.org/dotbot; help@moz.com)"
203.161.56.247 - - [07/Oct/2025:20:10:23 +0000] "POST /wp-cron.php?doing_wp_cron=1759867823.5167849063873291015625 HTTP/1.1" 200 - "-" "WordPress/6.8.3; https://b2bmassagekl.net"
34.148.112.78 - - [07/Oct/2025:20:10:21 +0000] "HEAD /new HTTP/1.1" 404 - "-" "Mozilla/5.0 (Windows NT 6.1; Win64; x64) AppleWebKit/537.36 (KHTML, like Gecko) Chrome/109.0.5414.120 Safari/537.36"
34.148.112.78 - - [07/Oct/2025:20:10:23 +0000] "HEAD /wp HTTP/1.1" 404 - "-" "Mozilla/5.0 (Linux; Android 10; Nokia 2720 Flip) AppleWebKit/537.36 (KHTML, like Gecko) Chrome/80.0.3987.99 Mobile Safari/537.36 KAIOS/2.5"
34.148.112.78 - - [07/Oct/2025:20:10:25 +0000] "HEAD /old HTTP/1.1" 404 - "-" "Mozilla/5.0 (iPad; CPU OS 16_6 like Mac OS X) AppleWebKit/605.1.15 (KHTML, like Gecko) Version/16.6 Mobile/15E148 Safari/604.1"
34.148.112.78 - - [07/Oct/2025:20:10:26 +0000] "HEAD /main HTTP/1.1" 404 - "-" "Mozilla/5.0 (X11; Ubuntu; Linux x86_64; rv:124.0) Gecko/20100101 Firefox/124.0"
216.244.66.236 - - [07/Oct/2025:20:10:27 +0000] "GET /cgi-sys/suspendedpage.cgi?replytocom=16214 HTTP/1.1" 200 7626 "-" "Mozilla/5.0 (compatible; DotBot/1.2; +https://opensiteexplorer.org/dotbot; help@moz.com)"
34.148.112.78 - - [07/Oct/2025:20:10:27 +0000] "HEAD /bk HTTP/1.1" 404 - "-" "Mozilla/5.0 (Windows NT 10.0; Win64; x64) AppleWebKit/537.36 (KHTML, like Gecko) Chrome/120.0.6099.224 Safari/537.36 OPR/106.0.0.0"
34.148.112.78 - - [07/Oct/2025:20:10:28 +0000] "HEAD /bc HTTP/1.1" 404 - "-" "Mozilla/5.0 (iPhone; CPU iPhone OS 17_2 like Mac OS X) AppleWebKit/605.1.15 (KHTML, like Gecko) CriOS/124.0.6367.56 Mobile/15E148 Safari/604.1"
34.148.112.78 - - [07/Oct/2025:20:10:29 +0000] "HEAD /wordpress HTTP/1.1" 404 - "-" "Mozilla/5.0 (iPad; CPU OS 17_0 like Mac OS X) AppleWebKit/605.1.15 (KHTML, like Gecko) CriOS/123.0.6312.52 Mobile/15E148 Safari/604.1"
34.148.112.78 - - [07/Oct/2025:20:10:30 +0000] "HEAD /backup HTTP/1.1" 404 - "-" "Mozilla/5.0 (Windows NT 10.0; Win64; x64) AppleWebKit/537.36 (KHTML, like Gecko) Chrome/120.0.6099.200 YaBrowser/24.1.0.0 Safari/537.36"
216.244.66.236 - - [07/Oct/2025:20:10:31 +0000] "GET /cgi-sys/suspendedpage.cgi?replytocom=16373 HTTP/1.1" 200 7626 "-" "Mozilla/5.0 (compatible; DotBot/1.2; +https://opensiteexplorer.org/dotbot; help@moz.com)"
34.148.112.78 - - [07/Oct/2025:20:10:31 +0000] "HEAD / HTTP/1.1" 301 - "-" "Mozilla/5.0 (Windows NT 10.0; Win64; x64) AppleWebKit/537.36 (KHTML, like Gecko) Chrome/121.0.6167.140 Safari/537.36 Vivaldi/6.4.3160.47"
34.148.112.78 - - [07/Oct/2025:20:10:33 +0000] "HEAD /home HTTP/1.1" 301 - "-" "Mozilla/5.0 (Windows NT 11.0; Win64; x64; rv:126.0) Gecko/20100101 Firefox/126.0"
216.244.66.236 - - [07/Oct/2025:20:10:34 +0000] "GET /cgi-sys/suspendedpage.cgi?replytocom=16818 HTTP/1.1" 200 7626 "-" "Mozilla/5.0 (compatible; DotBot/1.2; +https://opensiteexplorer.org/dotbot; help@moz.com)"
216.244.66.236 - - [07/Oct/2025:20:10:37 +0000] "GET /cgi-sys/suspendedpage.cgi?replytocom=17126 HTTP/1.1" 200 7626 "-" "Mozilla/5.0 (compatible; DotBot/1.2; +https://opensiteexplorer.org/dotbot; help@moz.com)"
216.244.66.236 - - [07/Oct/2025:20:10:40 +0000] "GET /cgi-sys/suspendedpage.cgi?replytocom=17153 HTTP/1.1" 200 7626 "-" "Mozilla/5.0 (compatible; DotBot/1.2; +https://opensiteexplorer.org/dotbot; help@moz.com)"
216.244.66.236 - - [07/Oct/2025:20:10:43 +0000] "GET /cgi-sys/suspendedpage.cgi?replytocom=17553 HTTP/1.1" 200 7626 "-" "Mozilla/5.0 (compatible; DotBot/1.2; +https://opensiteexplorer.org/dotbot; help@moz.com)"
216.244.66.236 - - [07/Oct/2025:20:10:47 +0000] "GET /cgi-sys/suspendedpage.cgi?replytocom=6619 HTTP/1.1" 200 7626 "-" "Mozilla/5.0 (compatible; DotBot/1.2; +https://opensiteexplorer.org/dotbot; help@moz.com)"
216.244.66.236 - - [07/Oct/2025:20:10:48 +0000] "GET /cgi-sys/suspendedpage.cgi?replytocom=9378 HTTP/1.1" 200 7626 "-" "Mozilla/5.0 (compatible; DotBot/1.2; +https://opensiteexplorer.org/dotbot; help@moz.com)"
216.244.66.236 - - [07/Oct/2025:20:10:50 +0000] "GET /cgi-sys/suspendedpage.cgi?replytocom=9744 HTTP/1.1" 200 7626 "-" "Mozilla/5.0 (compatible; DotBot/1.2; +https://opensiteexplorer.org/dotbot; help@moz.com)"
203.161.56.247 - - [07/Oct/2025:20:13:47 +0000] "POST /wp-cron.php?doing_wp_cron=1759868027.2297589778900146484375 HTTP/1.1" 200 - "-" "WordPress/6.8.3; https://b2bmassagekl.net"
205.210.31.103 - - [07/Oct/2025:20:13:45 +0000] "GET / HTTP/1.1" 301 - "-" "Hello from Palo Alto Networks, find out more about our scans in https://docs-cortex.paloaltonetworks.com/r/1/Cortex-Xpanse/Scanning-activity"
203.161.56.247 - - [07/Oct/2025:20:29:07 +0000] "POST /wp-cron.php?doing_wp_cron=1759868947.5787749290466308593750 HTTP/1.1" 200 - "-" "WordPress/6.8.3; https://b2bmassagekl.net"
216.244.66.236 - - [07/Oct/2025:20:29:06 +0000] "GET /robots.txt HTTP/1.1" 200 270 "-" "Mozilla/5.0 (compatible; DotBot/1.2; +https://opensiteexplorer.org/dotbot; help@moz.com)"
216.244.66.236 - - [07/Oct/2025:21:04:13 +0000] "GET /cgi-sys/suspendedpage.cgi?replytocom=10276 HTTP/1.1" 200 7626 "-" "Mozilla/5.0 (compatible; DotBot/1.2; +https://opensiteexplorer.org/dotbot; help@moz.com)"
216.244.66.236 - - [07/Oct/2025:21:04:23 +0000] "GET /cgi-sys/suspendedpage.cgi?replytocom=10377 HTTP/1.1" 200 7626 "-" "Mozilla/5.0 (compatible; DotBot/1.2; +https://opensiteexplorer.org/dotbot; help@moz.com)"
216.244.66.236 - - [07/Oct/2025:21:04:31 +0000] "GET /cgi-sys/suspendedpage.cgi?replytocom=10815 HTTP/1.1" 200 7626 "-" "Mozilla/5.0 (compatible; DotBot/1.2; +https://opensiteexplorer.org/dotbot; help@moz.com)"
216.244.66.236 - - [07/Oct/2025:21:04:38 +0000] "GET /cgi-sys/suspendedpage.cgi?replytocom=11012 HTTP/1.1" 200 7626 "-" "Mozilla/5.0 (compatible; DotBot/1.2; +https://opensiteexplorer.org/dotbot; help@moz.com)"
216.244.66.236 - - [07/Oct/2025:21:04:45 +0000] "GET /cgi-sys/suspendedpage.cgi?replytocom=11081 HTTP/1.1" 200 7626 "-" "Mozilla/5.0 (compatible; DotBot/1.2; +https://opensiteexplorer.org/dotbot; help@moz.com)"
216.244.66.236 - - [07/Oct/2025:21:04:50 +0000] "GET /cgi-sys/suspendedpage.cgi?replytocom=11112 HTTP/1.1" 200 7626 "-" "Mozilla/5.0 (compatible; DotBot/1.2; +https://opensiteexplorer.org/dotbot; help@moz.com)"
216.244.66.236 - - [07/Oct/2025:21:04:55 +0000] "GET /cgi-sys/suspendedpage.cgi?replytocom=12959 HTTP/1.1" 200 7626 "-" "Mozilla/5.0 (compatible; DotBot/1.2; +https://opensiteexplorer.org/dotbot; help@moz.com)"
216.244.66.236 - - [07/Oct/2025:21:04:58 +0000] "GET /cgi-sys/suspendedpage.cgi?replytocom=13088 HTTP/1.1" 200 7626 "-" "Mozilla/5.0 (compatible; DotBot/1.2; +https://opensiteexplorer.org/dotbot; help@moz.com)"
216.244.66.236 - - [07/Oct/2025:21:05:02 +0000] "GET /cgi-sys/suspendedpage.cgi?replytocom=13271 HTTP/1.1" 200 7626 "-" "Mozilla/5.0 (compatible; DotBot/1.2; +https://opensiteexplorer.org/dotbot; help@moz.com)"
216.244.66.236 - - [07/Oct/2025:21:05:04 +0000] "GET /cgi-sys/suspendedpage.cgi?replytocom=13357 HTTP/1.1" 200 7626 "-" "Mozilla/5.0 (compatible; DotBot/1.2; +https://opensiteexplorer.org/dotbot; help@moz.com)"
216.244.66.236 - - [07/Oct/2025:21:05:07 +0000] "GET /cgi-sys/suspendedpage.cgi?replytocom=15825 HTTP/1.1" 200 7626 "-" "Mozilla/5.0 (compatible; DotBot/1.2; +https://opensiteexplorer.org/dotbot; help@moz.com)"
216.244.66.236 - - [07/Oct/2025:21:05:10 +0000] "GET /cgi-sys/suspendedpage.cgi?replytocom=16188 HTTP/1.1" 200 7626 "-" "Mozilla/5.0 (compatible; DotBot/1.2; +https://opensiteexplorer.org/dotbot; help@moz.com)"
216.244.66.236 - - [07/Oct/2025:21:05:12 +0000] "GET /cgi-sys/suspendedpage.cgi?replytocom=16943 HTTP/1.1" 200 7626 "-" "Mozilla/5.0 (compatible; DotBot/1.2; +https://opensiteexplorer.org/dotbot; help@moz.com)"
203.161.56.247 - - [07/Oct/2025:21:12:35 +0000] "POST /wp-cron.php?doing_wp_cron=1759871555.1948750019073486328125 HTTP/1.1" 200 - "-" "WordPress/6.8.3; https://b2bmassagekl.net"
125.94.144.102 - - [07/Oct/2025:21:12:33 +0000] "GET / HTTP/1.1" 301 - "-" "Mozilla/5.0 (iPhone; CPU iPhone OS 13_2_3 like Mac OS X) AppleWebKit/605.1.15 (KHTML, like Gecko) Version/13.0.3 Mobile/15E148 Safari/604.1"
203.161.56.247 - - [07/Oct/2025:21:20:55 +0000] "POST /wp-cron.php?doing_wp_cron=1759872055.6228630542755126953125 HTTP/1.1" 200 - "-" "WordPress/6.8.3; https://b2bmassagekl.net"
216.244.66.236 - - [07/Oct/2025:21:20:54 +0000] "GET /robots.txt HTTP/1.1" 200 270 "-" "Mozilla/5.0 (compatible; DotBot/1.2; +https://opensiteexplorer.org/dotbot; help@moz.com)"
216.244.66.236 - - [07/Oct/2025:21:54:53 +0000] "GET /cgi-sys/suspendedpage.cgi?replytocom=10148 HTTP/1.1" 200 7626 "-" "Mozilla/5.0 (compatible; DotBot/1.2; +https://opensiteexplorer.org/dotbot; help@moz.com)"
216.244.66.236 - - [07/Oct/2025:21:54:57 +0000] "GET /cgi-sys/suspendedpage.cgi?replytocom=10305 HTTP/1.1" 200 7626 "-" "Mozilla/5.0 (compatible; DotBot/1.2; +https://opensiteexplorer.org/dotbot; help@moz.com)"
216.244.66.236 - - [07/Oct/2025:21:55:01 +0000] "GET /cgi-sys/suspendedpage.cgi?replytocom=10956 HTTP/1.1" 200 7626 "-" "Mozilla/5.0 (compatible; DotBot/1.2; +https://opensiteexplorer.org/dotbot; help@moz.com)"
216.244.66.236 - - [07/Oct/2025:21:55:05 +0000] "GET /cgi-sys/suspendedpage.cgi?replytocom=11267 HTTP/1.1" 200 7626 "-" "Mozilla/5.0 (compatible; DotBot/1.2; +https://opensiteexplorer.org/dotbot; help@moz.com)"
216.244.66.236 - - [07/Oct/2025:21:55:08 +0000] "GET /cgi-sys/suspendedpage.cgi?replytocom=13083 HTTP/1.1" 200 7626 "-" "Mozilla/5.0 (compatible; DotBot/1.2; +https://opensiteexplorer.org/dotbot; help@moz.com)"
216.244.66.236 - - [07/Oct/2025:21:55:12 +0000] "GET /cgi-sys/suspendedpage.cgi?replytocom=13307 HTTP/1.1" 200 7626 "-" "Mozilla/5.0 (compatible; DotBot/1.2; +https://opensiteexplorer.org/dotbot; help@moz.com)"
216.244.66.236 - - [07/Oct/2025:21:55:16 +0000] "GET /cgi-sys/suspendedpage.cgi?replytocom=16105 HTTP/1.1" 200 7626 "-" "Mozilla/5.0 (compatible; DotBot/1.2; +https://opensiteexplorer.org/dotbot; help@moz.com)"
216.244.66.236 - - [07/Oct/2025:21:55:19 +0000] "GET /cgi-sys/suspendedpage.cgi?replytocom=16607 HTTP/1.1" 200 7626 "-" "Mozilla/5.0 (compatible; DotBot/1.2; +https://opensiteexplorer.org/dotbot; help@moz.com)"
216.244.66.236 - - [07/Oct/2025:21:55:22 +0000] "GET /cgi-sys/suspendedpage.cgi?replytocom=16790 HTTP/1.1" 200 7626 "-" "Mozilla/5.0 (compatible; DotBot/1.2; +https://opensiteexplorer.org/dotbot; help@moz.com)"
216.244.66.236 - - [07/Oct/2025:21:55:26 +0000] "GET /cgi-sys/suspendedpage.cgi?replytocom=16959 HTTP/1.1" 200 7626 "-" "Mozilla/5.0 (compatible; DotBot/1.2; +https://opensiteexplorer.org/dotbot; help@moz.com)"
216.244.66.236 - - [07/Oct/2025:21:55:28 +0000] "GET /cgi-sys/suspendedpage.cgi?replytocom=17068 HTTP/1.1" 200 7626 "-" "Mozilla/5.0 (compatible; DotBot/1.2; +https://opensiteexplorer.org/dotbot; help@moz.com)"
216.244.66.236 - - [07/Oct/2025:21:55:30 +0000] "GET /cgi-sys/suspendedpage.cgi?replytocom=4167 HTTP/1.1" 200 7626 "-" "Mozilla/5.0 (compatible; DotBot/1.2; +https://opensiteexplorer.org/dotbot; help@moz.com)"
216.244.66.236 - - [07/Oct/2025:21:55:33 +0000] "GET /cgi-sys/suspendedpage.cgi?replytocom=5382 HTTP/1.1" 200 7626 "-" "Mozilla/5.0 (compatible; DotBot/1.2; +https://opensiteexplorer.org/dotbot; help@moz.com)"
216.244.66.236 - - [07/Oct/2025:21:55:34 +0000] "GET /cgi-sys/suspendedpage.cgi?replytocom=7280 HTTP/1.1" 200 7626 "-" "Mozilla/5.0 (compatible; DotBot/1.2; +https://opensiteexplorer.org/dotbot; help@moz.com)"
216.244.66.236 - - [07/Oct/2025:21:55:36 +0000] "GET /cgi-sys/suspendedpage.cgi?replytocom=7641 HTTP/1.1" 200 7626 "-" "Mozilla/5.0 (compatible; DotBot/1.2; +https://opensiteexplorer.org/dotbot; help@moz.com)"
216.244.66.236 - - [07/Oct/2025:21:55:37 +0000] "GET /cgi-sys/suspendedpage.cgi?replytocom=7822 HTTP/1.1" 200 7626 "-" "Mozilla/5.0 (compatible; DotBot/1.2; +https://opensiteexplorer.org/dotbot; help@moz.com)"
216.244.66.236 - - [07/Oct/2025:21:55:38 +0000] "GET /cgi-sys/suspendedpage.cgi?replytocom=7934 HTTP/1.1" 200 7626 "-" "Mozilla/5.0 (compatible; DotBot/1.2; +https://opensiteexplorer.org/dotbot; help@moz.com)"
216.244.66.236 - - [07/Oct/2025:21:55:40 +0000] "GET /cgi-sys/suspendedpage.cgi?replytocom=9295 HTTP/1.1" 200 7626 "-" "Mozilla/5.0 (compatible; DotBot/1.2; +https://opensiteexplorer.org/dotbot; help@moz.com)"
216.244.66.236 - - [07/Oct/2025:22:12:59 +0000] "GET /robots.txt HTTP/1.1" 200 270 "-" "Mozilla/5.0 (compatible; DotBot/1.2; +https://opensiteexplorer.org/dotbot; help@moz.com)"
203.161.56.247 - - [07/Oct/2025:22:18:30 +0000] "POST /wp-cron.php?doing_wp_cron=1759875510.2070949077606201171875 HTTP/1.1" 200 - "-" "WordPress/6.8.3; https://b2bmassagekl.net"
43.173.182.220 - - [07/Oct/2025:22:18:29 +0000] "GET / HTTP/1.1" 301 - "-" "Mozilla/5.0 (Windows NT 6.1; Win64; x64) AppleWebKit/537.36 (KHTML, like Gecko) Chrome/126.0.6478.114 Safari/537.36"
216.244.66.236 - - [07/Oct/2025:22:47:17 +0000] "GET /cgi-sys/suspendedpage.cgi?replytocom=10017 HTTP/1.1" 200 7626 "-" "Mozilla/5.0 (compatible; DotBot/1.2; +https://opensiteexplorer.org/dotbot; help@moz.com)"
216.244.66.236 - - [07/Oct/2025:22:47:22 +0000] "GET /cgi-sys/suspendedpage.cgi?replytocom=10571 HTTP/1.1" 200 7626 "-" "Mozilla/5.0 (compatible; DotBot/1.2; +https://opensiteexplorer.org/dotbot; help@moz.com)"
216.244.66.236 - - [07/Oct/2025:22:47:26 +0000] "GET /cgi-sys/suspendedpage.cgi?replytocom=10592 HTTP/1.1" 200 7626 "-" "Mozilla/5.0 (compatible; DotBot/1.2; +https://opensiteexplorer.org/dotbot; help@moz.com)"
216.244.66.236 - - [07/Oct/2025:22:47:31 +0000] "GET /cgi-sys/suspendedpage.cgi?replytocom=11024 HTTP/1.1" 200 7626 "-" "Mozilla/5.0 (compatible; DotBot/1.2; +https://opensiteexplorer.org/dotbot; help@moz.com)"
216.244.66.236 - - [07/Oct/2025:22:47:33 +0000] "GET /cgi-sys/suspendedpage.cgi?replytocom=17266 HTTP/1.1" 200 7626 "-" "Mozilla/5.0 (compatible; DotBot/1.2; +https://opensiteexplorer.org/dotbot; help@moz.com)"
216.244.66.236 - - [07/Oct/2025:22:47:37 +0000] "GET /cgi-sys/suspendedpage.cgi?replytocom=6623 HTTP/1.1" 200 7626 "-" "Mozilla/5.0 (compatible; DotBot/1.2; +https://opensiteexplorer.org/dotbot; help@moz.com)"
216.244.66.236 - - [07/Oct/2025:22:47:41 +0000] "GET /cgi-sys/suspendedpage.cgi?replytocom=7324 HTTP/1.1" 200 7626 "-" "Mozilla/5.0 (compatible; DotBot/1.2; +https://opensiteexplorer.org/dotbot; help@moz.com)"
216.244.66.236 - - [07/Oct/2025:22:47:43 +0000] "GET /cgi-sys/suspendedpage.cgi?replytocom=8276 HTTP/1.1" 200 7626 "-" "Mozilla/5.0 (compatible; DotBot/1.2; +https://opensiteexplorer.org/dotbot; help@moz.com)"
216.244.66.236 - - [07/Oct/2025:22:47:44 +0000] "GET /cgi-sys/suspendedpage.cgi?replytocom=8550 HTTP/1.1" 200 7626 "-" "Mozilla/5.0 (compatible; DotBot/1.2; +https://opensiteexplorer.org/dotbot; help@moz.com)"
216.244.66.236 - - [07/Oct/2025:22:47:46 +0000] "GET /cgi-sys/suspendedpage.cgi?replytocom=9229 HTTP/1.1" 200 7626 "-" "Mozilla/5.0 (compatible; DotBot/1.2; +https://opensiteexplorer.org/dotbot; help@moz.com)"
216.244.66.236 - - [07/Oct/2025:22:47:48 +0000] "GET /cgi-sys/suspendedpage.cgi?replytocom=9313 HTTP/1.1" 200 7626 "-" "Mozilla/5.0 (compatible; DotBot/1.2; +https://opensiteexplorer.org/dotbot; help@moz.com)"
216.244.66.236 - - [07/Oct/2025:22:47:50 +0000] "GET /cgi-sys/suspendedpage.cgi?replytocom=9356 HTTP/1.1" 200 7626 "-" "Mozilla/5.0 (compatible; DotBot/1.2; +https://opensiteexplorer.org/dotbot; help@moz.com)"
203.161.56.247 - - [07/Oct/2025:23:04:58 +0000] "POST /wp-cron.php?doing_wp_cron=1759878298.2154839038848876953125 HTTP/1.1" 200 - "-" "WordPress/6.8.3; https://b2bmassagekl.net"
216.244.66.236 - - [07/Oct/2025:23:04:56 +0000] "GET /robots.txt HTTP/1.1" 200 270 "-" "Mozilla/5.0 (compatible; DotBot/1.2; +https://opensiteexplorer.org/dotbot; help@moz.com)"
203.161.56.247 - - [07/Oct/2025:23:13:38 +0000] "POST /wp-cron.php?doing_wp_cron=1759878818.1071650981903076171875 HTTP/1.1" 200 - "-" "WordPress/6.8.3; https://b2bmassagekl.net"
141.138.208.43 - - [07/Oct/2025:23:13:36 +0000] "GET /robots.txt HTTP/1.1" 200 135 "-" "Mozilla/5.0 (Macintosh; Intel Mac OS X 10_15_7) AppleWebKit/605.1.15 (KHTML, like Gecko) Version/17.3.1 Safari/605.1.1"
141.138.211.251 - - [07/Oct/2025:23:13:38 +0000] "GET / HTTP/1.1" 301 - "-" "Mozilla/5.0 (Macintosh; Intel Mac OS X 10_15_7) AppleWebKit/605.1.15 (KHTML, like Gecko) Version/17.3.1 Safari/605.1.1"
203.161.56.247 - - [07/Oct/2025:23:42:04 +0000] "POST /wp-cron.php?doing_wp_cron=1759880524.7574179172515869140625 HTTP/1.1" 200 - "-" "WordPress/6.8.3; https://b2bmassagekl.net"
216.244.66.236 - - [07/Oct/2025:23:42:03 +0000] "GET /feed/?attachment_id=64 HTTP/1.1" 200 702 "-" "Mozilla/5.0 (compatible; DotBot/1.2; +https://opensiteexplorer.org/dotbot; help@moz.com)"
203.161.56.247 - - [07/Oct/2025:23:57:12 +0000] "POST /wp-cron.php?doing_wp_cron=1759881432.4232859611511230468750 HTTP/1.1" 200 - "-" "WordPress/6.8.3; https://b2bmassagekl.net"
216.244.66.236 - - [07/Oct/2025:23:57:10 +0000] "GET /robots.txt HTTP/1.1" 200 270 "-" "Mozilla/5.0 (compatible; DotBot/1.2; +https://opensiteexplorer.org/dotbot; help@moz.com)"
203.161.56.247 - - [08/Oct/2025:00:25:27 +0000] "POST /wp-cron.php?doing_wp_cron=1759883127.4652359485626220703125 HTTP/1.1" 200 - "-" "WordPress/6.8.3; https://b2bmassagekl.net"
216.244.66.236 - - [08/Oct/2025:00:25:25 +0000] "GET /model/cindy/feed/ HTTP/1.1" 200 697 "-" "Mozilla/5.0 (compatible; DotBot/1.2; +https://opensiteexplorer.org/dotbot; help@moz.com)"
216.244.66.236 - - [08/Oct/2025:00:25:38 +0000] "GET /model/vietnam-escort-sandy-outcall-girl/feed/ HTTP/1.1" 200 725 "-" "Mozilla/5.0 (compatible; DotBot/1.2; +https://opensiteexplorer.org/dotbot; help@moz.com)"
216.244.66.236 - - [08/Oct/2025:00:30:46 +0000] "GET /cgi-sys/suspendedpage.cgi?replytocom=10162 HTTP/1.1" 200 7626 "-" "Mozilla/5.0 (compatible; DotBot/1.2; +https://opensiteexplorer.org/dotbot; help@moz.com)"
