45.149.173.195 - - [07/Oct/2025:22:08:06 +0000] "POST //xmlrpc.php HTTP/1.1" 200 448 "-" "Mozilla/5.0 (Windows NT 10.0; Win64; x64) AppleWebKit/537.36 (KHTML, like Gecko) Chrome/78.0.3904.108 Safari/537.36"
45.149.173.195 - - [07/Oct/2025:22:08:09 +0000] "POST //xmlrpc.php HTTP/1.1" 200 448 "-" "Mozilla/5.0 (Windows NT 10.0; Win64; x64) AppleWebKit/537.36 (KHTML, like Gecko) Chrome/78.0.3904.108 Safari/537.36"
45.149.173.195 - - [07/Oct/2025:22:08:12 +0000] "POST //xmlrpc.php HTTP/1.1" 200 448 "-" "Mozilla/5.0 (Windows NT 10.0; Win64; x64) AppleWebKit/537.36 (KHTML, like Gecko) Chrome/78.0.3904.108 Safari/537.36"
45.149.173.195 - - [07/Oct/2025:22:08:14 +0000] "POST //xmlrpc.php HTTP/1.1" 200 448 "-" "Mozilla/5.0 (Windows NT 10.0; Win64; x64) AppleWebKit/537.36 (KHTML, like Gecko) Chrome/78.0.3904.108 Safari/537.36"
45.149.173.195 - - [07/Oct/2025:22:08:19 +0000] "POST //xmlrpc.php HTTP/1.1" 200 448 "-" "Mozilla/5.0 (Windows NT 10.0; Win64; x64) AppleWebKit/537.36 (KHTML, like Gecko) Chrome/78.0.3904.108 Safari/537.36"
45.149.173.195 - - [07/Oct/2025:22:08:20 +0000] "POST //xmlrpc.php HTTP/1.1" 200 448 "-" "Mozilla/5.0 (Windows NT 10.0; Win64; x64) AppleWebKit/537.36 (KHTML, like Gecko) Chrome/78.0.3904.108 Safari/537.36"
45.149.173.195 - - [07/Oct/2025:22:08:22 +0000] "POST //xmlrpc.php HTTP/1.1" 200 448 "-" "Mozilla/5.0 (Windows NT 10.0; Win64; x64) AppleWebKit/537.36 (KHTML, like Gecko) Chrome/78.0.3904.108 Safari/537.36"
45.149.173.195 - - [07/Oct/2025:22:08:23 +0000] "POST //xmlrpc.php HTTP/1.1" 200 448 "-" "Mozilla/5.0 (Windows NT 10.0; Win64; x64) AppleWebKit/537.36 (KHTML, like Gecko) Chrome/78.0.3904.108 Safari/537.36"
45.149.173.195 - - [07/Oct/2025:22:08:25 +0000] "POST //xmlrpc.php HTTP/1.1" 200 448 "-" "Mozilla/5.0 (Windows NT 10.0; Win64; x64) AppleWebKit/537.36 (KHTML, like Gecko) Chrome/78.0.3904.108 Safari/537.36"
45.149.173.195 - - [07/Oct/2025:22:08:27 +0000] "POST //xmlrpc.php HTTP/1.1" 200 448 "-" "Mozilla/5.0 (Windows NT 10.0; Win64; x64) AppleWebKit/537.36 (KHTML, like Gecko) Chrome/78.0.3904.108 Safari/537.36"
45.149.173.195 - - [07/Oct/2025:22:08:30 +0000] "POST //xmlrpc.php HTTP/1.1" 200 448 "-" "Mozilla/5.0 (Windows NT 10.0; Win64; x64) AppleWebKit/537.36 (KHTML, like Gecko) Chrome/78.0.3904.108 Safari/537.36"
45.149.173.195 - - [07/Oct/2025:22:08:31 +0000] "POST //xmlrpc.php HTTP/1.1" 200 448 "-" "Mozilla/5.0 (Windows NT 10.0; Win64; x64) AppleWebKit/537.36 (KHTML, like Gecko) Chrome/78.0.3904.108 Safari/537.36"
45.149.173.195 - - [07/Oct/2025:22:08:34 +0000] "POST //xmlrpc.php HTTP/1.1" 200 448 "-" "Mozilla/5.0 (Windows NT 10.0; Win64; x64) AppleWebKit/537.36 (KHTML, like Gecko) Chrome/78.0.3904.108 Safari/537.36"
45.149.173.195 - - [07/Oct/2025:22:08:35 +0000] "POST //xmlrpc.php HTTP/1.1" 200 448 "-" "Mozilla/5.0 (Windows NT 10.0; Win64; x64) AppleWebKit/537.36 (KHTML, like Gecko) Chrome/78.0.3904.108 Safari/537.36"
45.149.173.195 - - [07/Oct/2025:22:08:38 +0000] "POST //xmlrpc.php HTTP/1.1" 200 448 "-" "Mozilla/5.0 (Windows NT 10.0; Win64; x64) AppleWebKit/537.36 (KHTML, like Gecko) Chrome/78.0.3904.108 Safari/537.36"
45.149.173.195 - - [07/Oct/2025:22:08:43 +0000] "POST //xmlrpc.php HTTP/1.1" 200 448 "-" "Mozilla/5.0 (Windows NT 10.0; Win64; x64) AppleWebKit/537.36 (KHTML, like Gecko) Chrome/78.0.3904.108 Safari/537.36"
45.149.173.195 - - [07/Oct/2025:22:08:45 +0000] "POST //xmlrpc.php HTTP/1.1" 200 448 "-" "Mozilla/5.0 (Windows NT 10.0; Win64; x64) AppleWebKit/537.36 (KHTML, like Gecko) Chrome/78.0.3904.108 Safari/537.36"
45.149.173.195 - - [07/Oct/2025:22:08:46 +0000] "POST //xmlrpc.php HTTP/1.1" 200 448 "-" "Mozilla/5.0 (Windows NT 10.0; Win64; x64) AppleWebKit/537.36 (KHTML, like Gecko) Chrome/78.0.3904.108 Safari/537.36"
45.149.173.195 - - [07/Oct/2025:22:08:48 +0000] "POST //xmlrpc.php HTTP/1.1" 200 448 "-" "Mozilla/5.0 (Windows NT 10.0; Win64; x64) AppleWebKit/537.36 (KHTML, like Gecko) Chrome/78.0.3904.108 Safari/537.36"
203.161.56.247 - - [07/Oct/2025:22:08:51 +0000] "POST /wp-cron.php?doing_wp_cron=1759874931.3129079341888427734375 HTTP/1.1" 200 - "-" "WordPress/6.8.3; https://localklescort.com"
45.149.173.195 - - [07/Oct/2025:22:08:49 +0000] "POST //xmlrpc.php HTTP/1.1" 200 448 "-" "Mozilla/5.0 (Windows NT 10.0; Win64; x64) AppleWebKit/537.36 (KHTML, like Gecko) Chrome/78.0.3904.108 Safari/537.36"
45.149.173.195 - - [07/Oct/2025:22:08:51 +0000] "POST //xmlrpc.php HTTP/1.1" 200 448 "-" "Mozilla/5.0 (Windows NT 10.0; Win64; x64) AppleWebKit/537.36 (KHTML, like Gecko) Chrome/78.0.3904.108 Safari/537.36"
45.149.173.195 - - [07/Oct/2025:22:08:54 +0000] "POST //xmlrpc.php HTTP/1.1" 200 448 "-" "Mozilla/5.0 (Windows NT 10.0; Win64; x64) AppleWebKit/537.36 (KHTML, like Gecko) Chrome/78.0.3904.108 Safari/537.36"
45.149.173.195 - - [07/Oct/2025:22:08:56 +0000] "POST //xmlrpc.php HTTP/1.1" 200 448 "-" "Mozilla/5.0 (Windows NT 10.0; Win64; x64) AppleWebKit/537.36 (KHTML, like Gecko) Chrome/78.0.3904.108 Safari/537.36"
45.149.173.195 - - [07/Oct/2025:22:08:57 +0000] "POST //xmlrpc.php HTTP/1.1" 200 448 "-" "Mozilla/5.0 (Windows NT 10.0; Win64; x64) AppleWebKit/537.36 (KHTML, like Gecko) Chrome/78.0.3904.108 Safari/537.36"
45.149.173.195 - - [07/Oct/2025:22:08:59 +0000] "POST //xmlrpc.php HTTP/1.1" 200 448 "-" "Mozilla/5.0 (Windows NT 10.0; Win64; x64) AppleWebKit/537.36 (KHTML, like Gecko) Chrome/78.0.3904.108 Safari/537.36"
203.161.56.247 - - [07/Oct/2025:22:09:06 +0000] "POST /wp-cron.php?doing_wp_cron=1759874946.0532689094543457031250 HTTP/1.1" 200 - "-" "WordPress/6.8.3; https://localklescort.com"
45.149.173.195 - - [07/Oct/2025:22:09:03 +0000] "POST //xmlrpc.php HTTP/1.1" 200 448 "-" "Mozilla/5.0 (Windows NT 10.0; Win64; x64) AppleWebKit/537.36 (KHTML, like Gecko) Chrome/78.0.3904.108 Safari/537.36"
45.149.173.195 - - [07/Oct/2025:22:09:07 +0000] "POST //xmlrpc.php HTTP/1.1" 200 448 "-" "Mozilla/5.0 (Windows NT 10.0; Win64; x64) AppleWebKit/537.36 (KHTML, like Gecko) Chrome/78.0.3904.108 Safari/537.36"
45.149.173.195 - - [07/Oct/2025:22:09:15 +0000] "POST //xmlrpc.php HTTP/1.1" 200 448 "-" "Mozilla/5.0 (Windows NT 10.0; Win64; x64) AppleWebKit/537.36 (KHTML, like Gecko) Chrome/78.0.3904.108 Safari/537.36"
45.149.173.195 - - [07/Oct/2025:22:09:16 +0000] "POST //xmlrpc.php HTTP/1.1" 200 448 "-" "Mozilla/5.0 (Windows NT 10.0; Win64; x64) AppleWebKit/537.36 (KHTML, like Gecko) Chrome/78.0.3904.108 Safari/537.36"
45.149.173.195 - - [07/Oct/2025:22:09:17 +0000] "POST //xmlrpc.php HTTP/1.1" 200 448 "-" "Mozilla/5.0 (Windows NT 10.0; Win64; x64) AppleWebKit/537.36 (KHTML, like Gecko) Chrome/78.0.3904.108 Safari/537.36"
45.149.173.195 - - [07/Oct/2025:22:09:19 +0000] "POST //xmlrpc.php HTTP/1.1" 200 448 "-" "Mozilla/5.0 (Windows NT 10.0; Win64; x64) AppleWebKit/537.36 (KHTML, like Gecko) Chrome/78.0.3904.108 Safari/537.36"
45.149.173.195 - - [07/Oct/2025:22:09:20 +0000] "POST //xmlrpc.php HTTP/1.1" 200 448 "-" "Mozilla/5.0 (Windows NT 10.0; Win64; x64) AppleWebKit/537.36 (KHTML, like Gecko) Chrome/78.0.3904.108 Safari/537.36"
45.149.173.195 - - [07/Oct/2025:22:09:22 +0000] "POST //xmlrpc.php HTTP/1.1" 200 448 "-" "Mozilla/5.0 (Windows NT 10.0; Win64; x64) AppleWebKit/537.36 (KHTML, like Gecko) Chrome/78.0.3904.108 Safari/537.36"
45.149.173.195 - - [07/Oct/2025:22:09:27 +0000] "POST //xmlrpc.php HTTP/1.1" 200 448 "-" "Mozilla/5.0 (Windows NT 10.0; Win64; x64) AppleWebKit/537.36 (KHTML, like Gecko) Chrome/78.0.3904.108 Safari/537.36"
45.149.173.195 - - [07/Oct/2025:22:09:31 +0000] "POST //xmlrpc.php HTTP/1.1" 200 448 "-" "Mozilla/5.0 (Windows NT 10.0; Win64; x64) AppleWebKit/537.36 (KHTML, like Gecko) Chrome/78.0.3904.108 Safari/537.36"
45.149.173.195 - - [07/Oct/2025:22:09:35 +0000] "POST //xmlrpc.php HTTP/1.1" 200 448 "-" "Mozilla/5.0 (Windows NT 10.0; Win64; x64) AppleWebKit/537.36 (KHTML, like Gecko) Chrome/78.0.3904.108 Safari/537.36"
45.149.173.195 - - [07/Oct/2025:22:09:37 +0000] "POST //xmlrpc.php HTTP/1.1" 200 448 "-" "Mozilla/5.0 (Windows NT 10.0; Win64; x64) AppleWebKit/537.36 (KHTML, like Gecko) Chrome/78.0.3904.108 Safari/537.36"
45.149.173.195 - - [07/Oct/2025:22:09:39 +0000] "POST //xmlrpc.php HTTP/1.1" 200 448 "-" "Mozilla/5.0 (Windows NT 10.0; Win64; x64) AppleWebKit/537.36 (KHTML, like Gecko) Chrome/78.0.3904.108 Safari/537.36"
45.149.173.195 - - [07/Oct/2025:22:09:41 +0000] "POST //xmlrpc.php HTTP/1.1" 200 448 "-" "Mozilla/5.0 (Windows NT 10.0; Win64; x64) AppleWebKit/537.36 (KHTML, like Gecko) Chrome/78.0.3904.108 Safari/537.36"
45.149.173.195 - - [07/Oct/2025:22:09:43 +0000] "POST //xmlrpc.php HTTP/1.1" 200 448 "-" "Mozilla/5.0 (Windows NT 10.0; Win64; x64) AppleWebKit/537.36 (KHTML, like Gecko) Chrome/78.0.3904.108 Safari/537.36"
45.149.173.195 - - [07/Oct/2025:22:09:47 +0000] "POST //xmlrpc.php HTTP/1.1" 200 448 "-" "Mozilla/5.0 (Windows NT 10.0; Win64; x64) AppleWebKit/537.36 (KHTML, like Gecko) Chrome/78.0.3904.108 Safari/537.36"
203.161.56.247 - - [07/Oct/2025:22:09:50 +0000] "POST /wp-cron.php?doing_wp_cron=1759874990.9680159091949462890625 HTTP/1.1" 200 - "-" "WordPress/6.8.3; https://localklescort.com"
45.149.173.195 - - [07/Oct/2025:22:09:49 +0000] "POST //xmlrpc.php HTTP/1.1" 200 448 "-" "Mozilla/5.0 (Windows NT 10.0; Win64; x64) AppleWebKit/537.36 (KHTML, like Gecko) Chrome/78.0.3904.108 Safari/537.36"
45.149.173.195 - - [07/Oct/2025:22:09:51 +0000] "POST //xmlrpc.php HTTP/1.1" 200 448 "-" "Mozilla/5.0 (Windows NT 10.0; Win64; x64) AppleWebKit/537.36 (KHTML, like Gecko) Chrome/78.0.3904.108 Safari/537.36"
45.149.173.195 - - [07/Oct/2025:22:09:53 +0000] "POST //xmlrpc.php HTTP/1.1" 200 448 "-" "Mozilla/5.0 (Windows NT 10.0; Win64; x64) AppleWebKit/537.36 (KHTML, like Gecko) Chrome/78.0.3904.108 Safari/537.36"
45.149.173.195 - - [07/Oct/2025:22:09:55 +0000] "POST //xmlrpc.php HTTP/1.1" 200 448 "-" "Mozilla/5.0 (Windows NT 10.0; Win64; x64) AppleWebKit/537.36 (KHTML, like Gecko) Chrome/78.0.3904.108 Safari/537.36"
45.149.173.195 - - [07/Oct/2025:22:09:57 +0000] "POST //xmlrpc.php HTTP/1.1" 200 448 "-" "Mozilla/5.0 (Windows NT 10.0; Win64; x64) AppleWebKit/537.36 (KHTML, like Gecko) Chrome/78.0.3904.108 Safari/537.36"
45.149.173.195 - - [07/Oct/2025:22:09:58 +0000] "POST //xmlrpc.php HTTP/1.1" 200 448 "-" "Mozilla/5.0 (Windows NT 10.0; Win64; x64) AppleWebKit/537.36 (KHTML, like Gecko) Chrome/78.0.3904.108 Safari/537.36"
45.149.173.195 - - [07/Oct/2025:22:10:02 +0000] "POST //xmlrpc.php HTTP/1.1" 200 448 "-" "Mozilla/5.0 (Windows NT 10.0; Win64; x64) AppleWebKit/537.36 (KHTML, like Gecko) Chrome/78.0.3904.108 Safari/537.36"
203.161.56.247 - - [07/Oct/2025:22:10:06 +0000] "POST /wp-cron.php?doing_wp_cron=1759875006.3930830955505371093750 HTTP/1.1" 200 - "-" "WordPress/6.8.3; https://localklescort.com"
45.149.173.195 - - [07/Oct/2025:22:10:04 +0000] "POST //xmlrpc.php HTTP/1.1" 200 448 "-" "Mozilla/5.0 (Windows NT 10.0; Win64; x64) AppleWebKit/537.36 (KHTML, like Gecko) Chrome/78.0.3904.108 Safari/537.36"
45.149.173.195 - - [07/Oct/2025:22:10:06 +0000] "POST //xmlrpc.php HTTP/1.1" 200 448 "-" "Mozilla/5.0 (Windows NT 10.0; Win64; x64) AppleWebKit/537.36 (KHTML, like Gecko) Chrome/78.0.3904.108 Safari/537.36"
45.149.173.195 - - [07/Oct/2025:22:10:12 +0000] "POST //xmlrpc.php HTTP/1.1" 200 448 "-" "Mozilla/5.0 (Windows NT 10.0; Win64; x64) AppleWebKit/537.36 (KHTML, like Gecko) Chrome/78.0.3904.108 Safari/537.36"
45.149.173.195 - - [07/Oct/2025:22:10:14 +0000] "POST //xmlrpc.php HTTP/1.1" 200 448 "-" "Mozilla/5.0 (Windows NT 10.0; Win64; x64) AppleWebKit/537.36 (KHTML, like Gecko) Chrome/78.0.3904.108 Safari/537.36"
45.149.173.195 - - [07/Oct/2025:22:10:15 +0000] "POST //xmlrpc.php HTTP/1.1" 200 448 "-" "Mozilla/5.0 (Windows NT 10.0; Win64; x64) AppleWebKit/537.36 (KHTML, like Gecko) Chrome/78.0.3904.108 Safari/537.36"
45.149.173.195 - - [07/Oct/2025:22:10:17 +0000] "POST //xmlrpc.php HTTP/1.1" 200 448 "-" "Mozilla/5.0 (Windows NT 10.0; Win64; x64) AppleWebKit/537.36 (KHTML, like Gecko) Chrome/78.0.3904.108 Safari/537.36"
45.149.173.195 - - [07/Oct/2025:22:10:19 +0000] "POST //xmlrpc.php HTTP/1.1" 200 448 "-" "Mozilla/5.0 (Windows NT 10.0; Win64; x64) AppleWebKit/537.36 (KHTML, like Gecko) Chrome/78.0.3904.108 Safari/537.36"
45.149.173.195 - - [07/Oct/2025:22:10:20 +0000] "POST //xmlrpc.php HTTP/1.1" 200 448 "-" "Mozilla/5.0 (Windows NT 10.0; Win64; x64) AppleWebKit/537.36 (KHTML, like Gecko) Chrome/78.0.3904.108 Safari/537.36"
45.149.173.195 - - [07/Oct/2025:22:10:22 +0000] "POST //xmlrpc.php HTTP/1.1" 200 448 "-" "Mozilla/5.0 (Windows NT 10.0; Win64; x64) AppleWebKit/537.36 (KHTML, like Gecko) Chrome/78.0.3904.108 Safari/537.36"
45.149.173.195 - - [07/Oct/2025:22:10:29 +0000] "POST //xmlrpc.php HTTP/1.1" 200 448 "-" "Mozilla/5.0 (Windows NT 10.0; Win64; x64) AppleWebKit/537.36 (KHTML, like Gecko) Chrome/78.0.3904.108 Safari/537.36"
45.149.173.195 - - [07/Oct/2025:22:10:31 +0000] "POST //xmlrpc.php HTTP/1.1" 200 448 "-" "Mozilla/5.0 (Windows NT 10.0; Win64; x64) AppleWebKit/537.36 (KHTML, like Gecko) Chrome/78.0.3904.108 Safari/537.36"
45.149.173.195 - - [07/Oct/2025:22:10:33 +0000] "POST //xmlrpc.php HTTP/1.1" 200 448 "-" "Mozilla/5.0 (Windows NT 10.0; Win64; x64) AppleWebKit/537.36 (KHTML, like Gecko) Chrome/78.0.3904.108 Safari/537.36"
45.149.173.195 - - [07/Oct/2025:22:10:35 +0000] "POST //xmlrpc.php HTTP/1.1" 200 448 "-" "Mozilla/5.0 (Windows NT 10.0; Win64; x64) AppleWebKit/537.36 (KHTML, like Gecko) Chrome/78.0.3904.108 Safari/537.36"
203.161.56.247 - - [07/Oct/2025:22:10:39 +0000] "POST /wp-cron.php?doing_wp_cron=1759875039.3895618915557861328125 HTTP/1.1" 200 - "-" "WordPress/6.8.3; https://localklescort.com"
45.149.173.195 - - [07/Oct/2025:22:10:37 +0000] "POST //xmlrpc.php HTTP/1.1" 200 448 "-" "Mozilla/5.0 (Windows NT 10.0; Win64; x64) AppleWebKit/537.36 (KHTML, like Gecko) Chrome/78.0.3904.108 Safari/537.36"
45.149.173.195 - - [07/Oct/2025:22:10:40 +0000] "POST //xmlrpc.php HTTP/1.1" 200 448 "-" "Mozilla/5.0 (Windows NT 10.0; Win64; x64) AppleWebKit/537.36 (KHTML, like Gecko) Chrome/78.0.3904.108 Safari/537.36"
45.149.173.195 - - [07/Oct/2025:22:10:42 +0000] "POST //xmlrpc.php HTTP/1.1" 200 448 "-" "Mozilla/5.0 (Windows NT 10.0; Win64; x64) AppleWebKit/537.36 (KHTML, like Gecko) Chrome/78.0.3904.108 Safari/537.36"
45.149.173.195 - - [07/Oct/2025:22:10:44 +0000] "POST //xmlrpc.php HTTP/1.1" 200 448 "-" "Mozilla/5.0 (Windows NT 10.0; Win64; x64) AppleWebKit/537.36 (KHTML, like Gecko) Chrome/78.0.3904.108 Safari/537.36"
45.149.173.195 - - [07/Oct/2025:22:10:46 +0000] "POST //xmlrpc.php HTTP/1.1" 200 448 "-" "Mozilla/5.0 (Windows NT 10.0; Win64; x64) AppleWebKit/537.36 (KHTML, like Gecko) Chrome/78.0.3904.108 Safari/537.36"
203.161.56.247 - - [07/Oct/2025:22:10:52 +0000] "POST /wp-cron.php?doing_wp_cron=1759875052.9196650981903076171875 HTTP/1.1" 200 - "-" "WordPress/6.8.3; https://localklescort.com"
45.149.173.195 - - [07/Oct/2025:22:10:51 +0000] "POST //xmlrpc.php HTTP/1.1" 200 448 "-" "Mozilla/5.0 (Windows NT 10.0; Win64; x64) AppleWebKit/537.36 (KHTML, like Gecko) Chrome/78.0.3904.108 Safari/537.36"
45.149.173.195 - - [07/Oct/2025:22:10:53 +0000] "POST //xmlrpc.php HTTP/1.1" 200 448 "-" "Mozilla/5.0 (Windows NT 10.0; Win64; x64) AppleWebKit/537.36 (KHTML, like Gecko) Chrome/78.0.3904.108 Safari/537.36"
45.149.173.195 - - [07/Oct/2025:22:10:58 +0000] "POST //xmlrpc.php HTTP/1.1" 200 448 "-" "Mozilla/5.0 (Windows NT 10.0; Win64; x64) AppleWebKit/537.36 (KHTML, like Gecko) Chrome/78.0.3904.108 Safari/537.36"
45.149.173.195 - - [07/Oct/2025:22:11:01 +0000] "POST //xmlrpc.php HTTP/1.1" 200 448 "-" "Mozilla/5.0 (Windows NT 10.0; Win64; x64) AppleWebKit/537.36 (KHTML, like Gecko) Chrome/78.0.3904.108 Safari/537.36"
203.161.56.247 - - [07/Oct/2025:22:11:05 +0000] "POST /wp-cron.php?doing_wp_cron=1759875065.3903150558471679687500 HTTP/1.1" 200 - "-" "WordPress/6.8.3; https://localklescort.com"
45.149.173.195 - - [07/Oct/2025:22:11:03 +0000] "POST //xmlrpc.php HTTP/1.1" 200 448 "-" "Mozilla/5.0 (Windows NT 10.0; Win64; x64) AppleWebKit/537.36 (KHTML, like Gecko) Chrome/78.0.3904.108 Safari/537.36"
45.149.173.195 - - [07/Oct/2025:22:11:05 +0000] "POST //xmlrpc.php HTTP/1.1" 200 448 "-" "Mozilla/5.0 (Windows NT 10.0; Win64; x64) AppleWebKit/537.36 (KHTML, like Gecko) Chrome/78.0.3904.108 Safari/537.36"
45.149.173.195 - - [07/Oct/2025:22:11:07 +0000] "POST //xmlrpc.php HTTP/1.1" 200 448 "-" "Mozilla/5.0 (Windows NT 10.0; Win64; x64) AppleWebKit/537.36 (KHTML, like Gecko) Chrome/78.0.3904.108 Safari/537.36"
45.149.173.195 - - [07/Oct/2025:22:11:09 +0000] "POST //xmlrpc.php HTTP/1.1" 200 448 "-" "Mozilla/5.0 (Windows NT 10.0; Win64; x64) AppleWebKit/537.36 (KHTML, like Gecko) Chrome/78.0.3904.108 Safari/537.36"
45.149.173.195 - - [07/Oct/2025:22:11:11 +0000] "POST //xmlrpc.php HTTP/1.1" 200 448 "-" "Mozilla/5.0 (Windows NT 10.0; Win64; x64) AppleWebKit/537.36 (KHTML, like Gecko) Chrome/78.0.3904.108 Safari/537.36"
45.149.173.195 - - [07/Oct/2025:22:11:16 +0000] "POST //xmlrpc.php HTTP/1.1" 200 448 "-" "Mozilla/5.0 (Windows NT 10.0; Win64; x64) AppleWebKit/537.36 (KHTML, like Gecko) Chrome/78.0.3904.108 Safari/537.36"
45.149.173.195 - - [07/Oct/2025:22:11:18 +0000] "POST //xmlrpc.php HTTP/1.1" 200 448 "-" "Mozilla/5.0 (Windows NT 10.0; Win64; x64) AppleWebKit/537.36 (KHTML, like Gecko) Chrome/78.0.3904.108 Safari/537.36"
45.149.173.195 - - [07/Oct/2025:22:11:21 +0000] "POST //xmlrpc.php HTTP/1.1" 200 448 "-" "Mozilla/5.0 (Windows NT 10.0; Win64; x64) AppleWebKit/537.36 (KHTML, like Gecko) Chrome/78.0.3904.108 Safari/537.36"
45.149.173.195 - - [07/Oct/2025:22:11:23 +0000] "POST //xmlrpc.php HTTP/1.1" 200 448 "-" "Mozilla/5.0 (Windows NT 10.0; Win64; x64) AppleWebKit/537.36 (KHTML, like Gecko) Chrome/78.0.3904.108 Safari/537.36"
45.149.173.195 - - [07/Oct/2025:22:11:25 +0000] "POST //xmlrpc.php HTTP/1.1" 200 448 "-" "Mozilla/5.0 (Windows NT 10.0; Win64; x64) AppleWebKit/537.36 (KHTML, like Gecko) Chrome/78.0.3904.108 Safari/537.36"
45.149.173.195 - - [07/Oct/2025:22:11:27 +0000] "POST //xmlrpc.php HTTP/1.1" 200 448 "-" "Mozilla/5.0 (Windows NT 10.0; Win64; x64) AppleWebKit/537.36 (KHTML, like Gecko) Chrome/78.0.3904.108 Safari/537.36"
45.149.173.195 - - [07/Oct/2025:22:11:29 +0000] "POST //xmlrpc.php HTTP/1.1" 200 448 "-" "Mozilla/5.0 (Windows NT 10.0; Win64; x64) AppleWebKit/537.36 (KHTML, like Gecko) Chrome/78.0.3904.108 Safari/537.36"
77.75.76.160 - - [07/Oct/2025:22:17:21 +0000] "GET /wp-content/uploads/2023/05/Yumi-3-local-kl-escorts.jpg HTTP/1.1" 200 135970 "-" "Mozilla/5.0 (compatible; SeznamBot/4.0; +https://o-seznam.cz/napoveda/vyhledavani/en/seznambot-crawler/)"
17.241.75.182 - - [07/Oct/2025:22:22:44 +0000] "GET /wp-content/uploads/2023/05/KiKo-4-local-kl-escorts-247x296.jpg HTTP/1.1" 200 14026 "-" "Mozilla/5.0 (Macintosh; Intel Mac OS X 10_15_7) AppleWebKit/605.1.15 (KHTML, like Gecko) Version/17.4 Safari/605.1.15 (Applebot/0.1; +http://www.apple.com/go/applebot)"
114.119.154.67 - - [07/Oct/2025:22:27:34 +0000] "GET /wp-content/uploads/2023/05/Shida-4-local-kl-escorts-247x296.jpg HTTP/1.1" 200 13737 "https://localklescort.com/kl-escort-gallery/shida-local-kl-escort/" "Mozilla/5.0 (Linux; Android 7.0;) AppleWebKit/537.36 (KHTML, like Gecko) Mobile Safari/537.36 (compatible; PetalBot;+https://webmaster.petalsearch.com/site/petalbot)"
203.161.56.247 - - [07/Oct/2025:22:29:16 +0000] "POST /wp-cron.php?doing_wp_cron=1759876156.2090198993682861328125 HTTP/1.1" 200 - "-" "WordPress/6.8.3; https://localklescort.com"
57.141.0.68 - - [07/Oct/2025:22:29:14 +0000] "GET /wp-content/uploads/2023/05/Summer-1-local-kl-escorts-247x296.jpg HTTP/1.1" 404 100557 "-" "meta-externalagent/1.1 (+https://developers.facebook.com/docs/sharing/webmasters/crawler)"
17.241.75.104 - - [07/Oct/2025:22:29:30 +0000] "GET /wp-content/uploads/2023/05/KiKo-6-local-kl-escorts.jpg HTTP/1.1" 200 174197 "-" "Mozilla/5.0 (Macintosh; Intel Mac OS X 10_15_7) AppleWebKit/605.1.15 (KHTML, like Gecko) Version/17.4 Safari/605.1.15 (Applebot/0.1; +http://www.apple.com/go/applebot)"
34.147.145.240 - - [07/Oct/2025:22:31:58 +0000] "GET /wp-login.php HTTP/1.1" 200 4395 "-" "Mozilla/5.0 (Windows NT 10.0; Win64; x64) AppleWebKit/537.36 (KHTML, like Gecko) Chrome/120.0.0.0 Safari/537.36"
203.161.56.247 - - [07/Oct/2025:22:37:13 +0000] "POST /wp-cron.php?doing_wp_cron=1759876633.9690248966217041015625 HTTP/1.1" 200 - "-" "WordPress/6.8.3; https://localklescort.com"
67.205.34.113 - - [07/Oct/2025:22:37:12 +0000] "POST /xmlrpc.php HTTP/1.1" 200 248 "-" "Mozilla/5.0 (X11; Ubuntu; Linux x86_64; rv:85.0) Gecko/20100101 Firefox/91.0"
17.241.75.120 - - [07/Oct/2025:22:40:16 +0000] "GET /wp-content/uploads/2023/05/Honey-1-local-kl-escorts-247x296.jpg HTTP/1.1" 200 14945 "-" "Mozilla/5.0 (Macintosh; Intel Mac OS X 10_15_7) AppleWebKit/605.1.15 (KHTML, like Gecko) Version/17.4 Safari/605.1.15 (Applebot/0.1; +http://www.apple.com/go/applebot)"
156.242.34.57 - - [07/Oct/2025:22:41:12 +0000] "GET /wp-login.php HTTP/1.1" 200 2338 "-" "Mozilla/5.0 (Macintosh; Intel Mac OS X 13_5) AppleWebKit/605.1.15 (KHTML, like Gecko) Version/17.5 Safari/605.1.15"
54.225.148.123 - - [07/Oct/2025:22:41:30 +0000] "GET /robots.txt HTTP/1.1" 200 170 "-" "Mozilla/5.0 AppleWebKit/537.36 (KHTML, like Gecko; compatible; Amazonbot/0.1; +https://developer.amazon.com/support/amazonbot) Chrome/119.0.6045.214 Safari/537.36"
44.215.235.20 - - [07/Oct/2025:22:41:39 +0000] "GET /all-kl-escort-girls/klcc-escort/ HTTP/1.1" 200 29587 "-" "Mozilla/5.0 AppleWebKit/537.36 (KHTML, like Gecko; compatible; Amazonbot/0.1; +https://developer.amazon.com/support/amazonbot) Chrome/119.0.6045.214 Safari/537.36"
3.220.70.171 - - [07/Oct/2025:22:41:40 +0000] "GET /kl-escort-gallery/bella-local-kl-escort/ HTTP/1.1" 200 36265 "-" "Mozilla/5.0 AppleWebKit/537.36 (KHTML, like Gecko; compatible; Amazonbot/0.1; +https://developer.amazon.com/support/amazonbot) Chrome/119.0.6045.214 Safari/537.36"
20.253.155.235 - - [07/Oct/2025:22:43:52 +0000] "GET /wp-login.php HTTP/1.1" 200 4394 "-" "Mozilla/5.0 (Macintosh; Intel Mac OS X 10_11_6) AppleWebKit/537.36 (KHTML, like Gecko) Chrome/65.0.3325.181 Safari/537.36"
20.253.155.235 - - [07/Oct/2025:22:43:56 +0000] "POST /wp-login.php HTTP/1.1" 200 4394 "https://localklescort.com/wp-login.php" "Mozilla/5.0 (Macintosh; Intel Mac OS X 10_11_6) AppleWebKit/537.36 (KHTML, like Gecko) Chrome/65.0.3325.181 Safari/537.36"
203.161.56.247 - - [07/Oct/2025:22:44:10 +0000] "POST /wp-cron.php?doing_wp_cron=1759877050.3445100784301757812500 HTTP/1.1" 200 - "-" "WordPress/6.8.3; https://localklescort.com"
216.73.216.131 - - [07/Oct/2025:22:44:08 +0000] "GET /robots.txt HTTP/1.1" 200 170 "-" "Mozilla/5.0 AppleWebKit/537.36 (KHTML, like Gecko; compatible; ClaudeBot/1.0; +claudebot@anthropic.com)"
216.73.216.131 - - [07/Oct/2025:22:44:10 +0000] "GET /video-sitemap.xml HTTP/1.1" 200 346 "-" "Mozilla/5.0 AppleWebKit/537.36 (KHTML, like Gecko; compatible; ClaudeBot/1.0; +claudebot@anthropic.com)"
203.161.56.247 - - [07/Oct/2025:22:46:47 +0000] "POST /wp-cron.php?doing_wp_cron=1759877207.9581449031829833984375 HTTP/1.1" 200 - "-" "WordPress/6.8.3; https://localklescort.com"
66.249.74.39 - - [07/Oct/2025:22:46:45 +0000] "GET /robots.txt HTTP/1.1" 200 170 "-" "Mozilla/5.0 (compatible; Googlebot/2.1; +http://www.google.com/bot.html)"
66.249.74.41 - - [07/Oct/2025:22:46:48 +0000] "GET /all-kl-escort-girls/bukit-bintang/ HTTP/1.1" 200 29595 "-" "Mozilla/5.0 (Linux; Android 6.0.1; Nexus 5X Build/MMB29P) AppleWebKit/537.36 (KHTML, like Gecko) Chrome/140.0.7339.207 Mobile Safari/537.36 (compatible; Googlebot/2.1; +http://www.google.com/bot.html)"
203.161.56.247 - - [07/Oct/2025:22:46:55 +0000] "POST /wp-cron.php?doing_wp_cron=1759877215.8902490139007568359375 HTTP/1.1" 200 - "-" "WordPress/6.8.3; https://localklescort.com"
66.249.74.39 - - [07/Oct/2025:22:46:55 +0000] "GET /wp-content/themes/flatsome/assets/css/effects.css?ver=3.20.1 HTTP/1.1" 200 293 "https://localklescort.com/all-kl-escort-girls/bukit-bintang/" "Mozilla/5.0 (Linux; Android 6.0.1; Nexus 5X Build/MMB29P) AppleWebKit/537.36 (KHTML, like Gecko) Chrome/139.0.7258.127 Mobile Safari/537.36 (compatible; Googlebot/2.1; +http://www.google.com/bot.html)"
216.73.216.131 - - [07/Oct/2025:22:46:54 +0000] "GET /sitemap.xml HTTP/1.1" 200 495 "-" "Mozilla/5.0 AppleWebKit/537.36 (KHTML, like Gecko; compatible; ClaudeBot/1.0; +claudebot@anthropic.com)"
66.249.74.39 - - [07/Oct/2025:22:46:56 +0000] "GET /wp-includes/js/dist/hooks.min.js?ver=4d63a3d491d11ffd8ac6 HTTP/1.1" 200 1648 "https://localklescort.com/all-kl-escort-girls/bukit-bintang/" "Mozilla/5.0 (Linux; Android 6.0.1; Nexus 5X Build/MMB29P) AppleWebKit/537.36 (KHTML, like Gecko) Chrome/139.0.7258.127 Mobile Safari/537.36 (compatible; Googlebot/2.1; +http://www.google.com/bot.html)"
66.249.74.40 - - [07/Oct/2025:22:46:56 +0000] "GET /wp-includes/js/jquery/ui/slider.min.js?ver=1.13.3 HTTP/1.1" 200 3138 "https://localklescort.com/all-kl-escort-girls/bukit-bintang/" "Mozilla/5.0 (Linux; Android 6.0.1; Nexus 5X Build/MMB29P) AppleWebKit/537.36 (KHTML, like Gecko) Chrome/139.0.7258.127 Mobile Safari/537.36 (compatible; Googlebot/2.1; +http://www.google.com/bot.html)"
203.161.56.247 - - [07/Oct/2025:22:49:11 +0000] "POST /wp-cron.php?doing_wp_cron=1759877351.4520330429077148437500 HTTP/1.1" 200 - "-" "WordPress/6.8.3; https://localklescort.com"
216.73.216.131 - - [07/Oct/2025:22:49:09 +0000] "GET /video-sitemap.xml HTTP/1.1" 200 346 "-" "Mozilla/5.0 AppleWebKit/537.36 (KHTML, like Gecko; compatible; ClaudeBot/1.0; +claudebot@anthropic.com)"
203.161.56.247 - - [07/Oct/2025:22:56:57 +0000] "POST /wp-cron.php?doing_wp_cron=1759877817.2966630458831787109375 HTTP/1.1" 200 - "-" "WordPress/6.8.3; https://localklescort.com"
18.204.89.56 - - [07/Oct/2025:22:56:55 +0000] "GET /kl-escort-angel-category/local-malay-girls/ HTTP/1.1" 404 26954 "-" "Mozilla/5.0 AppleWebKit/537.36 (KHTML, like Gecko; compatible; Amazonbot/0.1; +https://developer.amazon.com/support/amazonbot) Chrome/119.0.6045.214 Safari/537.36"
203.161.56.247 - - [07/Oct/2025:23:04:09 +0000] "POST /wp-cron.php?doing_wp_cron=1759878249.3074939250946044921875 HTTP/1.1" 200 - "-" "WordPress/6.8.3; https://localklescort.com"
142.44.233.176 - - [07/Oct/2025:23:04:07 +0000] "GET /sitemap.rss HTTP/1.1" 200 1840 "-" "Mozilla/5.0 (compatible; AhrefsBot/7.0; +http://ahrefs.com/robot/)"
203.161.56.247 - - [07/Oct/2025:23:23:47 +0000] "POST /wp-cron.php?doing_wp_cron=1759879427.4139881134033203125000 HTTP/1.1" 200 - "-" "WordPress/6.8.3; https://localklescort.com"
3.229.248.49 - - [07/Oct/2025:23:23:45 +0000] "GET / HTTP/1.1" 200 35577 "-" "Mozilla/5.0 (iPhone; CPU iPhone OS 14_4 like Mac OS X) AppleWebKit/605.1.15 (KHTML, like Gecko) Version/15.4 Mobile/15E148 Safari/604.1"
3.229.248.49 - - [07/Oct/2025:23:23:48 +0000] "GET /wp-content/plugins/contact-form-7/includes/css/styles.css?ver=6.1.1 HTTP/1.1" 200 1031 "https://localklescort.com/" "Mozilla/5.0 (iPhone; CPU iPhone OS 14_4 like Mac OS X) AppleWebKit/605.1.15 (KHTML, like Gecko) Version/15.4 Mobile/15E148 Safari/604.1"
3.229.248.49 - - [07/Oct/2025:23:23:48 +0000] "GET /wp-content/plugins/easy-video-player/lib/plyr.css?ver=6.8.3 HTTP/1.1" 200 5279 "https://localklescort.com/" "Mozilla/5.0 (iPhone; CPU iPhone OS 14_4 like Mac OS X) AppleWebKit/605.1.15 (KHTML, like Gecko) Version/15.4 Mobile/15E148 Safari/604.1"
3.229.248.49 - - [07/Oct/2025:23:23:48 +0000] "GET /wp-content/themes/flatsome-child/style.css?ver=3.0 HTTP/1.1" 200 211 "https://localklescort.com/" "Mozilla/5.0 (iPhone; CPU iPhone OS 14_4 like Mac OS X) AppleWebKit/605.1.15 (KHTML, like Gecko) Version/15.4 Mobile/15E148 Safari/604.1"
3.229.248.49 - - [07/Oct/2025:23:23:48 +0000] "GET /wp-content/themes/flatsome/assets/css/flatsome-shop.css?ver=3.20.1 HTTP/1.1" 200 7098 "https://localklescort.com/" "Mozilla/5.0 (iPhone; CPU iPhone OS 14_4 like Mac OS X) AppleWebKit/605.1.15 (KHTML, like Gecko) Version/15.4 Mobile/15E148 Safari/604.1"
3.229.248.49 - - [07/Oct/2025:23:23:48 +0000] "GET /wp-content/plugins/woocommerce/assets/css/brands.css?ver=10.2.1 HTTP/1.1" 200 684 "https://localklescort.com/" "Mozilla/5.0 (iPhone; CPU iPhone OS 14_4 like Mac OS X) AppleWebKit/605.1.15 (KHTML, like Gecko) Version/15.4 Mobile/15E148 Safari/604.1"
3.229.248.49 - - [07/Oct/2025:23:23:48 +0000] "GET /wp-content/themes/flatsome/assets/css/flatsome.css?ver=3.20.1 HTTP/1.1" 200 30262 "https://localklescort.com/" "Mozilla/5.0 (iPhone; CPU iPhone OS 14_4 like Mac OS X) AppleWebKit/605.1.15 (KHTML, like Gecko) Version/15.4 Mobile/15E148 Safari/604.1"
3.229.248.49 - - [07/Oct/2025:23:23:48 +0000] "GET /wp-content/plugins/easy-video-player/lib/plyr.js?ver=6.8.3 HTTP/1.1" 200 31770 "https://localklescort.com/" "Mozilla/5.0 (iPhone; CPU iPhone OS 14_4 like Mac OS X) AppleWebKit/605.1.15 (KHTML, like Gecko) Version/15.4 Mobile/15E148 Safari/604.1"
3.229.248.49 - - [07/Oct/2025:23:23:48 +0000] "GET /wp-includes/js/jquery/jquery.min.js?ver=3.7.1 HTTP/1.1" 200 30368 "https://localklescort.com/" "Mozilla/5.0 (iPhone; CPU iPhone OS 14_4 like Mac OS X) AppleWebKit/605.1.15 (KHTML, like Gecko) Version/15.4 Mobile/15E148 Safari/604.1"
3.229.248.49 - - [07/Oct/2025:23:23:48 +0000] "GET /wp-includes/js/jquery/jquery-migrate.min.js?ver=3.4.1 HTTP/1.1" 200 4872 "https://localklescort.com/" "Mozilla/5.0 (iPhone; CPU iPhone OS 14_4 like Mac OS X) AppleWebKit/605.1.15 (KHTML, like Gecko) Version/15.4 Mobile/15E148 Safari/604.1"
3.229.248.49 - - [07/Oct/2025:23:23:48 +0000] "GET /wp-content/plugins/woocommerce/assets/js/jquery-blockui/jquery.blockUI.min.js?ver=2.7.0-wc.10.2.1 HTTP/1.1" 200 3537 "https://localklescort.com/" "Mozilla/5.0 (iPhone; CPU iPhone OS 14_4 like Mac OS X) AppleWebKit/605.1.15 (KHTML, like Gecko) Version/15.4 Mobile/15E148 Safari/604.1"
3.229.248.49 - - [07/Oct/2025:23:23:48 +0000] "GET /wp-content/plugins/woocommerce/assets/js/js-cookie/js.cookie.min.js?ver=2.1.4-wc.10.2.1 HTTP/1.1" 200 833 "https://localklescort.com/" "Mozilla/5.0 (iPhone; CPU iPhone OS 14_4 like Mac OS X) AppleWebKit/605.1.15 (KHTML, like Gecko) Version/15.4 Mobile/15E148 Safari/604.1"
3.229.248.49 - - [07/Oct/2025:23:23:48 +0000] "GET /wp-content/themes/flatsome/assets/css/effects.css?ver=3.20.1 HTTP/1.1" 200 293 "https://localklescort.com/" "Mozilla/5.0 (iPhone; CPU iPhone OS 14_4 like Mac OS X) AppleWebKit/605.1.15 (KHTML, like Gecko) Version/15.4 Mobile/15E148 Safari/604.1"
3.229.248.49 - - [07/Oct/2025:23:23:48 +0000] "GET /wp-content/plugins/woocommerce/assets/client/blocks/wc-blocks.css?ver=wc-10.2.1 HTTP/1.1" 200 2618 "https://localklescort.com/" "Mozilla/5.0 (iPhone; CPU iPhone OS 14_4 like Mac OS X) AppleWebKit/605.1.15 (KHTML, like Gecko) Version/15.4 Mobile/15E148 Safari/604.1"
3.229.248.49 - - [07/Oct/2025:23:23:48 +0000] "GET /wp-includes/js/dist/hooks.min.js?ver=4d63a3d491d11ffd8ac6 HTTP/1.1" 200 1648 "https://localklescort.com/" "Mozilla/5.0 (iPhone; CPU iPhone OS 14_4 like Mac OS X) AppleWebKit/605.1.15 (KHTML, like Gecko) Version/15.4 Mobile/15E148 Safari/604.1"
3.229.248.49 - - [07/Oct/2025:23:23:48 +0000] "GET /wp-content/plugins/creame-whatsapp-me/public/css/joinchat-btn.min.css?ver=6.0.8 HTTP/1.1" 200 2304 "https://localklescort.com/" "Mozilla/5.0 (iPhone; CPU iPhone OS 14_4 like Mac OS X) AppleWebKit/605.1.15 (KHTML, like Gecko) Version/15.4 Mobile/15E148 Safari/604.1"
3.229.248.49 - - [07/Oct/2025:23:23:48 +0000] "GET /wp-content/plugins/contact-form-7/includes/swv/js/index.js?ver=6.1.1 HTTP/1.1" 200 3503 "https://localklescort.com/" "Mozilla/5.0 (iPhone; CPU iPhone OS 14_4 like Mac OS X) AppleWebKit/605.1.15 (KHTML, like Gecko) Version/15.4 Mobile/15E148 Safari/604.1"
3.229.248.49 - - [07/Oct/2025:23:23:48 +0000] "GET /wp-includes/js/dist/i18n.min.js?ver=5e580eb46a90c2b997e6 HTTP/1.1" 200 3667 "https://localklescort.com/" "Mozilla/5.0 (iPhone; CPU iPhone OS 14_4 like Mac OS X) AppleWebKit/605.1.15 (KHTML, like Gecko) Version/15.4 Mobile/15E148 Safari/604.1"
3.229.248.49 - - [07/Oct/2025:23:23:48 +0000] "GET /wp-content/themes/flatsome/assets/css/icons/fl-icons.woff2?v=3.20.1 HTTP/1.1" 200 7583 "https://localklescort.com/" "Mozilla/5.0 (iPhone; CPU iPhone OS 14_4 like Mac OS X) AppleWebKit/605.1.15 (KHTML, like Gecko) Version/15.4 Mobile/15E148 Safari/604.1"
3.229.248.49 - - [07/Oct/2025:23:23:48 +0000] "GET /wp-content/fonts/lato/S6uyw4BMUTPHjx4wXg.woff2 HTTP/1.1" 200 23577 "https://localklescort.com/" "Mozilla/5.0 (iPhone; CPU iPhone OS 14_4 like Mac OS X) AppleWebKit/605.1.15 (KHTML, like Gecko) Version/15.4 Mobile/15E148 Safari/604.1"
3.229.248.49 - - [07/Oct/2025:23:23:48 +0000] "GET /wp-content/uploads/2023/02/kl-escort-angel-logo.png HTTP/1.1" 200 20521 "https://localklescort.com/" "Mozilla/5.0 (iPhone; CPU iPhone OS 14_4 like Mac OS X) AppleWebKit/605.1.15 (KHTML, like Gecko) Version/15.4 Mobile/15E148 Safari/604.1"
3.229.248.49 - - [07/Oct/2025:23:23:48 +0000] "GET /wp-content/plugins/contact-form-7/includes/js/index.js?ver=6.1.1 HTTP/1.1" 200 4265 "https://localklescort.com/" "Mozilla/5.0 (iPhone; CPU iPhone OS 14_4 like Mac OS X) AppleWebKit/605.1.15 (KHTML, like Gecko) Version/15.4 Mobile/15E148 Safari/604.1"
3.229.248.49 - - [07/Oct/2025:23:23:48 +0000] "GET /wp-content/plugins/woocommerce/assets/js/frontend/woocommerce.min.js?ver=10.2.1 HTTP/1.1" 200 1474 "https://localklescort.com/" "Mozilla/5.0 (iPhone; CPU iPhone OS 14_4 like Mac OS X) AppleWebKit/605.1.15 (KHTML, like Gecko) Version/15.4 Mobile/15E148 Safari/604.1"
3.229.248.49 - - [07/Oct/2025:23:23:48 +0000] "GET /wp-content/fonts/dancing-script/If2cXTr6YS-zF4S-kcSWSVi_sxjsohD9F50Ruu7BMSo3Sup8.woff2 HTTP/1.1" 200 23824 "https://localklescort.com/" "Mozilla/5.0 (iPhone; CPU iPhone OS 14_4 like Mac OS X) AppleWebKit/605.1.15 (KHTML, like Gecko) Version/15.4 Mobile/15E148 Safari/604.1"
3.229.248.49 - - [07/Oct/2025:23:23:48 +0000] "GET /wp-content/uploads/2023/02/local-kl-escort-banner-1.jpg HTTP/1.1" 200 144054 "https://localklescort.com/" "Mozilla/5.0 (iPhone; CPU iPhone OS 14_4 like Mac OS X) AppleWebKit/605.1.15 (KHTML, like Gecko) Version/15.4 Mobile/15E148 Safari/604.1"
3.229.248.49 - - [07/Oct/2025:23:23:48 +0000] "GET /wp-content/fonts/lato/S6u9w4BMUTPHh6UVSwiPGQ.woff2 HTTP/1.1" 200 23037 "https://localklescort.com/" "Mozilla/5.0 (iPhone; CPU iPhone OS 14_4 like Mac OS X) AppleWebKit/605.1.15 (KHTML, like Gecko) Version/15.4 Mobile/15E148 Safari/604.1"
3.229.248.49 - - [07/Oct/2025:23:23:48 +0000] "GET /wp-content/uploads/2023/05/Apple-1-local-kl-escorts-247x296.jpg HTTP/1.1" 200 13596 "https://localklescort.com/" "Mozilla/5.0 (iPhone; CPU iPhone OS 14_4 like Mac OS X) AppleWebKit/605.1.15 (KHTML, like Gecko) Version/15.4 Mobile/15E148 Safari/604.1"
3.229.248.49 - - [07/Oct/2025:23:23:48 +0000] "GET /wp-content/uploads/2024/09/Crystal-1-local-kl-escorts-247x296.jpg HTTP/1.1" 200 12904 "https://localklescort.com/" "Mozilla/5.0 (iPhone; CPU iPhone OS 14_4 like Mac OS X) AppleWebKit/605.1.15 (KHTML, like Gecko) Version/15.4 Mobile/15E148 Safari/604.1"
3.229.248.49 - - [07/Oct/2025:23:23:48 +0000] "GET /wp-content/themes/flatsome/assets/img/effects/sparkle1.png HTTP/1.1" 200 2287 "https://localklescort.com/wp-content/themes/flatsome/assets/css/effects.css?ver=3.20.1" "Mozilla/5.0 (iPhone; CPU iPhone OS 14_4 like Mac OS X) AppleWebKit/605.1.15 (KHTML, like Gecko) Version/15.4 Mobile/15E148 Safari/604.1"
3.229.248.49 - - [07/Oct/2025:23:23:48 +0000] "GET /wp-content/themes/flatsome/assets/img/effects/sparkle2.png HTTP/1.1" 200 5224 "https://localklescort.com/wp-content/themes/flatsome/assets/css/effects.css?ver=3.20.1" "Mozilla/5.0 (iPhone; CPU iPhone OS 14_4 like Mac OS X) AppleWebKit/605.1.15 (KHTML, like Gecko) Version/15.4 Mobile/15E148 Safari/604.1"
3.229.248.49 - - [07/Oct/2025:23:23:48 +0000] "GET /wp-content/themes/flatsome/assets/js/extensions/flatsome-live-search.js?ver=3.20.1 HTTP/1.1" 200 4672 "https://localklescort.com/" "Mozilla/5.0 (iPhone; CPU iPhone OS 14_4 like Mac OS X) AppleWebKit/605.1.15 (KHTML, like Gecko) Version/15.4 Mobile/15E148 Safari/604.1"
3.229.248.49 - - [07/Oct/2025:23:23:48 +0000] "GET /wp-content/plugins/woocommerce/assets/js/sourcebuster/sourcebuster.min.js?ver=10.2.1 HTTP/1.1" 200 4807 "https://localklescort.com/" "Mozilla/5.0 (iPhone; CPU iPhone OS 14_4 like Mac OS X) AppleWebKit/605.1.15 (KHTML, like Gecko) Version/15.4 Mobile/15E148 Safari/604.1"
3.229.248.49 - - [07/Oct/2025:23:23:48 +0000] "GET /wp-content/plugins/woocommerce/assets/js/frontend/order-attribution.min.js?ver=10.2.1 HTTP/1.1" 200 1128 "https://localklescort.com/" "Mozilla/5.0 (iPhone; CPU iPhone OS 14_4 like Mac OS X) AppleWebKit/605.1.15 (KHTML, like Gecko) Version/15.4 Mobile/15E148 Safari/604.1"
3.229.248.49 - - [07/Oct/2025:23:23:48 +0000] "GET /wp-includes/js/hoverIntent.min.js?ver=1.10.2 HTTP/1.1" 200 706 "https://localklescort.com/" "Mozilla/5.0 (iPhone; CPU iPhone OS 14_4 like Mac OS X) AppleWebKit/605.1.15 (KHTML, like Gecko) Version/15.4 Mobile/15E148 Safari/604.1"
3.229.248.49 - - [07/Oct/2025:23:23:48 +0000] "GET /wp-content/themes/flatsome/assets/js/woocommerce.js?ver=1c9be63d628ff7c3ff4c HTTP/1.1" 200 8306 "https://localklescort.com/" "Mozilla/5.0 (iPhone; CPU iPhone OS 14_4 like Mac OS X) AppleWebKit/605.1.15 (KHTML, like Gecko) Version/15.4 Mobile/15E148 Safari/604.1"
3.229.248.49 - - [07/Oct/2025:23:23:48 +0000] "GET /wp-content/themes/flatsome/assets/js/flatsome.js?ver=22889b626eb7ec03b5a4 HTTP/1.1" 200 19170 "https://localklescort.com/" "Mozilla/5.0 (iPhone; CPU iPhone OS 14_4 like Mac OS X) AppleWebKit/605.1.15 (KHTML, like Gecko) Version/15.4 Mobile/15E148 Safari/604.1"
3.229.248.49 - - [07/Oct/2025:23:23:49 +0000] "GET /wp-includes/js/underscore.min.js?ver=1.13.7 HTTP/1.1" 200 7317 "https://localklescort.com/" "Mozilla/5.0 (iPhone; CPU iPhone OS 14_4 like Mac OS X) AppleWebKit/605.1.15 (KHTML, like Gecko) Version/15.4 Mobile/15E148 Safari/604.1"
3.229.248.49 - - [07/Oct/2025:23:23:49 +0000] "GET /wp-includes/js/wp-util.min.js?ver=6.8.3 HTTP/1.1" 200 756 "https://localklescort.com/" "Mozilla/5.0 (iPhone; CPU iPhone OS 14_4 like Mac OS X) AppleWebKit/605.1.15 (KHTML, like Gecko) Version/15.4 Mobile/15E148 Safari/604.1"
3.229.248.49 - - [07/Oct/2025:23:23:49 +0000] "GET /wp-content/plugins/google-analytics-for-wordpress/assets/js/frontend-gtag.min.js?ver=9.8.0 HTTP/1.1" 200 3277 "https://localklescort.com/" "Mozilla/5.0 (iPhone; CPU iPhone OS 14_4 like Mac OS X) AppleWebKit/605.1.15 (KHTML, like Gecko) Version/15.4 Mobile/15E148 Safari/604.1"
3.229.248.49 - - [07/Oct/2025:23:23:49 +0000] "GET /wp-content/plugins/woocommerce/assets/js/frontend/add-to-cart.min.js?ver=10.2.1 HTTP/1.1" 200 1368 "https://localklescort.com/" "Mozilla/5.0 (iPhone; CPU iPhone OS 14_4 like Mac OS X) AppleWebKit/605.1.15 (KHTML, like Gecko) Version/15.4 Mobile/15E148 Safari/604.1"
3.229.248.49 - - [07/Oct/2025:23:23:49 +0000] "GET /wp-content/plugins/creame-whatsapp-me/public/js/joinchat.min.js?ver=6.0.8 HTTP/1.1" 200 3372 "https://localklescort.com/" "Mozilla/5.0 (iPhone; CPU iPhone OS 14_4 like Mac OS X) AppleWebKit/605.1.15 (KHTML, like Gecko) Version/15.4 Mobile/15E148 Safari/604.1"
3.229.248.49 - - [07/Oct/2025:23:23:49 +0000] "GET /wp-content/uploads/2023/05/Alice-1-local-kl-escort-247x296.jpg HTTP/1.1" 200 14862 "https://localklescort.com/" "Mozilla/5.0 (iPhone; CPU iPhone OS 14_4 like Mac OS X) AppleWebKit/605.1.15 (KHTML, like Gecko) Version/15.4 Mobile/15E148 Safari/604.1"
3.229.248.49 - - [07/Oct/2025:23:23:49 +0000] "GET /wp-content/plugins/woocommerce/assets/js/frontend/add-to-cart-variation.min.js?ver=10.2.1 HTTP/1.1" 200 3940 "https://localklescort.com/" "Mozilla/5.0 (iPhone; CPU iPhone OS 14_4 like Mac OS X) AppleWebKit/605.1.15 (KHTML, like Gecko) Version/15.4 Mobile/15E148 Safari/604.1"
3.229.248.49 - - [07/Oct/2025:23:23:49 +0000] "GET /wp-content/uploads/2023/05/Ann-Ann-Mongolian-1-local-kl-escorts-247x296.jpg HTTP/1.1" 200 19845 "https://localklescort.com/" "Mozilla/5.0 (iPhone; CPU iPhone OS 14_4 like Mac OS X) AppleWebKit/605.1.15 (KHTML, like Gecko) Version/15.4 Mobile/15E148 Safari/604.1"
3.229.248.49 - - [07/Oct/2025:23:23:49 +0000] "GET /wp-content/uploads/2023/02/local-kl-escort-banner-2.jpg HTTP/1.1" 200 136601 "https://localklescort.com/" "Mozilla/5.0 (iPhone; CPU iPhone OS 14_4 like Mac OS X) AppleWebKit/605.1.15 (KHTML, like Gecko) Version/15.4 Mobile/15E148 Safari/604.1"
3.229.248.49 - - [07/Oct/2025:23:23:49 +0000] "GET /wp-content/uploads/2023/02/local-kl-escort-banner-3-1305x800.jpg HTTP/1.1" 200 146154 "https://localklescort.com/" "Mozilla/5.0 (iPhone; CPU iPhone OS 14_4 like Mac OS X) AppleWebKit/605.1.15 (KHTML, like Gecko) Version/15.4 Mobile/15E148 Safari/604.1"
3.229.248.49 - - [07/Oct/2025:23:23:49 +0000] "GET /wp-content/uploads/2023/01/Anna-1-local-kl-escorts-247x296.jpg HTTP/1.1" 200 14382 "https://localklescort.com/" "Mozilla/5.0 (iPhone; CPU iPhone OS 14_4 like Mac OS X) AppleWebKit/605.1.15 (KHTML, like Gecko) Version/15.4 Mobile/15E148 Safari/604.1"
3.229.248.49 - - [07/Oct/2025:23:23:49 +0000] "GET /wp-content/uploads/2023/05/Bell-1-local-kl-escorts-247x296.jpg HTTP/1.1" 200 13339 "https://localklescort.com/" "Mozilla/5.0 (iPhone; CPU iPhone OS 14_4 like Mac OS X) AppleWebKit/605.1.15 (KHTML, like Gecko) Version/15.4 Mobile/15E148 Safari/604.1"
3.229.248.49 - - [07/Oct/2025:23:23:49 +0000] "GET /wp-content/uploads/2023/05/Bella-1-local-kl-escorts-247x296.jpg HTTP/1.1" 200 11921 "https://localklescort.com/" "Mozilla/5.0 (iPhone; CPU iPhone OS 14_4 like Mac OS X) AppleWebKit/605.1.15 (KHTML, like Gecko) Version/15.4 Mobile/15E148 Safari/604.1"
3.229.248.49 - - [07/Oct/2025:23:23:49 +0000] "GET /wp-content/uploads/2023/05/Bunga-1-local-kl-escorts-247x296.jpg HTTP/1.1" 200 12727 "https://localklescort.com/" "Mozilla/5.0 (iPhone; CPU iPhone OS 14_4 like Mac OS X) AppleWebKit/605.1.15 (KHTML, like Gecko) Version/15.4 Mobile/15E148 Safari/604.1"
3.229.248.49 - - [07/Oct/2025:23:23:49 +0000] "GET /wp-content/uploads/2023/05/Diana-1-local-kl-escorts-247x296.jpg HTTP/1.1" 200 15762 "https://localklescort.com/" "Mozilla/5.0 (iPhone; CPU iPhone OS 14_4 like Mac OS X) AppleWebKit/605.1.15 (KHTML, like Gecko) Version/15.4 Mobile/15E148 Safari/604.1"
3.229.248.49 - - [07/Oct/2025:23:23:49 +0000] "GET /wp-content/uploads/2023/05/Doo-Doo-Mongolian-1-local-kl-escorts-247x296.jpg HTTP/1.1" 200 14499 "https://localklescort.com/" "Mozilla/5.0 (iPhone; CPU iPhone OS 14_4 like Mac OS X) AppleWebKit/605.1.15 (KHTML, like Gecko) Version/15.4 Mobile/15E148 Safari/604.1"
3.229.248.49 - - [07/Oct/2025:23:23:49 +0000] "GET /wp-content/uploads/2023/05/Emma-1-local-kl-escorts-247x296.jpg HTTP/1.1" 200 22751 "https://localklescort.com/" "Mozilla/5.0 (iPhone; CPU iPhone OS 14_4 like Mac OS X) AppleWebKit/605.1.15 (KHTML, like Gecko) Version/15.4 Mobile/15E148 Safari/604.1"
3.229.248.49 - - [07/Oct/2025:23:23:49 +0000] "GET /wp-content/uploads/2023/05/Honey-1-local-kl-escorts-247x296.jpg HTTP/1.1" 200 14945 "https://localklescort.com/" "Mozilla/5.0 (iPhone; CPU iPhone OS 14_4 like Mac OS X) AppleWebKit/605.1.15 (KHTML, like Gecko) Version/15.4 Mobile/15E148 Safari/604.1"
3.229.248.49 - - [07/Oct/2025:23:23:49 +0000] "GET /wp-content/uploads/2023/05/Ice-1-local-kl-escorts-247x296.jpg HTTP/1.1" 200 15451 "https://localklescort.com/" "Mozilla/5.0 (iPhone; CPU iPhone OS 14_4 like Mac OS X) AppleWebKit/605.1.15 (KHTML, like Gecko) Version/15.4 Mobile/15E148 Safari/604.1"
3.229.248.49 - - [07/Oct/2025:23:23:49 +0000] "GET /wp-content/uploads/2023/05/Fazura-1-local-kl-escorts-768x916.jpg HTTP/1.1" 200 101954 "https://localklescort.com/" "Mozilla/5.0 (iPhone; CPU iPhone OS 14_4 like Mac OS X) AppleWebKit/605.1.15 (KHTML, like Gecko) Version/15.4 Mobile/15E148 Safari/604.1"
3.229.248.49 - - [07/Oct/2025:23:23:49 +0000] "GET /wp-content/uploads/2024/09/Jessica-1-local-kl-escorts-247x296.jpg HTTP/1.1" 200 12247 "https://localklescort.com/" "Mozilla/5.0 (iPhone; CPU iPhone OS 14_4 like Mac OS X) AppleWebKit/605.1.15 (KHTML, like Gecko) Version/15.4 Mobile/15E148 Safari/604.1"
3.229.248.49 - - [07/Oct/2025:23:23:49 +0000] "GET /wp-content/uploads/2024/06/Judy-1-local-Chinese-escort-247x296.jpg HTTP/1.1" 200 15357 "https://localklescort.com/" "Mozilla/5.0 (iPhone; CPU iPhone OS 14_4 like Mac OS X) AppleWebKit/605.1.15 (KHTML, like Gecko) Version/15.4 Mobile/15E148 Safari/604.1"
3.229.248.49 - - [07/Oct/2025:23:23:49 +0000] "GET /wp-content/uploads/2023/05/KiKo-1-local-kl-escorts-247x296.jpg HTTP/1.1" 200 14675 "https://localklescort.com/" "Mozilla/5.0 (iPhone; CPU iPhone OS 14_4 like Mac OS X) AppleWebKit/605.1.15 (KHTML, like Gecko) Version/15.4 Mobile/15E148 Safari/604.1"
3.229.248.49 - - [07/Oct/2025:23:23:49 +0000] "GET /wp-content/uploads/2023/05/Le-Le-Mongolian-1-local-kl-escorts-247x296.jpg HTTP/1.1" 200 19406 "https://localklescort.com/" "Mozilla/5.0 (iPhone; CPU iPhone OS 14_4 like Mac OS X) AppleWebKit/605.1.15 (KHTML, like Gecko) Version/15.4 Mobile/15E148 Safari/604.1"
3.229.248.49 - - [07/Oct/2025:23:23:49 +0000] "GET /wp-content/uploads/2024/06/Kristin-1-kl-escort-247x296.webp HTTP/1.1" 200 14131 "https://localklescort.com/" "Mozilla/5.0 (iPhone; CPU iPhone OS 14_4 like Mac OS X) AppleWebKit/605.1.15 (KHTML, like Gecko) Version/15.4 Mobile/15E148 Safari/604.1"
3.229.248.49 - - [07/Oct/2025:23:23:49 +0000] "GET /wp-content/uploads/2024/09/Linda-1-local-kl-escorts-247x296.jpg HTTP/1.1" 200 10857 "https://localklescort.com/" "Mozilla/5.0 (iPhone; CPU iPhone OS 14_4 like Mac OS X) AppleWebKit/605.1.15 (KHTML, like Gecko) Version/15.4 Mobile/15E148 Safari/604.1"
3.229.248.49 - - [07/Oct/2025:23:23:49 +0000] "GET /wp-includes/js/wp-emoji-release.min.js?ver=6.8.3 HTTP/1.1" 200 5163 "https://localklescort.com/" "Mozilla/5.0 (iPhone; CPU iPhone OS 14_4 like Mac OS X) AppleWebKit/605.1.15 (KHTML, like Gecko) Version/15.4 Mobile/15E148 Safari/604.1"
3.229.248.49 - - [07/Oct/2025:23:23:49 +0000] "GET /wp-content/themes/flatsome/assets/js/chunk.slider.js?ver=3.20.1 HTTP/1.1" 200 13381 "https://localklescort.com/" "Mozilla/5.0 (iPhone; CPU iPhone OS 14_4 like Mac OS X) AppleWebKit/605.1.15 (KHTML, like Gecko) Version/15.4 Mobile/15E148 Safari/604.1"
3.229.248.49 - - [07/Oct/2025:23:23:49 +0000] "GET /wp-content/themes/flatsome/assets/js/chunk.tooltips.js?ver=3.20.1 HTTP/1.1" 200 10103 "https://localklescort.com/" "Mozilla/5.0 (iPhone; CPU iPhone OS 14_4 like Mac OS X) AppleWebKit/605.1.15 (KHTML, like Gecko) Version/15.4 Mobile/15E148 Safari/604.1"
3.229.248.49 - - [07/Oct/2025:23:23:49 +0000] "GET /wp-content/themes/flatsome/assets/js/chunk.popups.js?ver=3.20.1 HTTP/1.1" 200 7495 "https://localklescort.com/" "Mozilla/5.0 (iPhone; CPU iPhone OS 14_4 like Mac OS X) AppleWebKit/605.1.15 (KHTML, like Gecko) Version/15.4 Mobile/15E148 Safari/604.1"
3.229.248.49 - - [07/Oct/2025:23:23:49 +0000] "GET /wp-content/uploads/2023/05/Apple-6-local-kl-escorts-247x296.jpg HTTP/1.1" 200 14884 "https://localklescort.com/" "Mozilla/5.0 (iPhone; CPU iPhone OS 14_4 like Mac OS X) AppleWebKit/605.1.15 (KHTML, like Gecko) Version/15.4 Mobile/15E148 Safari/604.1"
3.229.248.49 - - [07/Oct/2025:23:23:49 +0000] "GET /wp-content/uploads/2024/09/Linda-6-local-kl-escorts-247x296.jpg HTTP/1.1" 200 11414 "https://localklescort.com/" "Mozilla/5.0 (iPhone; CPU iPhone OS 14_4 like Mac OS X) AppleWebKit/605.1.15 (KHTML, like Gecko) Version/15.4 Mobile/15E148 Safari/604.1"
3.229.248.49 - - [07/Oct/2025:23:23:49 +0000] "GET /wp-content/uploads/2023/05/Emma-3-local-kl-escorts-247x296.jpg HTTP/1.1" 200 14263 "https://localklescort.com/" "Mozilla/5.0 (iPhone; CPU iPhone OS 14_4 like Mac OS X) AppleWebKit/605.1.15 (KHTML, like Gecko) Version/15.4 Mobile/15E148 Safari/604.1"
3.229.248.49 - - [07/Oct/2025:23:23:49 +0000] "GET /wp-content/uploads/2024/09/Crystal-2-local-kl-escorts-247x296.jpg HTTP/1.1" 200 14977 "https://localklescort.com/" "Mozilla/5.0 (iPhone; CPU iPhone OS 14_4 like Mac OS X) AppleWebKit/605.1.15 (KHTML, like Gecko) Version/15.4 Mobile/15E148 Safari/604.1"
3.229.248.49 - - [07/Oct/2025:23:23:49 +0000] "GET /wp-content/uploads/2024/06/Molly-1-kl-escort-247x296.webp HTTP/1.1" 200 11485 "https://localklescort.com/" "Mozilla/5.0 (iPhone; CPU iPhone OS 14_4 like Mac OS X) AppleWebKit/605.1.15 (KHTML, like Gecko) Version/15.4 Mobile/15E148 Safari/604.1"
3.229.248.49 - - [07/Oct/2025:23:23:49 +0000] "GET /wp-content/uploads/2024/06/Molly-6-kl-escort-247x296.webp HTTP/1.1" 200 14309 "https://localklescort.com/" "Mozilla/5.0 (iPhone; CPU iPhone OS 14_4 like Mac OS X) AppleWebKit/605.1.15 (KHTML, like Gecko) Version/15.4 Mobile/15E148 Safari/604.1"
3.229.248.49 - - [07/Oct/2025:23:23:49 +0000] "GET /wp-content/uploads/2023/05/Doo-Doo-Mongolian-5-local-kl-escorts-247x296.jpg HTTP/1.1" 200 13587 "https://localklescort.com/" "Mozilla/5.0 (iPhone; CPU iPhone OS 14_4 like Mac OS X) AppleWebKit/605.1.15 (KHTML, like Gecko) Version/15.4 Mobile/15E148 Safari/604.1"
3.229.248.49 - - [07/Oct/2025:23:23:49 +0000] "GET /wp-content/uploads/2023/05/Lisa-1-local-kl-escorts-247x296.jpg HTTP/1.1" 200 14556 "https://localklescort.com/" "Mozilla/5.0 (iPhone; CPU iPhone OS 14_4 like Mac OS X) AppleWebKit/605.1.15 (KHTML, like Gecko) Version/15.4 Mobile/15E148 Safari/604.1"
3.229.248.49 - - [07/Oct/2025:23:23:49 +0000] "GET /wp-content/uploads/2023/05/Lisa-2-local-kl-escorts-247x296.jpg HTTP/1.1" 200 13604 "https://localklescort.com/" "Mozilla/5.0 (iPhone; CPU iPhone OS 14_4 like Mac OS X) AppleWebKit/605.1.15 (KHTML, like Gecko) Version/15.4 Mobile/15E148 Safari/604.1"
3.229.248.49 - - [07/Oct/2025:23:23:49 +0000] "GET /wp-content/uploads/2023/05/Wendy-1-local-kl-escorts-247x296.jpg HTTP/1.1" 200 15844 "https://localklescort.com/" "Mozilla/5.0 (iPhone; CPU iPhone OS 14_4 like Mac OS X) AppleWebKit/605.1.15 (KHTML, like Gecko) Version/15.4 Mobile/15E148 Safari/604.1"
3.229.248.49 - - [07/Oct/2025:23:23:49 +0000] "GET /wp-content/uploads/2023/05/Wendy-5-local-kl-escorts-247x296.jpg HTTP/1.1" 200 15734 "https://localklescort.com/" "Mozilla/5.0 (iPhone; CPU iPhone OS 14_4 like Mac OS X) AppleWebKit/605.1.15 (KHTML, like Gecko) Version/15.4 Mobile/15E148 Safari/604.1"
203.161.56.247 - - [07/Oct/2025:23:29:18 +0000] "POST /wp-cron.php?doing_wp_cron=1759879758.5118110179901123046875 HTTP/1.1" 200 - "-" "WordPress/6.8.3; https://localklescort.com"
