/home/klesmriw/access-logs/localklescort.klescortgirldirectory.com-ssl_log
203.161.56.247 - - [07/Oct/2025:12:08:47 +0000] "POST /wp-cron.php?doing_wp_cron=1759838927.8259780406951904296875 HTTP/1.1" 200 - "-" "WordPress/6.8.3; https://localklescort.com"
216.73.216.133 - - [07/Oct/2025:12:08:45 +0000] "GET /sitemap.xml HTTP/1.1" 200 495 "-" "Mozilla/5.0 AppleWebKit/537.36 (KHTML, like Gecko; compatible; ClaudeBot/1.0; +claudebot@anthropic.com)"
203.161.56.247 - - [07/Oct/2025:12:15:10 +0000] "POST /wp-cron.php?doing_wp_cron=1759839310.1718869209289550781250 HTTP/1.1" 200 - "-" "WordPress/6.8.3; https://localklescort.com"
54.39.0.74 - - [07/Oct/2025:12:15:07 +0000] "GET /all-kl-escort-girl/escort/ HTTP/1.1" 200 30551 "-" "Mozilla/5.0 (compatible; AhrefsBot/7.0; +http://ahrefs.com/robot/)"
20.191.45.212 - - [07/Oct/2025:12:19:00 +0000] "GET / HTTP/1.1" 200 35581 "https://localklescort.com/" "DuckDuckBot/1.1; (+http://duckduckgo.com/duckduckbot.html)"
20.191.45.212 - - [07/Oct/2025:12:19:03 +0000] "GET /wp-content/uploads/2023/02/cropped-iconfinder_Local-KL-Escort-02-32x32.png HTTP/1.1" 200 1116 "https://localklescort.com/wp-content/uploads/2023/02/cropped-iconfinder_Local-KL-Escort-02-32x32.png" "DuckDuckBot/1.1; (+http://duckduckgo.com/duckduckbot.html)"
203.161.56.247 - - [07/Oct/2025:12:21:14 +0000] "POST /wp-cron.php?doing_wp_cron=1759839674.0073800086975097656250 HTTP/1.1" 200 - "-" "WordPress/6.8.3; https://localklescort.com"
114.119.129.50 - - [07/Oct/2025:12:21:12 +0000] "GET /service/%E6%9C%89%E5%A5%97%E7%88%B1%E7%88%B1/page/3/ HTTP/1.1" 200 30921 "https://localklescort.com/service/%E6%9C%89%E5%A5%97%E7%88%B1%E7%88%B1/page/4/" "Mozilla/5.0 (Linux; Android 7.0;) AppleWebKit/537.36 (KHTML, like Gecko) Mobile Safari/537.36 (compatible; PetalBot;+https://webmaster.petalsearch.com/site/petalbot)"
66.249.74.40 - - [07/Oct/2025:12:21:29 +0000] "GET /kl-escort-gallery/crystal-local-kl-escort/ HTTP/1.1" 200 35976 "-" "Mozilla/5.0 (Linux; Android 6.0.1; Nexus 5X Build/MMB29P) AppleWebKit/537.36 (KHTML, like Gecko) Chrome/140.0.7339.207 Mobile Safari/537.36 (compatible; Googlebot/2.1; +http://www.google.com/bot.html)"
66.249.74.39 - - [07/Oct/2025:12:21:33 +0000] "GET /wp-content/themes/flatsome/assets/js/chunk.slider.js?ver=3.20.1 HTTP/1.1" 200 13381 "https://localklescort.com/kl-escort-gallery/crystal-local-kl-escort/" "Mozilla/5.0 (Linux; Android 6.0.1; Nexus 5X Build/MMB29P) AppleWebKit/537.36 (KHTML, like Gecko) Chrome/139.0.7258.127 Mobile Safari/537.36 (compatible; Googlebot/2.1; +http://www.google.com/bot.html)"
66.249.74.39 - - [07/Oct/2025:12:21:33 +0000] "GET /wp-content/themes/flatsome/assets/js/flatsome.js?ver=22889b626eb7ec03b5a4 HTTP/1.1" 200 19170 "https://localklescort.com/kl-escort-gallery/crystal-local-kl-escort/" "Mozilla/5.0 (Linux; Android 6.0.1; Nexus 5X Build/MMB29P) AppleWebKit/537.36 (KHTML, like Gecko) Chrome/139.0.7258.127 Mobile Safari/537.36 (compatible; Googlebot/2.1; +http://www.google.com/bot.html)"
66.249.74.39 - - [07/Oct/2025:12:21:34 +0000] "GET /wp-content/themes/flatsome/assets/js/chunk.popups.js?ver=3.20.1 HTTP/1.1" 200 7495 "https://localklescort.com/kl-escort-gallery/crystal-local-kl-escort/" "Mozilla/5.0 (Linux; Android 6.0.1; Nexus 5X Build/MMB29P) AppleWebKit/537.36 (KHTML, like Gecko) Chrome/139.0.7258.127 Mobile Safari/537.36 (compatible; Googlebot/2.1; +http://www.google.com/bot.html)"
66.249.74.40 - - [07/Oct/2025:12:21:35 +0000] "GET /wp-content/themes/flatsome/assets/js/chunk.tooltips.js?ver=3.20.1 HTTP/1.1" 200 10103 "https://localklescort.com/kl-escort-gallery/crystal-local-kl-escort/" "Mozilla/5.0 (Linux; Android 6.0.1; Nexus 5X Build/MMB29P) AppleWebKit/537.36 (KHTML, like Gecko) Chrome/139.0.7258.127 Mobile Safari/537.36 (compatible; Googlebot/2.1; +http://www.google.com/bot.html)"
66.249.74.40 - - [07/Oct/2025:12:21:35 +0000] "GET /wp-content/themes/flatsome/assets/js/woocommerce.js?ver=1c9be63d628ff7c3ff4c HTTP/1.1" 200 8306 "https://localklescort.com/kl-escort-gallery/crystal-local-kl-escort/" "Mozilla/5.0 (Linux; Android 6.0.1; Nexus 5X Build/MMB29P) AppleWebKit/537.36 (KHTML, like Gecko) Chrome/139.0.7258.127 Mobile Safari/537.36 (compatible; Googlebot/2.1; +http://www.google.com/bot.html)"
66.249.74.39 - - [07/Oct/2025:12:21:36 +0000] "GET /wp-content/themes/flatsome/assets/js/extensions/flatsome-live-search.js?ver=3.20.1 HTTP/1.1" 200 4672 "https://localklescort.com/kl-escort-gallery/crystal-local-kl-escort/" "Mozilla/5.0 (Linux; Android 6.0.1; Nexus 5X Build/MMB29P) AppleWebKit/537.36 (KHTML, like Gecko) Chrome/139.0.7258.127 Mobile Safari/537.36 (compatible; Googlebot/2.1; +http://www.google.com/bot.html)"
203.161.56.247 - - [07/Oct/2025:12:22:29 +0000] "POST /wp-cron.php?doing_wp_cron=1759839749.1550359725952148437500 HTTP/1.1" 200 - "-" "WordPress/6.8.3; https://localklescort.com"
52.167.144.25 - - [07/Oct/2025:12:22:27 +0000] "GET / HTTP/1.1" 200 35581 "-" "Mozilla/5.0 AppleWebKit/537.36 (KHTML, like Gecko; compatible; bingbot/2.0; +http://www.bing.com/bingbot.htm) Chrome/116.0.1938.76 Safari/537.36"
203.161.56.247 - - [07/Oct/2025:12:22:56 +0000] "POST /wp-cron.php?doing_wp_cron=1759839776.0340499877929687500000 HTTP/1.1" 200 - "-" "WordPress/6.8.3; https://localklescort.com"
216.73.216.133 - - [07/Oct/2025:12:22:54 +0000] "GET /robots.txt HTTP/1.1" 200 170 "-" "Mozilla/5.0 AppleWebKit/537.36 (KHTML, like Gecko; compatible; ClaudeBot/1.0; +claudebot@anthropic.com)"
216.73.216.133 - - [07/Oct/2025:12:22:56 +0000] "GET /sitemap.rss HTTP/1.1" 200 1840 "-" "Mozilla/5.0 AppleWebKit/537.36 (KHTML, like Gecko; compatible; ClaudeBot/1.0; +claudebot@anthropic.com)"
52.167.144.25 - - [07/Oct/2025:12:22:57 +0000] "GET /wp-content/fonts/dancing-script/If2cXTr6YS-zF4S-kcSWSVi_sxjsohD9F50Ruu7BMSo3Sup8.woff2 HTTP/1.1" 200 23824 "-" "Mozilla/5.0 AppleWebKit/537.36 (KHTML, like Gecko; compatible; bingbot/2.0; +http://www.bing.com/bingbot.htm) Chrome/116.0.1938.76 Safari/537.36"
203.161.56.247 - - [07/Oct/2025:12:23:32 +0000] "POST /wp-cron.php?doing_wp_cron=1759839811.9986131191253662109375 HTTP/1.1" 200 - "-" "WordPress/6.8.3; https://localklescort.com"
180.75.244.159 - - [07/Oct/2025:12:23:30 +0000] "GET /kl-escort-gallery/nana-local-kl-escort/ HTTP/1.1" 200 36411 "https://www.google.com/" "Mozilla/5.0 (Linux; Android 10; K) AppleWebKit/537.36 (KHTML, like Gecko) Chrome/139.0.0.0 Mobile Safari/537.36 OPR/91.0.0.0"
180.75.244.159 - - [07/Oct/2025:12:23:32 +0000] "GET /wp-content/plugins/contact-form-7/includes/css/styles.css?ver=6.1.1 HTTP/1.1" 200 1031 "https://localklescort.com/kl-escort-gallery/nana-local-kl-escort/" "Mozilla/5.0 (Linux; Android 10; K) AppleWebKit/537.36 (KHTML, like Gecko) Chrome/139.0.0.0 Mobile Safari/537.36 OPR/91.0.0.0"
180.75.244.159 - - [07/Oct/2025:12:23:33 +0000] "GET /wp-content/plugins/easy-video-player/lib/plyr.css?ver=6.8.3 HTTP/1.1" 200 5279 "https://localklescort.com/kl-escort-gallery/nana-local-kl-escort/" "Mozilla/5.0 (Linux; Android 10; K) AppleWebKit/537.36 (KHTML, like Gecko) Chrome/139.0.0.0 Mobile Safari/537.36 OPR/91.0.0.0"
180.75.244.159 - - [07/Oct/2025:12:23:33 +0000] "GET /wp-content/plugins/woocommerce/assets/css/photoswipe/photoswipe.min.css?ver=10.2.1 HTTP/1.1" 200 997 "https://localklescort.com/kl-escort-gallery/nana-local-kl-escort/" "Mozilla/5.0 (Linux; Android 10; K) AppleWebKit/537.36 (KHTML, like Gecko) Chrome/139.0.0.0 Mobile Safari/537.36 OPR/91.0.0.0"
180.75.244.159 - - [07/Oct/2025:12:23:33 +0000] "GET /wp-content/plugins/woocommerce/assets/css/brands.css?ver=10.2.1 HTTP/1.1" 200 684 "https://localklescort.com/kl-escort-gallery/nana-local-kl-escort/" "Mozilla/5.0 (Linux; Android 10; K) AppleWebKit/537.36 (KHTML, like Gecko) Chrome/139.0.0.0 Mobile Safari/537.36 OPR/91.0.0.0"
180.75.244.159 - - [07/Oct/2025:12:23:33 +0000] "GET /wp-content/plugins/woocommerce/assets/css/photoswipe/default-skin/default-skin.min.css?ver=10.2.1 HTTP/1.1" 200 1952 "https://localklescort.com/kl-escort-gallery/nana-local-kl-escort/" "Mozilla/5.0 (Linux; Android 10; K) AppleWebKit/537.36 (KHTML, like Gecko) Chrome/139.0.0.0 Mobile Safari/537.36 OPR/91.0.0.0"
180.75.244.159 - - [07/Oct/2025:12:23:33 +0000] "GET /wp-content/themes/flatsome/assets/css/flatsome.css?ver=3.20.1 HTTP/1.1" 200 30262 "https://localklescort.com/kl-escort-gallery/nana-local-kl-escort/" "Mozilla/5.0 (Linux; Android 10; K) AppleWebKit/537.36 (KHTML, like Gecko) Chrome/139.0.0.0 Mobile Safari/537.36 OPR/91.0.0.0"
180.75.244.159 - - [07/Oct/2025:12:23:33 +0000] "GET /wp-content/themes/flatsome/assets/css/flatsome-shop.css?ver=3.20.1 HTTP/1.1" 200 7098 "https://localklescort.com/kl-escort-gallery/nana-local-kl-escort/" "Mozilla/5.0 (Linux; Android 10; K) AppleWebKit/537.36 (KHTML, like Gecko) Chrome/139.0.0.0 Mobile Safari/537.36 OPR/91.0.0.0"
180.75.244.159 - - [07/Oct/2025:12:23:33 +0000] "GET /wp-content/themes/flatsome-child/style.css?ver=3.0 HTTP/1.1" 200 211 "https://localklescort.com/kl-escort-gallery/nana-local-kl-escort/" "Mozilla/5.0 (Linux; Android 10; K) AppleWebKit/537.36 (KHTML, like Gecko) Chrome/139.0.0.0 Mobile Safari/537.36 OPR/91.0.0.0"
180.75.244.159 - - [07/Oct/2025:12:23:33 +0000] "GET /wp-content/plugins/easy-video-player/lib/plyr.js?ver=6.8.3 HTTP/1.1" 200 31770 "https://localklescort.com/kl-escort-gallery/nana-local-kl-escort/" "Mozilla/5.0 (Linux; Android 10; K) AppleWebKit/537.36 (KHTML, like Gecko) Chrome/139.0.0.0 Mobile Safari/537.36 OPR/91.0.0.0"
180.75.244.159 - - [07/Oct/2025:12:23:33 +0000] "GET /wp-includes/js/jquery/jquery-migrate.min.js?ver=3.4.1 HTTP/1.1" 200 4872 "https://localklescort.com/kl-escort-gallery/nana-local-kl-escort/" "Mozilla/5.0 (Linux; Android 10; K) AppleWebKit/537.36 (KHTML, like Gecko) Chrome/139.0.0.0 Mobile Safari/537.36 OPR/91.0.0.0"
180.75.244.159 - - [07/Oct/2025:12:23:33 +0000] "GET /wp-includes/js/jquery/jquery.min.js?ver=3.7.1 HTTP/1.1" 200 30368 "https://localklescort.com/kl-escort-gallery/nana-local-kl-escort/" "Mozilla/5.0 (Linux; Android 10; K) AppleWebKit/537.36 (KHTML, like Gecko) Chrome/139.0.0.0 Mobile Safari/537.36 OPR/91.0.0.0"
180.75.244.159 - - [07/Oct/2025:12:23:33 +0000] "GET /wp-content/plugins/woocommerce/assets/js/jquery-blockui/jquery.blockUI.min.js?ver=2.7.0-wc.10.2.1 HTTP/1.1" 200 3537 "https://localklescort.com/kl-escort-gallery/nana-local-kl-escort/" "Mozilla/5.0 (Linux; Android 10; K) AppleWebKit/537.36 (KHTML, like Gecko) Chrome/139.0.0.0 Mobile Safari/537.36 OPR/91.0.0.0"
180.75.244.159 - - [07/Oct/2025:12:23:33 +0000] "GET /wp-content/uploads/2023/02/kl-escort-angel-logo.png HTTP/1.1" 200 20521 "https://localklescort.com/kl-escort-gallery/nana-local-kl-escort/" "Mozilla/5.0 (Linux; Android 10; K) AppleWebKit/537.36 (KHTML, like Gecko) Chrome/139.0.0.0 Mobile Safari/537.36 OPR/91.0.0.0"
180.75.244.159 - - [07/Oct/2025:12:23:33 +0000] "GET /wp-content/plugins/woocommerce/assets/js/js-cookie/js.cookie.min.js?ver=2.1.4-wc.10.2.1 HTTP/1.1" 200 833 "https://localklescort.com/kl-escort-gallery/nana-local-kl-escort/" "Mozilla/5.0 (Linux; Android 10; K) AppleWebKit/537.36 (KHTML, like Gecko) Chrome/139.0.0.0 Mobile Safari/537.36 OPR/91.0.0.0"
180.75.244.159 - - [07/Oct/2025:12:23:34 +0000] "GET /wp-content/uploads/2023/05/Nana-6-local-kl-escorts.jpg HTTP/1.1" 200 116852 "https://localklescort.com/kl-escort-gallery/nana-local-kl-escort/" "Mozilla/5.0 (Linux; Android 10; K) AppleWebKit/537.36 (KHTML, like Gecko) Chrome/139.0.0.0 Mobile Safari/537.36 OPR/91.0.0.0"
180.75.244.159 - - [07/Oct/2025:12:23:34 +0000] "GET /wp-content/plugins/woocommerce/assets/client/blocks/wc-blocks.css?ver=wc-10.2.1 HTTP/1.1" 200 2618 "https://localklescort.com/kl-escort-gallery/nana-local-kl-escort/" "Mozilla/5.0 (Linux; Android 10; K) AppleWebKit/537.36 (KHTML, like Gecko) Chrome/139.0.0.0 Mobile Safari/537.36 OPR/91.0.0.0"
180.75.244.159 - - [07/Oct/2025:12:23:34 +0000] "GET /wp-content/plugins/creame-whatsapp-me/public/css/joinchat-btn.min.css?ver=6.0.8 HTTP/1.1" 200 2304 "https://localklescort.com/kl-escort-gallery/nana-local-kl-escort/" "Mozilla/5.0 (Linux; Android 10; K) AppleWebKit/537.36 (KHTML, like Gecko) Chrome/139.0.0.0 Mobile Safari/537.36 OPR/91.0.0.0"
180.75.244.159 - - [07/Oct/2025:12:23:34 +0000] "GET /wp-content/fonts/lato/S6uyw4BMUTPHjx4wXg.woff2 HTTP/1.1" 200 23577 "https://localklescort.com/kl-escort-gallery/nana-local-kl-escort/" "Mozilla/5.0 (Linux; Android 10; K) AppleWebKit/537.36 (KHTML, like Gecko) Chrome/139.0.0.0 Mobile Safari/537.36 OPR/91.0.0.0"
180.75.244.159 - - [07/Oct/2025:12:23:34 +0000] "GET /wp-content/themes/flatsome/assets/css/icons/fl-icons.woff2?v=3.20.1 HTTP/1.1" 200 7583 "https://localklescort.com/kl-escort-gallery/nana-local-kl-escort/" "Mozilla/5.0 (Linux; Android 10; K) AppleWebKit/537.36 (KHTML, like Gecko) Chrome/139.0.0.0 Mobile Safari/537.36 OPR/91.0.0.0"
180.75.244.159 - - [07/Oct/2025:12:23:34 +0000] "GET /wp-content/fonts/lato/S6u9w4BMUTPHh6UVSwiPGQ.woff2 HTTP/1.1" 200 23037 "https://localklescort.com/kl-escort-gallery/nana-local-kl-escort/" "Mozilla/5.0 (Linux; Android 10; K) AppleWebKit/537.36 (KHTML, like Gecko) Chrome/139.0.0.0 Mobile Safari/537.36 OPR/91.0.0.0"
180.75.244.159 - - [07/Oct/2025:12:23:34 +0000] "GET /wp-includes/js/dist/hooks.min.js?ver=4d63a3d491d11ffd8ac6 HTTP/1.1" 200 1648 "https://localklescort.com/kl-escort-gallery/nana-local-kl-escort/" "Mozilla/5.0 (Linux; Android 10; K) AppleWebKit/537.36 (KHTML, like Gecko) Chrome/139.0.0.0 Mobile Safari/537.36 OPR/91.0.0.0"
180.75.244.159 - - [07/Oct/2025:12:23:35 +0000] "GET /wp-includes/js/dist/i18n.min.js?ver=5e580eb46a90c2b997e6 HTTP/1.1" 200 3667 "https://localklescort.com/kl-escort-gallery/nana-local-kl-escort/" "Mozilla/5.0 (Linux; Android 10; K) AppleWebKit/537.36 (KHTML, like Gecko) Chrome/139.0.0.0 Mobile Safari/537.36 OPR/91.0.0.0"
180.75.244.159 - - [07/Oct/2025:12:23:34 +0000] "GET /wp-content/uploads/2023/05/Nana-5-local-kl-escorts.jpg HTTP/1.1" 200 122483 "https://localklescort.com/kl-escort-gallery/nana-local-kl-escort/" "Mozilla/5.0 (Linux; Android 10; K) AppleWebKit/537.36 (KHTML, like Gecko) Chrome/139.0.0.0 Mobile Safari/537.36 OPR/91.0.0.0"
180.75.244.159 - - [07/Oct/2025:12:23:35 +0000] "GET /wp-content/plugins/contact-form-7/includes/swv/js/index.js?ver=6.1.1 HTTP/1.1" 200 3503 "https://localklescort.com/kl-escort-gallery/nana-local-kl-escort/" "Mozilla/5.0 (Linux; Android 10; K) AppleWebKit/537.36 (KHTML, like Gecko) Chrome/139.0.0.0 Mobile Safari/537.36 OPR/91.0.0.0"
82.145.215.206 - - [07/Oct/2025:12:23:33 +0000] "GET / HTTP/1.1" 200 35578 "-" "Mozilla/5.0 (iPhone; CPU iPhone OS 11_0 like Mac OS X) AppleWebKit/604.1.38 (KHTML, like Gecko) Version/11.0 Mobile/15A372 Safari/604.1"
180.75.244.159 - - [07/Oct/2025:12:23:35 +0000] "GET /wp-content/plugins/woocommerce/assets/js/frontend/woocommerce.min.js?ver=10.2.1 HTTP/1.1" 200 1474 "https://localklescort.com/kl-escort-gallery/nana-local-kl-escort/" "Mozilla/5.0 (Linux; Android 10; K) AppleWebKit/537.36 (KHTML, like Gecko) Chrome/139.0.0.0 Mobile Safari/537.36 OPR/91.0.0.0"
180.75.244.159 - - [07/Oct/2025:12:23:35 +0000] "GET /wp-content/plugins/contact-form-7/includes/js/index.js?ver=6.1.1 HTTP/1.1" 200 4265 "https://localklescort.com/kl-escort-gallery/nana-local-kl-escort/" "Mozilla/5.0 (Linux; Android 10; K) AppleWebKit/537.36 (KHTML, like Gecko) Chrome/139.0.0.0 Mobile Safari/537.36 OPR/91.0.0.0"
180.75.244.159 - - [07/Oct/2025:12:23:35 +0000] "GET /wp-content/themes/flatsome/assets/js/extensions/flatsome-live-search.js?ver=3.20.1 HTTP/1.1" 200 4672 "https://localklescort.com/kl-escort-gallery/nana-local-kl-escort/" "Mozilla/5.0 (Linux; Android 10; K) AppleWebKit/537.36 (KHTML, like Gecko) Chrome/139.0.0.0 Mobile Safari/537.36 OPR/91.0.0.0"
180.75.244.159 - - [07/Oct/2025:12:23:35 +0000] "GET /wp-content/plugins/woocommerce/assets/js/sourcebuster/sourcebuster.min.js?ver=10.2.1 HTTP/1.1" 200 4807 "https://localklescort.com/kl-escort-gallery/nana-local-kl-escort/" "Mozilla/5.0 (Linux; Android 10; K) AppleWebKit/537.36 (KHTML, like Gecko) Chrome/139.0.0.0 Mobile Safari/537.36 OPR/91.0.0.0"
180.75.244.159 - - [07/Oct/2025:12:23:35 +0000] "GET /wp-content/plugins/woocommerce/assets/js/frontend/order-attribution.min.js?ver=10.2.1 HTTP/1.1" 200 1128 "https://localklescort.com/kl-escort-gallery/nana-local-kl-escort/" "Mozilla/5.0 (Linux; Android 10; K) AppleWebKit/537.36 (KHTML, like Gecko) Chrome/139.0.0.0 Mobile Safari/537.36 OPR/91.0.0.0"
180.75.244.159 - - [07/Oct/2025:12:23:35 +0000] "GET /wp-includes/js/hoverIntent.min.js?ver=1.10.2 HTTP/1.1" 200 706 "https://localklescort.com/kl-escort-gallery/nana-local-kl-escort/" "Mozilla/5.0 (Linux; Android 10; K) AppleWebKit/537.36 (KHTML, like Gecko) Chrome/139.0.0.0 Mobile Safari/537.36 OPR/91.0.0.0"
180.75.244.159 - - [07/Oct/2025:12:23:35 +0000] "GET /wp-content/themes/flatsome/assets/js/flatsome.js?ver=22889b626eb7ec03b5a4 HTTP/1.1" 200 19170 "https://localklescort.com/kl-escort-gallery/nana-local-kl-escort/" "Mozilla/5.0 (Linux; Android 10; K) AppleWebKit/537.36 (KHTML, like Gecko) Chrome/139.0.0.0 Mobile Safari/537.36 OPR/91.0.0.0"
180.75.244.159 - - [07/Oct/2025:12:23:35 +0000] "GET /wp-includes/js/underscore.min.js?ver=1.13.7 HTTP/1.1" 200 7317 "https://localklescort.com/kl-escort-gallery/nana-local-kl-escort/" "Mozilla/5.0 (Linux; Android 10; K) AppleWebKit/537.36 (KHTML, like Gecko) Chrome/139.0.0.0 Mobile Safari/537.36 OPR/91.0.0.0"
180.75.244.159 - - [07/Oct/2025:12:23:35 +0000] "GET /wp-content/themes/flatsome/assets/js/woocommerce.js?ver=1c9be63d628ff7c3ff4c HTTP/1.1" 200 8306 "https://localklescort.com/kl-escort-gallery/nana-local-kl-escort/" "Mozilla/5.0 (Linux; Android 10; K) AppleWebKit/537.36 (KHTML, like Gecko) Chrome/139.0.0.0 Mobile Safari/537.36 OPR/91.0.0.0"
180.75.244.159 - - [07/Oct/2025:12:23:35 +0000] "GET /wp-includes/js/wp-util.min.js?ver=6.8.3 HTTP/1.1" 200 756 "https://localklescort.com/kl-escort-gallery/nana-local-kl-escort/" "Mozilla/5.0 (Linux; Android 10; K) AppleWebKit/537.36 (KHTML, like Gecko) Chrome/139.0.0.0 Mobile Safari/537.36 OPR/91.0.0.0"
180.75.244.159 - - [07/Oct/2025:12:23:35 +0000] "GET /wp-content/plugins/google-analytics-for-wordpress/assets/js/frontend-gtag.min.js?ver=9.8.0 HTTP/1.1" 200 3277 "https://localklescort.com/kl-escort-gallery/nana-local-kl-escort/" "Mozilla/5.0 (Linux; Android 10; K) AppleWebKit/537.36 (KHTML, like Gecko) Chrome/139.0.0.0 Mobile Safari/537.36 OPR/91.0.0.0"
180.75.244.159 - - [07/Oct/2025:12:23:36 +0000] "GET /wp-content/plugins/woocommerce/assets/js/frontend/add-to-cart.min.js?ver=10.2.1 HTTP/1.1" 200 1368 "https://localklescort.com/kl-escort-gallery/nana-local-kl-escort/" "Mozilla/5.0 (Linux; Android 10; K) AppleWebKit/537.36 (KHTML, like Gecko) Chrome/139.0.0.0 Mobile Safari/537.36 OPR/91.0.0.0"
180.75.244.159 - - [07/Oct/2025:12:23:36 +0000] "GET /wp-content/plugins/woocommerce/assets/js/photoswipe/photoswipe.min.js?ver=4.1.1-wc.10.2.1 HTTP/1.1" 200 12042 "https://localklescort.com/kl-escort-gallery/nana-local-kl-escort/" "Mozilla/5.0 (Linux; Android 10; K) AppleWebKit/537.36 (KHTML, like Gecko) Chrome/139.0.0.0 Mobile Safari/537.36 OPR/91.0.0.0"
180.75.244.159 - - [07/Oct/2025:12:23:36 +0000] "GET /wp-content/plugins/woocommerce/assets/js/photoswipe/photoswipe-ui-default.min.js?ver=4.1.1-wc.10.2.1 HTTP/1.1" 200 3674 "https://localklescort.com/kl-escort-gallery/nana-local-kl-escort/" "Mozilla/5.0 (Linux; Android 10; K) AppleWebKit/537.36 (KHTML, like Gecko) Chrome/139.0.0.0 Mobile Safari/537.36 OPR/91.0.0.0"
180.75.244.159 - - [07/Oct/2025:12:23:36 +0000] "GET /wp-content/plugins/woocommerce/assets/js/frontend/single-product.min.js?ver=10.2.1 HTTP/1.1" 200 2917 "https://localklescort.com/kl-escort-gallery/nana-local-kl-escort/" "Mozilla/5.0 (Linux; Android 10; K) AppleWebKit/537.36 (KHTML, like Gecko) Chrome/139.0.0.0 Mobile Safari/537.36 OPR/91.0.0.0"
180.75.244.159 - - [07/Oct/2025:12:23:36 +0000] "GET /wp-content/uploads/2023/05/Nana-1-local-kl-escorts-247x296.jpg HTTP/1.1" 200 12524 "https://localklescort.com/kl-escort-gallery/nana-local-kl-escort/" "Mozilla/5.0 (Linux; Android 10; K) AppleWebKit/537.36 (KHTML, like Gecko) Chrome/139.0.0.0 Mobile Safari/537.36 OPR/91.0.0.0"
180.75.244.159 - - [07/Oct/2025:12:23:36 +0000] "GET /wp-content/uploads/2023/05/Nana-6-local-kl-escorts-247x296.jpg HTTP/1.1" 200 13274 "https://localklescort.com/kl-escort-gallery/nana-local-kl-escort/" "Mozilla/5.0 (Linux; Android 10; K) AppleWebKit/537.36 (KHTML, like Gecko) Chrome/139.0.0.0 Mobile Safari/537.36 OPR/91.0.0.0"
180.75.244.159 - - [07/Oct/2025:12:23:36 +0000] "GET /wp-content/uploads/2023/05/Nana-5-local-kl-escorts-247x296.jpg HTTP/1.1" 200 13286 "https://localklescort.com/kl-escort-gallery/nana-local-kl-escort/" "Mozilla/5.0 (Linux; Android 10; K) AppleWebKit/537.36 (KHTML, like Gecko) Chrome/139.0.0.0 Mobile Safari/537.36 OPR/91.0.0.0"
180.75.244.159 - - [07/Oct/2025:12:23:36 +0000] "GET /wp-content/uploads/2023/05/Nana-4-local-kl-escorts-247x296.jpg HTTP/1.1" 200 12194 "https://localklescort.com/kl-escort-gallery/nana-local-kl-escort/" "Mozilla/5.0 (Linux; Android 10; K) AppleWebKit/537.36 (KHTML, like Gecko) Chrome/139.0.0.0 Mobile Safari/537.36 OPR/91.0.0.0"
180.75.244.159 - - [07/Oct/2025:12:23:36 +0000] "GET /wp-content/uploads/2023/05/Nana-3-local-kl-escorts-247x296.jpg HTTP/1.1" 200 13198 "https://localklescort.com/kl-escort-gallery/nana-local-kl-escort/" "Mozilla/5.0 (Linux; Android 10; K) AppleWebKit/537.36 (KHTML, like Gecko) Chrome/139.0.0.0 Mobile Safari/537.36 OPR/91.0.0.0"
180.75.244.159 - - [07/Oct/2025:12:23:33 +0000] "GET /wp-content/uploads/2023/05/Nana-1-local-kl-escorts.jpg HTTP/1.1" 200 121526 "https://localklescort.com/kl-escort-gallery/nana-local-kl-escort/" "Mozilla/5.0 (Linux; Android 10; K) AppleWebKit/537.36 (KHTML, like Gecko) Chrome/139.0.0.0 Mobile Safari/537.36 OPR/91.0.0.0"
180.75.244.159 - - [07/Oct/2025:12:23:36 +0000] "GET /wp-content/uploads/2023/05/Nana-2-local-kl-escorts-247x296.jpg HTTP/1.1" 200 16254 "https://localklescort.com/kl-escort-gallery/nana-local-kl-escort/" "Mozilla/5.0 (Linux; Android 10; K) AppleWebKit/537.36 (KHTML, like Gecko) Chrome/139.0.0.0 Mobile Safari/537.36 OPR/91.0.0.0"
180.75.244.159 - - [07/Oct/2025:12:23:36 +0000] "GET /wp-content/plugins/creame-whatsapp-me/public/js/joinchat.min.js?ver=6.0.8 HTTP/1.1" 200 3372 "https://localklescort.com/kl-escort-gallery/nana-local-kl-escort/" "Mozilla/5.0 (Linux; Android 10; K) AppleWebKit/537.36 (KHTML, like Gecko) Chrome/139.0.0.0 Mobile Safari/537.36 OPR/91.0.0.0"
180.75.244.159 - - [07/Oct/2025:12:23:36 +0000] "GET /wp-includes/js/comment-reply.min.js?ver=6.8.3 HTTP/1.1" 200 1375 "https://localklescort.com/kl-escort-gallery/nana-local-kl-escort/" "Mozilla/5.0 (Linux; Android 10; K) AppleWebKit/537.36 (KHTML, like Gecko) Chrome/139.0.0.0 Mobile Safari/537.36 OPR/91.0.0.0"
180.75.244.159 - - [07/Oct/2025:12:23:36 +0000] "GET /wp-content/plugins/woocommerce/assets/js/frontend/add-to-cart-variation.min.js?ver=10.2.1 HTTP/1.1" 200 3940 "https://localklescort.com/kl-escort-gallery/nana-local-kl-escort/" "Mozilla/5.0 (Linux; Android 10; K) AppleWebKit/537.36 (KHTML, like Gecko) Chrome/139.0.0.0 Mobile Safari/537.36 OPR/91.0.0.0"
180.75.244.159 - - [07/Oct/2025:12:23:36 +0000] "GET /wp-content/plugins/easy-video-player/lib/plyr.svg HTTP/1.1" 200 1954 "https://localklescort.com/kl-escort-gallery/nana-local-kl-escort/" "Mozilla/5.0 (Linux; Android 10; K) AppleWebKit/537.36 (KHTML, like Gecko) Chrome/139.0.0.0 Mobile Safari/537.36 OPR/91.0.0.0"
180.75.244.159 - - [07/Oct/2025:12:23:36 +0000] "GET /wp-content/uploads/2023/05/Shida-1-local-kl-escorts-247x296.jpg HTTP/1.1" 200 17946 "https://localklescort.com/kl-escort-gallery/nana-local-kl-escort/" "Mozilla/5.0 (Linux; Android 10; K) AppleWebKit/537.36 (KHTML, like Gecko) Chrome/139.0.0.0 Mobile Safari/537.36 OPR/91.0.0.0"
180.75.244.159 - - [07/Oct/2025:12:23:36 +0000] "GET /wp-content/uploads/2023/05/Mi-Mi-Mongolian-1-local-kl-escorts-247x296.jpg HTTP/1.1" 200 15381 "https://localklescort.com/kl-escort-gallery/nana-local-kl-escort/" "Mozilla/5.0 (Linux; Android 10; K) AppleWebKit/537.36 (KHTML, like Gecko) Chrome/139.0.0.0 Mobile Safari/537.36 OPR/91.0.0.0"
180.75.244.159 - - [07/Oct/2025:12:23:36 +0000] "GET /wp-content/themes/flatsome/assets/js/chunk.slider.js?ver=3.20.1 HTTP/1.1" 200 13381 "https://localklescort.com/kl-escort-gallery/nana-local-kl-escort/" "Mozilla/5.0 (Linux; Android 10; K) AppleWebKit/537.36 (KHTML, like Gecko) Chrome/139.0.0.0 Mobile Safari/537.36 OPR/91.0.0.0"
180.75.244.159 - - [07/Oct/2025:12:23:37 +0000] "GET /wp-content/themes/flatsome/assets/js/chunk.popups.js?ver=3.20.1 HTTP/1.1" 200 7495 "https://localklescort.com/kl-escort-gallery/nana-local-kl-escort/" "Mozilla/5.0 (Linux; Android 10; K) AppleWebKit/537.36 (KHTML, like Gecko) Chrome/139.0.0.0 Mobile Safari/537.36 OPR/91.0.0.0"
180.75.244.159 - - [07/Oct/2025:12:23:37 +0000] "GET /wp-content/themes/flatsome/assets/js/chunk.tooltips.js?ver=3.20.1 HTTP/1.1" 200 10103 "https://localklescort.com/kl-escort-gallery/nana-local-kl-escort/" "Mozilla/5.0 (Linux; Android 10; K) AppleWebKit/537.36 (KHTML, like Gecko) Chrome/139.0.0.0 Mobile Safari/537.36 OPR/91.0.0.0"
180.75.244.159 - - [07/Oct/2025:12:23:36 +0000] "GET /wp-content/uploads/2023/03/Nana-local-kl-escort-mov.mp4 HTTP/1.1" 206 1650344 "https://localklescort.com/kl-escort-gallery/nana-local-kl-escort/" "Mozilla/5.0 (Linux; Android 10; K) AppleWebKit/537.36 (KHTML, like Gecko) Chrome/139.0.0.0 Mobile Safari/537.36 OPR/91.0.0.0"
180.75.244.159 - - [07/Oct/2025:12:23:36 +0000] "GET /wp-content/uploads/2023/03/Nana-local-kl-escort-mov.mp4 HTTP/1.1" 206 1650344 "https://localklescort.com/kl-escort-gallery/nana-local-kl-escort/" "Mozilla/5.0 (Linux; Android 10; K) AppleWebKit/537.36 (KHTML, like Gecko) Chrome/139.0.0.0 Mobile Safari/537.36 OPR/91.0.0.0"
77.111.245.17 - - [07/Oct/2025:12:23:39 +0000] "GET /wp-content/uploads/2023/05/Nana-4-local-kl-escorts-510x638.jpg HTTP/1.1" 200 38819 "https://localklescort.com/kl-escort-gallery/nana-local-kl-escort/" "Mozilla/5.0 (Linux; Android 10; K) AppleWebKit/537.36 (KHTML, like Gecko) Chrome/139.0.0.0 Mobile Safari/537.36 OPR/91.0.0.0"
77.111.245.17 - - [07/Oct/2025:12:23:39 +0000] "GET /wp-content/uploads/2023/05/Nana-2-local-kl-escorts-510x638.jpg HTTP/1.1" 200 53293 "https://localklescort.com/kl-escort-gallery/nana-local-kl-escort/" "Mozilla/5.0 (Linux; Android 10; K) AppleWebKit/537.36 (KHTML, like Gecko) Chrome/139.0.0.0 Mobile Safari/537.36 OPR/91.0.0.0"
77.111.245.17 - - [07/Oct/2025:12:23:39 +0000] "GET /wp-content/uploads/2023/05/Shida-6-local-kl-escorts-247x296.jpg HTTP/1.1" 200 17730 "https://localklescort.com/kl-escort-gallery/nana-local-kl-escort/" "Mozilla/5.0 (Linux; Android 10; K) AppleWebKit/537.36 (KHTML, like Gecko) Chrome/139.0.0.0 Mobile Safari/537.36 OPR/91.0.0.0"
77.111.245.17 - - [07/Oct/2025:12:23:39 +0000] "GET /wp-content/uploads/2023/05/Nana-3-local-kl-escorts-510x638.jpg HTTP/1.1" 200 40765 "https://localklescort.com/kl-escort-gallery/nana-local-kl-escort/" "Mozilla/5.0 (Linux; Android 10; K) AppleWebKit/537.36 (KHTML, like Gecko) Chrome/139.0.0.0 Mobile Safari/537.36 OPR/91.0.0.0"
77.111.245.17 - - [07/Oct/2025:12:23:39 +0000] "GET /wp-content/uploads/2023/05/Mi-Mi-Mongolian-6-local-kl-escorts-247x296.jpg HTTP/1.1" 200 13189 "https://localklescort.com/kl-escort-gallery/nana-local-kl-escort/" "Mozilla/5.0 (Linux; Android 10; K) AppleWebKit/537.36 (KHTML, like Gecko) Chrome/139.0.0.0 Mobile Safari/537.36 OPR/91.0.0.0"
77.111.245.17 - - [07/Oct/2025:12:23:39 +0000] "GET /wp-content/uploads/2024/06/Kristin-1-kl-escort-247x296.webp HTTP/1.1" 200 14131 "https://localklescort.com/kl-escort-gallery/nana-local-kl-escort/" "Mozilla/5.0 (Linux; Android 10; K) AppleWebKit/537.36 (KHTML, like Gecko) Chrome/139.0.0.0 Mobile Safari/537.36 OPR/91.0.0.0"
77.111.245.17 - - [07/Oct/2025:12:23:39 +0000] "GET /wp-content/uploads/2023/05/Bella-1-local-kl-escorts-247x296.jpg HTTP/1.1" 200 11921 "https://localklescort.com/kl-escort-gallery/nana-local-kl-escort/" "Mozilla/5.0 (Linux; Android 10; K) AppleWebKit/537.36 (KHTML, like Gecko) Chrome/139.0.0.0 Mobile Safari/537.36 OPR/91.0.0.0"
77.111.245.17 - - [07/Oct/2025:12:23:39 +0000] "GET /wp-content/uploads/2023/05/Honey-1-local-kl-escorts-247x296.jpg HTTP/1.1" 200 14945 "https://localklescort.com/kl-escort-gallery/nana-local-kl-escort/" "Mozilla/5.0 (Linux; Android 10; K) AppleWebKit/537.36 (KHTML, like Gecko) Chrome/139.0.0.0 Mobile Safari/537.36 OPR/91.0.0.0"
77.111.245.17 - - [07/Oct/2025:12:23:39 +0000] "GET /wp-content/uploads/2023/05/Fazura-4-local-kl-escorts-247x296.jpg HTTP/1.1" 200 15247 "https://localklescort.com/kl-escort-gallery/nana-local-kl-escort/" "Mozilla/5.0 (Linux; Android 10; K) AppleWebKit/537.36 (KHTML, like Gecko) Chrome/139.0.0.0 Mobile Safari/537.36 OPR/91.0.0.0"
77.111.245.17 - - [07/Oct/2025:12:23:39 +0000] "GET /wp-content/uploads/2023/05/Honey-6-local-kl-escorts-247x296.jpg HTTP/1.1" 200 16804 "https://localklescort.com/kl-escort-gallery/nana-local-kl-escort/" "Mozilla/5.0 (Linux; Android 10; K) AppleWebKit/537.36 (KHTML, like Gecko) Chrome/139.0.0.0 Mobile Safari/537.36 OPR/91.0.0.0"
77.111.245.17 - - [07/Oct/2025:12:23:39 +0000] "GET /wp-content/uploads/2023/05/Diana-1-local-kl-escorts-247x296.jpg HTTP/1.1" 200 15762 "https://localklescort.com/kl-escort-gallery/nana-local-kl-escort/" "Mozilla/5.0 (Linux; Android 10; K) AppleWebKit/537.36 (KHTML, like Gecko) Chrome/139.0.0.0 Mobile Safari/537.36 OPR/91.0.0.0"
77.111.245.17 - - [07/Oct/2025:12:23:39 +0000] "GET /wp-content/uploads/2023/05/Diana-3-local-kl-escorts-247x296.jpg HTTP/1.1" 200 20659 "https://localklescort.com/kl-escort-gallery/nana-local-kl-escort/" "Mozilla/5.0 (Linux; Android 10; K) AppleWebKit/537.36 (KHTML, like Gecko) Chrome/139.0.0.0 Mobile Safari/537.36 OPR/91.0.0.0"
77.111.245.17 - - [07/Oct/2025:12:23:39 +0000] "GET /wp-content/uploads/2023/01/Anna-1-local-kl-escorts-247x296.jpg HTTP/1.1" 200 14382 "https://localklescort.com/kl-escort-gallery/nana-local-kl-escort/" "Mozilla/5.0 (Linux; Android 10; K) AppleWebKit/537.36 (KHTML, like Gecko) Chrome/139.0.0.0 Mobile Safari/537.36 OPR/91.0.0.0"
77.111.245.17 - - [07/Oct/2025:12:23:39 +0000] "GET /wp-content/uploads/2023/05/Anna-2-local-kl-escorts-247x296.jpg HTTP/1.1" 200 14807 "https://localklescort.com/kl-escort-gallery/nana-local-kl-escort/" "Mozilla/5.0 (Linux; Android 10; K) AppleWebKit/537.36 (KHTML, like Gecko) Chrome/139.0.0.0 Mobile Safari/537.36 OPR/91.0.0.0"
77.111.245.17 - - [07/Oct/2025:12:23:39 +0000] "GET /wp-content/uploads/2023/05/Fazura-1-local-kl-escorts-247x296.jpg HTTP/1.1" 200 13493 "https://localklescort.com/kl-escort-gallery/nana-local-kl-escort/" "Mozilla/5.0 (Linux; Android 10; K) AppleWebKit/537.36 (KHTML, like Gecko) Chrome/139.0.0.0 Mobile Safari/537.36 OPR/91.0.0.0"
20.191.45.212 - - [07/Oct/2025:12:24:19 +0000] "GET / HTTP/1.1" 200 35577 "https://localklescort.com/" "DuckDuckBot/1.1; (+http://duckduckgo.com/duckduckbot.html)"
20.191.45.212 - - [07/Oct/2025:12:24:22 +0000] "GET /wp-content/uploads/2023/02/cropped-iconfinder_Local-KL-Escort-02-32x32.png HTTP/1.1" 200 1116 "https://localklescort.com/wp-content/uploads/2023/02/cropped-iconfinder_Local-KL-Escort-02-32x32.png" "DuckDuckBot/1.1; (+http://duckduckgo.com/duckduckbot.html)"
20.191.45.212 - - [07/Oct/2025:12:24:22 +0000] "GET / HTTP/1.1" 200 35578 "https://localklescort.com/" "DuckDuckBot/1.1; (+http://duckduckgo.com/duckduckbot.html)"
20.191.45.212 - - [07/Oct/2025:12:24:24 +0000] "GET /wp-content/uploads/2023/02/cropped-iconfinder_Local-KL-Escort-02-32x32.png HTTP/1.1" 200 1116 "https://localklescort.com/wp-content/uploads/2023/02/cropped-iconfinder_Local-KL-Escort-02-32x32.png" "DuckDuckBot/1.1; (+http://duckduckgo.com/duckduckbot.html)"
203.161.56.247 - - [07/Oct/2025:12:26:57 +0000] "POST /wp-cron.php?doing_wp_cron=1759840016.9919068813323974609375 HTTP/1.1" 200 - "-" "WordPress/6.8.3; https://localklescort.com"
15.235.96.179 - - [07/Oct/2025:12:26:55 +0000] "GET /all-kl-escort-girl/spa-in-kl/feed/ HTTP/1.1" 200 5845 "-" "Mozilla/5.0 (compatible; AhrefsBot/7.0; +http://ahrefs.com/robot/)"
203.161.56.247 - - [07/Oct/2025:12:34:44 +0000] "POST /wp-cron.php?doing_wp_cron=1759840484.4432430267333984375000 HTTP/1.1" 200 - "-" "WordPress/6.8.3; https://localklescort.com"
98.82.40.168 - - [07/Oct/2025:12:34:42 +0000] "GET /all-kl-escort-girls/mongolian-girls/ HTTP/1.1" 200 29767 "-" "Mozilla/5.0 AppleWebKit/537.36 (KHTML, like Gecko; compatible; Amazonbot/0.1; +https://developer.amazon.com/support/amazonbot) Chrome/119.0.6045.214 Safari/537.36"
34.234.206.30 - - [07/Oct/2025:12:34:47 +0000] "GET /kl-escort-gallery/ann-ann-local-kl-escort/ HTTP/1.1" 200 36440 "-" "Mozilla/5.0 AppleWebKit/537.36 (KHTML, like Gecko; compatible; Amazonbot/0.1; +https://developer.amazon.com/support/amazonbot) Chrome/119.0.6045.214 Safari/537.36"
203.161.56.247 - - [07/Oct/2025:12:38:31 +0000] "POST /wp-cron.php?doing_wp_cron=1759840711.2274069786071777343750 HTTP/1.1" 200 - "-" "WordPress/6.8.3; https://localklescort.com"
216.73.216.133 - - [07/Oct/2025:12:38:29 +0000] "GET /video-sitemap.xml HTTP/1.1" 200 346 "-" "Mozilla/5.0 AppleWebKit/537.36 (KHTML, like Gecko; compatible; ClaudeBot/1.0; +claudebot@anthropic.com)"
203.161.56.247 - - [07/Oct/2025:12:38:54 +0000] "POST /wp-cron.php?doing_wp_cron=1759840734.3647310733795166015625 HTTP/1.1" 200 - "-" "WordPress/6.8.3; https://localklescort.com"
157.55.39.12 - - [07/Oct/2025:12:38:53 +0000] "GET /featured_item_category/design/ HTTP/1.1" 200 27976 "-" "Mozilla/5.0 AppleWebKit/537.36 (KHTML, like Gecko; compatible; bingbot/2.0; +http://www.bing.com/bingbot.htm) Chrome/116.0.1938.76 Safari/537.36"
203.161.56.247 - - [07/Oct/2025:12:40:33 +0000] "POST /wp-cron.php?doing_wp_cron=1759840833.8167240619659423828125 HTTP/1.1" 200 - "-" "WordPress/6.8.3; https://localklescort.com"
52.167.144.166 - - [07/Oct/2025:12:40:31 +0000] "GET /?post_type=product&s=2026 HTTP/1.1" 200 28333 "-" "Mozilla/5.0 AppleWebKit/537.36 (KHTML, like Gecko; compatible; bingbot/2.0; +http://www.bing.com/bingbot.htm) Chrome/116.0.1938.76 Safari/537.36"
203.161.56.247 - - [07/Oct/2025:12:42:30 +0000] "POST /wp-cron.php?doing_wp_cron=1759840950.1390860080718994140625 HTTP/1.1" 200 - "-" "WordPress/6.8.3; https://localklescort.com"
216.73.216.133 - - [07/Oct/2025:12:42:28 +0000] "GET /sitemap.xml HTTP/1.1" 200 495 "-" "Mozilla/5.0 AppleWebKit/537.36 (KHTML, like Gecko; compatible; ClaudeBot/1.0; +claudebot@anthropic.com)"
203.161.56.247 - - [07/Oct/2025:12:45:05 +0000] "POST /wp-cron.php?doing_wp_cron=1759841105.6550559997558593750000 HTTP/1.1" 200 - "-" "WordPress/6.8.3; https://localklescort.com"
216.73.216.133 - - [07/Oct/2025:12:45:02 +0000] "GET /sitemap.rss HTTP/1.1" 200 1840 "-" "Mozilla/5.0 AppleWebKit/537.36 (KHTML, like Gecko; compatible; ClaudeBot/1.0; +claudebot@anthropic.com)"
203.161.56.247 - - [07/Oct/2025:12:46:11 +0000] "POST /wp-cron.php?doing_wp_cron=1759841171.7300620079040527343750 HTTP/1.1" 200 - "-" "WordPress/6.8.3; https://localklescort.com"
54.39.0.50 - - [07/Oct/2025:12:46:09 +0000] "GET /all-kl-escort-girl/kl-girl/ HTTP/1.1" 200 30547 "-" "Mozilla/5.0 (compatible; AhrefsBot/7.0; +http://ahrefs.com/robot/)"
52.167.144.166 - - [07/Oct/2025:12:46:23 +0000] "GET /wp-content/uploads/2023/05/Tina-6-local-kl-escorts-300x400.jpg HTTP/1.1" 200 31807 "-" "Mozilla/5.0 AppleWebKit/537.36 (KHTML, like Gecko; compatible; bingbot/2.0; +http://www.bing.com/bingbot.htm) Chrome/116.0.1938.76 Safari/537.36"
203.161.56.247 - - [07/Oct/2025:12:49:39 +0000] "POST /wp-cron.php?doing_wp_cron=1759841379.3705079555511474609375 HTTP/1.1" 200 - "-" "WordPress/6.8.3; https://localklescort.com"
216.73.216.133 - - [07/Oct/2025:12:49:37 +0000] "GET /sitemap.xml HTTP/1.1" 200 495 "-" "Mozilla/5.0 AppleWebKit/537.36 (KHTML, like Gecko; compatible; ClaudeBot/1.0; +claudebot@anthropic.com)"
203.161.56.247 - - [07/Oct/2025:12:53:33 +0000] "POST /wp-cron.php?doing_wp_cron=1759841613.7452220916748046875000 HTTP/1.1" 200 - "-" "WordPress/6.8.3; https://localklescort.com"
110.249.201.62 - - [07/Oct/2025:12:53:31 +0000] "GET / HTTP/1.1" 200 35576 "-" "Mozilla/5.0 (Linux; Android 5.0) AppleWebKit/537.36 (KHTML, like Gecko) Mobile Safari/537.36 (compatible; Bytespider; https://zhanzhang.toutiao.com/)"
110.249.201.62 - - [07/Oct/2025:12:53:34 +0000] "GET /wp-content/plugins/contact-form-7/includes/css/styles.css?ver=6.1.1 HTTP/1.1" 200 1031 "https://localklescort.com/" "Mozilla/5.0 (Linux; Android 5.0) AppleWebKit/537.36 (KHTML, like Gecko) Mobile Safari/537.36 (compatible; Bytespider; https://zhanzhang.toutiao.com/)"
110.249.201.62 - - [07/Oct/2025:12:53:35 +0000] "GET /wp-content/plugins/woocommerce/assets/css/brands.css?ver=10.2.1 HTTP/1.1" 200 684 "https://localklescort.com/" "Mozilla/5.0 (Linux; Android 5.0) AppleWebKit/537.36 (KHTML, like Gecko) Mobile Safari/537.36 (compatible; Bytespider; https://zhanzhang.toutiao.com/)"
110.249.201.62 - - [07/Oct/2025:12:53:35 +0000] "GET /wp-content/themes/flatsome/assets/css/flatsome.css?ver=3.20.1 HTTP/1.1" 200 30262 "https://localklescort.com/" "Mozilla/5.0 (Linux; Android 5.0) AppleWebKit/537.36 (KHTML, like Gecko) Mobile Safari/537.36 (compatible; Bytespider; https://zhanzhang.toutiao.com/)"
110.249.201.66 - - [07/Oct/2025:12:53:35 +0000] "GET /wp-content/plugins/easy-video-player/lib/plyr.css?ver=6.8.3 HTTP/1.1" 200 5279 "https://localklescort.com/" "Mozilla/5.0 (Linux; Android 5.0) AppleWebKit/537.36 (KHTML, like Gecko) Mobile Safari/537.36 (compatible; Bytespider; https://zhanzhang.toutiao.com/)"
110.249.201.62 - - [07/Oct/2025:12:53:35 +0000] "GET /wp-content/themes/flatsome/assets/css/flatsome-shop.css?ver=3.20.1 HTTP/1.1" 200 7098 "https://localklescort.com/" "Mozilla/5.0 (Linux; Android 5.0) AppleWebKit/537.36 (KHTML, like Gecko) Mobile Safari/537.36 (compatible; Bytespider; https://zhanzhang.toutiao.com/)"
110.249.201.62 - - [07/Oct/2025:12:53:35 +0000] "GET /wp-content/themes/flatsome-child/style.css?ver=3.0 HTTP/1.1" 200 211 "https://localklescort.com/" "Mozilla/5.0 (Linux; Android 5.0) AppleWebKit/537.36 (KHTML, like Gecko) Mobile Safari/537.36 (compatible; Bytespider; https://zhanzhang.toutiao.com/)"
110.249.201.66 - - [07/Oct/2025:12:53:35 +0000] "GET /wp-content/plugins/easy-video-player/lib/plyr.js?ver=6.8.3 HTTP/1.1" 200 31770 "https://localklescort.com/" "Mozilla/5.0 (Linux; Android 5.0) AppleWebKit/537.36 (KHTML, like Gecko) Mobile Safari/537.36 (compatible; Bytespider; https://zhanzhang.toutiao.com/)"
110.249.201.62 - - [07/Oct/2025:12:53:35 +0000] "GET /wp-content/plugins/woocommerce/assets/js/jquery-blockui/jquery.blockUI.min.js?ver=2.7.0-wc.10.2.1 HTTP/1.1" 200 3537 "https://localklescort.com/" "Mozilla/5.0 (Linux; Android 5.0) AppleWebKit/537.36 (KHTML, like Gecko) Mobile Safari/537.36 (compatible; Bytespider; https://zhanzhang.toutiao.com/)"
110.249.201.70 - - [07/Oct/2025:12:53:36 +0000] "GET /wp-includes/js/jquery/jquery-migrate.min.js?ver=3.4.1 HTTP/1.1" 200 4872 "https://localklescort.com/" "Mozilla/5.0 (Linux; Android 5.0) AppleWebKit/537.36 (KHTML, like Gecko) Mobile Safari/537.36 (compatible; Bytespider; https://zhanzhang.toutiao.com/)"
110.249.201.73 - - [07/Oct/2025:12:53:36 +0000] "GET /wp-includes/js/jquery/jquery.min.js?ver=3.7.1 HTTP/1.1" 200 30368 "https://localklescort.com/" "Mozilla/5.0 (Linux; Android 5.0) AppleWebKit/537.36 (KHTML, like Gecko) Mobile Safari/537.36 (compatible; Bytespider; https://zhanzhang.toutiao.com/)"
110.249.201.62 - - [07/Oct/2025:12:53:36 +0000] "GET /wp-content/plugins/woocommerce/assets/js/js-cookie/js.cookie.min.js?ver=2.1.4-wc.10.2.1 HTTP/1.1" 200 833 "https://localklescort.com/" "Mozilla/5.0 (Linux; Android 5.0) AppleWebKit/537.36 (KHTML, like Gecko) Mobile Safari/537.36 (compatible; Bytespider; https://zhanzhang.toutiao.com/)"
110.249.201.66 - - [07/Oct/2025:12:53:36 +0000] "GET /wp-content/uploads/2023/02/local-kl-escort-banner-1.jpg HTTP/1.1" 206 500 "https://localklescort.com/" "Mozilla/5.0 (Linux; Android 5.0) AppleWebKit/537.36 (KHTML, like Gecko) Mobile Safari/537.36 (compatible; Bytespider; https://zhanzhang.toutiao.com/)"
110.249.201.73 - - [07/Oct/2025:12:53:36 +0000] "GET /wp-content/plugins/woocommerce/assets/client/blocks/wc-blocks.css?ver=wc-10.2.1 HTTP/1.1" 200 2618 "https://localklescort.com/" "Mozilla/5.0 (Linux; Android 5.0) AppleWebKit/537.36 (KHTML, like Gecko) Mobile Safari/537.36 (compatible; Bytespider; https://zhanzhang.toutiao.com/)"
110.249.201.73 - - [07/Oct/2025:12:53:36 +0000] "GET /wp-content/themes/flatsome/assets/css/effects.css?ver=3.20.1 HTTP/1.1" 200 293 "https://localklescort.com/" "Mozilla/5.0 (Linux; Android 5.0) AppleWebKit/537.36 (KHTML, like Gecko) Mobile Safari/537.36 (compatible; Bytespider; https://zhanzhang.toutiao.com/)"
110.249.201.62 - - [07/Oct/2025:12:53:36 +0000] "GET /wp-content/plugins/creame-whatsapp-me/public/css/joinchat-btn.min.css?ver=6.0.8 HTTP/1.1" 200 2304 "https://localklescort.com/" "Mozilla/5.0 (Linux; Android 5.0) AppleWebKit/537.36 (KHTML, like Gecko) Mobile Safari/537.36 (compatible; Bytespider; https://zhanzhang.toutiao.com/)"
110.249.201.66 - - [07/Oct/2025:12:53:37 +0000] "GET /wp-includes/js/dist/i18n.min.js?ver=5e580eb46a90c2b997e6 HTTP/1.1" 200 3667 "https://localklescort.com/" "Mozilla/5.0 (Linux; Android 5.0) AppleWebKit/537.36 (KHTML, like Gecko) Mobile Safari/537.36 (compatible; Bytespider; https://zhanzhang.toutiao.com/)"
110.249.201.62 - - [07/Oct/2025:12:53:37 +0000] "GET /wp-includes/js/dist/hooks.min.js?ver=4d63a3d491d11ffd8ac6 HTTP/1.1" 200 1648 "https://localklescort.com/" "Mozilla/5.0 (Linux; Android 5.0) AppleWebKit/537.36 (KHTML, like Gecko) Mobile Safari/537.36 (compatible; Bytespider; https://zhanzhang.toutiao.com/)"
110.249.201.70 - - [07/Oct/2025:12:53:37 +0000] "GET /wp-content/plugins/contact-form-7/includes/js/index.js?ver=6.1.1 HTTP/1.1" 200 4265 "https://localklescort.com/" "Mozilla/5.0 (Linux; Android 5.0) AppleWebKit/537.36 (KHTML, like Gecko) Mobile Safari/537.36 (compatible; Bytespider; https://zhanzhang.toutiao.com/)"
110.249.201.73 - - [07/Oct/2025:12:53:37 +0000] "GET /wp-content/plugins/contact-form-7/includes/swv/js/index.js?ver=6.1.1 HTTP/1.1" 200 3503 "https://localklescort.com/" "Mozilla/5.0 (Linux; Android 5.0) AppleWebKit/537.36 (KHTML, like Gecko) Mobile Safari/537.36 (compatible; Bytespider; https://zhanzhang.toutiao.com/)"
110.249.201.62 - - [07/Oct/2025:12:53:37 +0000] "GET /wp-content/themes/flatsome/assets/js/extensions/flatsome-live-search.js?ver=3.20.1 HTTP/1.1" 200 4672 "https://localklescort.com/" "Mozilla/5.0 (Linux; Android 5.0) AppleWebKit/537.36 (KHTML, like Gecko) Mobile Safari/537.36 (compatible; Bytespider; https://zhanzhang.toutiao.com/)"
110.249.201.66 - - [07/Oct/2025:12:53:37 +0000] "GET /wp-content/plugins/woocommerce/assets/js/frontend/woocommerce.min.js?ver=10.2.1 HTTP/1.1" 200 1474 "https://localklescort.com/" "Mozilla/5.0 (Linux; Android 5.0) AppleWebKit/537.36 (KHTML, like Gecko) Mobile Safari/537.36 (compatible; Bytespider; https://zhanzhang.toutiao.com/)"
110.249.201.62 - - [07/Oct/2025:12:53:37 +0000] "GET /wp-content/plugins/woocommerce/assets/js/frontend/order-attribution.min.js?ver=10.2.1 HTTP/1.1" 200 1128 "https://localklescort.com/" "Mozilla/5.0 (Linux; Android 5.0) AppleWebKit/537.36 (KHTML, like Gecko) Mobile Safari/537.36 (compatible; Bytespider; https://zhanzhang.toutiao.com/)"
110.249.201.70 - - [07/Oct/2025:12:53:37 +0000] "GET /wp-content/plugins/woocommerce/assets/js/sourcebuster/sourcebuster.min.js?ver=10.2.1 HTTP/1.1" 200 4807 "https://localklescort.com/" "Mozilla/5.0 (Linux; Android 5.0) AppleWebKit/537.36 (KHTML, like Gecko) Mobile Safari/537.36 (compatible; Bytespider; https://zhanzhang.toutiao.com/)"
110.249.201.73 - - [07/Oct/2025:12:53:37 +0000] "GET /wp-content/themes/flatsome/assets/js/flatsome.js?ver=22889b626eb7ec03b5a4 HTTP/1.1" 200 19170 "https://localklescort.com/" "Mozilla/5.0 (Linux; Android 5.0) AppleWebKit/537.36 (KHTML, like Gecko) Mobile Safari/537.36 (compatible; Bytespider; https://zhanzhang.toutiao.com/)"
110.249.201.62 - - [07/Oct/2025:12:53:37 +0000] "GET /wp-includes/js/hoverIntent.min.js?ver=1.10.2 HTTP/1.1" 200 706 "https://localklescort.com/" "Mozilla/5.0 (Linux; Android 5.0) AppleWebKit/537.36 (KHTML, like Gecko) Mobile Safari/537.36 (compatible; Bytespider; https://zhanzhang.toutiao.com/)"
110.249.201.66 - - [07/Oct/2025:12:53:37 +0000] "GET /wp-includes/js/underscore.min.js?ver=1.13.7 HTTP/1.1" 200 7317 "https://localklescort.com/" "Mozilla/5.0 (Linux; Android 5.0) AppleWebKit/537.36 (KHTML, like Gecko) Mobile Safari/537.36 (compatible; Bytespider; https://zhanzhang.toutiao.com/)"
110.249.201.62 - - [07/Oct/2025:12:53:37 +0000] "GET /wp-content/themes/flatsome/assets/js/woocommerce.js?ver=1c9be63d628ff7c3ff4c HTTP/1.1" 200 8306 "https://localklescort.com/" "Mozilla/5.0 (Linux; Android 5.0) AppleWebKit/537.36 (KHTML, like Gecko) Mobile Safari/537.36 (compatible; Bytespider; https://zhanzhang.toutiao.com/)"
110.249.201.70 - - [07/Oct/2025:12:53:37 +0000] "GET /wp-includes/js/wp-util.min.js?ver=6.8.3 HTTP/1.1" 200 756 "https://localklescort.com/" "Mozilla/5.0 (Linux; Android 5.0) AppleWebKit/537.36 (KHTML, like Gecko) Mobile Safari/537.36 (compatible; Bytespider; https://zhanzhang.toutiao.com/)"
110.249.201.73 - - [07/Oct/2025:12:53:37 +0000] "GET /wp-content/plugins/google-analytics-for-wordpress/assets/js/frontend-gtag.min.js?ver=9.8.0 HTTP/1.1" 200 3277 "https://localklescort.com/" "Mozilla/5.0 (Linux; Android 5.0) AppleWebKit/537.36 (KHTML, like Gecko) Mobile Safari/537.36 (compatible; Bytespider; https://zhanzhang.toutiao.com/)"
110.249.201.62 - - [07/Oct/2025:12:53:37 +0000] "GET /wp-content/plugins/woocommerce/assets/js/frontend/add-to-cart.min.js?ver=10.2.1 HTTP/1.1" 200 1368 "https://localklescort.com/" "Mozilla/5.0 (Linux; Android 5.0) AppleWebKit/537.36 (KHTML, like Gecko) Mobile Safari/537.36 (compatible; Bytespider; https://zhanzhang.toutiao.com/)"
110.249.201.70 - - [07/Oct/2025:12:53:37 +0000] "GET /wp-content/uploads/2023/02/kl-escort-angel-logo.png HTTP/1.1" 206 500 "https://localklescort.com/" "Mozilla/5.0 (Linux; Android 5.0) AppleWebKit/537.36 (KHTML, like Gecko) Mobile Safari/537.36 (compatible; Bytespider; https://zhanzhang.toutiao.com/)"
110.249.201.66 - - [07/Oct/2025:12:53:37 +0000] "GET /wp-content/uploads/2023/02/local-kl-escort-banner-3-1305x800.jpg HTTP/1.1" 206 500 "https://localklescort.com/" "Mozilla/5.0 (Linux; Android 5.0) AppleWebKit/537.36 (KHTML, like Gecko) Mobile Safari/537.36 (compatible; Bytespider; https://zhanzhang.toutiao.com/)"
110.249.201.62 - - [07/Oct/2025:12:53:37 +0000] "GET /wp-content/uploads/2023/02/local-kl-escort-banner-2.jpg HTTP/1.1" 206 500 "https://localklescort.com/" "Mozilla/5.0 (Linux; Android 5.0) AppleWebKit/537.36 (KHTML, like Gecko) Mobile Safari/537.36 (compatible; Bytespider; https://zhanzhang.toutiao.com/)"
110.249.201.62 - - [07/Oct/2025:12:53:38 +0000] "GET /wp-content/plugins/creame-whatsapp-me/public/js/joinchat.min.js?ver=6.0.8 HTTP/1.1" 200 3372 "https://localklescort.com/" "Mozilla/5.0 (Linux; Android 5.0) AppleWebKit/537.36 (KHTML, like Gecko) Mobile Safari/537.36 (compatible; Bytespider; https://zhanzhang.toutiao.com/)"
110.249.201.66 - - [07/Oct/2025:12:53:39 +0000] "GET /wp-content/plugins/woocommerce/assets/js/frontend/add-to-cart-variation.min.js?ver=10.2.1 HTTP/1.1" 200 3940 "https://localklescort.com/" "Mozilla/5.0 (Linux; Android 5.0) AppleWebKit/537.36 (KHTML, like Gecko) Mobile Safari/537.36 (compatible; Bytespider; https://zhanzhang.toutiao.com/)"
110.249.201.62 - - [07/Oct/2025:12:53:39 +0000] "GET /wp-content/uploads/2023/05/Apple-1-local-kl-escorts-247x296.jpg HTTP/1.1" 206 500 "https://localklescort.com/" "Mozilla/5.0 (Linux; Android 5.0) AppleWebKit/537.36 (KHTML, like Gecko) Mobile Safari/537.36 (compatible; Bytespider; https://zhanzhang.toutiao.com/)"
110.249.201.70 - - [07/Oct/2025:12:53:39 +0000] "GET /wp-content/uploads/2023/05/Alice-1-local-kl-escort-247x296.jpg HTTP/1.1" 206 500 "https://localklescort.com/" "Mozilla/5.0 (Linux; Android 5.0) AppleWebKit/537.36 (KHTML, like Gecko) Mobile Safari/537.36 (compatible; Bytespider; https://zhanzhang.toutiao.com/)"
110.249.201.73 - - [07/Oct/2025:12:53:39 +0000] "GET /wp-content/uploads/2023/01/Anna-1-local-kl-escorts-247x296.jpg HTTP/1.1" 206 500 "https://localklescort.com/" "Mozilla/5.0 (Linux; Android 5.0) AppleWebKit/537.36 (KHTML, like Gecko) Mobile Safari/537.36 (compatible; Bytespider; https://zhanzhang.toutiao.com/)"
110.249.201.66 - - [07/Oct/2025:12:53:39 +0000] "GET /wp-content/uploads/2023/05/Ann-Ann-Mongolian-1-local-kl-escorts-247x296.jpg HTTP/1.1" 206 500 "https://localklescort.com/" "Mozilla/5.0 (Linux; Android 5.0) AppleWebKit/537.36 (KHTML, like Gecko) Mobile Safari/537.36 (compatible; Bytespider; https://zhanzhang.toutiao.com/)"
110.249.201.70 - - [07/Oct/2025:12:53:39 +0000] "GET /wp-content/uploads/2023/05/Bella-1-local-kl-escorts-247x296.jpg HTTP/1.1" 206 500 "https://localklescort.com/" "Mozilla/5.0 (Linux; Android 5.0) AppleWebKit/537.36 (KHTML, like Gecko) Mobile Safari/537.36 (compatible; Bytespider; https://zhanzhang.toutiao.com/)"
110.249.201.62 - - [07/Oct/2025:12:53:39 +0000] "GET /wp-content/uploads/2024/09/Crystal-1-local-kl-escorts-247x296.jpg HTTP/1.1" 206 500 "https://localklescort.com/" "Mozilla/5.0 (Linux; Android 5.0) AppleWebKit/537.36 (KHTML, like Gecko) Mobile Safari/537.36 (compatible; Bytespider; https://zhanzhang.toutiao.com/)"
110.249.201.62 - - [07/Oct/2025:12:53:39 +0000] "GET /wp-content/uploads/2023/05/Diana-1-local-kl-escorts-247x296.jpg HTTP/1.1" 206 500 "https://localklescort.com/" "Mozilla/5.0 (Linux; Android 5.0) AppleWebKit/537.36 (KHTML, like Gecko) Mobile Safari/537.36 (compatible; Bytespider; https://zhanzhang.toutiao.com/)"
110.249.201.73 - - [07/Oct/2025:12:53:39 +0000] "GET /wp-content/uploads/2023/05/Bell-1-local-kl-escorts-247x296.jpg HTTP/1.1" 206 500 "https://localklescort.com/" "Mozilla/5.0 (Linux; Android 5.0) AppleWebKit/537.36 (KHTML, like Gecko) Mobile Safari/537.36 (compatible; Bytespider; https://zhanzhang.toutiao.com/)"
