142.44.225.213 - - [07/Oct/2025:17:55:00 +0000] "GET /wp-content/uploads/2023/05/Shida-6-local-kl-escorts-247x296.jpg HTTP/1.1" 200 17730 "-" "Mozilla/5.0 (compatible; AhrefsBot/7.0; +http://ahrefs.com/robot/)"
54.39.203.203 - - [07/Oct/2025:17:55:02 +0000] "GET /wp-content/themes/flatsome/assets/js/extensions/flatsome-live-search.js?ver=3.20.1 HTTP/1.1" 200 4672 "-" "Mozilla/5.0 (compatible; AhrefsBot/7.0; +http://ahrefs.com/robot/)"
54.39.6.241 - - [07/Oct/2025:17:55:03 +0000] "GET /wp-content/plugins/contact-form-7/includes/js/index.js?ver=6.1.1 HTTP/1.1" 200 4265 "-" "Mozilla/5.0 (compatible; AhrefsBot/7.0; +http://ahrefs.com/robot/)"
54.39.6.207 - - [07/Oct/2025:17:55:04 +0000] "GET /wp-content/uploads/2025/09/Nurin-1-local-kl-escorts-247x296.jpg HTTP/1.1" 200 13743 "-" "Mozilla/5.0 (compatible; AhrefsBot/7.0; +http://ahrefs.com/robot/)"
54.39.210.196 - - [07/Oct/2025:17:55:05 +0000] "GET /wp-content/themes/flatsome/assets/css/flatsome.css?ver=3.20.1 HTTP/1.1" 200 30262 "-" "Mozilla/5.0 (compatible; AhrefsBot/7.0; +http://ahrefs.com/robot/)"
148.113.128.45 - - [07/Oct/2025:17:55:06 +0000] "GET /wp-content/uploads/2024/05/Summer_1_local_kl_escort1-247x296.jpg HTTP/1.1" 200 12909 "-" "Mozilla/5.0 (compatible; AhrefsBot/7.0; +http://ahrefs.com/robot/)"
142.44.220.205 - - [07/Oct/2025:17:55:07 +0000] "GET /wp-content/uploads/2023/05/Shida-1-local-kl-escorts-247x296.jpg HTTP/1.1" 200 17946 "-" "Mozilla/5.0 (compatible; AhrefsBot/7.0; +http://ahrefs.com/robot/)"
51.161.65.10 - - [07/Oct/2025:17:55:09 +0000] "GET /wp-content/uploads/2023/05/Rita-1-local-kl-escort-247x296.jpg HTTP/1.1" 200 13866 "-" "Mozilla/5.0 (compatible; AhrefsBot/7.0; +http://ahrefs.com/robot/)"
142.44.225.82 - - [07/Oct/2025:17:55:11 +0000] "GET /wp-content/uploads/2023/05/Nana-1-local-kl-escorts-247x296.jpg HTTP/1.1" 200 12524 "-" "Mozilla/5.0 (compatible; AhrefsBot/7.0; +http://ahrefs.com/robot/)"
148.113.128.23 - - [07/Oct/2025:17:55:12 +0000] "GET /wp-content/uploads/2023/05/Rita-3-local-kl-escort-247x296.jpg HTTP/1.1" 200 16614 "-" "Mozilla/5.0 (compatible; AhrefsBot/7.0; +http://ahrefs.com/robot/)"
51.161.65.138 - - [07/Oct/2025:17:55:13 +0000] "GET /wp-content/uploads/2024/06/XiaoTing-1-local-Chinese-escort-247x296.jpg HTTP/1.1" 200 17955 "-" "Mozilla/5.0 (compatible; AhrefsBot/7.0; +http://ahrefs.com/robot/)"
142.44.220.153 - - [07/Oct/2025:17:55:15 +0000] "GET /wp-content/uploads/2023/05/Susan-1-local-kl-escorts-247x296.jpg HTTP/1.1" 200 12083 "-" "Mozilla/5.0 (compatible; AhrefsBot/7.0; +http://ahrefs.com/robot/)"
15.235.98.45 - - [07/Oct/2025:17:55:16 +0000] "GET /wp-content/uploads/2023/05/Wendy-1-local-kl-escorts-247x296.jpg HTTP/1.1" 200 15844 "-" "Mozilla/5.0 (compatible; AhrefsBot/7.0; +http://ahrefs.com/robot/)"
148.113.128.241 - - [07/Oct/2025:17:55:17 +0000] "GET /wp-content/themes/flatsome/assets/css/flatsome-shop.css?ver=3.20.1 HTTP/1.1" 200 7098 "-" "Mozilla/5.0 (compatible; AhrefsBot/7.0; +http://ahrefs.com/robot/)"
142.44.225.62 - - [07/Oct/2025:17:55:19 +0000] "GET /wp-content/uploads/2023/05/Rosie-1-local-kl-escorts-247x296.jpg HTTP/1.1" 200 11759 "-" "Mozilla/5.0 (compatible; AhrefsBot/7.0; +http://ahrefs.com/robot/)"
54.39.210.179 - - [07/Oct/2025:17:55:20 +0000] "GET /wp-content/uploads/2023/05/Tina-2-local-kl-escorts-247x296.jpg HTTP/1.1" 200 13664 "-" "Mozilla/5.0 (compatible; AhrefsBot/7.0; +http://ahrefs.com/robot/)"
203.161.56.247 - - [07/Oct/2025:18:03:07 +0000] "POST /wp-cron.php?doing_wp_cron=1759860187.5750949382781982421875 HTTP/1.1" 200 - "-" "WordPress/6.8.3; https://localklescort.com"
216.73.216.131 - - [07/Oct/2025:18:03:05 +0000] "GET /sitemap.rss HTTP/1.1" 200 1840 "-" "Mozilla/5.0 AppleWebKit/537.36 (KHTML, like Gecko; compatible; ClaudeBot/1.0; +claudebot@anthropic.com)"
3.226.106.93 - - [07/Oct/2025:18:03:37 +0000] "GET /all-kl-escort-girls/kl-sentral-escort/ HTTP/1.1" 200 29595 "-" "Mozilla/5.0 AppleWebKit/537.36 (KHTML, like Gecko; compatible; Amazonbot/0.1; +https://developer.amazon.com/support/amazonbot) Chrome/119.0.6045.214 Safari/537.36"
18.204.152.114 - - [07/Oct/2025:18:03:39 +0000] "GET /all-kl-escort-girl/incall-kl/ HTTP/1.1" 200 30568 "-" "Mozilla/5.0 AppleWebKit/537.36 (KHTML, like Gecko; compatible; Amazonbot/0.1; +https://developer.amazon.com/support/amazonbot) Chrome/119.0.6045.214 Safari/537.36"
52.71.218.25 - - [07/Oct/2025:18:03:44 +0000] "GET /all-kl-escort-girl/call-girl-kl/page/3/ HTTP/1.1" 200 30716 "-" "Mozilla/5.0 AppleWebKit/537.36 (KHTML, like Gecko; compatible; Amazonbot/0.1; +https://developer.amazon.com/support/amazonbot) Chrome/119.0.6045.214 Safari/537.36"
203.161.56.247 - - [07/Oct/2025:18:08:29 +0000] "POST /wp-cron.php?doing_wp_cron=1759860509.8175220489501953125000 HTTP/1.1" 200 - "-" "WordPress/6.8.3; https://localklescort.com"
196.251.83.66 - - [07/Oct/2025:18:08:27 +0000] "POST /wp-login.php HTTP/1.1" 401 1458 "https://localklescort.com/wp-admin/" "Mozilla/5.0 (Windows NT 10.0; Win64; x64) AppleWebKit/537.36 (KHTML, like Gecko) Chrome/90.0.4430.85 Safari/537.36"
196.251.83.66 - - [07/Oct/2025:18:08:30 +0000] "GET /wp-admin/ HTTP/1.1" 302 - "www.google.com" "Mozilla/5.0 (Windows NT 10.0; Win64; x64) AppleWebKit/537.36 (KHTML, like Gecko) Chrome/90.0.4430.85 Safari/537.36"
196.251.83.66 - - [07/Oct/2025:18:08:31 +0000] "GET /wp-login.php?redirect_to=https%3A%2F%2Flocalklescort.com%2Fwp-admin%2F&reauth=1 HTTP/1.1" 200 2549 "www.google.com" "Mozilla/5.0 (Windows NT 10.0; Win64; x64) AppleWebKit/537.36 (KHTML, like Gecko) Chrome/90.0.4430.85 Safari/537.36"
203.161.56.247 - - [07/Oct/2025:18:09:52 +0000] "POST /wp-cron.php?doing_wp_cron=1759860592.0619280338287353515625 HTTP/1.1" 200 - "-" "WordPress/6.8.3; https://localklescort.com"
142.44.228.55 - - [07/Oct/2025:18:09:50 +0000] "GET /featured_item/awesome-pencil-poster/ HTTP/1.1" 200 29214 "-" "Mozilla/5.0 (compatible; AhrefsBot/7.0; +http://ahrefs.com/robot/)"
203.161.56.247 - - [07/Oct/2025:18:18:48 +0000] "POST /wp-cron.php?doing_wp_cron=1759861128.1014571189880371093750 HTTP/1.1" 200 - "-" "WordPress/6.8.3; https://localklescort.com"
69.171.230.2 - - [07/Oct/2025:18:18:45 +0000] "GET /robots.txt HTTP/1.1" 301 - "-" "facebookexternalhit/1.1 (+http://www.facebook.com/externalhit_uatext.php)"
69.171.230.115 - - [07/Oct/2025:18:18:48 +0000] "GET /robots.txt HTTP/1.1" 200 373 "-" "facebookexternalhit/1.1 (+http://www.facebook.com/externalhit_uatext.php)"
203.161.56.247 - - [07/Oct/2025:18:27:18 +0000] "POST /wp-cron.php?doing_wp_cron=1759861638.1873569488525390625000 HTTP/1.1" 200 - "-" "WordPress/6.8.3; https://localklescort.com"
216.73.216.131 - - [07/Oct/2025:18:27:15 +0000] "GET /robots.txt HTTP/1.1" 200 170 "-" "Mozilla/5.0 AppleWebKit/537.36 (KHTML, like Gecko; compatible; ClaudeBot/1.0; +claudebot@anthropic.com)"
216.73.216.131 - - [07/Oct/2025:18:27:18 +0000] "GET /video-sitemap.xml HTTP/1.1" 200 346 "-" "Mozilla/5.0 AppleWebKit/537.36 (KHTML, like Gecko; compatible; ClaudeBot/1.0; +claudebot@anthropic.com)"
203.161.56.247 - - [07/Oct/2025:18:31:48 +0000] "POST /wp-cron.php?doing_wp_cron=1759861908.9596650600433349609375 HTTP/1.1" 200 - "-" "WordPress/6.8.3; https://localklescort.com"
44.195.145.102 - - [07/Oct/2025:18:31:46 +0000] "GET /kl-escort-gallery/xiaoting/ HTTP/1.1" 200 36243 "-" "Mozilla/5.0 AppleWebKit/537.36 (KHTML, like Gecko; compatible; Amazonbot/0.1; +https://developer.amazon.com/support/amazonbot) Chrome/119.0.6045.214 Safari/537.36"
52.71.218.25 - - [07/Oct/2025:18:31:51 +0000] "GET /all-kl-escort-girl/kl-call-girl/page/2/ HTTP/1.1" 200 30749 "-" "Mozilla/5.0 AppleWebKit/537.36 (KHTML, like Gecko; compatible; Amazonbot/0.1; +https://developer.amazon.com/support/amazonbot) Chrome/119.0.6045.214 Safari/537.36"
203.161.56.247 - - [07/Oct/2025:18:39:42 +0000] "POST /wp-cron.php?doing_wp_cron=1759862382.1202459335327148437500 HTTP/1.1" 200 - "-" "WordPress/6.8.3; https://localklescort.com"
57.141.0.24 - - [07/Oct/2025:18:39:39 +0000] "GET /index.html HTTP/1.1" 404 100031 "-" "meta-externalagent/1.1 (+https://developers.facebook.com/docs/sharing/webmasters/crawler)"
172.226.50.54 - - [07/Oct/2025:18:47:17 +0000] "GET /wp-content/uploads/2023/05/Bella-6-local-kl-escorts.jpg HTTP/1.1" 200 149655 "https://afuncan.com/" "Mozilla/5.0 (iPhone; CPU iPhone OS 18_7 like Mac OS X) AppleWebKit/605.1.15 (KHTML, like Gecko) Version/26.0.1 Mobile/15E148 Safari/604.1"
172.225.210.198 - - [07/Oct/2025:18:47:18 +0000] "GET /wp-content/uploads/2023/05/Bella-5-local-kl-escorts.jpg HTTP/1.1" 200 187983 "https://afuncan.com/" "Mozilla/5.0 (iPhone; CPU iPhone OS 18_7 like Mac OS X) AppleWebKit/605.1.15 (KHTML, like Gecko) Version/26.0.1 Mobile/15E148 Safari/604.1"
172.226.50.54 - - [07/Oct/2025:18:47:18 +0000] "GET /wp-content/uploads/2023/05/Bella-2-local-kl-escorts.jpg HTTP/1.1" 200 141563 "https://afuncan.com/" "Mozilla/5.0 (iPhone; CPU iPhone OS 18_7 like Mac OS X) AppleWebKit/605.1.15 (KHTML, like Gecko) Version/26.0.1 Mobile/15E148 Safari/604.1"
203.161.56.247 - - [07/Oct/2025:18:47:24 +0000] "POST /wp-cron.php?doing_wp_cron=1759862844.5597701072692871093750 HTTP/1.1" 200 - "-" "WordPress/6.8.3; https://localklescort.com"
142.44.220.60 - - [07/Oct/2025:18:47:22 +0000] "GET /sitemap.rss HTTP/1.1" 200 1840 "-" "Mozilla/5.0 (compatible; AhrefsBot/7.0; +http://ahrefs.com/robot/)"
203.161.56.247 - - [07/Oct/2025:18:51:32 +0000] "POST /wp-cron.php?doing_wp_cron=1759863092.8254609107971191406250 HTTP/1.1" 200 - "-" "WordPress/6.8.3; https://localklescort.com"
216.73.216.131 - - [07/Oct/2025:18:51:30 +0000] "GET /video-sitemap.xml HTTP/1.1" 200 346 "-" "Mozilla/5.0 AppleWebKit/537.36 (KHTML, like Gecko; compatible; ClaudeBot/1.0; +claudebot@anthropic.com)"
203.161.56.247 - - [07/Oct/2025:18:52:00 +0000] "POST /wp-cron.php?doing_wp_cron=1759863120.3515729904174804687500 HTTP/1.1" 200 - "-" "WordPress/6.8.3; https://localklescort.com"
65.111.14.230 - - [07/Oct/2025:18:51:58 +0000] "GET / HTTP/1.1" 200 35582 "-" "Mozilla/5.0 (Windows NT 6.1) AppleWebKit/537.36 (KHTML, like Gecko) Chrome/76.0.3605.18 Safari/537.36"
65.111.14.230 - - [07/Oct/2025:18:52:01 +0000] "POST /wp-login.php HTTP/1.1" 200 2642 "-" "Mozilla/5.0 (Windows NT 6.1) AppleWebKit/537.36 (KHTML, like Gecko) Chrome/76.0.3605.18 Safari/537.36"
203.161.56.247 - - [07/Oct/2025:18:52:07 +0000] "POST /wp-cron.php?doing_wp_cron=1759863127.1517350673675537109375 HTTP/1.1" 200 - "-" "WordPress/6.8.3; https://localklescort.com"
65.111.14.230 - - [07/Oct/2025:18:52:05 +0000] "POST /xmlrpc.php HTTP/1.1" 200 206 "-" "Mozilla/5.0 (Windows NT 6.1) AppleWebKit/537.36 (KHTML, like Gecko) Chrome/76.0.3605.18 Safari/537.36"
203.161.56.247 - - [07/Oct/2025:18:52:04 +0000] "GET /wp-json/jetpack/v4/sync/spawn-sync?time=1759863124&request_lock_id=1759863124.0876 HTTP/1.1" 200 37 "-" "WordPress/6.8.3; https://localklescort.com"
216.26.234.97 - - [07/Oct/2025:18:52:08 +0000] "GET / HTTP/1.1" 200 35582 "-" "Mozilla/5.0 (Windows NT 10.0; WOW64; rv:69.0) Gecko/20100101 Firefox/69.0"
216.26.234.97 - - [07/Oct/2025:18:52:12 +0000] "GET / HTTP/1.1" 200 35584 "-" "Mozilla/5.0 (Windows NT 10.0; WOW64; rv:69.0) Gecko/20100101 Firefox/69.0"
203.161.56.247 - - [07/Oct/2025:18:52:06 +0000] "POST /wp-admin/admin-ajax.php?action=as_async_request_queue_runner&nonce=50ef79deb9 HTTP/1.1" 200 - "-" "WordPress/6.8.3; https://localklescort.com"
216.26.234.97 - - [07/Oct/2025:18:52:15 +0000] "GET /wp-login.php HTTP/1.1" 200 2338 "-" "Mozilla/5.0 (Windows NT 10.0; WOW64; rv:69.0) Gecko/20100101 Firefox/69.0"
216.26.234.97 - - [07/Oct/2025:18:52:16 +0000] "POST /wp-login.php HTTP/1.1" 200 2430 "-" "Mozilla/5.0 (Windows NT 10.0; WOW64; rv:69.0) Gecko/20100101 Firefox/69.0"
203.161.56.247 - - [07/Oct/2025:18:52:18 +0000] "GET /wp-json/jetpack/v4/sync/spawn-sync?time=1759863138&request_lock_id=1759863138.7885 HTTP/1.1" 200 37 "-" "WordPress/6.8.3; https://localklescort.com"
203.161.56.247 - - [07/Oct/2025:18:53:05 +0000] "POST /wp-cron.php?doing_wp_cron=1759863185.4274880886077880859375 HTTP/1.1" 200 - "-" "WordPress/6.8.3; https://localklescort.com"
216.73.216.131 - - [07/Oct/2025:18:53:03 +0000] "GET /sitemap.xml HTTP/1.1" 200 495 "-" "Mozilla/5.0 AppleWebKit/537.36 (KHTML, like Gecko; compatible; ClaudeBot/1.0; +claudebot@anthropic.com)"
203.161.56.247 - - [07/Oct/2025:18:58:54 +0000] "POST /wp-cron.php?doing_wp_cron=1759863533.9972949028015136718750 HTTP/1.1" 200 - "-" "WordPress/6.8.3; https://localklescort.com"
185.187.75.18 - - [07/Oct/2025:18:58:51 +0000] "GET /wp-login.php HTTP/1.1" 200 2548 "-" "Mozilla/5.0 (Windows NT 10.0; Win64; x64) AppleWebKit/537.36 (KHTML, like Gecko) Chrome/120.0.0.0 Safari/537.36"
185.187.75.18 - - [07/Oct/2025:18:58:54 +0000] "POST /wp-login.php HTTP/1.1" 401 1457 "https://localklescort.com/wp-login.php" "Mozilla/5.0 (Windows NT 10.0; Win64; x64) AppleWebKit/537.36 (KHTML, like Gecko) Chrome/120.0.0.0 Safari/537.36"
203.161.56.247 - - [07/Oct/2025:19:01:21 +0000] "POST /wp-cron.php?doing_wp_cron=1759863681.4040040969848632812500 HTTP/1.1" 200 - "-" "WordPress/6.8.3; https://localklescort.com"
54.39.6.245 - - [07/Oct/2025:19:01:19 +0000] "GET /all-kl-escort-girl/escort-kl/feed/ HTTP/1.1" 200 5842 "-" "Mozilla/5.0 (compatible; AhrefsBot/7.0; +http://ahrefs.com/robot/)"
203.161.56.247 - - [07/Oct/2025:19:06:41 +0000] "POST /wp-cron.php?doing_wp_cron=1759864001.2576160430908203125000 HTTP/1.1" 200 - "-" "WordPress/6.8.3; https://localklescort.com"
84.46.240.221 - - [07/Oct/2025:19:06:39 +0000] "POST /xmlrpc.php HTTP/1.1" 200 247 "-" "Mozilla/5.0 (X11; Ubuntu; Linux x86_64; rv:85.0) Gecko/20100101 Firefox/91.0"
203.161.56.247 - - [07/Oct/2025:19:08:13 +0000] "POST /wp-cron.php?doing_wp_cron=1759864093.2695260047912597656250 HTTP/1.1" 200 - "-" "WordPress/6.8.3; https://localklescort.com"
107.20.25.33 - - [07/Oct/2025:19:08:11 +0000] "GET /all-kl-escort-girls/china-girls/ HTTP/1.1" 200 29490 "-" "Mozilla/5.0 AppleWebKit/537.36 (KHTML, like Gecko; compatible; Amazonbot/0.1; +https://developer.amazon.com/support/amazonbot) Chrome/119.0.6045.214 Safari/537.36"
52.6.97.88 - - [07/Oct/2025:19:08:15 +0000] "GET /all-kl-escort-girl/kl-escort/ HTTP/1.1" 200 30553 "-" "Mozilla/5.0 AppleWebKit/537.36 (KHTML, like Gecko; compatible; Amazonbot/0.1; +https://developer.amazon.com/support/amazonbot) Chrome/119.0.6045.214 Safari/537.36"
18.215.49.176 - - [07/Oct/2025:19:08:19 +0000] "GET /kl-escort-gallery/apple-local-kl-escort/ HTTP/1.1" 200 36164 "-" "Mozilla/5.0 AppleWebKit/537.36 (KHTML, like Gecko; compatible; Amazonbot/0.1; +https://developer.amazon.com/support/amazonbot) Chrome/119.0.6045.214 Safari/537.36"
50.17.193.48 - - [07/Oct/2025:19:08:24 +0000] "GET /kl-escort-gallery/alice-local-kl-escort/ HTTP/1.1" 200 36557 "-" "Mozilla/5.0 AppleWebKit/537.36 (KHTML, like Gecko; compatible; Amazonbot/0.1; +https://developer.amazon.com/support/amazonbot) Chrome/119.0.6045.214 Safari/537.36"
54.84.161.62 - - [07/Oct/2025:19:08:27 +0000] "GET /all-kl-escort-girl/booking-girl-kl/ HTTP/1.1" 200 30577 "-" "Mozilla/5.0 AppleWebKit/537.36 (KHTML, like Gecko; compatible; Amazonbot/0.1; +https://developer.amazon.com/support/amazonbot) Chrome/119.0.6045.214 Safari/537.36"
44.209.187.99 - - [07/Oct/2025:19:08:31 +0000] "GET /all-kl-escort-girl/kl-escort-girl/ HTTP/1.1" 200 29700 "-" "Mozilla/5.0 AppleWebKit/537.36 (KHTML, like Gecko; compatible; Amazonbot/0.1; +https://developer.amazon.com/support/amazonbot) Chrome/119.0.6045.214 Safari/537.36"
54.163.169.168 - - [07/Oct/2025:19:08:34 +0000] "GET /kl-escort-gallery/wendy-local-kl-escort/ HTTP/1.1" 200 36286 "-" "Mozilla/5.0 AppleWebKit/537.36 (KHTML, like Gecko; compatible; Amazonbot/0.1; +https://developer.amazon.com/support/amazonbot) Chrome/119.0.6045.214 Safari/537.36"
203.161.56.247 - - [07/Oct/2025:19:15:14 +0000] "POST /wp-cron.php?doing_wp_cron=1759864514.5664439201354980468750 HTTP/1.1" 200 - "-" "WordPress/6.8.3; https://localklescort.com"
54.39.0.12 - - [07/Oct/2025:19:15:12 +0000] "GET /all-kl-escort-girl/outcall-kl/ HTTP/1.1" 200 30564 "-" "Mozilla/5.0 (compatible; AhrefsBot/7.0; +http://ahrefs.com/robot/)"
40.77.167.17 - - [07/Oct/2025:19:22:03 +0000] "GET /wp-content/uploads/2023/05/Apple-3-local-kl-escorts-768x960.jpg HTTP/1.1" 200 96910 "-" "Mozilla/5.0 AppleWebKit/537.36 (KHTML, like Gecko; compatible; bingbot/2.0; +http://www.bing.com/bingbot.htm) Chrome/116.0.1938.76 Safari/537.36"
66.249.74.40 - - [07/Oct/2025:19:26:42 +0000] "GET /wp-content/uploads/2023/05/Alice-5-local-kl-escort-510x527.jpg HTTP/1.1" 304 - "-" "Googlebot-Image/1.0"
203.161.56.247 - - [07/Oct/2025:19:27:08 +0000] "POST /wp-cron.php?doing_wp_cron=1759865228.1751680374145507812500 HTTP/1.1" 200 - "-" "WordPress/6.8.3; https://localklescort.com"
114.119.154.67 - - [07/Oct/2025:19:27:06 +0000] "GET / HTTP/1.1" 200 35572 "-" "Mozilla/5.0 (Linux; Android 7.0;) AppleWebKit/537.36 (KHTML, like Gecko) Mobile Safari/537.36 (compatible; PetalBot;+https://webmaster.petalsearch.com/site/petalbot)"
3.218.103.254 - - [07/Oct/2025:19:27:31 +0000] "GET /kl-escort-gallery/mi-mi-local-kl-escort/ HTTP/1.1" 200 36446 "-" "Mozilla/5.0 AppleWebKit/537.36 (KHTML, like Gecko; compatible; Amazonbot/0.1; +https://developer.amazon.com/support/amazonbot) Chrome/119.0.6045.214 Safari/537.36"
66.23.227.62 - - [07/Oct/2025:19:27:54 +0000] "HEAD / HTTP/1.1" 200 - "-" "Mozilla/5.0 (Windows NT 10.0; Win64; x64) AppleWebKit/537.36 (KHTML, like Gecko) Chrome/124.0.0.0 Safari/537.36"
203.161.56.247 - - [07/Oct/2025:19:28:29 +0000] "POST /wp-cron.php?doing_wp_cron=1759865309.4782550334930419921875 HTTP/1.1" 200 - "-" "WordPress/6.8.3; https://localklescort.com"
114.119.137.105 - - [07/Oct/2025:19:28:27 +0000] "GET /category-sitemap.xml HTTP/1.1" 200 444 "-" "Mozilla/5.0 (Linux; Android 7.0;) AppleWebKit/537.36 (KHTML, like Gecko) Mobile Safari/537.36 (compatible; PetalBot;+https://webmaster.petalsearch.com/site/petalbot)"
203.161.56.247 - - [07/Oct/2025:19:29:05 +0000] "POST /wp-cron.php?doing_wp_cron=1759865345.9076969623565673828125 HTTP/1.1" 200 - "-" "WordPress/6.8.3; https://localklescort.com"
51.222.168.119 - - [07/Oct/2025:19:29:04 +0000] "GET /all-kl-escort-girl/booking-girl-kl/feed/ HTTP/1.1" 200 5611 "-" "Mozilla/5.0 (compatible; AhrefsBot/7.0; +http://ahrefs.com/robot/)"
203.161.56.247 - - [07/Oct/2025:19:29:52 +0000] "POST /wp-cron.php?doing_wp_cron=1759865392.6633939743041992187500 HTTP/1.1" 200 - "-" "WordPress/6.8.3; https://localklescort.com"
114.119.142.37 - - [07/Oct/2025:19:29:50 +0000] "GET /all-kl-escort-girl/escort/page/3/ HTTP/1.1" 200 30693 "https://localklescort.com/all-kl-escort-girl/escort/page/1/" "Mozilla/5.0 (Linux; Android 7.0;) AppleWebKit/537.36 (KHTML, like Gecko) Mobile Safari/537.36 (compatible; PetalBot;+https://webmaster.petalsearch.com/site/petalbot)"
203.161.56.247 - - [07/Oct/2025:19:30:07 +0000] "POST /wp-cron.php?doing_wp_cron=1759865407.5049901008605957031250 HTTP/1.1" 200 - "-" "WordPress/6.8.3; https://localklescort.com"
77.75.78.160 - - [07/Oct/2025:19:30:05 +0000] "GET /kl-escort-gallery/le-le-local-kl-escort/ HTTP/1.1" 200 36512 "-" "Mozilla/5.0 (compatible; SeznamBot/4.0; +https://o-seznam.cz/napoveda/vyhledavani/en/seznambot-crawler/)"
58.120.226.66 - - [07/Oct/2025:19:30:09 +0000] "GET /wp-login.php HTTP/1.1" 200 2549 "-" "Mozilla/5.0 (Windows NT 10.0; Win64; x64) AppleWebKit/537.36 (KHTML, like Gecko) Chrome/120.0.0.0 Safari/537.36"
58.120.226.66 - - [07/Oct/2025:19:30:11 +0000] "POST /wp-login.php HTTP/1.1" 401 1458 "https://localklescort.com/wp-login.php" "Mozilla/5.0 (Windows NT 10.0; Win64; x64) AppleWebKit/537.36 (KHTML, like Gecko) Chrome/120.0.0.0 Safari/537.36"
203.161.56.247 - - [07/Oct/2025:19:31:14 +0000] "POST /wp-cron.php?doing_wp_cron=1759865474.5097360610961914062500 HTTP/1.1" 200 - "-" "WordPress/6.8.3; https://localklescort.com"
114.119.154.67 - - [07/Oct/2025:19:31:12 +0000] "GET /service/group-sex/page/2/ HTTP/1.1" 200 30749 "https://localklescort.com/service/group-sex/" "Mozilla/5.0 (Linux; Android 7.0;) AppleWebKit/537.36 (KHTML, like Gecko) Mobile Safari/537.36 (compatible; PetalBot;+https://webmaster.petalsearch.com/site/petalbot)"
114.119.154.67 - - [07/Oct/2025:19:32:38 +0000] "GET /wp-content/uploads/2023/05/Diana-5-local-kl-escorts-300x360.jpg HTTP/1.1" 200 30284 "https://localklescort.com/kl-escort-gallery/diana-local-kl-escort/" "Mozilla/5.0 (Linux; Android 7.0;) AppleWebKit/537.36 (KHTML, like Gecko) Mobile Safari/537.36 (compatible; PetalBot;+https://webmaster.petalsearch.com/site/petalbot)"
203.161.56.247 - - [07/Oct/2025:19:42:14 +0000] "POST /wp-cron.php?doing_wp_cron=1759866134.8026549816131591796875 HTTP/1.1" 200 - "-" "WordPress/6.8.3; https://localklescort.com"
167.114.139.16 - - [07/Oct/2025:19:42:12 +0000] "GET /all-kl-escort-girl/escort-girl/page/3/ HTTP/1.1" 200 30699 "-" "Mozilla/5.0 (compatible; AhrefsBot/7.0; +http://ahrefs.com/robot/)"
203.161.56.247 - - [07/Oct/2025:19:43:20 +0000] "POST /wp-cron.php?doing_wp_cron=1759866200.3446710109710693359375 HTTP/1.1" 200 - "-" "WordPress/6.8.3; https://localklescort.com"
141.0.11.11 - - [07/Oct/2025:19:43:18 +0000] "GET / HTTP/1.1" 200 35575 "https://www.google.com/" "Mozilla/5.0 (Linux; U; Android 14; SM-A546E Build/UP1A.231005.007; wv) AppleWebKit/537.36 (KHTML, like Gecko) Version/4.0 Chrome/140.0.7339.207 Mobile Safari/537.36 OPR/95.0.2254.79260"
141.0.11.11 - - [07/Oct/2025:19:43:21 +0000] "GET /wp-content/plugins/contact-form-7/includes/css/styles.css?ver=6.1.1 HTTP/1.1" 200 1031 "https://localklescort.com/" "Mozilla/5.0 (Linux; U; Android 14; SM-A546E Build/UP1A.231005.007; wv) AppleWebKit/537.36 (KHTML, like Gecko) Version/4.0 Chrome/140.0.7339.207 Mobile Safari/537.36 OPR/95.0.2254.79260"
141.0.11.11 - - [07/Oct/2025:19:43:21 +0000] "GET /wp-content/themes/flatsome/assets/css/flatsome.css?ver=3.20.1 HTTP/1.1" 200 30262 "https://localklescort.com/" "Mozilla/5.0 (Linux; U; Android 14; SM-A546E Build/UP1A.231005.007; wv) AppleWebKit/537.36 (KHTML, like Gecko) Version/4.0 Chrome/140.0.7339.207 Mobile Safari/537.36 OPR/95.0.2254.79260"
141.0.11.11 - - [07/Oct/2025:19:43:22 +0000] "GET /wp-content/themes/flatsome-child/style.css?ver=3.0 HTTP/1.1" 200 211 "https://localklescort.com/" "Mozilla/5.0 (Linux; U; Android 14; SM-A546E Build/UP1A.231005.007; wv) AppleWebKit/537.36 (KHTML, like Gecko) Version/4.0 Chrome/140.0.7339.207 Mobile Safari/537.36 OPR/95.0.2254.79260"
141.0.11.11 - - [07/Oct/2025:19:43:22 +0000] "GET /wp-content/themes/flatsome/assets/css/icons/fl-icons.ttf?v=3.20.1 HTTP/1.1" 200 7997 "https://localklescort.com/" "Mozilla/5.0 (Linux; U; Android 14; SM-A546E Build/UP1A.231005.007; wv) AppleWebKit/537.36 (KHTML, like Gecko) Version/4.0 Chrome/140.0.7339.207 Mobile Safari/537.36 OPR/95.0.2254.79260"
141.0.11.11 - - [07/Oct/2025:19:43:22 +0000] "GET /wp-content/themes/flatsome/assets/css/icons/fl-icons.eot HTTP/1.1" 200 8044 "https://localklescort.com/" "Mozilla/5.0 (Linux; U; Android 14; SM-A546E Build/UP1A.231005.007; wv) AppleWebKit/537.36 (KHTML, like Gecko) Version/4.0 Chrome/140.0.7339.207 Mobile Safari/537.36 OPR/95.0.2254.79260"
141.0.11.11 - - [07/Oct/2025:19:43:22 +0000] "GET /wp-content/themes/flatsome/assets/css/icons/fl-icons.eot?v=3.20.1 HTTP/1.1" 200 8044 "https://localklescort.com/" "Mozilla/5.0 (Linux; U; Android 14; SM-A546E Build/UP1A.231005.007; wv) AppleWebKit/537.36 (KHTML, like Gecko) Version/4.0 Chrome/140.0.7339.207 Mobile Safari/537.36 OPR/95.0.2254.79260"
141.0.11.11 - - [07/Oct/2025:19:43:22 +0000] "GET /wp-content/themes/flatsome/assets/css/flatsome-shop.css?ver=3.20.1 HTTP/1.1" 200 7098 "https://localklescort.com/" "Mozilla/5.0 (Linux; U; Android 14; SM-A546E Build/UP1A.231005.007; wv) AppleWebKit/537.36 (KHTML, like Gecko) Version/4.0 Chrome/140.0.7339.207 Mobile Safari/537.36 OPR/95.0.2254.79260"
141.0.11.11 - - [07/Oct/2025:19:43:22 +0000] "GET /wp-content/plugins/woocommerce/assets/css/brands.css?ver=10.2.1 HTTP/1.1" 200 684 "https://localklescort.com/" "Mozilla/5.0 (Linux; U; Android 14; SM-A546E Build/UP1A.231005.007; wv) AppleWebKit/537.36 (KHTML, like Gecko) Version/4.0 Chrome/140.0.7339.207 Mobile Safari/537.36 OPR/95.0.2254.79260"
141.0.11.11 - - [07/Oct/2025:19:43:22 +0000] "GET /wp-content/plugins/easy-video-player/lib/plyr.css?ver=6.8.3 HTTP/1.1" 200 5279 "https://localklescort.com/" "Mozilla/5.0 (Linux; U; Android 14; SM-A546E Build/UP1A.231005.007; wv) AppleWebKit/537.36 (KHTML, like Gecko) Version/4.0 Chrome/140.0.7339.207 Mobile Safari/537.36 OPR/95.0.2254.79260"
141.0.11.11 - - [07/Oct/2025:19:43:22 +0000] "GET /wp-content/themes/flatsome/assets/css/icons/fl-icons.svg?v=3.20.1 HTTP/1.1" 200 15111 "https://localklescort.com/" "Mozilla/5.0 (Linux; U; Android 14; SM-A546E Build/UP1A.231005.007; wv) AppleWebKit/537.36 (KHTML, like Gecko) Version/4.0 Chrome/140.0.7339.207 Mobile Safari/537.36 OPR/95.0.2254.79260"
141.0.11.11 - - [07/Oct/2025:19:43:22 +0000] "GET /wp-content/fonts/lato/S6u9w4BMUTPHh6UVSwiPGQ.woff2 HTTP/1.1" 200 23037 "https://localklescort.com/" "Mozilla/5.0 (Linux; U; Android 14; SM-A546E Build/UP1A.231005.007; wv) AppleWebKit/537.36 (KHTML, like Gecko) Version/4.0 Chrome/140.0.7339.207 Mobile Safari/537.36 OPR/95.0.2254.79260"
141.0.11.11 - - [07/Oct/2025:19:43:22 +0000] "GET /wp-content/fonts/dancing-script/If2cXTr6YS-zF4S-kcSWSVi_sxjsohD9F50Ruu7BMSo3Rep8ltA.woff2 HTTP/1.1" 200 4963 "https://localklescort.com/" "Mozilla/5.0 (Linux; U; Android 14; SM-A546E Build/UP1A.231005.007; wv) AppleWebKit/537.36 (KHTML, like Gecko) Version/4.0 Chrome/140.0.7339.207 Mobile Safari/537.36 OPR/95.0.2254.79260"
141.0.11.11 - - [07/Oct/2025:19:43:22 +0000] "GET /wp-content/uploads/2023/05/Apple-1-local-kl-escorts-247x296.jpg HTTP/1.1" 200 13596 "https://localklescort.com/" "Mozilla/5.0 (Linux; U; Android 14; SM-A546E Build/UP1A.231005.007; wv) AppleWebKit/537.36 (KHTML, like Gecko) Version/4.0 Chrome/140.0.7339.207 Mobile Safari/537.36 OPR/95.0.2254.79260"
141.0.11.11 - - [07/Oct/2025:19:43:22 +0000] "GET /wp-content/uploads/2024/09/Linda-1-local-kl-escorts-247x296.jpg HTTP/1.1" 200 10857 "https://localklescort.com/" "Mozilla/5.0 (Linux; U; Android 14; SM-A546E Build/UP1A.231005.007; wv) AppleWebKit/537.36 (KHTML, like Gecko) Version/4.0 Chrome/140.0.7339.207 Mobile Safari/537.36 OPR/95.0.2254.79260"
141.0.11.11 - - [07/Oct/2025:19:43:22 +0000] "GET /wp-content/uploads/2024/06/Molly-6-kl-escort-247x296.webp HTTP/1.1" 200 14309 "https://localklescort.com/" "Mozilla/5.0 (Linux; U; Android 14; SM-A546E Build/UP1A.231005.007; wv) AppleWebKit/537.36 (KHTML, like Gecko) Version/4.0 Chrome/140.0.7339.207 Mobile Safari/537.36 OPR/95.0.2254.79260"
141.0.11.11 - - [07/Oct/2025:19:43:22 +0000] "GET /wp-content/uploads/2023/02/kl-escort-angel-logo.png HTTP/1.1" 200 20521 "https://localklescort.com/" "Mozilla/5.0 (Linux; U; Android 14; SM-A546E Build/UP1A.231005.007; wv) AppleWebKit/537.36 (KHTML, like Gecko) Version/4.0 Chrome/140.0.7339.207 Mobile Safari/537.36 OPR/95.0.2254.79260"
141.0.11.11 - - [07/Oct/2025:19:43:22 +0000] "GET /wp-content/fonts/lato/S6uyw4BMUTPHjx4wXg.woff2 HTTP/1.1" 200 23577 "https://localklescort.com/" "Mozilla/5.0 (Linux; U; Android 14; SM-A546E Build/UP1A.231005.007; wv) AppleWebKit/537.36 (KHTML, like Gecko) Version/4.0 Chrome/140.0.7339.207 Mobile Safari/537.36 OPR/95.0.2254.79260"
141.0.11.11 - - [07/Oct/2025:19:43:22 +0000] "GET /wp-content/themes/flatsome/assets/css/icons/fl-icons.woff?v=3.20.1 HTTP/1.1" 200 8018 "https://localklescort.com/" "Mozilla/5.0 (Linux; U; Android 14; SM-A546E Build/UP1A.231005.007; wv) AppleWebKit/537.36 (KHTML, like Gecko) Version/4.0 Chrome/140.0.7339.207 Mobile Safari/537.36 OPR/95.0.2254.79260"
141.0.11.11 - - [07/Oct/2025:19:43:22 +0000] "GET /wp-content/fonts/lato/S6uyw4BMUTPHjxAwXjeu.woff2 HTTP/1.1" 200 5635 "https://localklescort.com/" "Mozilla/5.0 (Linux; U; Android 14; SM-A546E Build/UP1A.231005.007; wv) AppleWebKit/537.36 (KHTML, like Gecko) Version/4.0 Chrome/140.0.7339.207 Mobile Safari/537.36 OPR/95.0.2254.79260"
141.0.11.11 - - [07/Oct/2025:19:43:22 +0000] "GET /wp-content/fonts/dancing-script/If2cXTr6YS-zF4S-kcSWSVi_sxjsohD9F50Ruu7BMSo3Sup8.woff2 HTTP/1.1" 200 23824 "https://localklescort.com/" "Mozilla/5.0 (Linux; U; Android 14; SM-A546E Build/UP1A.231005.007; wv) AppleWebKit/537.36 (KHTML, like Gecko) Version/4.0 Chrome/140.0.7339.207 Mobile Safari/537.36 OPR/95.0.2254.79260"
141.0.11.11 - - [07/Oct/2025:19:43:22 +0000] "GET /wp-content/uploads/2023/05/Apple-6-local-kl-escorts-247x296.jpg HTTP/1.1" 200 14884 "https://localklescort.com/" "Mozilla/5.0 (Linux; U; Android 14; SM-A546E Build/UP1A.231005.007; wv) AppleWebKit/537.36 (KHTML, like Gecko) Version/4.0 Chrome/140.0.7339.207 Mobile Safari/537.36 OPR/95.0.2254.79260"
141.0.11.11 - - [07/Oct/2025:19:43:22 +0000] "GET /wp-content/themes/flatsome/assets/css/icons/fl-icons.woff2?v=3.20.1 HTTP/1.1" 200 7583 "https://localklescort.com/" "Mozilla/5.0 (Linux; U; Android 14; SM-A546E Build/UP1A.231005.007; wv) AppleWebKit/537.36 (KHTML, like Gecko) Version/4.0 Chrome/140.0.7339.207 Mobile Safari/537.36 OPR/95.0.2254.79260"
141.0.11.11 - - [07/Oct/2025:19:43:22 +0000] "GET /wp-content/uploads/2024/09/Crystal-1-local-kl-escorts-247x296.jpg HTTP/1.1" 200 12904 "https://localklescort.com/" "Mozilla/5.0 (Linux; U; Android 14; SM-A546E Build/UP1A.231005.007; wv) AppleWebKit/537.36 (KHTML, like Gecko) Version/4.0 Chrome/140.0.7339.207 Mobile Safari/537.36 OPR/95.0.2254.79260"
141.0.11.11 - - [07/Oct/2025:19:43:22 +0000] "GET /wp-content/fonts/dancing-script/If2cXTr6YS-zF4S-kcSWSVi_sxjsohD9F50Ruu7BMSo3ROp8ltA.woff2 HTTP/1.1" 200 13587 "https://localklescort.com/" "Mozilla/5.0 (Linux; U; Android 14; SM-A546E Build/UP1A.231005.007; wv) AppleWebKit/537.36 (KHTML, like Gecko) Version/4.0 Chrome/140.0.7339.207 Mobile Safari/537.36 OPR/95.0.2254.79260"
141.0.11.11 - - [07/Oct/2025:19:43:22 +0000] "GET /wp-content/fonts/lato/S6u9w4BMUTPHh6UVSwaPGR_p.woff2 HTTP/1.1" 200 5575 "https://localklescort.com/" "Mozilla/5.0 (Linux; U; Android 14; SM-A546E Build/UP1A.231005.007; wv) AppleWebKit/537.36 (KHTML, like Gecko) Version/4.0 Chrome/140.0.7339.207 Mobile Safari/537.36 OPR/95.0.2254.79260"
141.0.11.11 - - [07/Oct/2025:19:43:22 +0000] "GET /wp-content/uploads/2024/06/Molly-1-kl-escort-247x296.webp HTTP/1.1" 200 11485 "https://localklescort.com/" "Mozilla/5.0 (Linux; U; Android 14; SM-A546E Build/UP1A.231005.007; wv) AppleWebKit/537.36 (KHTML, like Gecko) Version/4.0 Chrome/140.0.7339.207 Mobile Safari/537.36 OPR/95.0.2254.79260"
141.0.11.11 - - [07/Oct/2025:19:43:22 +0000] "GET /wp-content/uploads/2023/05/Ann-Ann-Mongolian-1-local-kl-escorts-247x296.jpg HTTP/1.1" 200 19845 "https://localklescort.com/" "Mozilla/5.0 (Linux; U; Android 14; SM-A546E Build/UP1A.231005.007; wv) AppleWebKit/537.36 (KHTML, like Gecko) Version/4.0 Chrome/140.0.7339.207 Mobile Safari/537.36 OPR/95.0.2254.79260"
141.0.11.11 - - [07/Oct/2025:19:43:22 +0000] "GET /wp-content/uploads/2024/09/Linda-6-local-kl-escorts-247x296.jpg HTTP/1.1" 200 11414 "https://localklescort.com/" "Mozilla/5.0 (Linux; U; Android 14; SM-A546E Build/UP1A.231005.007; wv) AppleWebKit/537.36 (KHTML, like Gecko) Version/4.0 Chrome/140.0.7339.207 Mobile Safari/537.36 OPR/95.0.2254.79260"
141.0.11.11 - - [07/Oct/2025:19:43:22 +0000] "GET /wp-content/uploads/2023/05/Doo-Doo-Mongolian-5-local-kl-escorts-247x296.jpg HTTP/1.1" 200 13587 "https://localklescort.com/" "Mozilla/5.0 (Linux; U; Android 14; SM-A546E Build/UP1A.231005.007; wv) AppleWebKit/537.36 (KHTML, like Gecko) Version/4.0 Chrome/140.0.7339.207 Mobile Safari/537.36 OPR/95.0.2254.79260"
141.0.11.11 - - [07/Oct/2025:19:43:22 +0000] "GET /wp-content/uploads/2023/01/Anna-1-local-kl-escorts-247x296.jpg HTTP/1.1" 200 14382 "https://localklescort.com/" "Mozilla/5.0 (Linux; U; Android 14; SM-A546E Build/UP1A.231005.007; wv) AppleWebKit/537.36 (KHTML, like Gecko) Version/4.0 Chrome/140.0.7339.207 Mobile Safari/537.36 OPR/95.0.2254.79260"
141.0.11.11 - - [07/Oct/2025:19:43:22 +0000] "GET /wp-content/uploads/2023/05/Wendy-1-local-kl-escorts-247x296.jpg HTTP/1.1" 200 15844 "https://localklescort.com/" "Mozilla/5.0 (Linux; U; Android 14; SM-A546E Build/UP1A.231005.007; wv) AppleWebKit/537.36 (KHTML, like Gecko) Version/4.0 Chrome/140.0.7339.207 Mobile Safari/537.36 OPR/95.0.2254.79260"
141.0.11.11 - - [07/Oct/2025:19:43:22 +0000] "GET /wp-content/uploads/2023/05/Wendy-5-local-kl-escorts-247x296.jpg HTTP/1.1" 200 15734 "https://localklescort.com/" "Mozilla/5.0 (Linux; U; Android 14; SM-A546E Build/UP1A.231005.007; wv) AppleWebKit/537.36 (KHTML, like Gecko) Version/4.0 Chrome/140.0.7339.207 Mobile Safari/537.36 OPR/95.0.2254.79260"
141.0.11.11 - - [07/Oct/2025:19:43:22 +0000] "GET /wp-content/uploads/2023/05/Lisa-1-local-kl-escorts-247x296.jpg HTTP/1.1" 200 14556 "https://localklescort.com/" "Mozilla/5.0 (Linux; U; Android 14; SM-A546E Build/UP1A.231005.007; wv) AppleWebKit/537.36 (KHTML, like Gecko) Version/4.0 Chrome/140.0.7339.207 Mobile Safari/537.36 OPR/95.0.2254.79260"
141.0.11.11 - - [07/Oct/2025:19:43:22 +0000] "GET /wp-content/uploads/2023/05/Emma-3-local-kl-escorts-247x296.jpg HTTP/1.1" 200 14263 "https://localklescort.com/" "Mozilla/5.0 (Linux; U; Android 14; SM-A546E Build/UP1A.231005.007; wv) AppleWebKit/537.36 (KHTML, like Gecko) Version/4.0 Chrome/140.0.7339.207 Mobile Safari/537.36 OPR/95.0.2254.79260"
141.0.11.11 - - [07/Oct/2025:19:43:22 +0000] "GET /wp-content/uploads/2023/05/Alice-1-local-kl-escort-247x296.jpg HTTP/1.1" 200 14862 "https://localklescort.com/" "Mozilla/5.0 (Linux; U; Android 14; SM-A546E Build/UP1A.231005.007; wv) AppleWebKit/537.36 (KHTML, like Gecko) Version/4.0 Chrome/140.0.7339.207 Mobile Safari/537.36 OPR/95.0.2254.79260"
141.0.11.11 - - [07/Oct/2025:19:43:22 +0000] "GET /wp-content/uploads/2024/09/Crystal-2-local-kl-escorts-247x296.jpg HTTP/1.1" 200 14977 "https://localklescort.com/" "Mozilla/5.0 (Linux; U; Android 14; SM-A546E Build/UP1A.231005.007; wv) AppleWebKit/537.36 (KHTML, like Gecko) Version/4.0 Chrome/140.0.7339.207 Mobile Safari/537.36 OPR/95.0.2254.79260"
141.0.11.11 - - [07/Oct/2025:19:43:22 +0000] "GET /wp-content/uploads/2023/05/Ann-Ann-Mongolian-2-local-kl-escorts-247x296.jpg HTTP/1.1" 200 13189 "https://localklescort.com/" "Mozilla/5.0 (Linux; U; Android 14; SM-A546E Build/UP1A.231005.007; wv) AppleWebKit/537.36 (KHTML, like Gecko) Version/4.0 Chrome/140.0.7339.207 Mobile Safari/537.36 OPR/95.0.2254.79260"
141.0.11.11 - - [07/Oct/2025:19:43:22 +0000] "GET /wp-content/uploads/2023/05/Alice-5-local-kl-escort-247x296.jpg HTTP/1.1" 200 11421 "https://localklescort.com/" "Mozilla/5.0 (Linux; U; Android 14; SM-A546E Build/UP1A.231005.007; wv) AppleWebKit/537.36 (KHTML, like Gecko) Version/4.0 Chrome/140.0.7339.207 Mobile Safari/537.36 OPR/95.0.2254.79260"
141.0.11.11 - - [07/Oct/2025:19:43:22 +0000] "GET /wp-content/uploads/2023/05/Doo-Doo-Mongolian-1-local-kl-escorts-247x296.jpg HTTP/1.1" 200 14499 "https://localklescort.com/" "Mozilla/5.0 (Linux; U; Android 14; SM-A546E Build/UP1A.231005.007; wv) AppleWebKit/537.36 (KHTML, like Gecko) Version/4.0 Chrome/140.0.7339.207 Mobile Safari/537.36 OPR/95.0.2254.79260"
141.0.11.11 - - [07/Oct/2025:19:43:22 +0000] "GET /wp-content/uploads/2023/05/Emma-1-local-kl-escorts-247x296.jpg HTTP/1.1" 200 22751 "https://localklescort.com/" "Mozilla/5.0 (Linux; U; Android 14; SM-A546E Build/UP1A.231005.007; wv) AppleWebKit/537.36 (KHTML, like Gecko) Version/4.0 Chrome/140.0.7339.207 Mobile Safari/537.36 OPR/95.0.2254.79260"
141.0.11.11 - - [07/Oct/2025:19:43:22 +0000] "GET /wp-content/uploads/2023/02/local-kl-escort-banner-1.jpg HTTP/1.1" 200 144054 "https://localklescort.com/" "Mozilla/5.0 (Linux; U; Android 14; SM-A546E Build/UP1A.231005.007; wv) AppleWebKit/537.36 (KHTML, like Gecko) Version/4.0 Chrome/140.0.7339.207 Mobile Safari/537.36 OPR/95.0.2254.79260"
141.0.11.11 - - [07/Oct/2025:19:43:22 +0000] "GET /wp-content/uploads/2023/02/local-kl-escort-banner-2.jpg HTTP/1.1" 200 136601 "https://localklescort.com/" "Mozilla/5.0 (Linux; U; Android 14; SM-A546E Build/UP1A.231005.007; wv) AppleWebKit/537.36 (KHTML, like Gecko) Version/4.0 Chrome/140.0.7339.207 Mobile Safari/537.36 OPR/95.0.2254.79260"
141.0.11.11 - - [07/Oct/2025:19:43:22 +0000] "GET /wp-content/uploads/2023/02/local-kl-escort-banner-3-1305x800.jpg HTTP/1.1" 200 146154 "https://localklescort.com/" "Mozilla/5.0 (Linux; U; Android 14; SM-A546E Build/UP1A.231005.007; wv) AppleWebKit/537.36 (KHTML, like Gecko) Version/4.0 Chrome/140.0.7339.207 Mobile Safari/537.36 OPR/95.0.2254.79260"
141.0.11.11 - - [07/Oct/2025:19:43:22 +0000] "GET /wp-content/plugins/easy-video-player/lib/plyr.js?ver=6.8.3 HTTP/1.1" 200 31770 "https://localklescort.com/" "Mozilla/5.0 (Linux; U; Android 14; SM-A546E Build/UP1A.231005.007; wv) AppleWebKit/537.36 (KHTML, like Gecko) Version/4.0 Chrome/140.0.7339.207 Mobile Safari/537.36 OPR/95.0.2254.79260"
141.0.11.11 - - [07/Oct/2025:19:43:22 +0000] "GET /wp-includes/js/jquery/jquery.min.js?ver=3.7.1 HTTP/1.1" 200 30368 "https://localklescort.com/" "Mozilla/5.0 (Linux; U; Android 14; SM-A546E Build/UP1A.231005.007; wv) AppleWebKit/537.36 (KHTML, like Gecko) Version/4.0 Chrome/140.0.7339.207 Mobile Safari/537.36 OPR/95.0.2254.79260"
141.0.11.11 - - [07/Oct/2025:19:43:22 +0000] "GET /wp-content/themes/flatsome/assets/img/underline.png HTTP/1.1" 200 1020 "https://localklescort.com/wp-content/themes/flatsome/assets/css/flatsome.css?ver=3.20.1" "Mozilla/5.0 (Linux; U; Android 14; SM-A546E Build/UP1A.231005.007; wv) AppleWebKit/537.36 (KHTML, like Gecko) Version/4.0 Chrome/140.0.7339.207 Mobile Safari/537.36 OPR/95.0.2254.79260"
141.0.11.11 - - [07/Oct/2025:19:43:22 +0000] "GET /wp-includes/js/jquery/jquery-migrate.min.js?ver=3.4.1 HTTP/1.1" 200 4872 "https://localklescort.com/" "Mozilla/5.0 (Linux; U; Android 14; SM-A546E Build/UP1A.231005.007; wv) AppleWebKit/537.36 (KHTML, like Gecko) Version/4.0 Chrome/140.0.7339.207 Mobile Safari/537.36 OPR/95.0.2254.79260"
141.0.11.11 - - [07/Oct/2025:19:43:22 +0000] "GET /wp-content/themes/flatsome/assets/img/shadow@2x.png HTTP/1.1" 200 3790 "https://localklescort.com/wp-content/themes/flatsome/assets/css/flatsome.css?ver=3.20.1" "Mozilla/5.0 (Linux; U; Android 14; SM-A546E Build/UP1A.231005.007; wv) AppleWebKit/537.36 (KHTML, like Gecko) Version/4.0 Chrome/140.0.7339.207 Mobile Safari/537.36 OPR/95.0.2254.79260"
141.0.11.11 - - [07/Oct/2025:19:43:22 +0000] "GET /wp-content/plugins/woocommerce/assets/js/js-cookie/js.cookie.min.js?ver=2.1.4-wc.10.2.1 HTTP/1.1" 200 833 "https://localklescort.com/" "Mozilla/5.0 (Linux; U; Android 14; SM-A546E Build/UP1A.231005.007; wv) AppleWebKit/537.36 (KHTML, like Gecko) Version/4.0 Chrome/140.0.7339.207 Mobile Safari/537.36 OPR/95.0.2254.79260"
141.0.11.11 - - [07/Oct/2025:19:43:23 +0000] "GET /wp-content/uploads/2023/05/Lisa-2-local-kl-escorts-247x296.jpg HTTP/1.1" 200 13604 "https://localklescort.com/" "Mozilla/5.0 (Linux; U; Android 14; SM-A546E Build/UP1A.231005.007; wv) AppleWebKit/537.36 (KHTML, like Gecko) Version/4.0 Chrome/140.0.7339.207 Mobile Safari/537.36 OPR/95.0.2254.79260"
141.0.11.11 - - [07/Oct/2025:19:43:23 +0000] "GET /wp-content/plugins/woocommerce/assets/js/jquery-blockui/jquery.blockUI.min.js?ver=2.7.0-wc.10.2.1 HTTP/1.1" 200 3537 "https://localklescort.com/" "Mozilla/5.0 (Linux; U; Android 14; SM-A546E Build/UP1A.231005.007; wv) AppleWebKit/537.36 (KHTML, like Gecko) Version/4.0 Chrome/140.0.7339.207 Mobile Safari/537.36 OPR/95.0.2254.79260"
141.0.11.11 - - [07/Oct/2025:19:43:23 +0000] "GET /wp-content/uploads/2023/02/kl-escort-angel-logo.png HTTP/1.1" 200 20521 "https://localklescort.com/" "Mozilla/5.0 (Linux; U; Android 14; SM-A546E Build/UP1A.231005.007; wv) AppleWebKit/537.36 (KHTML, like Gecko) Version/4.0 Chrome/140.0.7339.207 Mobile Safari/537.36 OPR/95.0.2254.79260"
141.0.11.11 - - [07/Oct/2025:19:43:23 +0000] "GET /wp-content/themes/flatsome/assets/css/effects.css?ver=3.20.1 HTTP/1.1" 200 293 "https://localklescort.com/" "Mozilla/5.0 (Linux; U; Android 14; SM-A546E Build/UP1A.231005.007; wv) AppleWebKit/537.36 (KHTML, like Gecko) Version/4.0 Chrome/140.0.7339.207 Mobile Safari/537.36 OPR/95.0.2254.79260"
141.0.11.11 - - [07/Oct/2025:19:43:23 +0000] "GET /wp-content/plugins/woocommerce/assets/client/blocks/wc-blocks.css?ver=wc-10.2.1 HTTP/1.1" 200 2618 "https://localklescort.com/" "Mozilla/5.0 (Linux; U; Android 14; SM-A546E Build/UP1A.231005.007; wv) AppleWebKit/537.36 (KHTML, like Gecko) Version/4.0 Chrome/140.0.7339.207 Mobile Safari/537.36 OPR/95.0.2254.79260"
141.0.11.11 - - [07/Oct/2025:19:43:23 +0000] "GET /wp-content/plugins/creame-whatsapp-me/public/css/joinchat-btn.min.css?ver=6.0.8 HTTP/1.1" 200 2304 "https://localklescort.com/" "Mozilla/5.0 (Linux; U; Android 14; SM-A546E Build/UP1A.231005.007; wv) AppleWebKit/537.36 (KHTML, like Gecko) Version/4.0 Chrome/140.0.7339.207 Mobile Safari/537.36 OPR/95.0.2254.79260"
141.0.11.11 - - [07/Oct/2025:19:43:23 +0000] "GET /wp-content/uploads/2023/02/local-kl-escort-banner-2.jpg HTTP/1.1" 200 136601 "https://localklescort.com/" "Mozilla/5.0 (Linux; U; Android 14; SM-A546E Build/UP1A.231005.007; wv) AppleWebKit/537.36 (KHTML, like Gecko) Version/4.0 Chrome/140.0.7339.207 Mobile Safari/537.36 OPR/95.0.2254.79260"
141.0.11.11 - - [07/Oct/2025:19:43:23 +0000] "GET /wp-content/uploads/2023/02/local-kl-escort-banner-3-1305x800.jpg HTTP/1.1" 200 146154 "https://localklescort.com/" "Mozilla/5.0 (Linux; U; Android 14; SM-A546E Build/UP1A.231005.007; wv) AppleWebKit/537.36 (KHTML, like Gecko) Version/4.0 Chrome/140.0.7339.207 Mobile Safari/537.36 OPR/95.0.2254.79260"
141.0.11.11 - - [07/Oct/2025:19:43:24 +0000] "GET /wp-content/fonts/lato/S6uyw4BMUTPHjx4wXg.woff2 HTTP/1.1" 200 23577 "https://localklescort.com/" "Mozilla/5.0 (Linux; U; Android 14; SM-A546E Build/UP1A.231005.007; wv) AppleWebKit/537.36 (KHTML, like Gecko) Version/4.0 Chrome/140.0.7339.207 Mobile Safari/537.36 OPR/95.0.2254.79260"
141.0.11.11 - - [07/Oct/2025:19:43:24 +0000] "GET /wp-content/themes/flatsome/assets/img/effects/glass2.png HTTP/1.1" 200 670 "https://localklescort.com/wp-content/themes/flatsome/assets/css/effects.css?ver=3.20.1" "Mozilla/5.0 (Linux; U; Android 14; SM-A546E Build/UP1A.231005.007; wv) AppleWebKit/537.36 (KHTML, like Gecko) Version/4.0 Chrome/140.0.7339.207 Mobile Safari/537.36 OPR/95.0.2254.79260"
141.0.11.11 - - [07/Oct/2025:19:43:24 +0000] "GET /wp-content/themes/flatsome/assets/img/effects/sparkle2.png HTTP/1.1" 200 5224 "https://localklescort.com/wp-content/themes/flatsome/assets/css/effects.css?ver=3.20.1" "Mozilla/5.0 (Linux; U; Android 14; SM-A546E Build/UP1A.231005.007; wv) AppleWebKit/537.36 (KHTML, like Gecko) Version/4.0 Chrome/140.0.7339.207 Mobile Safari/537.36 OPR/95.0.2254.79260"
141.0.11.11 - - [07/Oct/2025:19:43:24 +0000] "GET /wp-content/themes/flatsome/assets/img/effects/rain.png HTTP/1.1" 200 2199 "https://localklescort.com/wp-content/themes/flatsome/assets/css/effects.css?ver=3.20.1" "Mozilla/5.0 (Linux; U; Android 14; SM-A546E Build/UP1A.231005.007; wv) AppleWebKit/537.36 (KHTML, like Gecko) Version/4.0 Chrome/140.0.7339.207 Mobile Safari/537.36 OPR/95.0.2254.79260"
141.0.11.11 - - [07/Oct/2025:19:43:24 +0000] "GET /wp-content/themes/flatsome/assets/img/effects/sparkle1.png HTTP/1.1" 200 2287 "https://localklescort.com/wp-content/themes/flatsome/assets/css/effects.css?ver=3.20.1" "Mozilla/5.0 (Linux; U; Android 14; SM-A546E Build/UP1A.231005.007; wv) AppleWebKit/537.36 (KHTML, like Gecko) Version/4.0 Chrome/140.0.7339.207 Mobile Safari/537.36 OPR/95.0.2254.79260"
141.0.11.11 - - [07/Oct/2025:19:43:24 +0000] "GET /wp-content/themes/flatsome/assets/img/effects/glass1.png HTTP/1.1" 200 1813 "https://localklescort.com/wp-content/themes/flatsome/assets/css/effects.css?ver=3.20.1" "Mozilla/5.0 (Linux; U; Android 14; SM-A546E Build/UP1A.231005.007; wv) AppleWebKit/537.36 (KHTML, like Gecko) Version/4.0 Chrome/140.0.7339.207 Mobile Safari/537.36 OPR/95.0.2254.79260"
141.0.11.11 - - [07/Oct/2025:19:43:24 +0000] "GET /wp-content/themes/flatsome/assets/img/effects/confetti1.png HTTP/1.1" 200 8085 "https://localklescort.com/wp-content/themes/flatsome/assets/css/effects.css?ver=3.20.1" "Mozilla/5.0 (Linux; U; Android 14; SM-A546E Build/UP1A.231005.007; wv) AppleWebKit/537.36 (KHTML, like Gecko) Version/4.0 Chrome/140.0.7339.207 Mobile Safari/537.36 OPR/95.0.2254.79260"
141.0.11.11 - - [07/Oct/2025:19:43:24 +0000] "GET /wp-content/themes/flatsome/assets/img/effects/snow1.png HTTP/1.1" 200 1165 "https://localklescort.com/wp-content/themes/flatsome/assets/css/effects.css?ver=3.20.1" "Mozilla/5.0 (Linux; U; Android 14; SM-A546E Build/UP1A.231005.007; wv) AppleWebKit/537.36 (KHTML, like Gecko) Version/4.0 Chrome/140.0.7339.207 Mobile Safari/537.36 OPR/95.0.2254.79260"
141.0.11.11 - - [07/Oct/2025:19:43:24 +0000] "GET /wp-content/fonts/lato/S6u9w4BMUTPHh6UVSwiPGQ.woff2 HTTP/1.1" 200 23037 "https://localklescort.com/" "Mozilla/5.0 (Linux; U; Android 14; SM-A546E Build/UP1A.231005.007; wv) AppleWebKit/537.36 (KHTML, like Gecko) Version/4.0 Chrome/140.0.7339.207 Mobile Safari/537.36 OPR/95.0.2254.79260"
141.0.11.11 - - [07/Oct/2025:19:43:24 +0000] "GET /wp-content/fonts/dancing-script/If2cXTr6YS-zF4S-kcSWSVi_sxjsohD9F50Ruu7BMSo3Sup8.woff2 HTTP/1.1" 200 23824 "https://localklescort.com/" "Mozilla/5.0 (Linux; U; Android 14; SM-A546E Build/UP1A.231005.007; wv) AppleWebKit/537.36 (KHTML, like Gecko) Version/4.0 Chrome/140.0.7339.207 Mobile Safari/537.36 OPR/95.0.2254.79260"
141.0.11.11 - - [07/Oct/2025:19:43:24 +0000] "GET /wp-content/themes/flatsome/assets/img/effects/confetti2.png HTTP/1.1" 200 10446 "https://localklescort.com/wp-content/themes/flatsome/assets/css/effects.css?ver=3.20.1" "Mozilla/5.0 (Linux; U; Android 14; SM-A546E Build/UP1A.231005.007; wv) AppleWebKit/537.36 (KHTML, like Gecko) Version/4.0 Chrome/140.0.7339.207 Mobile Safari/537.36 OPR/95.0.2254.79260"
141.0.11.11 - - [07/Oct/2025:19:43:24 +0000] "GET /wp-content/themes/flatsome/assets/css/icons/fl-icons.woff2?v=3.20.1 HTTP/1.1" 200 7583 "https://localklescort.com/" "Mozilla/5.0 (Linux; U; Android 14; SM-A546E Build/UP1A.231005.007; wv) AppleWebKit/537.36 (KHTML, like Gecko) Version/4.0 Chrome/140.0.7339.207 Mobile Safari/537.36 OPR/95.0.2254.79260"
141.0.11.11 - - [07/Oct/2025:19:43:24 +0000] "GET /wp-content/uploads/2023/05/Apple-1-local-kl-escorts-247x296.jpg HTTP/1.1" 200 13596 "https://localklescort.com/" "Mozilla/5.0 (Linux; U; Android 14; SM-A546E Build/UP1A.231005.007; wv) AppleWebKit/537.36 (KHTML, like Gecko) Version/4.0 Chrome/140.0.7339.207 Mobile Safari/537.36 OPR/95.0.2254.79260"
141.0.11.11 - - [07/Oct/2025:19:43:25 +0000] "GET /wp-content/uploads/2024/09/Crystal-1-local-kl-escorts-247x296.jpg HTTP/1.1" 200 12904 "https://localklescort.com/" "Mozilla/5.0 (Linux; U; Android 14; SM-A546E Build/UP1A.231005.007; wv) AppleWebKit/537.36 (KHTML, like Gecko) Version/4.0 Chrome/140.0.7339.207 Mobile Safari/537.36 OPR/95.0.2254.79260"
141.0.11.11 - - [07/Oct/2025:19:43:25 +0000] "GET /wp-includes/js/dist/hooks.min.js?ver=4d63a3d491d11ffd8ac6 HTTP/1.1" 200 1648 "https://localklescort.com/" "Mozilla/5.0 (Linux; U; Android 14; SM-A546E Build/UP1A.231005.007; wv) AppleWebKit/537.36 (KHTML, like Gecko) Version/4.0 Chrome/140.0.7339.207 Mobile Safari/537.36 OPR/95.0.2254.79260"
141.0.11.11 - - [07/Oct/2025:19:43:25 +0000] "GET /wp-content/themes/flatsome/assets/img/effects/sparkle2.png HTTP/1.1" 200 5224 "https://localklescort.com/wp-content/themes/flatsome/assets/css/effects.css?ver=3.20.1" "Mozilla/5.0 (Linux; U; Android 14; SM-A546E Build/UP1A.231005.007; wv) AppleWebKit/537.36 (KHTML, like Gecko) Version/4.0 Chrome/140.0.7339.207 Mobile Safari/537.36 OPR/95.0.2254.79260"
141.0.11.11 - - [07/Oct/2025:19:43:25 +0000] "GET /wp-includes/js/dist/i18n.min.js?ver=5e580eb46a90c2b997e6 HTTP/1.1" 200 3667 "https://localklescort.com/" "Mozilla/5.0 (Linux; U; Android 14; SM-A546E Build/UP1A.231005.007; wv) AppleWebKit/537.36 (KHTML, like Gecko) Version/4.0 Chrome/140.0.7339.207 Mobile Safari/537.36 OPR/95.0.2254.79260"
141.0.11.11 - - [07/Oct/2025:19:43:25 +0000] "GET /wp-content/themes/flatsome/assets/img/effects/sparkle1.png HTTP/1.1" 200 2287 "https://localklescort.com/wp-content/themes/flatsome/assets/css/effects.css?ver=3.20.1" "Mozilla/5.0 (Linux; U; Android 14; SM-A546E Build/UP1A.231005.007; wv) AppleWebKit/537.36 (KHTML, like Gecko) Version/4.0 Chrome/140.0.7339.207 Mobile Safari/537.36 OPR/95.0.2254.79260"
141.0.11.11 - - [07/Oct/2025:19:43:25 +0000] "GET /wp-content/plugins/contact-form-7/includes/swv/js/index.js?ver=6.1.1 HTTP/1.1" 200 3503 "https://localklescort.com/" "Mozilla/5.0 (Linux; U; Android 14; SM-A546E Build/UP1A.231005.007; wv) AppleWebKit/537.36 (KHTML, like Gecko) Version/4.0 Chrome/140.0.7339.207 Mobile Safari/537.36 OPR/95.0.2254.79260"
141.0.11.11 - - [07/Oct/2025:19:43:25 +0000] "GET /wp-content/uploads/2023/05/Ann-Ann-Mongolian-1-local-kl-escorts-247x296.jpg HTTP/1.1" 200 19845 "https://localklescort.com/" "Mozilla/5.0 (Linux; U; Android 14; SM-A546E Build/UP1A.231005.007; wv) AppleWebKit/537.36 (KHTML, like Gecko) Version/4.0 Chrome/140.0.7339.207 Mobile Safari/537.36 OPR/95.0.2254.79260"
141.0.11.11 - - [07/Oct/2025:19:43:25 +0000] "GET /wp-content/uploads/2023/05/Alice-1-local-kl-escort-247x296.jpg HTTP/1.1" 200 14862 "https://localklescort.com/" "Mozilla/5.0 (Linux; U; Android 14; SM-A546E Build/UP1A.231005.007; wv) AppleWebKit/537.36 (KHTML, like Gecko) Version/4.0 Chrome/140.0.7339.207 Mobile Safari/537.36 OPR/95.0.2254.79260"
141.0.11.11 - - [07/Oct/2025:19:43:25 +0000] "GET /wp-content/plugins/contact-form-7/includes/js/index.js?ver=6.1.1 HTTP/1.1" 200 4265 "https://localklescort.com/" "Mozilla/5.0 (Linux; U; Android 14; SM-A546E Build/UP1A.231005.007; wv) AppleWebKit/537.36 (KHTML, like Gecko) Version/4.0 Chrome/140.0.7339.207 Mobile Safari/537.36 OPR/95.0.2254.79260"
141.0.11.11 - - [07/Oct/2025:19:43:25 +0000] "GET /wp-content/plugins/woocommerce/assets/js/frontend/woocommerce.min.js?ver=10.2.1 HTTP/1.1" 200 1474 "https://localklescort.com/" "Mozilla/5.0 (Linux; U; Android 14; SM-A546E Build/UP1A.231005.007; wv) AppleWebKit/537.36 (KHTML, like Gecko) Version/4.0 Chrome/140.0.7339.207 Mobile Safari/537.36 OPR/95.0.2254.79260"
