141.0.9.156 - - [07/Oct/2025:19:46:41 +0000] "GET /wp-content/fonts/dancing-script/If2cXTr6YS-zF4S-kcSWSVi_sxjsohD9F50Ruu7BMSo3Rep8ltA.woff2 HTTP/1.1" 200 4963 "https://localklescort.com/kl-escort-gallery/yudy-local-chinese-escort/" "Mozilla/5.0 (Linux; U; Android 14; SM-A546E Build/UP1A.231005.007; wv) AppleWebKit/537.36 (KHTML, like Gecko) Version/4.0 Chrome/140.0.7339.207 Mobile Safari/537.36 OPR/95.0.2254.79260"
141.0.9.156 - - [07/Oct/2025:19:46:41 +0000] "GET /wp-content/uploads/2024/06/Judy-2-local-Chinese-escort-247x296.jpg HTTP/1.1" 200 15796 "https://localklescort.com/kl-escort-gallery/yudy-local-chinese-escort/" "Mozilla/5.0 (Linux; U; Android 14; SM-A546E Build/UP1A.231005.007; wv) AppleWebKit/537.36 (KHTML, like Gecko) Version/4.0 Chrome/140.0.7339.207 Mobile Safari/537.36 OPR/95.0.2254.79260"
141.0.9.156 - - [07/Oct/2025:19:46:41 +0000] "GET /wp-content/uploads/2024/06/Judy-3-local-Chinese-escort-510x635.jpg HTTP/1.1" 200 45819 "https://localklescort.com/kl-escort-gallery/yudy-local-chinese-escort/" "Mozilla/5.0 (Linux; U; Android 14; SM-A546E Build/UP1A.231005.007; wv) AppleWebKit/537.36 (KHTML, like Gecko) Version/4.0 Chrome/140.0.7339.207 Mobile Safari/537.36 OPR/95.0.2254.79260"
141.0.9.156 - - [07/Oct/2025:19:46:41 +0000] "GET /wp-content/uploads/2024/06/Judy-2-local-Chinese-escort-510x626.jpg HTTP/1.1" 200 53784 "https://localklescort.com/kl-escort-gallery/yudy-local-chinese-escort/" "Mozilla/5.0 (Linux; U; Android 14; SM-A546E Build/UP1A.231005.007; wv) AppleWebKit/537.36 (KHTML, like Gecko) Version/4.0 Chrome/140.0.7339.207 Mobile Safari/537.36 OPR/95.0.2254.79260"
141.0.9.156 - - [07/Oct/2025:19:46:41 +0000] "GET /wp-content/fonts/dancing-script/If2cXTr6YS-zF4S-kcSWSVi_sxjsohD9F50Ruu7BMSo3ROp8ltA.woff2 HTTP/1.1" 200 13587 "https://localklescort.com/kl-escort-gallery/yudy-local-chinese-escort/" "Mozilla/5.0 (Linux; U; Android 14; SM-A546E Build/UP1A.231005.007; wv) AppleWebKit/537.36 (KHTML, like Gecko) Version/4.0 Chrome/140.0.7339.207 Mobile Safari/537.36 OPR/95.0.2254.79260"
141.0.9.156 - - [07/Oct/2025:19:46:41 +0000] "GET /wp-content/uploads/2024/06/Judy-1-local-Chinese-escort.jpg HTTP/1.1" 200 255983 "https://localklescort.com/kl-escort-gallery/yudy-local-chinese-escort/" "Mozilla/5.0 (Linux; U; Android 14; SM-A546E Build/UP1A.231005.007; wv) AppleWebKit/537.36 (KHTML, like Gecko) Version/4.0 Chrome/140.0.7339.207 Mobile Safari/537.36 OPR/95.0.2254.79260"
141.0.9.156 - - [07/Oct/2025:19:46:41 +0000] "GET /wp-content/uploads/2024/06/Judy-5-local-Chinese-escort-247x296.jpg HTTP/1.1" 200 14519 "https://localklescort.com/kl-escort-gallery/yudy-local-chinese-escort/" "Mozilla/5.0 (Linux; U; Android 14; SM-A546E Build/UP1A.231005.007; wv) AppleWebKit/537.36 (KHTML, like Gecko) Version/4.0 Chrome/140.0.7339.207 Mobile Safari/537.36 OPR/95.0.2254.79260"
141.0.9.156 - - [07/Oct/2025:19:46:41 +0000] "GET /wp-content/uploads/2024/06/Judy-3-local-Chinese-escort-247x296.jpg HTTP/1.1" 200 14008 "https://localklescort.com/kl-escort-gallery/yudy-local-chinese-escort/" "Mozilla/5.0 (Linux; U; Android 14; SM-A546E Build/UP1A.231005.007; wv) AppleWebKit/537.36 (KHTML, like Gecko) Version/4.0 Chrome/140.0.7339.207 Mobile Safari/537.36 OPR/95.0.2254.79260"
141.0.9.156 - - [07/Oct/2025:19:46:41 +0000] "GET /wp-content/uploads/2024/06/Judy-4-local-Chinese-escort-247x296.jpg HTTP/1.1" 200 11742 "https://localklescort.com/kl-escort-gallery/yudy-local-chinese-escort/" "Mozilla/5.0 (Linux; U; Android 14; SM-A546E Build/UP1A.231005.007; wv) AppleWebKit/537.36 (KHTML, like Gecko) Version/4.0 Chrome/140.0.7339.207 Mobile Safari/537.36 OPR/95.0.2254.79260"
141.0.9.156 - - [07/Oct/2025:19:46:41 +0000] "GET /wp-content/uploads/2024/06/Judy-4-local-Chinese-escort-1347x1536.jpg HTTP/1.1" 200 191119 "https://localklescort.com/kl-escort-gallery/yudy-local-chinese-escort/" "Mozilla/5.0 (Linux; U; Android 14; SM-A546E Build/UP1A.231005.007; wv) AppleWebKit/537.36 (KHTML, like Gecko) Version/4.0 Chrome/140.0.7339.207 Mobile Safari/537.36 OPR/95.0.2254.79260"
141.0.9.156 - - [07/Oct/2025:19:46:41 +0000] "GET /wp-content/uploads/2024/06/Judy-1-local-Chinese-escort-1299x1536.jpg HTTP/1.1" 200 206449 "https://localklescort.com/kl-escort-gallery/yudy-local-chinese-escort/" "Mozilla/5.0 (Linux; U; Android 14; SM-A546E Build/UP1A.231005.007; wv) AppleWebKit/537.36 (KHTML, like Gecko) Version/4.0 Chrome/140.0.7339.207 Mobile Safari/537.36 OPR/95.0.2254.79260"
141.0.9.156 - - [07/Oct/2025:19:46:41 +0000] "GET /wp-content/uploads/2024/06/Judy-5-local-Chinese-escort-1324x1536.jpg HTTP/1.1" 200 197015 "https://localklescort.com/kl-escort-gallery/yudy-local-chinese-escort/" "Mozilla/5.0 (Linux; U; Android 14; SM-A546E Build/UP1A.231005.007; wv) AppleWebKit/537.36 (KHTML, like Gecko) Version/4.0 Chrome/140.0.7339.207 Mobile Safari/537.36 OPR/95.0.2254.79260"
141.0.9.156 - - [07/Oct/2025:19:46:42 +0000] "GET /wp-content/uploads/2024/06/Judy-2-local-Chinese-escort-247x296.jpg HTTP/1.1" 200 15796 "https://localklescort.com/kl-escort-gallery/yudy-local-chinese-escort/" "Mozilla/5.0 (Linux; U; Android 14; SM-A546E Build/UP1A.231005.007; wv) AppleWebKit/537.36 (KHTML, like Gecko) Version/4.0 Chrome/140.0.7339.207 Mobile Safari/537.36 OPR/95.0.2254.79260"
141.0.9.156 - - [07/Oct/2025:19:46:42 +0000] "GET /wp-content/uploads/2024/06/Judy-local-Chinese-escort-mov.mp4 HTTP/1.1" 200 250986 "https://localklescort.com/kl-escort-gallery/yudy-local-chinese-escort/" "Mozilla/5.0 (Linux; U; Android 14; SM-A546E Build/UP1A.231005.007; wv) AppleWebKit/537.36 (KHTML, like Gecko) Version/4.0 Chrome/140.0.7339.207 Mobile Safari/537.36 OPR/95.0.2254.79260"
141.0.9.156 - - [07/Oct/2025:19:46:43 +0000] "GET /wp-content/uploads/2024/06/Judy-1-local-Chinese-escort-510x603.jpg HTTP/1.1" 200 50042 "https://localklescort.com/kl-escort-gallery/yudy-local-chinese-escort/" "Mozilla/5.0 (Linux; U; Android 14; SM-A546E Build/UP1A.231005.007; wv) AppleWebKit/537.36 (KHTML, like Gecko) Version/4.0 Chrome/140.0.7339.207 Mobile Safari/537.36 OPR/95.0.2254.79260"
141.0.9.156 - - [07/Oct/2025:19:46:43 +0000] "GET /wp-content/uploads/2024/06/Judy-4-local-Chinese-escort-510x581.jpg HTTP/1.1" 200 39257 "https://localklescort.com/kl-escort-gallery/yudy-local-chinese-escort/" "Mozilla/5.0 (Linux; U; Android 14; SM-A546E Build/UP1A.231005.007; wv) AppleWebKit/537.36 (KHTML, like Gecko) Version/4.0 Chrome/140.0.7339.207 Mobile Safari/537.36 OPR/95.0.2254.79260"
141.0.9.156 - - [07/Oct/2025:19:46:43 +0000] "GET /wp-content/uploads/2024/06/Judy-5-local-Chinese-escort-510x592.jpg HTTP/1.1" 200 45193 "https://localklescort.com/kl-escort-gallery/yudy-local-chinese-escort/" "Mozilla/5.0 (Linux; U; Android 14; SM-A546E Build/UP1A.231005.007; wv) AppleWebKit/537.36 (KHTML, like Gecko) Version/4.0 Chrome/140.0.7339.207 Mobile Safari/537.36 OPR/95.0.2254.79260"
141.0.9.156 - - [07/Oct/2025:19:46:43 +0000] "GET /wp-content/uploads/2024/06/Judy-3-local-Chinese-escort-510x635.jpg HTTP/1.1" 200 45819 "https://localklescort.com/kl-escort-gallery/yudy-local-chinese-escort/" "Mozilla/5.0 (Linux; U; Android 14; SM-A546E Build/UP1A.231005.007; wv) AppleWebKit/537.36 (KHTML, like Gecko) Version/4.0 Chrome/140.0.7339.207 Mobile Safari/537.36 OPR/95.0.2254.79260"
27.125.241.87 - - [07/Oct/2025:19:46:43 +0000] "GET /wp-content/uploads/2024/06/Judy-2-local-Chinese-escort-510x626.jpg HTTP/1.1" 200 53784 "https://localklescort.com/kl-escort-gallery/yudy-local-chinese-escort/" "Mozilla/5.0 (Linux; U; Android 14; SM-A546E Build/UP1A.231005.007; wv) AppleWebKit/537.36 (KHTML, like Gecko) Version/4.0 Chrome/140.0.7339.207 Mobile Safari/537.36 OPR/95.0.2254.79260"
27.125.241.87 - - [07/Oct/2025:19:46:44 +0000] "GET /wp-content/uploads/2023/05/Ice-6-local-kl-escorts-247x296.jpg HTTP/1.1" 200 16951 "https://localklescort.com/kl-escort-gallery/yudy-local-chinese-escort/" "Mozilla/5.0 (Linux; U; Android 14; SM-A546E Build/UP1A.231005.007; wv) AppleWebKit/537.36 (KHTML, like Gecko) Version/4.0 Chrome/140.0.7339.207 Mobile Safari/537.36 OPR/95.0.2254.79260"
27.125.241.87 - - [07/Oct/2025:19:46:44 +0000] "GET /wp-content/uploads/2023/05/Fazura-4-local-kl-escorts-247x296.jpg HTTP/1.1" 200 15247 "https://localklescort.com/kl-escort-gallery/yudy-local-chinese-escort/" "Mozilla/5.0 (Linux; U; Android 14; SM-A546E Build/UP1A.231005.007; wv) AppleWebKit/537.36 (KHTML, like Gecko) Version/4.0 Chrome/140.0.7339.207 Mobile Safari/537.36 OPR/95.0.2254.79260"
27.125.241.87 - - [07/Oct/2025:19:46:44 +0000] "GET /wp-content/uploads/2023/05/Honey-6-local-kl-escorts-247x296.jpg HTTP/1.1" 200 16804 "https://localklescort.com/kl-escort-gallery/yudy-local-chinese-escort/" "Mozilla/5.0 (Linux; U; Android 14; SM-A546E Build/UP1A.231005.007; wv) AppleWebKit/537.36 (KHTML, like Gecko) Version/4.0 Chrome/140.0.7339.207 Mobile Safari/537.36 OPR/95.0.2254.79260"
27.125.241.87 - - [07/Oct/2025:19:46:43 +0000] "GET /wp-content/uploads/2024/06/Judy-local-Chinese-escort-mov.mp4 HTTP/1.1" 206 1082620 "https://localklescort.com/kl-escort-gallery/yudy-local-chinese-escort/" "Mozilla/5.0 (Linux; U; Android 14; SM-A546E Build/UP1A.231005.007; wv) AppleWebKit/537.36 (KHTML, like Gecko) Version/4.0 Chrome/140.0.7339.207 Mobile Safari/537.36 OPR/95.0.2254.79260"
27.125.241.87 - - [07/Oct/2025:19:46:44 +0000] "GET /wp-content/uploads/2024/06/Judy-local-Chinese-escort-mov.mp4 HTTP/1.1" 206 1082620 "https://localklescort.com/kl-escort-gallery/yudy-local-chinese-escort/" "Mozilla/5.0 (Linux; U; Android 14; SM-A546E Build/UP1A.231005.007; wv) AppleWebKit/537.36 (KHTML, like Gecko) Version/4.0 Chrome/140.0.7339.207 Mobile Safari/537.36 OPR/95.0.2254.79260"
27.125.241.87 - - [07/Oct/2025:19:46:44 +0000] "GET /wp-content/uploads/2024/06/Judy-local-Chinese-escort-mov.mp4 HTTP/1.1" 206 34044 "https://localklescort.com/kl-escort-gallery/yudy-local-chinese-escort/" "Mozilla/5.0 (Linux; U; Android 14; SM-A546E Build/UP1A.231005.007; wv) AppleWebKit/537.36 (KHTML, like Gecko) Version/4.0 Chrome/140.0.7339.207 Mobile Safari/537.36 OPR/95.0.2254.79260"
27.125.241.87 - - [07/Oct/2025:19:46:44 +0000] "GET /wp-content/uploads/2024/06/Judy-local-Chinese-escort-mov.mp4 HTTP/1.1" 206 983040 "https://localklescort.com/kl-escort-gallery/yudy-local-chinese-escort/" "Mozilla/5.0 (Linux; U; Android 14; SM-A546E Build/UP1A.231005.007; wv) AppleWebKit/537.36 (KHTML, like Gecko) Version/4.0 Chrome/140.0.7339.207 Mobile Safari/537.36 OPR/95.0.2254.79260"
27.125.241.87 - - [07/Oct/2025:19:46:44 +0000] "GET /wp-content/uploads/2024/06/Judy-local-Chinese-escort-mov.mp4 HTTP/1.1" 206 1017084 "https://localklescort.com/kl-escort-gallery/yudy-local-chinese-escort/" "Mozilla/5.0 (Linux; U; Android 14; SM-A546E Build/UP1A.231005.007; wv) AppleWebKit/537.36 (KHTML, like Gecko) Version/4.0 Chrome/140.0.7339.207 Mobile Safari/537.36 OPR/95.0.2254.79260"
27.125.241.87 - - [07/Oct/2025:19:46:48 +0000] "GET /wp-content/uploads/2024/06/Judy-3-local-Chinese-escort-1234x1536.jpg HTTP/1.1" 200 175911 "https://localklescort.com/kl-escort-gallery/yudy-local-chinese-escort/" "Mozilla/5.0 (Linux; U; Android 14; SM-A546E Build/UP1A.231005.007; wv) AppleWebKit/537.36 (KHTML, like Gecko) Version/4.0 Chrome/140.0.7339.207 Mobile Safari/537.36 OPR/95.0.2254.79260"
27.125.241.87 - - [07/Oct/2025:19:46:49 +0000] "GET /wp-content/uploads/2024/06/Judy-2-local-Chinese-escort-1252x1536.jpg HTTP/1.1" 200 209177 "https://localklescort.com/kl-escort-gallery/yudy-local-chinese-escort/" "Mozilla/5.0 (Linux; U; Android 14; SM-A546E Build/UP1A.231005.007; wv) AppleWebKit/537.36 (KHTML, like Gecko) Version/4.0 Chrome/140.0.7339.207 Mobile Safari/537.36 OPR/95.0.2254.79260"
203.161.56.247 - - [07/Oct/2025:19:47:02 +0000] "POST /wp-cron.php?doing_wp_cron=1759866422.4850809574127197265625 HTTP/1.1" 200 - "-" "WordPress/6.8.3; https://localklescort.com"
27.125.241.87 - - [07/Oct/2025:19:47:00 +0000] "GET /kl-escort-gallery/kristin-callgirl/ HTTP/1.1" 200 35613 "https://localklescort.com/" "Mozilla/5.0 (Linux; Android 14; SM-A546E Build/UP1A.231005.007; wv) AppleWebKit/537.36 (KHTML, like Gecko) Version/4.0 Chrome/140.0.7339.207 Mobile Safari/537.36"
27.125.241.87 - - [07/Oct/2025:19:47:03 +0000] "GET /kl-escort-gallery/linda-local-kl-escort/ HTTP/1.1" 200 36042 "https://localklescort.com/" "Mozilla/5.0 (Linux; Android 14; SM-A546E Build/UP1A.231005.007; wv) AppleWebKit/537.36 (KHTML, like Gecko) Version/4.0 Chrome/140.0.7339.207 Mobile Safari/537.36"
203.161.56.247 - - [07/Oct/2025:19:47:07 +0000] "POST /wp-cron.php?doing_wp_cron=1759866427.1067171096801757812500 HTTP/1.1" 200 - "-" "WordPress/6.8.3; https://localklescort.com"
27.125.241.87 - - [07/Oct/2025:19:47:05 +0000] "GET /kl-escort-gallery/lydia-local-kl-escort/ HTTP/1.1" 200 36566 "https://localklescort.com/" "Mozilla/5.0 (Linux; Android 14; SM-A546E Build/UP1A.231005.007; wv) AppleWebKit/537.36 (KHTML, like Gecko) Version/4.0 Chrome/140.0.7339.207 Mobile Safari/537.36"
27.125.241.87 - - [07/Oct/2025:19:47:08 +0000] "GET /kl-escort-gallery/elite-kl-escort-model/ HTTP/1.1" 200 36061 "https://localklescort.com/" "Mozilla/5.0 (Linux; Android 14; SM-A546E Build/UP1A.231005.007; wv) AppleWebKit/537.36 (KHTML, like Gecko) Version/4.0 Chrome/140.0.7339.207 Mobile Safari/537.36"
27.125.241.87 - - [07/Oct/2025:19:47:10 +0000] "GET /kl-escort-gallery/rita/ HTTP/1.1" 200 36322 "https://localklescort.com/" "Mozilla/5.0 (Linux; Android 14; SM-A546E Build/UP1A.231005.007; wv) AppleWebKit/537.36 (KHTML, like Gecko) Version/4.0 Chrome/140.0.7339.207 Mobile Safari/537.36"
27.125.241.87 - - [07/Oct/2025:19:47:12 +0000] "GET /kl-escort-gallery/shida-local-kl-escort/ HTTP/1.1" 200 36799 "https://localklescort.com/" "Mozilla/5.0 (Linux; Android 14; SM-A546E Build/UP1A.231005.007; wv) AppleWebKit/537.36 (KHTML, like Gecko) Version/4.0 Chrome/140.0.7339.207 Mobile Safari/537.36"
27.125.241.87 - - [07/Oct/2025:19:47:14 +0000] "GET /kl-escort-gallery/susan-local-kl-escort/ HTTP/1.1" 200 36728 "https://localklescort.com/" "Mozilla/5.0 (Linux; U; Android 14; SM-A546E Build/UP1A.231005.007; wv) AppleWebKit/537.36 (KHTML, like Gecko) Version/4.0 Chrome/140.0.7339.207 Mobile Safari/537.36 OPR/95.0.2254.79260"
27.125.241.87 - - [07/Oct/2025:19:47:16 +0000] "GET /wp-content/uploads/2023/05/Susan-1-local-kl-escorts.jpg HTTP/1.1" 200 113697 "https://localklescort.com/kl-escort-gallery/susan-local-kl-escort/" "Mozilla/5.0 (Linux; U; Android 14; SM-A546E Build/UP1A.231005.007; wv) AppleWebKit/537.36 (KHTML, like Gecko) Version/4.0 Chrome/140.0.7339.207 Mobile Safari/537.36 OPR/95.0.2254.79260"
27.125.241.87 - - [07/Oct/2025:19:47:14 +0000] "GET /kl-escort-gallery/summer-local-kl-escort/ HTTP/1.1" 200 35868 "https://localklescort.com/" "Mozilla/5.0 (Linux; Android 14; SM-A546E Build/UP1A.231005.007; wv) AppleWebKit/537.36 (KHTML, like Gecko) Version/4.0 Chrome/140.0.7339.207 Mobile Safari/537.36"
27.125.241.87 - - [07/Oct/2025:19:47:17 +0000] "GET /wp-content/uploads/2023/05/Susan-5-local-kl-escorts-247x296.jpg HTTP/1.1" 200 11220 "https://localklescort.com/kl-escort-gallery/susan-local-kl-escort/" "Mozilla/5.0 (Linux; U; Android 14; SM-A546E Build/UP1A.231005.007; wv) AppleWebKit/537.36 (KHTML, like Gecko) Version/4.0 Chrome/140.0.7339.207 Mobile Safari/537.36 OPR/95.0.2254.79260"
27.125.241.87 - - [07/Oct/2025:19:47:17 +0000] "GET /wp-content/uploads/2023/05/Susan-4-local-kl-escorts-247x296.jpg HTTP/1.1" 200 12847 "https://localklescort.com/kl-escort-gallery/susan-local-kl-escort/" "Mozilla/5.0 (Linux; U; Android 14; SM-A546E Build/UP1A.231005.007; wv) AppleWebKit/537.36 (KHTML, like Gecko) Version/4.0 Chrome/140.0.7339.207 Mobile Safari/537.36 OPR/95.0.2254.79260"
27.125.241.87 - - [07/Oct/2025:19:47:17 +0000] "GET /wp-content/uploads/2023/05/Susan-6-local-kl-escorts-247x296.jpg HTTP/1.1" 200 12730 "https://localklescort.com/kl-escort-gallery/susan-local-kl-escort/" "Mozilla/5.0 (Linux; U; Android 14; SM-A546E Build/UP1A.231005.007; wv) AppleWebKit/537.36 (KHTML, like Gecko) Version/4.0 Chrome/140.0.7339.207 Mobile Safari/537.36 OPR/95.0.2254.79260"
27.125.241.87 - - [07/Oct/2025:19:47:17 +0000] "GET /wp-content/uploads/2023/05/Susan-3-local-kl-escorts-247x296.jpg HTTP/1.1" 200 13028 "https://localklescort.com/kl-escort-gallery/susan-local-kl-escort/" "Mozilla/5.0 (Linux; U; Android 14; SM-A546E Build/UP1A.231005.007; wv) AppleWebKit/537.36 (KHTML, like Gecko) Version/4.0 Chrome/140.0.7339.207 Mobile Safari/537.36 OPR/95.0.2254.79260"
27.125.241.87 - - [07/Oct/2025:19:47:17 +0000] "GET /wp-content/uploads/2023/05/Susan-2-local-kl-escorts-247x296.jpg HTTP/1.1" 200 11759 "https://localklescort.com/kl-escort-gallery/susan-local-kl-escort/" "Mozilla/5.0 (Linux; U; Android 14; SM-A546E Build/UP1A.231005.007; wv) AppleWebKit/537.36 (KHTML, like Gecko) Version/4.0 Chrome/140.0.7339.207 Mobile Safari/537.36 OPR/95.0.2254.79260"
27.125.241.87 - - [07/Oct/2025:19:47:17 +0000] "GET /wp-content/uploads/2023/05/Susan-6-local-kl-escorts.jpg HTTP/1.1" 200 112193 "https://localklescort.com/kl-escort-gallery/susan-local-kl-escort/" "Mozilla/5.0 (Linux; U; Android 14; SM-A546E Build/UP1A.231005.007; wv) AppleWebKit/537.36 (KHTML, like Gecko) Version/4.0 Chrome/140.0.7339.207 Mobile Safari/537.36 OPR/95.0.2254.79260"
27.125.241.87 - - [07/Oct/2025:19:47:17 +0000] "GET /wp-content/uploads/2023/05/Susan-5-local-kl-escorts.jpg HTTP/1.1" 200 101066 "https://localklescort.com/kl-escort-gallery/susan-local-kl-escort/" "Mozilla/5.0 (Linux; U; Android 14; SM-A546E Build/UP1A.231005.007; wv) AppleWebKit/537.36 (KHTML, like Gecko) Version/4.0 Chrome/140.0.7339.207 Mobile Safari/537.36 OPR/95.0.2254.79260"
27.125.241.87 - - [07/Oct/2025:19:47:17 +0000] "GET /wp-content/uploads/2023/02/Susan-local-kl-escort-mov.mp4 HTTP/1.1" 206 382351 "https://localklescort.com/kl-escort-gallery/susan-local-kl-escort/" "Mozilla/5.0 (Linux; U; Android 14; SM-A546E Build/UP1A.231005.007; wv) AppleWebKit/537.36 (KHTML, like Gecko) Version/4.0 Chrome/140.0.7339.207 Mobile Safari/537.36 OPR/95.0.2254.79260"
27.125.241.87 - - [07/Oct/2025:19:47:17 +0000] "GET /wp-content/uploads/2023/05/Susan-1-local-kl-escorts-510x638.jpg HTTP/1.1" 200 35887 "https://localklescort.com/kl-escort-gallery/susan-local-kl-escort/" "Mozilla/5.0 (Linux; U; Android 14; SM-A546E Build/UP1A.231005.007; wv) AppleWebKit/537.36 (KHTML, like Gecko) Version/4.0 Chrome/140.0.7339.207 Mobile Safari/537.36 OPR/95.0.2254.79260"
27.125.241.87 - - [07/Oct/2025:19:47:17 +0000] "GET /wp-content/uploads/2023/05/Susan-6-local-kl-escorts-510x638.jpg HTTP/1.1" 200 36432 "https://localklescort.com/kl-escort-gallery/susan-local-kl-escort/" "Mozilla/5.0 (Linux; U; Android 14; SM-A546E Build/UP1A.231005.007; wv) AppleWebKit/537.36 (KHTML, like Gecko) Version/4.0 Chrome/140.0.7339.207 Mobile Safari/537.36 OPR/95.0.2254.79260"
27.125.241.87 - - [07/Oct/2025:19:47:17 +0000] "GET /wp-content/uploads/2023/05/Susan-5-local-kl-escorts-510x638.jpg HTTP/1.1" 200 32383 "https://localklescort.com/kl-escort-gallery/susan-local-kl-escort/" "Mozilla/5.0 (Linux; U; Android 14; SM-A546E Build/UP1A.231005.007; wv) AppleWebKit/537.36 (KHTML, like Gecko) Version/4.0 Chrome/140.0.7339.207 Mobile Safari/537.36 OPR/95.0.2254.79260"
27.125.241.87 - - [07/Oct/2025:19:47:17 +0000] "GET /wp-content/uploads/2023/05/Susan-3-local-kl-escorts-510x638.jpg HTTP/1.1" 200 45745 "https://localklescort.com/kl-escort-gallery/susan-local-kl-escort/" "Mozilla/5.0 (Linux; U; Android 14; SM-A546E Build/UP1A.231005.007; wv) AppleWebKit/537.36 (KHTML, like Gecko) Version/4.0 Chrome/140.0.7339.207 Mobile Safari/537.36 OPR/95.0.2254.79260"
27.125.241.87 - - [07/Oct/2025:19:47:17 +0000] "GET /wp-content/uploads/2023/05/Susan-4-local-kl-escorts-510x638.jpg HTTP/1.1" 200 39819 "https://localklescort.com/kl-escort-gallery/susan-local-kl-escort/" "Mozilla/5.0 (Linux; U; Android 14; SM-A546E Build/UP1A.231005.007; wv) AppleWebKit/537.36 (KHTML, like Gecko) Version/4.0 Chrome/140.0.7339.207 Mobile Safari/537.36 OPR/95.0.2254.79260"
27.125.241.87 - - [07/Oct/2025:19:47:17 +0000] "GET /wp-content/uploads/2023/05/Susan-2-local-kl-escorts-510x638.jpg HTTP/1.1" 200 39273 "https://localklescort.com/kl-escort-gallery/susan-local-kl-escort/" "Mozilla/5.0 (Linux; U; Android 14; SM-A546E Build/UP1A.231005.007; wv) AppleWebKit/537.36 (KHTML, like Gecko) Version/4.0 Chrome/140.0.7339.207 Mobile Safari/537.36 OPR/95.0.2254.79260"
27.125.241.87 - - [07/Oct/2025:19:47:17 +0000] "GET /wp-content/uploads/2023/05/Rita-3-local-kl-escort-247x296.jpg HTTP/1.1" 200 16614 "https://localklescort.com/kl-escort-gallery/susan-local-kl-escort/" "Mozilla/5.0 (Linux; U; Android 14; SM-A546E Build/UP1A.231005.007; wv) AppleWebKit/537.36 (KHTML, like Gecko) Version/4.0 Chrome/140.0.7339.207 Mobile Safari/537.36 OPR/95.0.2254.79260"
27.125.241.87 - - [07/Oct/2025:19:47:17 +0000] "GET /wp-content/uploads/2023/05/Star-6-local-kl-escorts-247x296.jpg HTTP/1.1" 200 12617 "https://localklescort.com/kl-escort-gallery/susan-local-kl-escort/" "Mozilla/5.0 (Linux; U; Android 14; SM-A546E Build/UP1A.231005.007; wv) AppleWebKit/537.36 (KHTML, like Gecko) Version/4.0 Chrome/140.0.7339.207 Mobile Safari/537.36 OPR/95.0.2254.79260"
27.125.241.87 - - [07/Oct/2025:19:47:18 +0000] "GET /wp-content/uploads/2023/05/Mi-Mi-Mongolian-6-local-kl-escorts-247x296.jpg HTTP/1.1" 200 13189 "https://localklescort.com/kl-escort-gallery/susan-local-kl-escort/" "Mozilla/5.0 (Linux; U; Android 14; SM-A546E Build/UP1A.231005.007; wv) AppleWebKit/537.36 (KHTML, like Gecko) Version/4.0 Chrome/140.0.7339.207 Mobile Safari/537.36 OPR/95.0.2254.79260"
27.125.241.87 - - [07/Oct/2025:19:47:21 +0000] "GET /wp-content/uploads/2023/05/Susan-4-local-kl-escorts.jpg HTTP/1.1" 200 125526 "https://localklescort.com/kl-escort-gallery/susan-local-kl-escort/" "Mozilla/5.0 (Linux; U; Android 14; SM-A546E Build/UP1A.231005.007; wv) AppleWebKit/537.36 (KHTML, like Gecko) Version/4.0 Chrome/140.0.7339.207 Mobile Safari/537.36 OPR/95.0.2254.79260"
27.125.241.87 - - [07/Oct/2025:19:47:24 +0000] "GET /wp-content/uploads/2023/05/Susan-3-local-kl-escorts.jpg HTTP/1.1" 200 149223 "https://localklescort.com/kl-escort-gallery/susan-local-kl-escort/" "Mozilla/5.0 (Linux; U; Android 14; SM-A546E Build/UP1A.231005.007; wv) AppleWebKit/537.36 (KHTML, like Gecko) Version/4.0 Chrome/140.0.7339.207 Mobile Safari/537.36 OPR/95.0.2254.79260"
27.125.241.87 - - [07/Oct/2025:19:47:25 +0000] "GET /wp-content/uploads/2023/05/Susan-2-local-kl-escorts.jpg HTTP/1.1" 200 132308 "https://localklescort.com/kl-escort-gallery/susan-local-kl-escort/" "Mozilla/5.0 (Linux; U; Android 14; SM-A546E Build/UP1A.231005.007; wv) AppleWebKit/537.36 (KHTML, like Gecko) Version/4.0 Chrome/140.0.7339.207 Mobile Safari/537.36 OPR/95.0.2254.79260"
203.161.56.247 - - [07/Oct/2025:19:47:57 +0000] "POST /wp-cron.php?doing_wp_cron=1759866477.7630219459533691406250 HTTP/1.1" 200 - "-" "WordPress/6.8.3; https://localklescort.com"
141.0.9.156 - - [07/Oct/2025:19:47:55 +0000] "GET /kl-escort-gallery/xiaoting/ HTTP/1.1" 200 36163 "https://localklescort.com/" "Mozilla/5.0 (Linux; Android 14; SM-A546E Build/UP1A.231005.007; wv) AppleWebKit/537.36 (KHTML, like Gecko) Version/4.0 Chrome/140.0.7339.207 Mobile Safari/537.36"
114.119.154.203 - - [07/Oct/2025:19:50:05 +0000] "GET /wp-content/uploads/2023/05/Wendy-1-local-kl-escorts-300x360.jpg HTTP/1.1" 200 34372 "https://localklescort.com/local-kl-escort-tag/kl-girl-booking/page/3/" "Mozilla/5.0 (Linux; Android 7.0;) AppleWebKit/537.36 (KHTML, like Gecko) Mobile Safari/537.36 (compatible; PetalBot;+https://webmaster.petalsearch.com/site/petalbot)"
203.161.56.247 - - [07/Oct/2025:19:51:31 +0000] "POST /wp-cron.php?doing_wp_cron=1759866691.6876199245452880859375 HTTP/1.1" 200 - "-" "WordPress/6.8.3; https://localklescort.com"
114.119.142.37 - - [07/Oct/2025:19:51:29 +0000] "GET /service/sex-between-breasts/ HTTP/1.1" 200 30626 "https://localklescort.com/kl-escort-gallery/bella-local-kl-escort/" "Mozilla/5.0 (Linux; Android 7.0;) AppleWebKit/537.36 (KHTML, like Gecko) Mobile Safari/537.36 (compatible; PetalBot;+https://webmaster.petalsearch.com/site/petalbot)"
203.161.56.247 - - [07/Oct/2025:19:55:38 +0000] "POST /wp-cron.php?doing_wp_cron=1759866938.5421700477600097656250 HTTP/1.1" 200 - "-" "WordPress/6.8.3; https://localklescort.com"
15.235.98.36 - - [07/Oct/2025:19:55:36 +0000] "GET /robots.txt HTTP/1.1" 200 170 "-" "Mozilla/5.0 (compatible; AhrefsBot/7.0; +http://ahrefs.com/robot/)"
15.235.27.169 - - [07/Oct/2025:19:55:39 +0000] "GET /all-kl-escort-girl/kl-girl-booking/page/2/ HTTP/1.1" 200 30743 "-" "Mozilla/5.0 (compatible; AhrefsBot/7.0; +http://ahrefs.com/robot/)"
114.119.137.105 - - [07/Oct/2025:20:07:51 +0000] "GET /wp-content/uploads/2023/05/Summer-5-local-kl-escorts-247x296.jpg HTTP/1.1" 200 12595 "https://localklescort.com/kl-escort-gallery/summer-local-kl-escort/" "Mozilla/5.0 (Linux; Android 7.0;) AppleWebKit/537.36 (KHTML, like Gecko) Mobile Safari/537.36 (compatible; PetalBot;+https://webmaster.petalsearch.com/site/petalbot)"
203.161.56.247 - - [07/Oct/2025:20:08:39 +0000] "POST /wp-cron.php?doing_wp_cron=1759867719.1245200634002685546875 HTTP/1.1" 200 - "-" "WordPress/6.8.3; https://localklescort.com"
15.235.98.242 - - [07/Oct/2025:20:08:36 +0000] "GET /all-kl-escort-girl/kl-girl-booking/feed/ HTTP/1.1" 200 5613 "-" "Mozilla/5.0 (compatible; AhrefsBot/7.0; +http://ahrefs.com/robot/)"
203.161.56.247 - - [07/Oct/2025:20:09:16 +0000] "POST /wp-cron.php?doing_wp_cron=1759867756.7882790565490722656250 HTTP/1.1" 200 - "-" "WordPress/6.8.3; https://localklescort.com"
114.119.145.169 - - [07/Oct/2025:20:09:14 +0000] "GET /service/%E6%97%A0%E5%A5%97%E5%8F%A3%E4%BA%A4/ HTTP/1.1" 200 30804 "https://localklescort.com/service/%e6%97%a0%e5%a5%97%e5%8f%a3%e4%ba%a4/" "Mozilla/5.0 (Linux; Android 7.0;) AppleWebKit/537.36 (KHTML, like Gecko) Mobile Safari/537.36 (compatible; PetalBot;+https://webmaster.petalsearch.com/site/petalbot)"
203.161.56.247 - - [07/Oct/2025:20:10:40 +0000] "POST /wp-cron.php?doing_wp_cron=1759867840.1855959892272949218750 HTTP/1.1" 200 - "-" "WordPress/6.8.3; https://localklescort.com"
114.119.145.169 - - [07/Oct/2025:20:10:38 +0000] "GET /kl-escort-gallery/summer-local-kl-escort/ HTTP/1.1" 200 36001 "https://localklescort.com/all-kl-escort-girl/outcall-girl/page/3/" "Mozilla/5.0 (Linux; Android 7.0;) AppleWebKit/537.36 (KHTML, like Gecko) Mobile Safari/537.36 (compatible; PetalBot;+https://webmaster.petalsearch.com/site/petalbot)"
203.161.56.247 - - [07/Oct/2025:20:12:04 +0000] "POST /wp-cron.php?doing_wp_cron=1759867923.9850130081176757812500 HTTP/1.1" 200 - "-" "WordPress/6.8.3; https://localklescort.com"
114.119.154.203 - - [07/Oct/2025:20:12:01 +0000] "GET /featured_item/flatsome-poster-print/ HTTP/1.1" 200 29129 "https://localklescort.com/featured_item/portfolio-typography/" "Mozilla/5.0 (Linux; Android 7.0;) AppleWebKit/537.36 (KHTML, like Gecko) Mobile Safari/537.36 (compatible; PetalBot;+https://webmaster.petalsearch.com/site/petalbot)"
203.161.56.247 - - [07/Oct/2025:20:13:32 +0000] "POST /wp-cron.php?doing_wp_cron=1759868012.9320039749145507812500 HTTP/1.1" 200 - "-" "WordPress/6.8.3; https://localklescort.com"
114.119.137.105 - - [07/Oct/2025:20:13:30 +0000] "GET /category-sitemap.xml HTTP/1.1" 200 444 "-" "Mozilla/5.0 (Linux; Android 7.0;) AppleWebKit/537.36 (KHTML, like Gecko) Mobile Safari/537.36 (compatible; PetalBot;+https://webmaster.petalsearch.com/site/petalbot)"
203.161.56.247 - - [07/Oct/2025:20:14:50 +0000] "POST /wp-cron.php?doing_wp_cron=1759868090.9258959293365478515625 HTTP/1.1" 200 - "-" "WordPress/6.8.3; https://localklescort.com"
114.119.145.169 - - [07/Oct/2025:20:14:48 +0000] "GET /all-kl-escort-girl/kl-girl-booking/page/1/ HTTP/1.1" 301 - "https://localklescort.com/all-kl-escort-girl/kl-girl-booking/page/3/" "Mozilla/5.0 (Linux; Android 7.0;) AppleWebKit/537.36 (KHTML, like Gecko) Mobile Safari/537.36 (compatible; PetalBot;+https://webmaster.petalsearch.com/site/petalbot)"
114.119.145.169 - - [07/Oct/2025:20:14:51 +0000] "GET /all-kl-escort-girl/kl-girl-booking/ HTTP/1.1" 200 30578 "https://localklescort.com/all-kl-escort-girl/kl-girl-booking/page/3/" "Mozilla/5.0 (Linux; Android 7.0;) AppleWebKit/537.36 (KHTML, like Gecko) Mobile Safari/537.36 (compatible; PetalBot;+https://webmaster.petalsearch.com/site/petalbot)"
203.161.56.247 - - [07/Oct/2025:20:16:15 +0000] "POST /wp-cron.php?doing_wp_cron=1759868175.0717780590057373046875 HTTP/1.1" 200 - "-" "WordPress/6.8.3; https://localklescort.com"
114.119.129.50 - - [07/Oct/2025:20:16:13 +0000] "GET /all-kl-escort-girl/kl-call-girl/page/3/ HTTP/1.1" 200 30715 "https://localklescort.com/all-kl-escort-girl/kl-call-girl/page/1/" "Mozilla/5.0 (Linux; Android 7.0;) AppleWebKit/537.36 (KHTML, like Gecko) Mobile Safari/537.36 (compatible; PetalBot;+https://webmaster.petalsearch.com/site/petalbot)"
203.161.56.247 - - [07/Oct/2025:20:17:40 +0000] "POST /wp-cron.php?doing_wp_cron=1759868260.2090620994567871093750 HTTP/1.1" 200 - "-" "WordPress/6.8.3; https://localklescort.com"
114.119.154.203 - - [07/Oct/2025:20:17:38 +0000] "GET /kl-escort-gallery/ice-local-kl-escort/ HTTP/1.1" 200 36405 "https://localklescort.com/all-kl-escort-girl/kl-escort/page/2/" "Mozilla/5.0 (Linux; Android 7.0;) AppleWebKit/537.36 (KHTML, like Gecko) Mobile Safari/537.36 (compatible; PetalBot;+https://webmaster.petalsearch.com/site/petalbot)"
203.161.56.247 - - [07/Oct/2025:20:21:16 +0000] "POST /wp-cron.php?doing_wp_cron=1759868476.2579960823059082031250 HTTP/1.1" 200 - "-" "WordPress/6.8.3; https://localklescort.com"
15.235.98.230 - - [07/Oct/2025:20:21:14 +0000] "GET /bukit-bintang-call-girls-the-ultimate-guide/feed/ HTTP/1.1" 200 502 "-" "Mozilla/5.0 (compatible; AhrefsBot/7.0; +http://ahrefs.com/robot/)"
114.119.137.105 - - [07/Oct/2025:20:25:29 +0000] "GET /wp-content/uploads/2023/05/Lydia-3-local-kl-escorts-247x296.jpg HTTP/1.1" 200 17719 "https://localklescort.com/kl-escort-gallery/lydia-local-kl-escort/" "Mozilla/5.0 (Linux; Android 7.0;) AppleWebKit/537.36 (KHTML, like Gecko) Mobile Safari/537.36 (compatible; PetalBot;+https://webmaster.petalsearch.com/site/petalbot)"
203.161.56.247 - - [07/Oct/2025:20:27:31 +0000] "POST /wp-cron.php?doing_wp_cron=1759868851.1179740428924560546875 HTTP/1.1" 200 - "-" "WordPress/6.8.3; https://localklescort.com"
216.73.216.131 - - [07/Oct/2025:20:27:29 +0000] "GET /robots.txt HTTP/1.1" 200 170 "-" "Mozilla/5.0 AppleWebKit/537.36 (KHTML, like Gecko; compatible; ClaudeBot/1.0; +claudebot@anthropic.com)"
216.73.216.131 - - [07/Oct/2025:20:27:31 +0000] "GET /sitemap.rss HTTP/1.1" 200 1840 "-" "Mozilla/5.0 AppleWebKit/537.36 (KHTML, like Gecko; compatible; ClaudeBot/1.0; +claudebot@anthropic.com)"
203.161.56.247 - - [07/Oct/2025:20:29:27 +0000] "POST /wp-cron.php?doing_wp_cron=1759868967.6991970539093017578125 HTTP/1.1" 200 - "-" "WordPress/6.8.3; https://localklescort.com"
98.84.131.195 - - [07/Oct/2025:20:29:25 +0000] "GET /all-kl-escort-girl/kl-freelance-escort/ HTTP/1.1" 200 29722 "-" "Mozilla/5.0 AppleWebKit/537.36 (KHTML, like Gecko; compatible; Amazonbot/0.1; +https://developer.amazon.com/support/amazonbot) Chrome/119.0.6045.214 Safari/537.36"
103.171.92.209 - - [07/Oct/2025:20:31:14 +0000] "GET /wp-login.php HTTP/1.1" 200 4394 "-" "Mozilla/5.0 (Windows NT 10.0; Win64; x64) AppleWebKit/537.36 (KHTML, like Gecko) Chrome/120.0.0.0 Safari/537.36"
203.161.56.247 - - [07/Oct/2025:20:36:45 +0000] "POST /wp-cron.php?doing_wp_cron=1759869405.8723840713500976562500 HTTP/1.1" 200 - "-" "WordPress/6.8.3; https://localklescort.com"
157.55.39.193 - - [07/Oct/2025:20:36:43 +0000] "GET /kl-escort-gallery/rita/ HTTP/1.1" 200 36311 "-" "Mozilla/5.0 AppleWebKit/537.36 (KHTML, like Gecko; compatible; bingbot/2.0; +http://www.bing.com/bingbot.htm) Chrome/116.0.1938.76 Safari/537.36"
203.161.56.247 - - [07/Oct/2025:20:38:59 +0000] "POST /wp-cron.php?doing_wp_cron=1759869539.4658720493316650390625 HTTP/1.1" 200 - "-" "WordPress/6.8.3; https://localklescort.com"
173.249.147.129 - - [07/Oct/2025:20:38:57 +0000] "POST /xmlrpc.php HTTP/1.1" 200 250 "-" "Mozilla/5.0 (X11; Ubuntu; Linux x86_64; rv:85.0) Gecko/20100101 Firefox/91.0"
77.75.78.160 - - [07/Oct/2025:20:39:45 +0000] "GET /wp-content/uploads/2023/05/Ice-4-local-kl-escorts.jpg HTTP/1.1" 200 136745 "-" "Mozilla/5.0 (compatible; SeznamBot/4.0; +https://o-seznam.cz/napoveda/vyhledavani/en/seznambot-crawler/)"
203.161.56.247 - - [07/Oct/2025:20:40:15 +0000] "POST /wp-cron.php?doing_wp_cron=1759869615.0145349502563476562500 HTTP/1.1" 200 - "-" "WordPress/6.8.3; https://localklescort.com"
142.44.233.92 - - [07/Oct/2025:20:40:13 +0000] "GET /sitemap.rss HTTP/1.1" 200 1840 "-" "Mozilla/5.0 (compatible; AhrefsBot/7.0; +http://ahrefs.com/robot/)"
203.161.56.247 - - [07/Oct/2025:20:43:57 +0000] "POST /wp-cron.php?doing_wp_cron=1759869837.5697679519653320312500 HTTP/1.1" 200 - "-" "WordPress/6.8.3; https://localklescort.com"
35.203.167.177 - - [07/Oct/2025:20:43:54 +0000] "GET /.git/config HTTP/1.1" 404 26932 "-" "-"
57.141.0.33 - - [07/Oct/2025:20:48:02 +0000] "GET /wp-content/uploads/2023/05/Summer-1-local-kl-escorts-600x750.jpg HTTP/1.1" 200 104304 "-" "meta-externalagent/1.1 (+https://developers.facebook.com/docs/sharing/webmasters/crawler)"
203.161.56.247 - - [07/Oct/2025:20:48:50 +0000] "POST /wp-cron.php?doing_wp_cron=1759870130.7627780437469482421875 HTTP/1.1" 200 - "-" "WordPress/6.8.3; https://localklescort.com"
40.77.167.0 - - [07/Oct/2025:20:48:48 +0000] "GET /service/%E9%B8%B3%E9%B8%AF%E6%88%8F%E6%B0%B4/page/1/ HTTP/1.1" 301 - "-" "Mozilla/5.0 AppleWebKit/537.36 (KHTML, like Gecko; compatible; bingbot/2.0; +http://www.bing.com/bingbot.htm) Chrome/116.0.1938.76 Safari/537.36"
203.161.56.247 - - [07/Oct/2025:20:49:22 +0000] "POST /wp-cron.php?doing_wp_cron=1759870162.6053440570831298828125 HTTP/1.1" 200 - "-" "WordPress/6.8.3; https://localklescort.com"
66.249.74.41 - - [07/Oct/2025:20:49:21 +0000] "GET /post-sitemap.xml HTTP/1.1" 200 445 "-" "Mozilla/5.0 (compatible; Googlebot/2.1; +http://www.google.com/bot.html)"
91.134.48.65 - - [07/Oct/2025:20:58:22 +0000] "GET /wp-login.php HTTP/1.1" 200 4393 "-" "Mozilla/5.0 (Windows NT 10.0; Win64; x64) AppleWebKit/537.36 (KHTML, like Gecko) Chrome/120.0.0.0 Safari/537.36"
203.161.56.247 - - [07/Oct/2025:20:59:13 +0000] "POST /wp-cron.php?doing_wp_cron=1759870753.4239020347595214843750 HTTP/1.1" 200 - "-" "WordPress/6.8.3; https://localklescort.com"
57.141.0.62 - - [07/Oct/2025:20:59:11 +0000] "GET /kl-escort-gallery/sasa-local-kl-escort/ HTTP/1.1" 404 100297 "-" "meta-externalagent/1.1 (+https://developers.facebook.com/docs/sharing/webmasters/crawler)"
203.161.56.247 - - [07/Oct/2025:21:10:18 +0000] "POST /wp-cron.php?doing_wp_cron=1759871418.1434919834136962890625 HTTP/1.1" 200 - "-" "WordPress/6.8.3; https://localklescort.com"
3.218.103.254 - - [07/Oct/2025:21:10:16 +0000] "GET /kl-escort-gallery/emma-local-kl-escort/ HTTP/1.1" 200 36234 "-" "Mozilla/5.0 AppleWebKit/537.36 (KHTML, like Gecko; compatible; Amazonbot/0.1; +https://developer.amazon.com/support/amazonbot) Chrome/119.0.6045.214 Safari/537.36"
203.161.56.247 - - [07/Oct/2025:21:13:03 +0000] "POST /wp-cron.php?doing_wp_cron=1759871583.7155029773712158203125 HTTP/1.1" 200 - "-" "WordPress/6.8.3; https://localklescort.com"
216.73.216.131 - - [07/Oct/2025:21:13:01 +0000] "GET /video-sitemap.xml HTTP/1.1" 200 346 "-" "Mozilla/5.0 AppleWebKit/537.36 (KHTML, like Gecko; compatible; ClaudeBot/1.0; +claudebot@anthropic.com)"
54.39.6.10 - - [07/Oct/2025:21:13:06 +0000] "GET /kl-escort-gallery/susan-local-kl-escort/ HTTP/1.1" 200 36863 "-" "Mozilla/5.0 (compatible; AhrefsBot/7.0; +http://ahrefs.com/robot/)"
203.161.56.247 - - [07/Oct/2025:21:30:57 +0000] "POST /wp-cron.php?doing_wp_cron=1759872657.7917718887329101562500 HTTP/1.1" 200 - "-" "WordPress/6.8.3; https://localklescort.com"
54.156.248.117 - - [07/Oct/2025:21:30:55 +0000] "GET /kl-escort-gallery/tina-local-kl-escort/ HTTP/1.1" 200 36254 "-" "Mozilla/5.0 AppleWebKit/537.36 (KHTML, like Gecko; compatible; Amazonbot/0.1; +https://developer.amazon.com/support/amazonbot) Chrome/119.0.6045.214 Safari/537.36"
203.161.56.247 - - [07/Oct/2025:21:33:53 +0000] "POST /wp-cron.php?doing_wp_cron=1759872833.5638489723205566406250 HTTP/1.1" 200 - "-" "WordPress/6.8.3; https://localklescort.com"
66.249.74.40 - - [07/Oct/2025:21:33:51 +0000] "GET /all-kl-escort-girl/escort-kl/page/3/ HTTP/1.1" 200 30703 "-" "Mozilla/5.0 (Linux; Android 6.0.1; Nexus 5X Build/MMB29P) AppleWebKit/537.36 (KHTML, like Gecko) Chrome/140.0.7339.207 Mobile Safari/537.36 (compatible; Googlebot/2.1; +http://www.google.com/bot.html)"
203.161.56.247 - - [07/Oct/2025:21:35:10 +0000] "POST /wp-cron.php?doing_wp_cron=1759872910.7686419486999511718750 HTTP/1.1" 200 - "-" "WordPress/6.8.3; https://localklescort.com"
52.167.144.206 - - [07/Oct/2025:21:35:08 +0000] "GET /sitemap.rss HTTP/1.1" 200 1840 "-" "Mozilla/5.0 AppleWebKit/537.36 (KHTML, like Gecko; compatible; bingbot/2.0; +http://www.bing.com/bingbot.htm) Chrome/116.0.1938.76 Safari/537.36"
203.161.56.247 - - [07/Oct/2025:21:39:58 +0000] "POST /wp-cron.php?doing_wp_cron=1759873197.9917280673980712890625 HTTP/1.1" 200 - "-" "WordPress/6.8.3; https://localklescort.com"
216.73.216.131 - - [07/Oct/2025:21:39:56 +0000] "GET /robots.txt HTTP/1.1" 200 170 "-" "Mozilla/5.0 AppleWebKit/537.36 (KHTML, like Gecko; compatible; ClaudeBot/1.0; +claudebot@anthropic.com)"
216.73.216.131 - - [07/Oct/2025:21:39:58 +0000] "GET /sitemap.rss HTTP/1.1" 200 1840 "-" "Mozilla/5.0 AppleWebKit/537.36 (KHTML, like Gecko; compatible; ClaudeBot/1.0; +claudebot@anthropic.com)"
203.161.56.247 - - [07/Oct/2025:21:44:26 +0000] "POST /wp-cron.php?doing_wp_cron=1759873466.4905529022216796875000 HTTP/1.1" 200 - "-" "WordPress/6.8.3; https://localklescort.com"
216.73.216.131 - - [07/Oct/2025:21:44:24 +0000] "GET /video-sitemap.xml HTTP/1.1" 200 346 "-" "Mozilla/5.0 AppleWebKit/537.36 (KHTML, like Gecko; compatible; ClaudeBot/1.0; +claudebot@anthropic.com)"
203.161.56.247 - - [07/Oct/2025:21:45:39 +0000] "POST /wp-cron.php?doing_wp_cron=1759873539.1760261058807373046875 HTTP/1.1" 200 - "-" "WordPress/6.8.3; https://localklescort.com"
142.44.220.170 - - [07/Oct/2025:21:45:37 +0000] "GET /kl-escort-gallery/crystal-local-kl-escort/ HTTP/1.1" 200 36087 "-" "Mozilla/5.0 (compatible; AhrefsBot/7.0; +http://ahrefs.com/robot/)"
203.161.56.247 - - [07/Oct/2025:21:46:46 +0000] "POST /wp-cron.php?doing_wp_cron=1759873606.1995890140533447265625 HTTP/1.1" 200 - "-" "WordPress/6.8.3; https://localklescort.com"
216.73.216.131 - - [07/Oct/2025:21:46:44 +0000] "GET /sitemap.xml HTTP/1.1" 200 495 "-" "Mozilla/5.0 AppleWebKit/537.36 (KHTML, like Gecko; compatible; ClaudeBot/1.0; +claudebot@anthropic.com)"
203.161.56.247 - - [07/Oct/2025:21:52:50 +0000] "POST /wp-cron.php?doing_wp_cron=1759873970.5095369815826416015625 HTTP/1.1" 200 - "-" "WordPress/6.8.3; https://localklescort.com"
185.191.171.5 - - [07/Oct/2025:21:52:48 +0000] "GET /robots.txt HTTP/1.1" 200 170 "-" "Mozilla/5.0 (compatible; SemrushBot/7~bl; +http://www.semrush.com/bot.html)"
185.191.171.2 - - [07/Oct/2025:21:52:53 +0000] "GET /all-kl-escort-girls/mid-valley-escort/ HTTP/1.1" 200 29219 "-" "Mozilla/5.0 (compatible; SemrushBot/7~bl; +http://www.semrush.com/bot.html)"
203.161.56.247 - - [07/Oct/2025:22:02:44 +0000] "POST /wp-cron.php?doing_wp_cron=1759874564.5019550323486328125000 HTTP/1.1" 200 - "-" "WordPress/6.8.3; https://localklescort.com"
17.241.75.122 - - [07/Oct/2025:22:02:42 +0000] "GET /robots.txt HTTP/1.1" 200 170 "-" "Mozilla/5.0 (Macintosh; Intel Mac OS X 10_15_7) AppleWebKit/605.1.15 (KHTML, like Gecko) Version/17.4 Safari/605.1.15 (Applebot/0.1; +http://www.apple.com/go/applebot)"
17.241.75.122 - - [07/Oct/2025:22:02:45 +0000] "GET /wp-content/uploads/2023/05/KiKo-4-local-kl-escorts.jpg HTTP/1.1" 200 129502 "-" "Mozilla/5.0 (Macintosh; Intel Mac OS X 10_15_7) AppleWebKit/605.1.15 (KHTML, like Gecko) Version/17.4 Safari/605.1.15 (Applebot/0.1; +http://www.apple.com/go/applebot)"
91.134.183.190 - - [07/Oct/2025:22:06:02 +0000] "GET /wp-login.php HTTP/1.1" 200 4394 "-" "Mozilla/5.0 (Windows NT 10.0; Win64; x64) AppleWebKit/537.36 (KHTML, like Gecko) Chrome/120.0.0.0 Safari/537.36"
45.149.173.195 - - [07/Oct/2025:22:06:23 +0000] "GET / HTTP/1.1" 200 237976 "-" "Mozilla/5.0 (Windows NT 10.0; Win64; x64) AppleWebKit/537.36 (KHTML, like Gecko) Chrome/78.0.3904.108 Safari/537.36"
45.149.173.195 - - [07/Oct/2025:22:06:26 +0000] "GET //wp-includes/wlwmanifest.xml HTTP/1.1" 301 - "-" "Mozilla/5.0 (Windows NT 10.0; Win64; x64) AppleWebKit/537.36 (KHTML, like Gecko) Chrome/78.0.3904.108 Safari/537.36"
45.149.173.195 - - [07/Oct/2025:22:06:27 +0000] "GET //xmlrpc.php?rsd HTTP/1.1" 200 816 "-" "Mozilla/5.0 (Windows NT 10.0; Win64; x64) AppleWebKit/537.36 (KHTML, like Gecko) Chrome/78.0.3904.108 Safari/537.36"
45.149.173.195 - - [07/Oct/2025:22:06:28 +0000] "GET //?author=1 HTTP/1.1" 301 - "-" "Mozilla/5.0 (Windows NT 10.0; Win64; x64) AppleWebKit/537.36 (KHTML, like Gecko) Chrome/78.0.3904.108 Safari/537.36"
45.149.173.195 - - [07/Oct/2025:22:06:29 +0000] "GET //?author=2 HTTP/1.1" 301 - "-" "Mozilla/5.0 (Windows NT 10.0; Win64; x64) AppleWebKit/537.36 (KHTML, like Gecko) Chrome/78.0.3904.108 Safari/537.36"
45.149.173.195 - - [07/Oct/2025:22:06:30 +0000] "GET //wp-json/wp/v2/users/ HTTP/1.1" 200 3045 "-" "Mozilla/5.0 (Windows NT 10.0; Win64; x64) AppleWebKit/537.36 (KHTML, like Gecko) Chrome/78.0.3904.108 Safari/537.36"
45.149.173.195 - - [07/Oct/2025:22:06:32 +0000] "POST //xmlrpc.php HTTP/1.1" 200 448 "-" "Mozilla/5.0 (Windows NT 10.0; Win64; x64) AppleWebKit/537.36 (KHTML, like Gecko) Chrome/78.0.3904.108 Safari/537.36"
45.149.173.195 - - [07/Oct/2025:22:06:34 +0000] "POST //xmlrpc.php HTTP/1.1" 200 448 "-" "Mozilla/5.0 (Windows NT 10.0; Win64; x64) AppleWebKit/537.36 (KHTML, like Gecko) Chrome/78.0.3904.108 Safari/537.36"
45.149.173.195 - - [07/Oct/2025:22:06:39 +0000] "POST //xmlrpc.php HTTP/1.1" 200 448 "-" "Mozilla/5.0 (Windows NT 10.0; Win64; x64) AppleWebKit/537.36 (KHTML, like Gecko) Chrome/78.0.3904.108 Safari/537.36"
45.149.173.195 - - [07/Oct/2025:22:06:44 +0000] "POST //xmlrpc.php HTTP/1.1" 200 448 "-" "Mozilla/5.0 (Windows NT 10.0; Win64; x64) AppleWebKit/537.36 (KHTML, like Gecko) Chrome/78.0.3904.108 Safari/537.36"
45.149.173.195 - - [07/Oct/2025:22:06:46 +0000] "POST //xmlrpc.php HTTP/1.1" 200 448 "-" "Mozilla/5.0 (Windows NT 10.0; Win64; x64) AppleWebKit/537.36 (KHTML, like Gecko) Chrome/78.0.3904.108 Safari/537.36"
45.149.173.195 - - [07/Oct/2025:22:06:47 +0000] "POST //xmlrpc.php HTTP/1.1" 200 448 "-" "Mozilla/5.0 (Windows NT 10.0; Win64; x64) AppleWebKit/537.36 (KHTML, like Gecko) Chrome/78.0.3904.108 Safari/537.36"
203.161.56.247 - - [07/Oct/2025:22:06:52 +0000] "POST /wp-cron.php?doing_wp_cron=1759874812.4125380516052246093750 HTTP/1.1" 200 - "-" "WordPress/6.8.3; https://localklescort.com"
45.149.173.195 - - [07/Oct/2025:22:06:50 +0000] "POST //xmlrpc.php HTTP/1.1" 200 448 "-" "Mozilla/5.0 (Windows NT 10.0; Win64; x64) AppleWebKit/537.36 (KHTML, like Gecko) Chrome/78.0.3904.108 Safari/537.36"
45.149.173.195 - - [07/Oct/2025:22:06:54 +0000] "POST //xmlrpc.php HTTP/1.1" 200 448 "-" "Mozilla/5.0 (Windows NT 10.0; Win64; x64) AppleWebKit/537.36 (KHTML, like Gecko) Chrome/78.0.3904.108 Safari/537.36"
45.149.173.195 - - [07/Oct/2025:22:06:55 +0000] "POST //xmlrpc.php HTTP/1.1" 200 448 "-" "Mozilla/5.0 (Windows NT 10.0; Win64; x64) AppleWebKit/537.36 (KHTML, like Gecko) Chrome/78.0.3904.108 Safari/537.36"
45.149.173.195 - - [07/Oct/2025:22:06:57 +0000] "POST //xmlrpc.php HTTP/1.1" 200 448 "-" "Mozilla/5.0 (Windows NT 10.0; Win64; x64) AppleWebKit/537.36 (KHTML, like Gecko) Chrome/78.0.3904.108 Safari/537.36"
45.149.173.195 - - [07/Oct/2025:22:07:00 +0000] "POST //xmlrpc.php HTTP/1.1" 200 448 "-" "Mozilla/5.0 (Windows NT 10.0; Win64; x64) AppleWebKit/537.36 (KHTML, like Gecko) Chrome/78.0.3904.108 Safari/537.36"
45.149.173.195 - - [07/Oct/2025:22:07:02 +0000] "POST //xmlrpc.php HTTP/1.1" 200 448 "-" "Mozilla/5.0 (Windows NT 10.0; Win64; x64) AppleWebKit/537.36 (KHTML, like Gecko) Chrome/78.0.3904.108 Safari/537.36"
203.161.56.247 - - [07/Oct/2025:22:07:05 +0000] "POST /wp-cron.php?doing_wp_cron=1759874825.2919480800628662109375 HTTP/1.1" 200 - "-" "WordPress/6.8.3; https://localklescort.com"
45.149.173.195 - - [07/Oct/2025:22:07:04 +0000] "POST //xmlrpc.php HTTP/1.1" 200 448 "-" "Mozilla/5.0 (Windows NT 10.0; Win64; x64) AppleWebKit/537.36 (KHTML, like Gecko) Chrome/78.0.3904.108 Safari/537.36"
45.149.173.195 - - [07/Oct/2025:22:07:05 +0000] "POST //xmlrpc.php HTTP/1.1" 200 448 "-" "Mozilla/5.0 (Windows NT 10.0; Win64; x64) AppleWebKit/537.36 (KHTML, like Gecko) Chrome/78.0.3904.108 Safari/537.36"
45.149.173.195 - - [07/Oct/2025:22:07:07 +0000] "POST //xmlrpc.php HTTP/1.1" 200 448 "-" "Mozilla/5.0 (Windows NT 10.0; Win64; x64) AppleWebKit/537.36 (KHTML, like Gecko) Chrome/78.0.3904.108 Safari/537.36"
45.149.173.195 - - [07/Oct/2025:22:07:09 +0000] "POST //xmlrpc.php HTTP/1.1" 200 448 "-" "Mozilla/5.0 (Windows NT 10.0; Win64; x64) AppleWebKit/537.36 (KHTML, like Gecko) Chrome/78.0.3904.108 Safari/537.36"
45.149.173.195 - - [07/Oct/2025:22:07:11 +0000] "POST //xmlrpc.php HTTP/1.1" 200 448 "-" "Mozilla/5.0 (Windows NT 10.0; Win64; x64) AppleWebKit/537.36 (KHTML, like Gecko) Chrome/78.0.3904.108 Safari/537.36"
45.149.173.195 - - [07/Oct/2025:22:07:14 +0000] "POST //xmlrpc.php HTTP/1.1" 200 448 "-" "Mozilla/5.0 (Windows NT 10.0; Win64; x64) AppleWebKit/537.36 (KHTML, like Gecko) Chrome/78.0.3904.108 Safari/537.36"
45.149.173.195 - - [07/Oct/2025:22:07:15 +0000] "POST //xmlrpc.php HTTP/1.1" 200 448 "-" "Mozilla/5.0 (Windows NT 10.0; Win64; x64) AppleWebKit/537.36 (KHTML, like Gecko) Chrome/78.0.3904.108 Safari/537.36"
45.149.173.195 - - [07/Oct/2025:22:07:18 +0000] "POST //xmlrpc.php HTTP/1.1" 200 448 "-" "Mozilla/5.0 (Windows NT 10.0; Win64; x64) AppleWebKit/537.36 (KHTML, like Gecko) Chrome/78.0.3904.108 Safari/537.36"
45.149.173.195 - - [07/Oct/2025:22:07:19 +0000] "POST //xmlrpc.php HTTP/1.1" 200 448 "-" "Mozilla/5.0 (Windows NT 10.0; Win64; x64) AppleWebKit/537.36 (KHTML, like Gecko) Chrome/78.0.3904.108 Safari/537.36"
45.149.173.195 - - [07/Oct/2025:22:07:22 +0000] "POST //xmlrpc.php HTTP/1.1" 200 448 "-" "Mozilla/5.0 (Windows NT 10.0; Win64; x64) AppleWebKit/537.36 (KHTML, like Gecko) Chrome/78.0.3904.108 Safari/537.36"
45.149.173.195 - - [07/Oct/2025:22:07:23 +0000] "POST //xmlrpc.php HTTP/1.1" 200 448 "-" "Mozilla/5.0 (Windows NT 10.0; Win64; x64) AppleWebKit/537.36 (KHTML, like Gecko) Chrome/78.0.3904.108 Safari/537.36"
45.149.173.195 - - [07/Oct/2025:22:07:24 +0000] "POST //xmlrpc.php HTTP/1.1" 200 448 "-" "Mozilla/5.0 (Windows NT 10.0; Win64; x64) AppleWebKit/537.36 (KHTML, like Gecko) Chrome/78.0.3904.108 Safari/537.36"
45.149.173.195 - - [07/Oct/2025:22:07:26 +0000] "POST //xmlrpc.php HTTP/1.1" 200 448 "-" "Mozilla/5.0 (Windows NT 10.0; Win64; x64) AppleWebKit/537.36 (KHTML, like Gecko) Chrome/78.0.3904.108 Safari/537.36"
45.149.173.195 - - [07/Oct/2025:22:07:28 +0000] "POST //xmlrpc.php HTTP/1.1" 200 448 "-" "Mozilla/5.0 (Windows NT 10.0; Win64; x64) AppleWebKit/537.36 (KHTML, like Gecko) Chrome/78.0.3904.108 Safari/537.36"
45.149.173.195 - - [07/Oct/2025:22:07:30 +0000] "POST //xmlrpc.php HTTP/1.1" 200 448 "-" "Mozilla/5.0 (Windows NT 10.0; Win64; x64) AppleWebKit/537.36 (KHTML, like Gecko) Chrome/78.0.3904.108 Safari/537.36"
45.149.173.195 - - [07/Oct/2025:22:07:32 +0000] "POST //xmlrpc.php HTTP/1.1" 200 448 "-" "Mozilla/5.0 (Windows NT 10.0; Win64; x64) AppleWebKit/537.36 (KHTML, like Gecko) Chrome/78.0.3904.108 Safari/537.36"
45.149.173.195 - - [07/Oct/2025:22:07:37 +0000] "POST //xmlrpc.php HTTP/1.1" 200 448 "-" "Mozilla/5.0 (Windows NT 10.0; Win64; x64) AppleWebKit/537.36 (KHTML, like Gecko) Chrome/78.0.3904.108 Safari/537.36"
45.149.173.195 - - [07/Oct/2025:22:07:39 +0000] "POST //xmlrpc.php HTTP/1.1" 200 448 "-" "Mozilla/5.0 (Windows NT 10.0; Win64; x64) AppleWebKit/537.36 (KHTML, like Gecko) Chrome/78.0.3904.108 Safari/537.36"
45.149.173.195 - - [07/Oct/2025:22:07:41 +0000] "POST //xmlrpc.php HTTP/1.1" 200 448 "-" "Mozilla/5.0 (Windows NT 10.0; Win64; x64) AppleWebKit/537.36 (KHTML, like Gecko) Chrome/78.0.3904.108 Safari/537.36"
45.149.173.195 - - [07/Oct/2025:22:07:42 +0000] "POST //xmlrpc.php HTTP/1.1" 200 448 "-" "Mozilla/5.0 (Windows NT 10.0; Win64; x64) AppleWebKit/537.36 (KHTML, like Gecko) Chrome/78.0.3904.108 Safari/537.36"
45.149.173.195 - - [07/Oct/2025:22:07:44 +0000] "POST //xmlrpc.php HTTP/1.1" 200 448 "-" "Mozilla/5.0 (Windows NT 10.0; Win64; x64) AppleWebKit/537.36 (KHTML, like Gecko) Chrome/78.0.3904.108 Safari/537.36"
45.149.173.195 - - [07/Oct/2025:22:07:46 +0000] "POST //xmlrpc.php HTTP/1.1" 200 448 "-" "Mozilla/5.0 (Windows NT 10.0; Win64; x64) AppleWebKit/537.36 (KHTML, like Gecko) Chrome/78.0.3904.108 Safari/537.36"
45.149.173.195 - - [07/Oct/2025:22:07:48 +0000] "POST //xmlrpc.php HTTP/1.1" 200 448 "-" "Mozilla/5.0 (Windows NT 10.0; Win64; x64) AppleWebKit/537.36 (KHTML, like Gecko) Chrome/78.0.3904.108 Safari/537.36"
203.161.56.247 - - [07/Oct/2025:22:07:57 +0000] "POST /wp-cron.php?doing_wp_cron=1759874877.7058069705963134765625 HTTP/1.1" 200 - "-" "WordPress/6.8.3; https://localklescort.com"
45.149.173.195 - - [07/Oct/2025:22:07:56 +0000] "POST //xmlrpc.php HTTP/1.1" 200 448 "-" "Mozilla/5.0 (Windows NT 10.0; Win64; x64) AppleWebKit/537.36 (KHTML, like Gecko) Chrome/78.0.3904.108 Safari/537.36"
45.149.173.195 - - [07/Oct/2025:22:07:58 +0000] "POST //xmlrpc.php HTTP/1.1" 200 448 "-" "Mozilla/5.0 (Windows NT 10.0; Win64; x64) AppleWebKit/537.36 (KHTML, like Gecko) Chrome/78.0.3904.108 Safari/537.36"
45.149.173.195 - - [07/Oct/2025:22:08:02 +0000] "POST //xmlrpc.php HTTP/1.1" 200 448 "-" "Mozilla/5.0 (Windows NT 10.0; Win64; x64) AppleWebKit/537.36 (KHTML, like Gecko) Chrome/78.0.3904.108 Safari/537.36"
203.161.56.247 - - [07/Oct/2025:22:08:07 +0000] "POST /wp-cron.php?doing_wp_cron=1759874887.7938408851623535156250 HTTP/1.1" 200 - "-" "WordPress/6.8.3; https://localklescort.com"
