216.73.216.131 - - [07/Oct/2025:23:29:16 +0000] "GET /sitemap.xml HTTP/1.1" 200 495 "-" "Mozilla/5.0 AppleWebKit/537.36 (KHTML, like Gecko; compatible; ClaudeBot/1.0; +claudebot@anthropic.com)"
49.7.227.204 - - [07/Oct/2025:23:32:40 +0000] "GET / HTTP/1.1" 200 35590 "http://localklescort.com" "Mozilla/5.0 (iPhone; CPU iPhone OS 13_2_3 like Mac OS X) AppleWebKit/605.1.15 (KHTML, like Gecko) Version/13.0.3 Mobile/15E148 Safari/604.1"
183.171.102.20 - - [07/Oct/2025:23:32:48 +0000] "GET / HTTP/1.1" 200 35579 "https://www.google.com/" "Mozilla/5.0 (Linux; Android 10; K) AppleWebKit/537.36 (KHTML, like Gecko) Chrome/140.0.0.0 Mobile Safari/537.36"
203.161.56.247 - - [07/Oct/2025:23:37:07 +0000] "POST /wp-cron.php?doing_wp_cron=1759880227.4100959300994873046875 HTTP/1.1" 200 - "-" "WordPress/6.8.3; https://localklescort.com"
114.119.145.169 - - [07/Oct/2025:23:37:05 +0000] "GET /all-kl-escort-girl/kl-girl/page/2/ HTTP/1.1" 200 30734 "https://localklescort.com/all-kl-escort-girl/kl-girl/page/3/" "Mozilla/5.0 (Linux; Android 7.0;) AppleWebKit/537.36 (KHTML, like Gecko) Mobile Safari/537.36 (compatible; PetalBot;+https://webmaster.petalsearch.com/site/petalbot)"
17.241.219.92 - - [07/Oct/2025:23:37:14 +0000] "GET /wp-content/uploads/2023/05/KiKo-3-local-kl-escorts.jpg HTTP/1.1" 200 127046 "-" "Mozilla/5.0 (Macintosh; Intel Mac OS X 10_15_7) AppleWebKit/605.1.15 (KHTML, like Gecko) Version/17.4 Safari/605.1.15 (Applebot/0.1; +http://www.apple.com/go/applebot)"
118.179.200.50 - - [07/Oct/2025:23:37:38 +0000] "GET /wp-login.php HTTP/1.1" 200 4394 "-" "Mozilla/5.0 (Windows NT 10.0; Win64; x64) AppleWebKit/537.36 (KHTML, like Gecko) Chrome/120.0.0.0 Safari/537.36"
51.38.129.30 - - [07/Oct/2025:23:39:56 +0000] "GET /wp-content/uploads/2023/05/Bell-1-local-kl-escorts.jpg HTTP/1.1" 200 127065 "-" "Mozilla/5.0 (Windows NT 10.0; Win64; x64) AppleWebKit/537.36 (KHTML, like Gecko) Chrome/138.0.0.0 Safari/537.36"
78.47.139.56 - - [07/Oct/2025:23:39:56 +0000] "GET /wp-content/uploads/2023/05/Bell-1-local-kl-escorts.jpg HTTP/1.1" 200 127065 "-" "Mozilla/5.0 (Windows NT 10.0; Win64; x64) AppleWebKit/537.36 (KHTML, like Gecko) Chrome/138.0.0.0 Safari/537.36"
203.161.56.247 - - [07/Oct/2025:23:40:17 +0000] "POST /wp-cron.php?doing_wp_cron=1759880417.7819149494171142578125 HTTP/1.1" 200 - "-" "WordPress/6.8.3; https://localklescort.com"
104.210.140.132 - - [07/Oct/2025:23:40:15 +0000] "GET /robots.txt HTTP/1.1" 200 170 "-" "Mozilla/5.0 (Macintosh; Intel Mac OS X 10_15_7) AppleWebKit/537.36 (KHTML, like Gecko) Chrome/131.0.0.0 Safari/537.36; compatible; OAI-SearchBot/1.0; +https://openai.com/searchbot"
77.75.78.160 - - [07/Oct/2025:23:40:44 +0000] "GET /wp-content/uploads/2023/05/Summer-5-local-kl-escorts.jpg HTTP/1.1" 200 104424 "-" "Mozilla/5.0 (compatible; SeznamBot/4.0; +https://o-seznam.cz/napoveda/vyhledavani/en/seznambot-crawler/)"
203.161.56.247 - - [07/Oct/2025:23:41:00 +0000] "POST /wp-cron.php?doing_wp_cron=1759880460.2651870250701904296875 HTTP/1.1" 200 - "-" "WordPress/6.8.3; https://localklescort.com"
77.75.78.160 - - [07/Oct/2025:23:40:58 +0000] "GET /kl-escort-gallery/bella-local-kl-escort/ HTTP/1.1" 200 36137 "-" "Mozilla/5.0 (compatible; SeznamBot/4.0; +https://o-seznam.cz/napoveda/vyhledavani/en/seznambot-crawler/)"
203.161.56.247 - - [07/Oct/2025:23:42:33 +0000] "POST /wp-cron.php?doing_wp_cron=1759880553.5792129039764404296875 HTTP/1.1" 200 - "-" "WordPress/6.8.3; https://localklescort.com"
51.161.65.55 - - [07/Oct/2025:23:42:31 +0000] "GET /kl-escort-gallery/ann-ann-local-kl-escort/ HTTP/1.1" 200 36606 "-" "Mozilla/5.0 (compatible; AhrefsBot/7.0; +http://ahrefs.com/robot/)"
203.161.56.247 - - [07/Oct/2025:23:45:11 +0000] "POST /wp-cron.php?doing_wp_cron=1759880711.9280440807342529296875 HTTP/1.1" 200 - "-" "WordPress/6.8.3; https://localklescort.com"
57.141.0.62 - - [07/Oct/2025:23:45:09 +0000] "GET / HTTP/1.1" 200 237964 "-" "meta-externalagent/1.1 (+https://developers.facebook.com/docs/sharing/webmasters/crawler)"
203.161.56.247 - - [07/Oct/2025:23:46:38 +0000] "POST /wp-cron.php?doing_wp_cron=1759880798.6389560699462890625000 HTTP/1.1" 200 - "-" "WordPress/6.8.3; https://localklescort.com"
66.249.74.39 - - [07/Oct/2025:23:46:36 +0000] "GET /all-kl-escort-girl/sex-girl-escort-agency/page/2/ HTTP/1.1" 200 30762 "-" "Mozilla/5.0 (Linux; Android 6.0.1; Nexus 5X Build/MMB29P) AppleWebKit/537.36 (KHTML, like Gecko) Chrome/140.0.7339.207 Mobile Safari/537.36 (compatible; Googlebot/2.1; +http://www.google.com/bot.html)"
66.249.74.40 - - [07/Oct/2025:23:46:47 +0000] "GET /wp-content/plugins/easy-video-player/lib/plyr.css?ver=6.8.3 HTTP/1.1" 200 5279 "https://localklescort.com/all-kl-escort-girl/sex-girl-escort-agency/page/2/" "Mozilla/5.0 (Linux; Android 6.0.1; Nexus 5X Build/MMB29P) AppleWebKit/537.36 (KHTML, like Gecko) Chrome/139.0.7258.127 Mobile Safari/537.36 (compatible; Googlebot/2.1; +http://www.google.com/bot.html)"
66.249.74.40 - - [07/Oct/2025:23:46:47 +0000] "GET /wp-content/themes/flatsome/assets/css/effects.css?ver=3.20.1 HTTP/1.1" 200 293 "https://localklescort.com/all-kl-escort-girl/sex-girl-escort-agency/page/2/" "Mozilla/5.0 (Linux; Android 6.0.1; Nexus 5X Build/MMB29P) AppleWebKit/537.36 (KHTML, like Gecko) Chrome/139.0.7258.127 Mobile Safari/537.36 (compatible; Googlebot/2.1; +http://www.google.com/bot.html)"
66.249.74.40 - - [07/Oct/2025:23:46:48 +0000] "GET /wp-includes/js/dist/hooks.min.js?ver=4d63a3d491d11ffd8ac6 HTTP/1.1" 200 1648 "https://localklescort.com/all-kl-escort-girl/sex-girl-escort-agency/page/2/" "Mozilla/5.0 (Linux; Android 6.0.1; Nexus 5X Build/MMB29P) AppleWebKit/537.36 (KHTML, like Gecko) Chrome/139.0.7258.127 Mobile Safari/537.36 (compatible; Googlebot/2.1; +http://www.google.com/bot.html)"
66.249.74.40 - - [07/Oct/2025:23:46:48 +0000] "GET /wp-includes/js/jquery/ui/core.min.js?ver=1.13.3 HTTP/1.1" 200 7106 "https://localklescort.com/all-kl-escort-girl/sex-girl-escort-agency/page/2/" "Mozilla/5.0 (Linux; Android 6.0.1; Nexus 5X Build/MMB29P) AppleWebKit/537.36 (KHTML, like Gecko) Chrome/139.0.7258.127 Mobile Safari/537.36 (compatible; Googlebot/2.1; +http://www.google.com/bot.html)"
203.161.56.247 - - [08/Oct/2025:00:02:48 +0000] "POST /wp-cron.php?doing_wp_cron=1759881768.4826140403747558593750 HTTP/1.1" 200 - "-" "WordPress/6.8.3; https://localklescort.com"
114.119.129.50 - - [08/Oct/2025:00:02:46 +0000] "GET /all-kl-escort-girl/sex-girl-escort-agency/page/2/ HTTP/1.1" 200 30772 "https://localklescort.com/all-kl-escort-girl/sex-girl-escort-agency/page/3/" "Mozilla/5.0 (Linux; Android 7.0;) AppleWebKit/537.36 (KHTML, like Gecko) Mobile Safari/537.36 (compatible; PetalBot;+https://webmaster.petalsearch.com/site/petalbot)"
203.161.56.247 - - [08/Oct/2025:00:06:06 +0000] "POST /wp-cron.php?doing_wp_cron=1759881966.4399809837341308593750 HTTP/1.1" 200 - "-" "WordPress/6.8.3; https://localklescort.com"
66.249.74.39 - - [08/Oct/2025:00:06:04 +0000] "GET /all-kl-escort-girls/china-girls/ HTTP/1.1" 200 29488 "-" "Mozilla/5.0 (Linux; Android 6.0.1; Nexus 5X Build/MMB29P) AppleWebKit/537.36 (KHTML, like Gecko) Chrome/140.0.7339.207 Mobile Safari/537.36 (compatible; Googlebot/2.1; +http://www.google.com/bot.html)"
203.161.56.247 - - [08/Oct/2025:00:07:51 +0000] "POST /wp-cron.php?doing_wp_cron=1759882071.9117031097412109375000 HTTP/1.1" 200 - "-" "WordPress/6.8.3; https://localklescort.com"
107.189.6.63 - - [08/Oct/2025:00:07:50 +0000] "GET /wp-login.php HTTP/1.1" 200 2547 "-" "Mozilla/5.0 (Windows NT 11.0; Win64; x64) AppleWebKit/543.56 (KHTML, like Gecko) Chrome/92.1.511.80 Safari/544.64"
107.189.6.63 - - [08/Oct/2025:00:07:50 +0000] "GET /wp-login.php HTTP/1.1" 200 2547 "-" "Mozilla/5.0 (Windows NT 11.0; Win64; x64) AppleWebKit/543.56 (KHTML, like Gecko) Chrome/92.1.511.80 Safari/544.64"
107.189.6.63 - - [08/Oct/2025:00:07:52 +0000] "POST /wp-login.php HTTP/1.1" 401 1460 "-" "Mozilla/5.0 (Windows NT 10.0; Win64; x64) AppleWebKit/544.36 (KHTML, like Gecko) Chrome/98.0.512.80 Safari/544.36"
107.189.6.63 - - [08/Oct/2025:00:07:52 +0000] "POST /wp-login.php HTTP/1.1" 401 1457 "-" "Mozilla/5.0 (Windows NT 10.0; Win64; x64) AppleWebKit/544.36 (KHTML, like Gecko) Chrome/98.0.512.80 Safari/544.36"
203.161.56.247 - - [08/Oct/2025:00:17:15 +0000] "POST /wp-cron.php?doing_wp_cron=1759882635.2472450733184814453125 HTTP/1.1" 200 - "-" "WordPress/6.8.3; https://localklescort.com"
148.113.128.67 - - [08/Oct/2025:00:17:13 +0000] "GET /kl-escort-gallery/summer-local-kl-escort/ HTTP/1.1" 200 35881 "-" "Mozilla/5.0 (compatible; AhrefsBot/7.0; +http://ahrefs.com/robot/)"
216.73.216.131 - - [08/Oct/2025:00:17:44 +0000] "GET /robots.txt HTTP/1.1" 200 170 "-" "Mozilla/5.0 AppleWebKit/537.36 (KHTML, like Gecko; compatible; ClaudeBot/1.0; +claudebot@anthropic.com)"
216.73.216.131 - - [08/Oct/2025:00:17:45 +0000] "GET /video-sitemap.xml HTTP/1.1" 200 346 "-" "Mozilla/5.0 AppleWebKit/537.36 (KHTML, like Gecko; compatible; ClaudeBot/1.0; +claudebot@anthropic.com)"
203.161.56.247 - - [08/Oct/2025:00:20:27 +0000] "POST /wp-cron.php?doing_wp_cron=1759882827.3769481182098388671875 HTTP/1.1" 200 - "-" "WordPress/6.8.3; https://localklescort.com"
216.73.216.131 - - [08/Oct/2025:00:20:25 +0000] "GET /sitemap.xml HTTP/1.1" 200 495 "-" "Mozilla/5.0 AppleWebKit/537.36 (KHTML, like Gecko; compatible; ClaudeBot/1.0; +claudebot@anthropic.com)"
203.161.56.247 - - [08/Oct/2025:00:24:19 +0000] "POST /wp-cron.php?doing_wp_cron=1759883059.2146270275115966796875 HTTP/1.1" 200 - "-" "WordPress/6.8.3; https://localklescort.com"
216.73.216.131 - - [08/Oct/2025:00:24:17 +0000] "GET /video-sitemap.xml HTTP/1.1" 200 346 "-" "Mozilla/5.0 AppleWebKit/537.36 (KHTML, like Gecko; compatible; ClaudeBot/1.0; +claudebot@anthropic.com)"
203.161.56.247 - - [08/Oct/2025:00:28:53 +0000] "POST /wp-cron.php?doing_wp_cron=1759883333.7639429569244384765625 HTTP/1.1" 200 - "-" "WordPress/6.8.3; https://localklescort.com"
77.75.78.160 - - [08/Oct/2025:00:28:51 +0000] "GET /all-kl-escort-girl/incall-kl/ HTTP/1.1" 200 30568 "-" "Mozilla/5.0 (compatible; SeznamBot/4.0; +https://o-seznam.cz/napoveda/vyhledavani/en/seznambot-crawler/)"
203.161.56.247 - - [08/Oct/2025:00:32:57 +0000] "POST /wp-cron.php?doing_wp_cron=1759883577.4644610881805419921875 HTTP/1.1" 200 - "-" "WordPress/6.8.3; https://localklescort.com"
17.241.227.146 - - [08/Oct/2025:00:32:55 +0000] "GET /robots.txt HTTP/1.1" 200 170 "-" "Mozilla/5.0 (Macintosh; Intel Mac OS X 10_15_7) AppleWebKit/605.1.15 (KHTML, like Gecko) Version/17.4 Safari/605.1.15 (Applebot/0.1; +http://www.apple.com/go/applebot)"
17.241.227.146 - - [08/Oct/2025:00:32:58 +0000] "GET /wp-content/uploads/2023/05/KiKo-1-local-kl-escorts.jpg HTTP/1.1" 200 175250 "-" "Mozilla/5.0 (Macintosh; Intel Mac OS X 10_15_7) AppleWebKit/605.1.15 (KHTML, like Gecko) Version/17.4 Safari/605.1.15 (Applebot/0.1; +http://www.apple.com/go/applebot)"
203.161.56.247 - - [08/Oct/2025:00:36:37 +0000] "POST /wp-cron.php?doing_wp_cron=1759883797.5822410583496093750000 HTTP/1.1" 200 - "-" "WordPress/6.8.3; https://localklescort.com"
66.249.74.39 - - [08/Oct/2025:00:36:35 +0000] "GET /kl-escort-gallery/ann-ann-local-kl-escort/ HTTP/1.1" 200 36568 "-" "Mozilla/5.0 (Linux; Android 6.0.1; Nexus 5X Build/MMB29P) AppleWebKit/537.36 (KHTML, like Gecko) Chrome/140.0.7339.207 Mobile Safari/537.36 (compatible; Googlebot/2.1; +http://www.google.com/bot.html)"
136.243.228.178 - - [08/Oct/2025:00:37:17 +0000] "GET /comments/feed/ HTTP/1.1" 200 421 "-" "Mozilla/5.0 (compatible; DataForSeoBot/1.0; +https://dataforseo.com/dataforseo-bot)"
203.161.56.247 - - [08/Oct/2025:00:39:21 +0000] "POST /wp-cron.php?doing_wp_cron=1759883961.3252758979797363281250 HTTP/1.1" 200 - "-" "WordPress/6.8.3; https://localklescort.com"
17.241.219.204 - - [08/Oct/2025:00:39:22 +0000] "GET /wp-content/uploads/2023/05/KiKo-2-local-kl-escorts.jpg HTTP/1.1" 200 205027 "-" "Mozilla/5.0 (Macintosh; Intel Mac OS X 10_15_7) AppleWebKit/605.1.15 (KHTML, like Gecko) Version/17.4 Safari/605.1.15 (Applebot/0.1; +http://www.apple.com/go/applebot)"
104.207.44.229 - - [08/Oct/2025:00:39:19 +0000] "GET /wp-admin/user-new.php HTTP/1.1" 302 - "-" "Mozilla/5.0 (Windows NT 10.0; Win64; x64) AppleWebKit/537.36 (KHTML, like Gecko) Chrome/115.0.0.0 Safari/537.36 Edg/115.0.1901.203"
104.207.44.229 - - [08/Oct/2025:00:39:23 +0000] "GET /wp-login.php?redirect_to=https%3A%2F%2Flocalklescort.com%2Fwp-admin%2Fuser-new.php&reauth=1 HTTP/1.1" 200 2345 "-" "Mozilla/5.0 (Windows NT 10.0; Win64; x64) AppleWebKit/537.36 (KHTML, like Gecko) Chrome/115.0.0.0 Safari/537.36 Edg/115.0.1901.203"
104.207.44.229 - - [08/Oct/2025:00:39:25 +0000] "POST /wp-login.php HTTP/1.1" 200 2658 "https://localklescort.com/wp-login.php" "Mozilla/5.0 (Windows NT 10.0; Win64; x64) AppleWebKit/537.36 (KHTML, like Gecko) Chrome/115.0.0.0 Safari/537.36 Edg/115.0.1901.203"
203.161.56.247 - - [08/Oct/2025:00:39:21 +0000] "POST /wp-admin/admin-ajax.php?action=as_async_request_queue_runner&nonce=4efed1f00a HTTP/1.1" 200 - "-" "WordPress/6.8.3; https://localklescort.com"
203.161.56.247 - - [08/Oct/2025:00:39:26 +0000] "GET /wp-json/jetpack/v4/sync/spawn-sync?time=1759883966&request_lock_id=1759883966.8916 HTTP/1.1" 200 37 "-" "WordPress/6.8.3; https://localklescort.com"
203.161.56.247 - - [08/Oct/2025:00:40:26 +0000] "POST /wp-cron.php?doing_wp_cron=1759884026.1344299316406250000000 HTTP/1.1" 200 - "-" "WordPress/6.8.3; https://localklescort.com"
51.161.65.140 - - [08/Oct/2025:00:40:24 +0000] "GET /service/girlfriend-experience/feed/ HTTP/1.1" 200 5845 "-" "Mozilla/5.0 (compatible; AhrefsBot/7.0; +http://ahrefs.com/robot/)"
203.161.56.247 - - [08/Oct/2025:00:43:28 +0000] "POST /wp-cron.php?doing_wp_cron=1759884208.8734939098358154296875 HTTP/1.1" 200 - "-" "WordPress/6.8.3; https://localklescort.com"
8.160.37.79 - - [08/Oct/2025:00:43:26 +0000] "GET /2024/06/ HTTP/1.1" 200 28239 "-" "Mozilla/5.0 (Windows NT 10.0; Win64; x64) AppleWebKit/537.36 (KHTML, like Gecko) Chrome/137.0.0.0 Safari/537.36"
203.161.56.247 - - [08/Oct/2025:00:44:49 +0000] "POST /wp-cron.php?doing_wp_cron=1759884289.0585980415344238281250 HTTP/1.1" 200 - "-" "WordPress/6.8.3; https://localklescort.com"
216.73.216.131 - - [08/Oct/2025:00:44:46 +0000] "GET /sitemap.xml HTTP/1.1" 200 495 "-" "Mozilla/5.0 AppleWebKit/537.36 (KHTML, like Gecko; compatible; ClaudeBot/1.0; +claudebot@anthropic.com)"
203.161.56.247 - - [08/Oct/2025:00:51:46 +0000] "POST /wp-cron.php?doing_wp_cron=1759884705.9938290119171142578125 HTTP/1.1" 200 - "-" "WordPress/6.8.3; https://localklescort.com"
66.249.74.39 - - [08/Oct/2025:00:51:43 +0000] "GET /kl-escort-gallery/summer-local-kl-escort/?utm_source=rss&utm_medium=rss&utm_campaign=summer-local-kl-escort HTTP/1.1" 200 35949 "-" "Mozilla/5.0 (Linux; Android 6.0.1; Nexus 5X Build/MMB29P) AppleWebKit/537.36 (KHTML, like Gecko) Chrome/140.0.7339.207 Mobile Safari/537.36 (compatible; Googlebot/2.1; +http://www.google.com/bot.html)"
203.161.56.247 - - [08/Oct/2025:00:52:38 +0000] "POST /wp-cron.php?doing_wp_cron=1759884758.3200829029083251953125 HTTP/1.1" 200 - "-" "WordPress/6.8.3; https://localklescort.com"
205.209.114.190 - - [08/Oct/2025:00:52:36 +0000] "POST /xmlrpc.php HTTP/1.1" 200 249 "-" "Mozilla/5.0 (X11; Ubuntu; Linux x86_64; rv:85.0) Gecko/20100101 Firefox/91.0"
91.134.183.190 - - [08/Oct/2025:00:58:44 +0000] "GET /wp-login.php HTTP/1.1" 200 4393 "-" "Mozilla/5.0 (Windows NT 10.0; Win64; x64) AppleWebKit/537.36 (KHTML, like Gecko) Chrome/120.0.0.0 Safari/537.36"
203.161.56.247 - - [08/Oct/2025:01:01:13 +0000] "POST /wp-cron.php?doing_wp_cron=1759885273.8105199337005615234375 HTTP/1.1" 200 - "-" "WordPress/6.8.3; https://localklescort.com"
216.73.216.131 - - [08/Oct/2025:01:01:11 +0000] "GET /video-sitemap.xml HTTP/1.1" 200 346 "-" "Mozilla/5.0 AppleWebKit/537.36 (KHTML, like Gecko; compatible; ClaudeBot/1.0; +claudebot@anthropic.com)"
203.161.56.247 - - [08/Oct/2025:01:06:52 +0000] "POST /wp-cron.php?doing_wp_cron=1759885612.0085549354553222656250 HTTP/1.1" 200 - "-" "WordPress/6.8.3; https://localklescort.com"
114.119.154.203 - - [08/Oct/2025:01:06:49 +0000] "GET /service/%E6%97%A0%E5%A5%97%E5%8F%A3%E4%BA%A4/page/1/ HTTP/1.1" 301 - "https://localklescort.com/service/%E6%97%A0%E5%A5%97%E5%8F%A3%E4%BA%A4/page/2/" "Mozilla/5.0 (Linux; Android 7.0;) AppleWebKit/537.36 (KHTML, like Gecko) Mobile Safari/537.36 (compatible; PetalBot;+https://webmaster.petalsearch.com/site/petalbot)"
114.119.154.203 - - [08/Oct/2025:01:06:52 +0000] "GET /service/%E6%97%A0%E5%A5%97%E5%8F%A3%E4%BA%A4/ HTTP/1.1" 200 30808 "https://localklescort.com/service/%E6%97%A0%E5%A5%97%E5%8F%A3%E4%BA%A4/page/2/" "Mozilla/5.0 (Linux; Android 7.0;) AppleWebKit/537.36 (KHTML, like Gecko) Mobile Safari/537.36 (compatible; PetalBot;+https://webmaster.petalsearch.com/site/petalbot)"
203.112.72.51 - - [08/Oct/2025:01:13:10 +0000] "GET /wp-login.php HTTP/1.1" 200 4391 "-" "Mozilla/5.0 (Macintosh; Intel Mac OS X 10_13_4) AppleWebKit/537.36 (KHTML, like Gecko) Chrome/66.0.3359.139 Safari/537.36"
203.112.72.51 - - [08/Oct/2025:01:13:13 +0000] "POST /wp-login.php HTTP/1.1" 200 4391 "https://localklescort.com/wp-login.php" "Mozilla/5.0 (Macintosh; Intel Mac OS X 10_13_4) AppleWebKit/537.36 (KHTML, like Gecko) Chrome/66.0.3359.139 Safari/537.36"
203.161.56.247 - - [08/Oct/2025:01:22:13 +0000] "POST /wp-cron.php?doing_wp_cron=1759886533.6158790588378906250000 HTTP/1.1" 200 - "-" "WordPress/6.8.3; https://localklescort.com"
15.235.98.21 - - [08/Oct/2025:01:22:11 +0000] "GET /category/style/feed/ HTTP/1.1" 200 2049 "-" "Mozilla/5.0 (compatible; AhrefsBot/7.0; +http://ahrefs.com/robot/)"
27.125.240.25 - - [08/Oct/2025:01:22:44 +0000] "GET /kl-escort-gallery/ann-ann-local-kl-escort/ HTTP/1.1" 200 36488 "https://www.google.com/" "Mozilla/5.0 (Linux; Android 10; K) AppleWebKit/537.36 (KHTML, like Gecko) Chrome/140.0.0.0 Mobile Safari/537.36"
27.125.240.25 - - [08/Oct/2025:01:22:46 +0000] "GET /wp-content/plugins/contact-form-7/includes/css/styles.css?ver=6.1.1 HTTP/1.1" 200 1031 "https://localklescort.com/kl-escort-gallery/ann-ann-local-kl-escort/" "Mozilla/5.0 (Linux; Android 10; K) AppleWebKit/537.36 (KHTML, like Gecko) Chrome/140.0.0.0 Mobile Safari/537.36"
27.125.240.25 - - [08/Oct/2025:01:22:46 +0000] "GET /wp-content/plugins/easy-video-player/lib/plyr.css?ver=6.8.3 HTTP/1.1" 200 5279 "https://localklescort.com/kl-escort-gallery/ann-ann-local-kl-escort/" "Mozilla/5.0 (Linux; Android 10; K) AppleWebKit/537.36 (KHTML, like Gecko) Chrome/140.0.0.0 Mobile Safari/537.36"
27.125.240.25 - - [08/Oct/2025:01:22:46 +0000] "GET /wp-content/plugins/woocommerce/assets/css/photoswipe/photoswipe.min.css?ver=10.2.1 HTTP/1.1" 200 997 "https://localklescort.com/kl-escort-gallery/ann-ann-local-kl-escort/" "Mozilla/5.0 (Linux; Android 10; K) AppleWebKit/537.36 (KHTML, like Gecko) Chrome/140.0.0.0 Mobile Safari/537.36"
27.125.240.25 - - [08/Oct/2025:01:22:47 +0000] "GET /wp-content/plugins/woocommerce/assets/css/photoswipe/default-skin/default-skin.min.css?ver=10.2.1 HTTP/1.1" 200 1952 "https://localklescort.com/kl-escort-gallery/ann-ann-local-kl-escort/" "Mozilla/5.0 (Linux; Android 10; K) AppleWebKit/537.36 (KHTML, like Gecko) Chrome/140.0.0.0 Mobile Safari/537.36"
27.125.240.73 - - [08/Oct/2025:01:22:47 +0000] "GET /wp-content/plugins/woocommerce/assets/css/brands.css?ver=10.2.1 HTTP/1.1" 200 684 "https://localklescort.com/kl-escort-gallery/ann-ann-local-kl-escort/" "Mozilla/5.0 (Linux; Android 10; K) AppleWebKit/537.36 (KHTML, like Gecko) Chrome/140.0.0.0 Mobile Safari/537.36"
27.125.240.73 - - [08/Oct/2025:01:22:47 +0000] "GET /wp-content/themes/flatsome/assets/css/flatsome.css?ver=3.20.1 HTTP/1.1" 200 30262 "https://localklescort.com/kl-escort-gallery/ann-ann-local-kl-escort/" "Mozilla/5.0 (Linux; Android 10; K) AppleWebKit/537.36 (KHTML, like Gecko) Chrome/140.0.0.0 Mobile Safari/537.36"
27.125.240.73 - - [08/Oct/2025:01:22:47 +0000] "GET /wp-content/themes/flatsome-child/style.css?ver=3.0 HTTP/1.1" 200 211 "https://localklescort.com/kl-escort-gallery/ann-ann-local-kl-escort/" "Mozilla/5.0 (Linux; Android 10; K) AppleWebKit/537.36 (KHTML, like Gecko) Chrome/140.0.0.0 Mobile Safari/537.36"
27.125.240.73 - - [08/Oct/2025:01:22:47 +0000] "GET /wp-content/themes/flatsome/assets/css/flatsome-shop.css?ver=3.20.1 HTTP/1.1" 200 7098 "https://localklescort.com/kl-escort-gallery/ann-ann-local-kl-escort/" "Mozilla/5.0 (Linux; Android 10; K) AppleWebKit/537.36 (KHTML, like Gecko) Chrome/140.0.0.0 Mobile Safari/537.36"
27.125.240.25 - - [08/Oct/2025:01:22:47 +0000] "GET /wp-content/plugins/easy-video-player/lib/plyr.js?ver=6.8.3 HTTP/1.1" 200 31770 "https://localklescort.com/kl-escort-gallery/ann-ann-local-kl-escort/" "Mozilla/5.0 (Linux; Android 10; K) AppleWebKit/537.36 (KHTML, like Gecko) Chrome/140.0.0.0 Mobile Safari/537.36"
27.125.240.25 - - [08/Oct/2025:01:22:47 +0000] "GET /wp-includes/js/jquery/jquery.min.js?ver=3.7.1 HTTP/1.1" 200 30368 "https://localklescort.com/kl-escort-gallery/ann-ann-local-kl-escort/" "Mozilla/5.0 (Linux; Android 10; K) AppleWebKit/537.36 (KHTML, like Gecko) Chrome/140.0.0.0 Mobile Safari/537.36"
27.125.240.73 - - [08/Oct/2025:01:22:47 +0000] "GET /wp-includes/js/jquery/jquery-migrate.min.js?ver=3.4.1 HTTP/1.1" 200 4872 "https://localklescort.com/kl-escort-gallery/ann-ann-local-kl-escort/" "Mozilla/5.0 (Linux; Android 10; K) AppleWebKit/537.36 (KHTML, like Gecko) Chrome/140.0.0.0 Mobile Safari/537.36"
27.125.240.73 - - [08/Oct/2025:01:22:47 +0000] "GET /wp-content/plugins/woocommerce/assets/js/jquery-blockui/jquery.blockUI.min.js?ver=2.7.0-wc.10.2.1 HTTP/1.1" 200 3537 "https://localklescort.com/kl-escort-gallery/ann-ann-local-kl-escort/" "Mozilla/5.0 (Linux; Android 10; K) AppleWebKit/537.36 (KHTML, like Gecko) Chrome/140.0.0.0 Mobile Safari/537.36"
27.125.240.73 - - [08/Oct/2025:01:22:47 +0000] "GET /wp-content/plugins/woocommerce/assets/js/js-cookie/js.cookie.min.js?ver=2.1.4-wc.10.2.1 HTTP/1.1" 200 833 "https://localklescort.com/kl-escort-gallery/ann-ann-local-kl-escort/" "Mozilla/5.0 (Linux; Android 10; K) AppleWebKit/537.36 (KHTML, like Gecko) Chrome/140.0.0.0 Mobile Safari/537.36"
27.125.240.25 - - [08/Oct/2025:01:22:47 +0000] "GET /wp-content/uploads/2023/05/Ann-Ann-Mongolian-1-local-kl-escorts-768x960.jpg HTTP/1.1" 200 162677 "https://localklescort.com/kl-escort-gallery/ann-ann-local-kl-escort/" "Mozilla/5.0 (Linux; Android 10; K) AppleWebKit/537.36 (KHTML, like Gecko) Chrome/140.0.0.0 Mobile Safari/537.36"
27.125.240.73 - - [08/Oct/2025:01:22:47 +0000] "GET /wp-content/uploads/2023/02/kl-escort-angel-logo.png HTTP/1.1" 200 20521 "https://localklescort.com/kl-escort-gallery/ann-ann-local-kl-escort/" "Mozilla/5.0 (Linux; Android 10; K) AppleWebKit/537.36 (KHTML, like Gecko) Chrome/140.0.0.0 Mobile Safari/537.36"
27.125.240.73 - - [08/Oct/2025:01:22:47 +0000] "GET /wp-content/uploads/2023/05/Ann-Ann-Mongolian-2-local-kl-escorts-768x960.jpg HTTP/1.1" 200 106447 "https://localklescort.com/kl-escort-gallery/ann-ann-local-kl-escort/" "Mozilla/5.0 (Linux; Android 10; K) AppleWebKit/537.36 (KHTML, like Gecko) Chrome/140.0.0.0 Mobile Safari/537.36"
27.125.240.73 - - [08/Oct/2025:01:22:47 +0000] "GET /wp-content/plugins/woocommerce/assets/client/blocks/wc-blocks.css?ver=wc-10.2.1 HTTP/1.1" 200 2618 "https://localklescort.com/kl-escort-gallery/ann-ann-local-kl-escort/" "Mozilla/5.0 (Linux; Android 10; K) AppleWebKit/537.36 (KHTML, like Gecko) Chrome/140.0.0.0 Mobile Safari/537.36"
27.125.240.25 - - [08/Oct/2025:01:22:47 +0000] "GET /wp-content/plugins/creame-whatsapp-me/public/css/joinchat-btn.min.css?ver=6.0.8 HTTP/1.1" 200 2304 "https://localklescort.com/kl-escort-gallery/ann-ann-local-kl-escort/" "Mozilla/5.0 (Linux; Android 10; K) AppleWebKit/537.36 (KHTML, like Gecko) Chrome/140.0.0.0 Mobile Safari/537.36"
27.125.240.73 - - [08/Oct/2025:01:22:48 +0000] "GET /wp-content/fonts/lato/S6uyw4BMUTPHjx4wXg.woff2 HTTP/1.1" 200 23577 "https://localklescort.com/kl-escort-gallery/ann-ann-local-kl-escort/" "Mozilla/5.0 (Linux; Android 10; K) AppleWebKit/537.36 (KHTML, like Gecko) Chrome/140.0.0.0 Mobile Safari/537.36"
27.125.240.25 - - [08/Oct/2025:01:22:48 +0000] "GET /wp-content/themes/flatsome/assets/css/icons/fl-icons.woff2?v=3.20.1 HTTP/1.1" 200 7583 "https://localklescort.com/kl-escort-gallery/ann-ann-local-kl-escort/" "Mozilla/5.0 (Linux; Android 10; K) AppleWebKit/537.36 (KHTML, like Gecko) Chrome/140.0.0.0 Mobile Safari/537.36"
27.125.240.73 - - [08/Oct/2025:01:22:48 +0000] "GET /wp-content/fonts/lato/S6u9w4BMUTPHh6UVSwiPGQ.woff2 HTTP/1.1" 200 23037 "https://localklescort.com/kl-escort-gallery/ann-ann-local-kl-escort/" "Mozilla/5.0 (Linux; Android 10; K) AppleWebKit/537.36 (KHTML, like Gecko) Chrome/140.0.0.0 Mobile Safari/537.36"
27.125.240.73 - - [08/Oct/2025:01:22:47 +0000] "GET /wp-content/uploads/2023/05/Ann-Ann-Mongolian-6-local-kl-escorts-768x960.jpg HTTP/1.1" 200 105617 "https://localklescort.com/kl-escort-gallery/ann-ann-local-kl-escort/" "Mozilla/5.0 (Linux; Android 10; K) AppleWebKit/537.36 (KHTML, like Gecko) Chrome/140.0.0.0 Mobile Safari/537.36"
27.125.240.73 - - [08/Oct/2025:01:22:48 +0000] "GET /wp-content/uploads/2023/05/Ann-Ann-Mongolian-2-local-kl-escorts-247x296.jpg HTTP/1.1" 200 13189 "https://localklescort.com/kl-escort-gallery/ann-ann-local-kl-escort/" "Mozilla/5.0 (Linux; Android 10; K) AppleWebKit/537.36 (KHTML, like Gecko) Chrome/140.0.0.0 Mobile Safari/537.36"
27.125.240.25 - - [08/Oct/2025:01:22:48 +0000] "GET /wp-content/uploads/2023/05/Ann-Ann-Mongolian-5-local-kl-escorts-247x296.jpg HTTP/1.1" 200 16629 "https://localklescort.com/kl-escort-gallery/ann-ann-local-kl-escort/" "Mozilla/5.0 (Linux; Android 10; K) AppleWebKit/537.36 (KHTML, like Gecko) Chrome/140.0.0.0 Mobile Safari/537.36"
27.125.240.25 - - [08/Oct/2025:01:22:48 +0000] "GET /wp-content/uploads/2023/05/Ann-Ann-Mongolian-6-local-kl-escorts-247x296.jpg HTTP/1.1" 200 13290 "https://localklescort.com/kl-escort-gallery/ann-ann-local-kl-escort/" "Mozilla/5.0 (Linux; Android 10; K) AppleWebKit/537.36 (KHTML, like Gecko) Chrome/140.0.0.0 Mobile Safari/537.36"
27.125.240.73 - - [08/Oct/2025:01:22:48 +0000] "GET /wp-content/uploads/2023/05/Ann-Ann-Mongolian-1-local-kl-escorts-247x296.jpg HTTP/1.1" 200 19845 "https://localklescort.com/kl-escort-gallery/ann-ann-local-kl-escort/" "Mozilla/5.0 (Linux; Android 10; K) AppleWebKit/537.36 (KHTML, like Gecko) Chrome/140.0.0.0 Mobile Safari/537.36"
27.125.240.73 - - [08/Oct/2025:01:22:48 +0000] "GET /wp-includes/js/dist/hooks.min.js?ver=4d63a3d491d11ffd8ac6 HTTP/1.1" 200 1648 "https://localklescort.com/kl-escort-gallery/ann-ann-local-kl-escort/" "Mozilla/5.0 (Linux; Android 10; K) AppleWebKit/537.36 (KHTML, like Gecko) Chrome/140.0.0.0 Mobile Safari/537.36"
27.125.240.73 - - [08/Oct/2025:01:22:48 +0000] "GET /wp-includes/js/dist/i18n.min.js?ver=5e580eb46a90c2b997e6 HTTP/1.1" 200 3667 "https://localklescort.com/kl-escort-gallery/ann-ann-local-kl-escort/" "Mozilla/5.0 (Linux; Android 10; K) AppleWebKit/537.36 (KHTML, like Gecko) Chrome/140.0.0.0 Mobile Safari/537.36"
27.125.240.73 - - [08/Oct/2025:01:22:49 +0000] "GET /wp-content/plugins/contact-form-7/includes/swv/js/index.js?ver=6.1.1 HTTP/1.1" 200 3503 "https://localklescort.com/kl-escort-gallery/ann-ann-local-kl-escort/" "Mozilla/5.0 (Linux; Android 10; K) AppleWebKit/537.36 (KHTML, like Gecko) Chrome/140.0.0.0 Mobile Safari/537.36"
27.125.240.73 - - [08/Oct/2025:01:22:49 +0000] "GET /wp-content/plugins/contact-form-7/includes/js/index.js?ver=6.1.1 HTTP/1.1" 200 4265 "https://localklescort.com/kl-escort-gallery/ann-ann-local-kl-escort/" "Mozilla/5.0 (Linux; Android 10; K) AppleWebKit/537.36 (KHTML, like Gecko) Chrome/140.0.0.0 Mobile Safari/537.36"
27.125.240.73 - - [08/Oct/2025:01:22:49 +0000] "GET /wp-content/plugins/woocommerce/assets/js/frontend/woocommerce.min.js?ver=10.2.1 HTTP/1.1" 200 1474 "https://localklescort.com/kl-escort-gallery/ann-ann-local-kl-escort/" "Mozilla/5.0 (Linux; Android 10; K) AppleWebKit/537.36 (KHTML, like Gecko) Chrome/140.0.0.0 Mobile Safari/537.36"
27.125.240.25 - - [08/Oct/2025:01:22:49 +0000] "GET /wp-content/themes/flatsome/assets/js/extensions/flatsome-live-search.js?ver=3.20.1 HTTP/1.1" 200 4672 "https://localklescort.com/kl-escort-gallery/ann-ann-local-kl-escort/" "Mozilla/5.0 (Linux; Android 10; K) AppleWebKit/537.36 (KHTML, like Gecko) Chrome/140.0.0.0 Mobile Safari/537.36"
27.125.240.25 - - [08/Oct/2025:01:22:49 +0000] "GET /wp-content/plugins/woocommerce/assets/js/sourcebuster/sourcebuster.min.js?ver=10.2.1 HTTP/1.1" 200 4807 "https://localklescort.com/kl-escort-gallery/ann-ann-local-kl-escort/" "Mozilla/5.0 (Linux; Android 10; K) AppleWebKit/537.36 (KHTML, like Gecko) Chrome/140.0.0.0 Mobile Safari/537.36"
27.125.240.73 - - [08/Oct/2025:01:22:49 +0000] "GET /wp-content/plugins/woocommerce/assets/js/frontend/order-attribution.min.js?ver=10.2.1 HTTP/1.1" 200 1128 "https://localklescort.com/kl-escort-gallery/ann-ann-local-kl-escort/" "Mozilla/5.0 (Linux; Android 10; K) AppleWebKit/537.36 (KHTML, like Gecko) Chrome/140.0.0.0 Mobile Safari/537.36"
27.125.240.73 - - [08/Oct/2025:01:22:49 +0000] "GET /wp-includes/js/hoverIntent.min.js?ver=1.10.2 HTTP/1.1" 200 706 "https://localklescort.com/kl-escort-gallery/ann-ann-local-kl-escort/" "Mozilla/5.0 (Linux; Android 10; K) AppleWebKit/537.36 (KHTML, like Gecko) Chrome/140.0.0.0 Mobile Safari/537.36"
27.125.240.73 - - [08/Oct/2025:01:22:49 +0000] "GET /wp-content/themes/flatsome/assets/js/flatsome.js?ver=22889b626eb7ec03b5a4 HTTP/1.1" 200 19170 "https://localklescort.com/kl-escort-gallery/ann-ann-local-kl-escort/" "Mozilla/5.0 (Linux; Android 10; K) AppleWebKit/537.36 (KHTML, like Gecko) Chrome/140.0.0.0 Mobile Safari/537.36"
27.125.240.25 - - [08/Oct/2025:01:22:49 +0000] "GET /wp-content/themes/flatsome/assets/js/woocommerce.js?ver=1c9be63d628ff7c3ff4c HTTP/1.1" 200 8306 "https://localklescort.com/kl-escort-gallery/ann-ann-local-kl-escort/" "Mozilla/5.0 (Linux; Android 10; K) AppleWebKit/537.36 (KHTML, like Gecko) Chrome/140.0.0.0 Mobile Safari/537.36"
27.125.240.25 - - [08/Oct/2025:01:22:49 +0000] "GET /wp-includes/js/underscore.min.js?ver=1.13.7 HTTP/1.1" 200 7317 "https://localklescort.com/kl-escort-gallery/ann-ann-local-kl-escort/" "Mozilla/5.0 (Linux; Android 10; K) AppleWebKit/537.36 (KHTML, like Gecko) Chrome/140.0.0.0 Mobile Safari/537.36"
27.125.240.73 - - [08/Oct/2025:01:22:49 +0000] "GET /wp-includes/js/wp-util.min.js?ver=6.8.3 HTTP/1.1" 200 756 "https://localklescort.com/kl-escort-gallery/ann-ann-local-kl-escort/" "Mozilla/5.0 (Linux; Android 10; K) AppleWebKit/537.36 (KHTML, like Gecko) Chrome/140.0.0.0 Mobile Safari/537.36"
27.125.240.73 - - [08/Oct/2025:01:22:49 +0000] "GET /wp-content/plugins/google-analytics-for-wordpress/assets/js/frontend-gtag.min.js?ver=9.8.0 HTTP/1.1" 200 3277 "https://localklescort.com/kl-escort-gallery/ann-ann-local-kl-escort/" "Mozilla/5.0 (Linux; Android 10; K) AppleWebKit/537.36 (KHTML, like Gecko) Chrome/140.0.0.0 Mobile Safari/537.36"
27.125.240.73 - - [08/Oct/2025:01:22:49 +0000] "GET /wp-content/plugins/woocommerce/assets/js/frontend/add-to-cart.min.js?ver=10.2.1 HTTP/1.1" 200 1368 "https://localklescort.com/kl-escort-gallery/ann-ann-local-kl-escort/" "Mozilla/5.0 (Linux; Android 10; K) AppleWebKit/537.36 (KHTML, like Gecko) Chrome/140.0.0.0 Mobile Safari/537.36"
27.125.240.73 - - [08/Oct/2025:01:22:49 +0000] "GET /wp-content/plugins/woocommerce/assets/js/photoswipe/photoswipe.min.js?ver=4.1.1-wc.10.2.1 HTTP/1.1" 200 12042 "https://localklescort.com/kl-escort-gallery/ann-ann-local-kl-escort/" "Mozilla/5.0 (Linux; Android 10; K) AppleWebKit/537.36 (KHTML, like Gecko) Chrome/140.0.0.0 Mobile Safari/537.36"
27.125.240.25 - - [08/Oct/2025:01:22:49 +0000] "GET /wp-content/plugins/woocommerce/assets/js/photoswipe/photoswipe-ui-default.min.js?ver=4.1.1-wc.10.2.1 HTTP/1.1" 200 3674 "https://localklescort.com/kl-escort-gallery/ann-ann-local-kl-escort/" "Mozilla/5.0 (Linux; Android 10; K) AppleWebKit/537.36 (KHTML, like Gecko) Chrome/140.0.0.0 Mobile Safari/537.36"
27.125.240.25 - - [08/Oct/2025:01:22:49 +0000] "GET /wp-content/plugins/woocommerce/assets/js/frontend/single-product.min.js?ver=10.2.1 HTTP/1.1" 200 2917 "https://localklescort.com/kl-escort-gallery/ann-ann-local-kl-escort/" "Mozilla/5.0 (Linux; Android 10; K) AppleWebKit/537.36 (KHTML, like Gecko) Chrome/140.0.0.0 Mobile Safari/537.36"
27.125.240.73 - - [08/Oct/2025:01:22:49 +0000] "GET /wp-content/uploads/2023/05/Ann-Ann-Mongolian-4-local-kl-escorts-247x296.jpg HTTP/1.1" 200 14289 "https://localklescort.com/kl-escort-gallery/ann-ann-local-kl-escort/" "Mozilla/5.0 (Linux; Android 10; K) AppleWebKit/537.36 (KHTML, like Gecko) Chrome/140.0.0.0 Mobile Safari/537.36"
27.125.240.73 - - [08/Oct/2025:01:22:49 +0000] "GET /wp-content/uploads/2023/05/Ann-Ann-Mongolian-3-local-kl-escorts-247x296.jpg HTTP/1.1" 200 15857 "https://localklescort.com/kl-escort-gallery/ann-ann-local-kl-escort/" "Mozilla/5.0 (Linux; Android 10; K) AppleWebKit/537.36 (KHTML, like Gecko) Chrome/140.0.0.0 Mobile Safari/537.36"
27.125.240.73 - - [08/Oct/2025:01:22:49 +0000] "GET /wp-content/plugins/creame-whatsapp-me/public/js/joinchat.min.js?ver=6.0.8 HTTP/1.1" 200 3372 "https://localklescort.com/kl-escort-gallery/ann-ann-local-kl-escort/" "Mozilla/5.0 (Linux; Android 10; K) AppleWebKit/537.36 (KHTML, like Gecko) Chrome/140.0.0.0 Mobile Safari/537.36"
27.125.240.73 - - [08/Oct/2025:01:22:49 +0000] "GET /wp-includes/js/comment-reply.min.js?ver=6.8.3 HTTP/1.1" 200 1375 "https://localklescort.com/kl-escort-gallery/ann-ann-local-kl-escort/" "Mozilla/5.0 (Linux; Android 10; K) AppleWebKit/537.36 (KHTML, like Gecko) Chrome/140.0.0.0 Mobile Safari/537.36"
27.125.240.25 - - [08/Oct/2025:01:22:49 +0000] "GET /wp-content/plugins/woocommerce/assets/js/frontend/add-to-cart-variation.min.js?ver=10.2.1 HTTP/1.1" 200 3940 "https://localklescort.com/kl-escort-gallery/ann-ann-local-kl-escort/" "Mozilla/5.0 (Linux; Android 10; K) AppleWebKit/537.36 (KHTML, like Gecko) Chrome/140.0.0.0 Mobile Safari/537.36"
27.125.240.25 - - [08/Oct/2025:01:22:50 +0000] "GET /wp-content/plugins/easy-video-player/lib/plyr.svg HTTP/1.1" 200 1954 "https://localklescort.com/kl-escort-gallery/ann-ann-local-kl-escort/" "Mozilla/5.0 (Linux; Android 10; K) AppleWebKit/537.36 (KHTML, like Gecko) Chrome/140.0.0.0 Mobile Safari/537.36"
27.125.240.73 - - [08/Oct/2025:01:22:50 +0000] "GET /wp-content/themes/flatsome/assets/js/chunk.popups.js?ver=3.20.1 HTTP/1.1" 200 7495 "https://localklescort.com/kl-escort-gallery/ann-ann-local-kl-escort/" "Mozilla/5.0 (Linux; Android 10; K) AppleWebKit/537.36 (KHTML, like Gecko) Chrome/140.0.0.0 Mobile Safari/537.36"
27.125.240.73 - - [08/Oct/2025:01:22:50 +0000] "GET /wp-content/themes/flatsome/assets/js/chunk.slider.js?ver=3.20.1 HTTP/1.1" 200 13381 "https://localklescort.com/kl-escort-gallery/ann-ann-local-kl-escort/" "Mozilla/5.0 (Linux; Android 10; K) AppleWebKit/537.36 (KHTML, like Gecko) Chrome/140.0.0.0 Mobile Safari/537.36"
27.125.240.25 - - [08/Oct/2025:01:22:50 +0000] "GET /wp-includes/js/wp-emoji-release.min.js?ver=6.8.3 HTTP/1.1" 200 5163 "https://localklescort.com/kl-escort-gallery/ann-ann-local-kl-escort/" "Mozilla/5.0 (Linux; Android 10; K) AppleWebKit/537.36 (KHTML, like Gecko) Chrome/140.0.0.0 Mobile Safari/537.36"
27.125.240.25 - - [08/Oct/2025:01:22:50 +0000] "GET /wp-content/themes/flatsome/assets/js/chunk.tooltips.js?ver=3.20.1 HTTP/1.1" 200 10103 "https://localklescort.com/kl-escort-gallery/ann-ann-local-kl-escort/" "Mozilla/5.0 (Linux; Android 10; K) AppleWebKit/537.36 (KHTML, like Gecko) Chrome/140.0.0.0 Mobile Safari/537.36"
27.125.240.25 - - [08/Oct/2025:01:22:50 +0000] "GET /wp-content/uploads/2023/05/Ann-Ann-Mongolian-5-local-kl-escorts-510x638.jpg HTTP/1.1" 200 51778 "https://localklescort.com/kl-escort-gallery/ann-ann-local-kl-escort/" "Mozilla/5.0 (Linux; Android 10; K) AppleWebKit/537.36 (KHTML, like Gecko) Chrome/140.0.0.0 Mobile Safari/537.36"
27.125.240.73 - - [08/Oct/2025:01:22:50 +0000] "GET /wp-content/uploads/2023/05/Ann-Ann-Mongolian-4-local-kl-escorts-510x638.jpg HTTP/1.1" 200 53086 "https://localklescort.com/kl-escort-gallery/ann-ann-local-kl-escort/" "Mozilla/5.0 (Linux; Android 10; K) AppleWebKit/537.36 (KHTML, like Gecko) Chrome/140.0.0.0 Mobile Safari/537.36"
27.125.240.73 - - [08/Oct/2025:01:22:50 +0000] "GET /wp-content/uploads/2023/05/Ann-Ann-Mongolian-3-local-kl-escorts-510x638.jpg HTTP/1.1" 200 56282 "https://localklescort.com/kl-escort-gallery/ann-ann-local-kl-escort/" "Mozilla/5.0 (Linux; Android 10; K) AppleWebKit/537.36 (KHTML, like Gecko) Chrome/140.0.0.0 Mobile Safari/537.36"
27.125.240.25 - - [08/Oct/2025:01:22:50 +0000] "GET /wp-content/uploads/2023/05/Bell-1-local-kl-escorts-247x296.jpg HTTP/1.1" 200 13339 "https://localklescort.com/kl-escort-gallery/ann-ann-local-kl-escort/" "Mozilla/5.0 (Linux; Android 10; K) AppleWebKit/537.36 (KHTML, like Gecko) Chrome/140.0.0.0 Mobile Safari/537.36"
27.125.240.73 - - [08/Oct/2025:01:22:50 +0000] "GET /wp-content/uploads/2023/02/Ann-Ann-Mongolian-local-kl-escort-mov.mp4 HTTP/1.1" 206 1662133 "https://localklescort.com/kl-escort-gallery/ann-ann-local-kl-escort/" "Mozilla/5.0 (Linux; Android 10; K) AppleWebKit/537.36 (KHTML, like Gecko) Chrome/140.0.0.0 Mobile Safari/537.36"
27.125.240.25 - - [08/Oct/2025:01:22:50 +0000] "GET /wp-content/uploads/2023/05/Bell-6-local-kl-escorts-247x296.jpg HTTP/1.1" 200 12954 "https://localklescort.com/kl-escort-gallery/ann-ann-local-kl-escort/" "Mozilla/5.0 (Linux; Android 10; K) AppleWebKit/537.36 (KHTML, like Gecko) Chrome/140.0.0.0 Mobile Safari/537.36"
27.125.240.73 - - [08/Oct/2025:01:22:50 +0000] "GET /wp-content/uploads/2023/05/Fazura-4-local-kl-escorts-247x296.jpg HTTP/1.1" 200 15247 "https://localklescort.com/kl-escort-gallery/ann-ann-local-kl-escort/" "Mozilla/5.0 (Linux; Android 10; K) AppleWebKit/537.36 (KHTML, like Gecko) Chrome/140.0.0.0 Mobile Safari/537.36"
27.125.240.73 - - [08/Oct/2025:01:22:50 +0000] "GET /wp-content/uploads/2023/02/Ann-Ann-Mongolian-local-kl-escort-mov.mp4 HTTP/1.1" 206 1662133 "https://localklescort.com/kl-escort-gallery/ann-ann-local-kl-escort/" "Mozilla/5.0 (Linux; Android 10; K) AppleWebKit/537.36 (KHTML, like Gecko) Chrome/140.0.0.0 Mobile Safari/537.36"
27.125.240.73 - - [08/Oct/2025:01:22:51 +0000] "GET /wp-content/uploads/2023/05/Putri-1-local-kl-escorts-247x296.jpg HTTP/1.1" 200 13099 "https://localklescort.com/kl-escort-gallery/ann-ann-local-kl-escort/" "Mozilla/5.0 (Linux; Android 10; K) AppleWebKit/537.36 (KHTML, like Gecko) Chrome/140.0.0.0 Mobile Safari/537.36"
27.125.240.25 - - [08/Oct/2025:01:22:51 +0000] "GET /wp-content/uploads/2023/01/Anna-1-local-kl-escorts-247x296.jpg HTTP/1.1" 200 14382 "https://localklescort.com/kl-escort-gallery/ann-ann-local-kl-escort/" "Mozilla/5.0 (Linux; Android 10; K) AppleWebKit/537.36 (KHTML, like Gecko) Chrome/140.0.0.0 Mobile Safari/537.36"
27.125.240.73 - - [08/Oct/2025:01:22:51 +0000] "GET /wp-content/uploads/2023/05/Anna-2-local-kl-escorts-247x296.jpg HTTP/1.1" 200 14807 "https://localklescort.com/kl-escort-gallery/ann-ann-local-kl-escort/" "Mozilla/5.0 (Linux; Android 10; K) AppleWebKit/537.36 (KHTML, like Gecko) Chrome/140.0.0.0 Mobile Safari/537.36"
27.125.240.73 - - [08/Oct/2025:01:22:51 +0000] "GET /wp-content/uploads/2023/05/Bella-1-local-kl-escorts-247x296.jpg HTTP/1.1" 200 11921 "https://localklescort.com/kl-escort-gallery/ann-ann-local-kl-escort/" "Mozilla/5.0 (Linux; Android 10; K) AppleWebKit/537.36 (KHTML, like Gecko) Chrome/140.0.0.0 Mobile Safari/537.36"
27.125.240.25 - - [08/Oct/2025:01:22:51 +0000] "GET /wp-content/uploads/2023/05/Star-1-local-kl-escorts-247x296.jpg HTTP/1.1" 200 17188 "https://localklescort.com/kl-escort-gallery/ann-ann-local-kl-escort/" "Mozilla/5.0 (Linux; Android 10; K) AppleWebKit/537.36 (KHTML, like Gecko) Chrome/140.0.0.0 Mobile Safari/537.36"
27.125.240.73 - - [08/Oct/2025:01:22:51 +0000] "GET /wp-content/uploads/2023/05/Star-6-local-kl-escorts-247x296.jpg HTTP/1.1" 200 12617 "https://localklescort.com/kl-escort-gallery/ann-ann-local-kl-escort/" "Mozilla/5.0 (Linux; Android 10; K) AppleWebKit/537.36 (KHTML, like Gecko) Chrome/140.0.0.0 Mobile Safari/537.36"
27.125.240.25 - - [08/Oct/2025:01:22:51 +0000] "GET /wp-content/uploads/2023/05/Emma-1-local-kl-escorts-247x296.jpg HTTP/1.1" 200 22751 "https://localklescort.com/kl-escort-gallery/ann-ann-local-kl-escort/" "Mozilla/5.0 (Linux; Android 10; K) AppleWebKit/537.36 (KHTML, like Gecko) Chrome/140.0.0.0 Mobile Safari/537.36"
27.125.240.25 - - [08/Oct/2025:01:22:51 +0000] "GET /wp-content/uploads/2023/05/Honey-1-local-kl-escorts-247x296.jpg HTTP/1.1" 200 14945 "https://localklescort.com/kl-escort-gallery/ann-ann-local-kl-escort/" "Mozilla/5.0 (Linux; Android 10; K) AppleWebKit/537.36 (KHTML, like Gecko) Chrome/140.0.0.0 Mobile Safari/537.36"
27.125.240.73 - - [08/Oct/2025:01:22:51 +0000] "GET /wp-content/uploads/2023/05/Emma-3-local-kl-escorts-247x296.jpg HTTP/1.1" 200 14263 "https://localklescort.com/kl-escort-gallery/ann-ann-local-kl-escort/" "Mozilla/5.0 (Linux; Android 10; K) AppleWebKit/537.36 (KHTML, like Gecko) Chrome/140.0.0.0 Mobile Safari/537.36"
27.125.240.73 - - [08/Oct/2025:01:22:51 +0000] "GET /wp-content/uploads/2023/05/Honey-6-local-kl-escorts-247x296.jpg HTTP/1.1" 200 16804 "https://localklescort.com/kl-escort-gallery/ann-ann-local-kl-escort/" "Mozilla/5.0 (Linux; Android 10; K) AppleWebKit/537.36 (KHTML, like Gecko) Chrome/140.0.0.0 Mobile Safari/537.36"
27.125.240.73 - - [08/Oct/2025:01:22:51 +0000] "GET /wp-content/uploads/2023/05/Fazura-1-local-kl-escorts-247x296.jpg HTTP/1.1" 200 13493 "https://localklescort.com/kl-escort-gallery/ann-ann-local-kl-escort/" "Mozilla/5.0 (Linux; Android 10; K) AppleWebKit/537.36 (KHTML, like Gecko) Chrome/140.0.0.0 Mobile Safari/537.36"
27.125.240.25 - - [08/Oct/2025:01:22:51 +0000] "GET /wp-content/uploads/2023/05/Fazura-1-local-kl-escorts-335x400.jpg HTTP/1.1" 200 34403 "https://localklescort.com/kl-escort-gallery/ann-ann-local-kl-escort/" "Mozilla/5.0 (Linux; Android 10; K) AppleWebKit/537.36 (KHTML, like Gecko) Chrome/140.0.0.0 Mobile Safari/537.36"
27.125.240.73 - - [08/Oct/2025:01:22:51 +0000] "GET /wp-content/uploads/2023/02/cropped-iconfinder_Local-KL-Escort-02-192x192.png HTTP/1.1" 200 8545 "https://localklescort.com/kl-escort-gallery/ann-ann-local-kl-escort/" "Mozilla/5.0 (Linux; Android 10; K) AppleWebKit/537.36 (KHTML, like Gecko) Chrome/140.0.0.0 Mobile Safari/537.36"
27.125.240.25 - - [08/Oct/2025:01:22:51 +0000] "GET /wp-content/uploads/2023/02/cropped-iconfinder_Local-KL-Escort-02-180x180.png HTTP/1.1" 200 8044 "https://localklescort.com/kl-escort-gallery/ann-ann-local-kl-escort/" "Mozilla/5.0 (Linux; Android 10; K) AppleWebKit/537.36 (KHTML, like Gecko) Chrome/140.0.0.0 Mobile Safari/537.36"
203.161.56.247 - - [08/Oct/2025:01:22:59 +0000] "POST /wp-cron.php?doing_wp_cron=1759886579.0308110713958740234375 HTTP/1.1" 200 - "-" "WordPress/6.8.3; https://localklescort.com"
27.125.240.73 - - [08/Oct/2025:01:22:57 +0000] "GET /wp-content/uploads/2023/02/Ann-Ann-Mongolian-local-kl-escort-mov.mp4 HTTP/1.1" 206 1531061 "https://localklescort.com/kl-escort-gallery/ann-ann-local-kl-escort/" "Mozilla/5.0 (Linux; Android 10; K) AppleWebKit/537.36 (KHTML, like Gecko) Chrome/140.0.0.0 Mobile Safari/537.36"
27.125.240.73 - - [08/Oct/2025:01:22:57 +0000] "GET /all-kl-escort-girl/kuala-lumpur-outcall-girl/ HTTP/1.1" 200 30773 "https://localklescort.com/kl-escort-gallery/ann-ann-local-kl-escort/" "Mozilla/5.0 (Linux; Android 10; K) AppleWebKit/537.36 (KHTML, like Gecko) Chrome/140.0.0.0 Mobile Safari/537.36"
27.125.240.73 - - [08/Oct/2025:01:23:00 +0000] "GET /wp-content/uploads/2023/02/Ann-Ann-Mongolian-local-kl-escort-mov.mp4 HTTP/1.1" 206 867259 "https://localklescort.com/kl-escort-gallery/ann-ann-local-kl-escort/" "Mozilla/5.0 (Linux; Android 10; K) AppleWebKit/537.36 (KHTML, like Gecko) Chrome/140.0.0.0 Mobile Safari/537.36"
27.125.240.73 - - [08/Oct/2025:01:23:00 +0000] "GET /kl-escort-gallery/fazura-local-kl-escort/ HTTP/1.1" 200 36688 "https://localklescort.com/kl-escort-gallery/ann-ann-local-kl-escort/" "Mozilla/5.0 (Linux; Android 10; K) AppleWebKit/537.36 (KHTML, like Gecko) Chrome/140.0.0.0 Mobile Safari/537.36"
27.125.240.73 - - [08/Oct/2025:01:23:10 +0000] "GET /wp-content/uploads/2023/05/Ann-Ann-Mongolian-5-local-kl-escorts-768x960.jpg HTTP/1.1" 200 125485 "https://localklescort.com/kl-escort-gallery/ann-ann-local-kl-escort/" "Mozilla/5.0 (Linux; Android 10; K) AppleWebKit/537.36 (KHTML, like Gecko) Chrome/140.0.0.0 Mobile Safari/537.36"
27.125.240.73 - - [08/Oct/2025:01:23:11 +0000] "GET /wp-content/uploads/2023/05/Ann-Ann-Mongolian-4-local-kl-escorts-768x960.jpg HTTP/1.1" 200 122632 "https://localklescort.com/kl-escort-gallery/ann-ann-local-kl-escort/" "Mozilla/5.0 (Linux; Android 10; K) AppleWebKit/537.36 (KHTML, like Gecko) Chrome/140.0.0.0 Mobile Safari/537.36"
27.125.240.73 - - [08/Oct/2025:01:23:11 +0000] "GET /wp-content/uploads/2023/05/Ann-Ann-Mongolian-3-local-kl-escorts-768x960.jpg HTTP/1.1" 200 131526 "https://localklescort.com/kl-escort-gallery/ann-ann-local-kl-escort/" "Mozilla/5.0 (Linux; Android 10; K) AppleWebKit/537.36 (KHTML, like Gecko) Chrome/140.0.0.0 Mobile Safari/537.36"
203.161.56.247 - - [08/Oct/2025:01:23:16 +0000] "POST /wp-cron.php?doing_wp_cron=1759886596.3590109348297119140625 HTTP/1.1" 200 - "-" "WordPress/6.8.3; https://localklescort.com"
27.125.240.73 - - [08/Oct/2025:01:23:14 +0000] "GET /kl-girl/ HTTP/1.1" 200 30970 "https://localklescort.com/kl-escort-gallery/ann-ann-local-kl-escort/" "Mozilla/5.0 (Linux; Android 10; K) AppleWebKit/537.36 (KHTML, like Gecko) Chrome/140.0.0.0 Mobile Safari/537.36"
27.125.240.73 - - [08/Oct/2025:01:23:17 +0000] "GET /wp-content/uploads/2023/05/Alice-1-local-kl-escort-247x296.jpg HTTP/1.1" 200 14862 "https://localklescort.com/kl-girl/" "Mozilla/5.0 (Linux; Android 10; K) AppleWebKit/537.36 (KHTML, like Gecko) Chrome/140.0.0.0 Mobile Safari/537.36"
27.125.240.73 - - [08/Oct/2025:01:23:17 +0000] "GET /wp-content/uploads/2023/05/Alice-5-local-kl-escort-247x296.jpg HTTP/1.1" 200 11421 "https://localklescort.com/kl-girl/" "Mozilla/5.0 (Linux; Android 10; K) AppleWebKit/537.36 (KHTML, like Gecko) Chrome/140.0.0.0 Mobile Safari/537.36"
27.125.240.73 - - [08/Oct/2025:01:23:17 +0000] "GET /wp-content/uploads/2023/05/Fazura-1-local-kl-escorts-280x280.jpg HTTP/1.1" 200 26288 "https://localklescort.com/kl-girl/" "Mozilla/5.0 (Linux; Android 10; K) AppleWebKit/537.36 (KHTML, like Gecko) Chrome/140.0.0.0 Mobile Safari/537.36"
27.125.240.73 - - [08/Oct/2025:01:23:17 +0000] "GET /wp-includes/js/jquery/ui/mouse.min.js?ver=1.13.3 HTTP/1.1" 200 1098 "https://localklescort.com/kl-girl/" "Mozilla/5.0 (Linux; Android 10; K) AppleWebKit/537.36 (KHTML, like Gecko) Chrome/140.0.0.0 Mobile Safari/537.36"
27.125.240.73 - - [08/Oct/2025:01:23:17 +0000] "GET /wp-includes/js/jquery/ui/core.min.js?ver=1.13.3 HTTP/1.1" 200 7106 "https://localklescort.com/kl-girl/" "Mozilla/5.0 (Linux; Android 10; K) AppleWebKit/537.36 (KHTML, like Gecko) Chrome/140.0.0.0 Mobile Safari/537.36"
27.125.240.73 - - [08/Oct/2025:01:23:17 +0000] "GET /wp-content/uploads/2023/05/Apple-1-local-kl-escorts-247x296.jpg HTTP/1.1" 200 13596 "https://localklescort.com/kl-girl/" "Mozilla/5.0 (Linux; Android 10; K) AppleWebKit/537.36 (KHTML, like Gecko) Chrome/140.0.0.0 Mobile Safari/537.36"
27.125.240.73 - - [08/Oct/2025:01:23:17 +0000] "GET /wp-content/uploads/2023/05/Ann-Ann-Mongolian-1-local-kl-escorts-280x280.jpg HTTP/1.1" 200 34610 "https://localklescort.com/kl-girl/" "Mozilla/5.0 (Linux; Android 10; K) AppleWebKit/537.36 (KHTML, like Gecko) Chrome/140.0.0.0 Mobile Safari/537.36"
27.125.240.73 - - [08/Oct/2025:01:23:17 +0000] "GET /wp-includes/js/jquery/ui/slider.min.js?ver=1.13.3 HTTP/1.1" 200 3138 "https://localklescort.com/kl-girl/" "Mozilla/5.0 (Linux; Android 10; K) AppleWebKit/537.36 (KHTML, like Gecko) Chrome/140.0.0.0 Mobile Safari/537.36"
27.125.240.73 - - [08/Oct/2025:01:23:17 +0000] "GET /wp-content/uploads/2023/05/Bunga-1-local-kl-escorts-247x296.jpg HTTP/1.1" 200 12727 "https://localklescort.com/kl-girl/" "Mozilla/5.0 (Linux; Android 10; K) AppleWebKit/537.36 (KHTML, like Gecko) Chrome/140.0.0.0 Mobile Safari/537.36"
27.125.240.73 - - [08/Oct/2025:01:23:17 +0000] "GET /wp-content/plugins/woocommerce/assets/js/jquery-ui-touch-punch/jquery-ui-touch-punch.min.js?ver=10.2.1 HTTP/1.1" 200 594 "https://localklescort.com/kl-girl/" "Mozilla/5.0 (Linux; Android 10; K) AppleWebKit/537.36 (KHTML, like Gecko) Chrome/140.0.0.0 Mobile Safari/537.36"
27.125.240.73 - - [08/Oct/2025:01:23:17 +0000] "GET /wp-content/plugins/woocommerce/assets/js/accounting/accounting.min.js?ver=0.4.2 HTTP/1.1" 200 1410 "https://localklescort.com/kl-girl/" "Mozilla/5.0 (Linux; Android 10; K) AppleWebKit/537.36 (KHTML, like Gecko) Chrome/140.0.0.0 Mobile Safari/537.36"
27.125.240.73 - - [08/Oct/2025:01:23:17 +0000] "GET /wp-content/plugins/woocommerce/assets/js/frontend/price-slider.min.js?ver=10.2.1 HTTP/1.1" 200 605 "https://localklescort.com/kl-girl/" "Mozilla/5.0 (Linux; Android 10; K) AppleWebKit/537.36 (KHTML, like Gecko) Chrome/140.0.0.0 Mobile Safari/537.36"
27.125.240.73 - - [08/Oct/2025:01:23:18 +0000] "GET /wp-content/uploads/2024/09/Crystal-1-local-kl-escorts-247x296.jpg HTTP/1.1" 200 12904 "https://localklescort.com/kl-girl/" "Mozilla/5.0 (Linux; Android 10; K) AppleWebKit/537.36 (KHTML, like Gecko) Chrome/140.0.0.0 Mobile Safari/537.36"
27.125.240.73 - - [08/Oct/2025:01:23:18 +0000] "GET /wp-content/uploads/2023/05/Diana-1-local-kl-escorts-247x296.jpg HTTP/1.1" 200 15762 "https://localklescort.com/kl-girl/" "Mozilla/5.0 (Linux; Android 10; K) AppleWebKit/537.36 (KHTML, like Gecko) Chrome/140.0.0.0 Mobile Safari/537.36"
27.125.240.73 - - [08/Oct/2025:01:23:18 +0000] "GET /wp-content/uploads/2023/05/Doo-Doo-Mongolian-1-local-kl-escorts-247x296.jpg HTTP/1.1" 200 14499 "https://localklescort.com/kl-girl/" "Mozilla/5.0 (Linux; Android 10; K) AppleWebKit/537.36 (KHTML, like Gecko) Chrome/140.0.0.0 Mobile Safari/537.36"
