27.125.240.73 - - [08/Oct/2025:01:23:20 +0000] "GET /kl-escort-gallery/apple-local-kl-escort/ HTTP/1.1" 200 36171 "https://localklescort.com/kl-girl/" "Mozilla/5.0 (Linux; Android 10; K) AppleWebKit/537.36 (KHTML, like Gecko) Chrome/140.0.0.0 Mobile Safari/537.36"
27.125.240.73 - - [08/Oct/2025:01:23:22 +0000] "GET /kl-escort-gallery/bella-local-kl-escort/ HTTP/1.1" 200 36078 "https://localklescort.com/kl-girl/" "Mozilla/5.0 (Linux; Android 10; K) AppleWebKit/537.36 (KHTML, like Gecko) Chrome/140.0.0.0 Mobile Safari/537.36"
27.125.240.73 - - [08/Oct/2025:01:23:27 +0000] "GET /kl-escort-gallery/crystal-local-kl-escort/ HTTP/1.1" 200 35995 "https://localklescort.com/kl-girl/" "Mozilla/5.0 (Linux; Android 10; K) AppleWebKit/537.36 (KHTML, like Gecko) Chrome/140.0.0.0 Mobile Safari/537.36"
27.125.240.73 - - [08/Oct/2025:01:23:29 +0000] "GET /kl-escort-gallery/doo-doo-local-kl-escort/ HTTP/1.1" 200 36569 "https://localklescort.com/kl-girl/" "Mozilla/5.0 (Linux; Android 10; K) AppleWebKit/537.36 (KHTML, like Gecko) Chrome/140.0.0.0 Mobile Safari/537.36"
27.125.240.73 - - [08/Oct/2025:01:23:31 +0000] "GET /kl-escort-gallery/fazura-local-kl-escort/ HTTP/1.1" 200 36562 "https://localklescort.com/kl-girl/" "Mozilla/5.0 (Linux; Android 10; K) AppleWebKit/537.36 (KHTML, like Gecko) Chrome/140.0.0.0 Mobile Safari/537.36"
27.125.240.73 - - [08/Oct/2025:01:23:45 +0000] "GET /kl-girl/page/2/ HTTP/1.1" 200 31203 "https://localklescort.com/kl-girl/" "Mozilla/5.0 (Linux; Android 10; K) AppleWebKit/537.36 (KHTML, like Gecko) Chrome/140.0.0.0 Mobile Safari/537.36"
27.125.240.73 - - [08/Oct/2025:01:23:47 +0000] "GET /wp-content/uploads/2023/05/Doo-Doo-Mongolian-1-local-kl-escorts-280x280.jpg HTTP/1.1" 200 29403 "https://localklescort.com/kl-girl/page/2/" "Mozilla/5.0 (Linux; Android 10; K) AppleWebKit/537.36 (KHTML, like Gecko) Chrome/140.0.0.0 Mobile Safari/537.36"
27.125.240.73 - - [08/Oct/2025:01:23:47 +0000] "GET /wp-content/uploads/2024/09/Crystal-1-local-kl-escorts-280x280.jpg HTTP/1.1" 200 13477 "https://localklescort.com/kl-girl/page/2/" "Mozilla/5.0 (Linux; Android 10; K) AppleWebKit/537.36 (KHTML, like Gecko) Chrome/140.0.0.0 Mobile Safari/537.36"
27.125.240.73 - - [08/Oct/2025:01:23:48 +0000] "GET /wp-content/uploads/2023/05/Ice-1-local-kl-escorts-247x296.jpg HTTP/1.1" 200 15451 "https://localklescort.com/kl-girl/page/2/" "Mozilla/5.0 (Linux; Android 10; K) AppleWebKit/537.36 (KHTML, like Gecko) Chrome/140.0.0.0 Mobile Safari/537.36"
27.125.240.73 - - [08/Oct/2025:01:23:48 +0000] "GET /wp-content/uploads/2024/09/Jessica-1-local-kl-escorts-247x296.jpg HTTP/1.1" 200 12247 "https://localklescort.com/kl-girl/page/2/" "Mozilla/5.0 (Linux; Android 10; K) AppleWebKit/537.36 (KHTML, like Gecko) Chrome/140.0.0.0 Mobile Safari/537.36"
27.125.240.73 - - [08/Oct/2025:01:23:48 +0000] "GET /wp-content/uploads/2024/06/Judy-1-local-Chinese-escort-247x296.jpg HTTP/1.1" 200 15357 "https://localklescort.com/kl-girl/page/2/" "Mozilla/5.0 (Linux; Android 10; K) AppleWebKit/537.36 (KHTML, like Gecko) Chrome/140.0.0.0 Mobile Safari/537.36"
27.125.240.73 - - [08/Oct/2025:01:23:48 +0000] "GET /wp-content/uploads/2023/05/KiKo-1-local-kl-escorts-247x296.jpg HTTP/1.1" 200 14675 "https://localklescort.com/kl-girl/page/2/" "Mozilla/5.0 (Linux; Android 10; K) AppleWebKit/537.36 (KHTML, like Gecko) Chrome/140.0.0.0 Mobile Safari/537.36"
27.125.240.73 - - [08/Oct/2025:01:23:48 +0000] "GET /wp-content/uploads/2023/05/Le-Le-Mongolian-1-local-kl-escorts-247x296.jpg HTTP/1.1" 200 19406 "https://localklescort.com/kl-girl/page/2/" "Mozilla/5.0 (Linux; Android 10; K) AppleWebKit/537.36 (KHTML, like Gecko) Chrome/140.0.0.0 Mobile Safari/537.36"
27.125.240.73 - - [08/Oct/2025:01:23:48 +0000] "GET /wp-content/uploads/2024/09/Linda-1-local-kl-escorts-247x296.jpg HTTP/1.1" 200 10857 "https://localklescort.com/kl-girl/page/2/" "Mozilla/5.0 (Linux; Android 10; K) AppleWebKit/537.36 (KHTML, like Gecko) Chrome/140.0.0.0 Mobile Safari/537.36"
27.125.240.73 - - [08/Oct/2025:01:23:48 +0000] "GET /wp-content/uploads/2024/06/Kristin-1-kl-escort-247x296.webp HTTP/1.1" 200 14131 "https://localklescort.com/kl-girl/page/2/" "Mozilla/5.0 (Linux; Android 10; K) AppleWebKit/537.36 (KHTML, like Gecko) Chrome/140.0.0.0 Mobile Safari/537.36"
27.125.240.73 - - [08/Oct/2025:01:23:48 +0000] "GET /wp-content/uploads/2023/05/Lisa-1-local-kl-escorts-247x296.jpg HTTP/1.1" 200 14556 "https://localklescort.com/kl-girl/page/2/" "Mozilla/5.0 (Linux; Android 10; K) AppleWebKit/537.36 (KHTML, like Gecko) Chrome/140.0.0.0 Mobile Safari/537.36"
27.125.240.73 - - [08/Oct/2025:01:23:48 +0000] "GET /wp-content/uploads/2023/05/Lydia-1-local-kl-escorts-247x296.jpg HTTP/1.1" 200 16622 "https://localklescort.com/kl-girl/page/2/" "Mozilla/5.0 (Linux; Android 10; K) AppleWebKit/537.36 (KHTML, like Gecko) Chrome/140.0.0.0 Mobile Safari/537.36"
27.125.240.73 - - [08/Oct/2025:01:23:48 +0000] "GET /wp-content/uploads/2023/05/Mi-Mi-Mongolian-1-local-kl-escorts-247x296.jpg HTTP/1.1" 200 15381 "https://localklescort.com/kl-girl/page/2/" "Mozilla/5.0 (Linux; Android 10; K) AppleWebKit/537.36 (KHTML, like Gecko) Chrome/140.0.0.0 Mobile Safari/537.36"
27.125.240.73 - - [08/Oct/2025:01:23:48 +0000] "GET /wp-content/uploads/2024/06/Molly-1-kl-escort-247x296.webp HTTP/1.1" 200 11485 "https://localklescort.com/kl-girl/page/2/" "Mozilla/5.0 (Linux; Android 10; K) AppleWebKit/537.36 (KHTML, like Gecko) Chrome/140.0.0.0 Mobile Safari/537.36"
203.161.56.247 - - [08/Oct/2025:01:23:56 +0000] "POST /wp-cron.php?doing_wp_cron=1759886636.6003549098968505859375 HTTP/1.1" 200 - "-" "WordPress/6.8.3; https://localklescort.com"
27.125.240.73 - - [08/Oct/2025:01:23:55 +0000] "GET /kl-escort-gallery/yudy-local-chinese-escort/ HTTP/1.1" 200 36726 "https://localklescort.com/kl-girl/page/2/" "Mozilla/5.0 (Linux; Android 10; K) AppleWebKit/537.36 (KHTML, like Gecko) Chrome/140.0.0.0 Mobile Safari/537.36"
27.125.240.73 - - [08/Oct/2025:01:23:57 +0000] "GET /kl-escort-gallery/kristin-callgirl/ HTTP/1.1" 200 35753 "https://localklescort.com/kl-girl/page/2/" "Mozilla/5.0 (Linux; Android 10; K) AppleWebKit/537.36 (KHTML, like Gecko) Chrome/140.0.0.0 Mobile Safari/537.36"
27.125.240.73 - - [08/Oct/2025:01:23:59 +0000] "GET /kl-escort-gallery/linda-local-kl-escort/ HTTP/1.1" 200 36166 "https://localklescort.com/kl-girl/page/2/" "Mozilla/5.0 (Linux; Android 10; K) AppleWebKit/537.36 (KHTML, like Gecko) Chrome/140.0.0.0 Mobile Safari/537.36"
27.125.240.73 - - [08/Oct/2025:01:24:01 +0000] "GET /kl-escort-gallery/lydia-local-kl-escort/ HTTP/1.1" 200 36470 "https://localklescort.com/kl-girl/page/2/" "Mozilla/5.0 (Linux; Android 10; K) AppleWebKit/537.36 (KHTML, like Gecko) Chrome/140.0.0.0 Mobile Safari/537.36"
203.161.56.247 - - [08/Oct/2025:01:24:05 +0000] "POST /wp-cron.php?doing_wp_cron=1759886645.1506290435791015625000 HTTP/1.1" 200 - "-" "WordPress/6.8.3; https://localklescort.com"
27.125.240.73 - - [08/Oct/2025:01:24:03 +0000] "GET /kl-escort-gallery/molly-call-girl/ HTTP/1.1" 200 36321 "https://localklescort.com/kl-girl/page/2/" "Mozilla/5.0 (Linux; Android 10; K) AppleWebKit/537.36 (KHTML, like Gecko) Chrome/140.0.0.0 Mobile Safari/537.36"
27.125.240.73 - - [08/Oct/2025:01:24:09 +0000] "GET /kl-girl/page/3/ HTTP/1.1" 200 31178 "https://localklescort.com/kl-girl/page/2/" "Mozilla/5.0 (Linux; Android 10; K) AppleWebKit/537.36 (KHTML, like Gecko) Chrome/140.0.0.0 Mobile Safari/537.36"
27.125.240.73 - - [08/Oct/2025:01:24:11 +0000] "GET /wp-content/uploads/2023/05/Lydia-1-local-kl-escorts-280x280.jpg HTTP/1.1" 200 30001 "https://localklescort.com/kl-girl/page/3/" "Mozilla/5.0 (Linux; Android 10; K) AppleWebKit/537.36 (KHTML, like Gecko) Chrome/140.0.0.0 Mobile Safari/537.36"
27.125.240.73 - - [08/Oct/2025:01:24:11 +0000] "GET /wp-content/uploads/2024/06/Molly-1-kl-escort-280x280.webp HTTP/1.1" 200 11535 "https://localklescort.com/kl-girl/page/3/" "Mozilla/5.0 (Linux; Android 10; K) AppleWebKit/537.36 (KHTML, like Gecko) Chrome/140.0.0.0 Mobile Safari/537.36"
27.125.240.73 - - [08/Oct/2025:01:24:11 +0000] "GET /wp-content/uploads/2023/05/Nana-1-local-kl-escorts-247x296.jpg HTTP/1.1" 200 12524 "https://localklescort.com/kl-girl/page/3/" "Mozilla/5.0 (Linux; Android 10; K) AppleWebKit/537.36 (KHTML, like Gecko) Chrome/140.0.0.0 Mobile Safari/537.36"
27.125.240.73 - - [08/Oct/2025:01:24:11 +0000] "GET /wp-content/uploads/2023/05/Rita-1-local-kl-escort-247x296.jpg HTTP/1.1" 200 13866 "https://localklescort.com/kl-girl/page/3/" "Mozilla/5.0 (Linux; Android 10; K) AppleWebKit/537.36 (KHTML, like Gecko) Chrome/140.0.0.0 Mobile Safari/537.36"
27.125.240.73 - - [08/Oct/2025:01:24:11 +0000] "GET /wp-content/uploads/2024/09/Linda-1-local-kl-escorts-280x280.jpg HTTP/1.1" 200 11136 "https://localklescort.com/kl-girl/page/3/" "Mozilla/5.0 (Linux; Android 10; K) AppleWebKit/537.36 (KHTML, like Gecko) Chrome/140.0.0.0 Mobile Safari/537.36"
27.125.240.73 - - [08/Oct/2025:01:24:11 +0000] "GET /wp-content/uploads/2025/09/Nurin-1-local-kl-escorts-247x296.jpg HTTP/1.1" 200 13743 "https://localklescort.com/kl-girl/page/3/" "Mozilla/5.0 (Linux; Android 10; K) AppleWebKit/537.36 (KHTML, like Gecko) Chrome/140.0.0.0 Mobile Safari/537.36"
27.125.240.73 - - [08/Oct/2025:01:24:11 +0000] "GET /wp-content/uploads/2023/05/Nana-6-local-kl-escorts-247x296.jpg HTTP/1.1" 200 13274 "https://localklescort.com/kl-girl/page/3/" "Mozilla/5.0 (Linux; Android 10; K) AppleWebKit/537.36 (KHTML, like Gecko) Chrome/140.0.0.0 Mobile Safari/537.36"
27.125.240.73 - - [08/Oct/2025:01:24:11 +0000] "GET /wp-content/uploads/2023/05/Rosie-1-local-kl-escorts-247x296.jpg HTTP/1.1" 200 11759 "https://localklescort.com/kl-girl/page/3/" "Mozilla/5.0 (Linux; Android 10; K) AppleWebKit/537.36 (KHTML, like Gecko) Chrome/140.0.0.0 Mobile Safari/537.36"
27.125.240.73 - - [08/Oct/2025:01:24:11 +0000] "GET /wp-content/uploads/2023/05/Shida-1-local-kl-escorts-247x296.jpg HTTP/1.1" 200 17946 "https://localklescort.com/kl-girl/page/3/" "Mozilla/5.0 (Linux; Android 10; K) AppleWebKit/537.36 (KHTML, like Gecko) Chrome/140.0.0.0 Mobile Safari/537.36"
27.125.240.73 - - [08/Oct/2025:01:24:11 +0000] "GET /wp-content/uploads/2024/05/Summer_1_local_kl_escort1-247x296.jpg HTTP/1.1" 200 12909 "https://localklescort.com/kl-girl/page/3/" "Mozilla/5.0 (Linux; Android 10; K) AppleWebKit/537.36 (KHTML, like Gecko) Chrome/140.0.0.0 Mobile Safari/537.36"
27.125.240.73 - - [08/Oct/2025:01:24:12 +0000] "GET /wp-content/uploads/2023/05/Susan-1-local-kl-escorts-247x296.jpg HTTP/1.1" 200 12083 "https://localklescort.com/kl-girl/page/3/" "Mozilla/5.0 (Linux; Android 10; K) AppleWebKit/537.36 (KHTML, like Gecko) Chrome/140.0.0.0 Mobile Safari/537.36"
27.125.240.73 - - [08/Oct/2025:01:24:12 +0000] "GET /wp-content/uploads/2023/05/Tina-1-local-kl-escorts-247x296.jpg HTTP/1.1" 200 11698 "https://localklescort.com/kl-girl/page/3/" "Mozilla/5.0 (Linux; Android 10; K) AppleWebKit/537.36 (KHTML, like Gecko) Chrome/140.0.0.0 Mobile Safari/537.36"
27.125.240.73 - - [08/Oct/2025:01:24:12 +0000] "GET /wp-content/uploads/2023/05/Wendy-1-local-kl-escorts-247x296.jpg HTTP/1.1" 200 15844 "https://localklescort.com/kl-girl/page/3/" "Mozilla/5.0 (Linux; Android 10; K) AppleWebKit/537.36 (KHTML, like Gecko) Chrome/140.0.0.0 Mobile Safari/537.36"
27.125.240.73 - - [08/Oct/2025:01:24:12 +0000] "GET /wp-content/uploads/2024/06/XiaoTing-1-local-Chinese-escort-247x296.jpg HTTP/1.1" 200 17955 "https://localklescort.com/kl-girl/page/3/" "Mozilla/5.0 (Linux; Android 10; K) AppleWebKit/537.36 (KHTML, like Gecko) Chrome/140.0.0.0 Mobile Safari/537.36"
27.125.240.73 - - [08/Oct/2025:01:24:12 +0000] "GET /kl-escort-gallery/rita/ HTTP/1.1" 200 36453 "https://localklescort.com/kl-girl/page/3/" "Mozilla/5.0 (Linux; Android 10; K) AppleWebKit/537.36 (KHTML, like Gecko) Chrome/140.0.0.0 Mobile Safari/537.36"
27.125.240.73 - - [08/Oct/2025:01:24:17 +0000] "GET /kl-escort-gallery/shida-local-kl-escort/ HTTP/1.1" 200 36853 "https://localklescort.com/kl-girl/page/3/" "Mozilla/5.0 (Linux; Android 10; K) AppleWebKit/537.36 (KHTML, like Gecko) Chrome/140.0.0.0 Mobile Safari/537.36"
27.125.240.73 - - [08/Oct/2025:01:24:19 +0000] "GET /kl-escort-gallery/summer-local-kl-escort/ HTTP/1.1" 200 35843 "https://localklescort.com/kl-girl/page/3/" "Mozilla/5.0 (Linux; Android 10; K) AppleWebKit/537.36 (KHTML, like Gecko) Chrome/140.0.0.0 Mobile Safari/537.36"
27.125.240.73 - - [08/Oct/2025:01:24:23 +0000] "GET /kl-escort-gallery/tina-local-kl-escort/ HTTP/1.1" 200 36345 "https://localklescort.com/kl-girl/page/3/" "Mozilla/5.0 (Linux; Android 10; K) AppleWebKit/537.36 (KHTML, like Gecko) Chrome/140.0.0.0 Mobile Safari/537.36"
27.125.240.73 - - [08/Oct/2025:01:24:25 +0000] "GET /kl-escort-gallery/xiaoting/ HTTP/1.1" 200 36178 "https://localklescort.com/kl-girl/page/3/" "Mozilla/5.0 (Linux; Android 10; K) AppleWebKit/537.36 (KHTML, like Gecko) Chrome/140.0.0.0 Mobile Safari/537.36"
27.125.240.73 - - [08/Oct/2025:01:24:27 +0000] "GET /kl-girl/page/4/ HTTP/1.1" 200 29977 "https://localklescort.com/kl-girl/page/3/" "Mozilla/5.0 (Linux; Android 10; K) AppleWebKit/537.36 (KHTML, like Gecko) Chrome/140.0.0.0 Mobile Safari/537.36"
27.125.240.73 - - [08/Oct/2025:01:24:30 +0000] "GET /wp-content/uploads/2023/05/Tina-1-local-kl-escorts-280x280.jpg HTTP/1.1" 200 23368 "https://localklescort.com/kl-girl/page/4/" "Mozilla/5.0 (Linux; Android 10; K) AppleWebKit/537.36 (KHTML, like Gecko) Chrome/140.0.0.0 Mobile Safari/537.36"
27.125.240.73 - - [08/Oct/2025:01:24:30 +0000] "GET /wp-content/uploads/2023/05/Yumi-1-local-kl-escorts-247x296.jpg HTTP/1.1" 200 11867 "https://localklescort.com/kl-girl/page/4/" "Mozilla/5.0 (Linux; Android 10; K) AppleWebKit/537.36 (KHTML, like Gecko) Chrome/140.0.0.0 Mobile Safari/537.36"
27.125.240.73 - - [08/Oct/2025:01:24:30 +0000] "GET /wp-content/uploads/2024/05/Summer_1_local_kl_escort1-280x280.jpg HTTP/1.1" 200 13309 "https://localklescort.com/kl-girl/page/4/" "Mozilla/5.0 (Linux; Android 10; K) AppleWebKit/537.36 (KHTML, like Gecko) Chrome/140.0.0.0 Mobile Safari/537.36"
27.125.240.73 - - [08/Oct/2025:01:24:30 +0000] "GET /wp-content/uploads/2023/05/Shida-1-local-kl-escorts-280x280.jpg HTTP/1.1" 200 32908 "https://localklescort.com/kl-girl/page/4/" "Mozilla/5.0 (Linux; Android 10; K) AppleWebKit/537.36 (KHTML, like Gecko) Chrome/140.0.0.0 Mobile Safari/537.36"
27.125.240.73 - - [08/Oct/2025:01:24:30 +0000] "GET /wp-content/uploads/2023/05/Yumi-6-local-kl-escorts-247x296.jpg HTTP/1.1" 200 15411 "https://localklescort.com/kl-girl/page/4/" "Mozilla/5.0 (Linux; Android 10; K) AppleWebKit/537.36 (KHTML, like Gecko) Chrome/140.0.0.0 Mobile Safari/537.36"
27.125.240.73 - - [08/Oct/2025:01:24:29 +0000] "GET /kl-girl/page/4/ HTTP/1.1" 200 30009 "https://localklescort.com/kl-girl/page/3/" "Mozilla/5.0 (Linux; Android 10; K) AppleWebKit/537.36 (KHTML, like Gecko) Chrome/140.0.0.0 Mobile Safari/537.36"
134.209.158.80 - - [08/Oct/2025:01:24:33 +0000] "GET / HTTP/1.1" 301 - "-" "Mozilla/5.0 (X11; Linux x86_64; rv:139.0) Gecko/20100101 Firefox/139.0"
27.125.240.73 - - [08/Oct/2025:01:24:35 +0000] "GET /all-kl-escort-girl/call-girl/ HTTP/1.1" 200 30866 "https://localklescort.com/kl-girl/page/4/" "Mozilla/5.0 (Linux; Android 10; K) AppleWebKit/537.36 (KHTML, like Gecko) Chrome/140.0.0.0 Mobile Safari/537.36"
134.209.158.80 - - [08/Oct/2025:01:24:41 +0000] "GET /favicon.ico HTTP/1.1" 302 - "https://mail.localklescort.com/" "Mozilla/5.0 (X11; Linux x86_64; rv:139.0) Gecko/20100101 Firefox/139.0"
203.161.56.247 - - [08/Oct/2025:01:24:56 +0000] "POST /wp-cron.php?doing_wp_cron=1759886696.4951639175415039062500 HTTP/1.1" 200 - "-" "WordPress/6.8.3; https://localklescort.com"
216.73.216.131 - - [08/Oct/2025:01:24:55 +0000] "GET /robots.txt HTTP/1.1" 200 170 "-" "Mozilla/5.0 AppleWebKit/537.36 (KHTML, like Gecko; compatible; ClaudeBot/1.0; +claudebot@anthropic.com)"
216.73.216.131 - - [08/Oct/2025:01:24:56 +0000] "GET /video-sitemap.xml HTTP/1.1" 200 346 "-" "Mozilla/5.0 AppleWebKit/537.36 (KHTML, like Gecko; compatible; ClaudeBot/1.0; +claudebot@anthropic.com)"
203.161.56.247 - - [08/Oct/2025:01:36:01 +0000] "POST /wp-cron.php?doing_wp_cron=1759887361.5838201045989990234375 HTTP/1.1" 200 - "-" "WordPress/6.8.3; https://localklescort.com"
77.75.76.160 - - [08/Oct/2025:01:35:59 +0000] "GET /kl-escort-gallery/lydia-local-kl-escort/ HTTP/1.1" 200 36398 "-" "Mozilla/5.0 (compatible; SeznamBot/4.0; +https://o-seznam.cz/napoveda/vyhledavani/en/seznambot-crawler/)"
203.161.56.247 - - [08/Oct/2025:01:37:24 +0000] "POST /wp-cron.php?doing_wp_cron=1759887444.9624888896942138671875 HTTP/1.1" 200 - "-" "WordPress/6.8.3; https://localklescort.com"
114.119.142.37 - - [08/Oct/2025:01:37:23 +0000] "GET /service/%E6%9C%89%E5%A5%97%E7%88%B1%E7%88%B1/page/3/ HTTP/1.1" 200 30912 "https://localklescort.com/service/%E6%9C%89%E5%A5%97%E7%88%B1%E7%88%B1/page/3/" "Mozilla/5.0 (Linux; Android 7.0;) AppleWebKit/537.36 (KHTML, like Gecko) Mobile Safari/537.36 (compatible; PetalBot;+https://webmaster.petalsearch.com/site/petalbot)"
203.161.56.247 - - [08/Oct/2025:01:41:17 +0000] "POST /wp-cron.php?doing_wp_cron=1759887677.6704409122467041015625 HTTP/1.1" 200 - "-" "WordPress/6.8.3; https://localklescort.com"
66.249.74.39 - - [08/Oct/2025:01:41:15 +0000] "GET /kl-escort-gallery/rosie/ HTTP/1.1" 200 36340 "-" "Googlebot-Image/1.0"
203.161.56.247 - - [08/Oct/2025:01:42:02 +0000] "POST /wp-cron.php?doing_wp_cron=1759887722.5318460464477539062500 HTTP/1.1" 200 - "-" "WordPress/6.8.3; https://localklescort.com"
216.73.216.131 - - [08/Oct/2025:01:42:00 +0000] "GET /video-sitemap.xml HTTP/1.1" 200 346 "-" "Mozilla/5.0 AppleWebKit/537.36 (KHTML, like Gecko; compatible; ClaudeBot/1.0; +claudebot@anthropic.com)"
203.161.56.247 - - [08/Oct/2025:01:43:37 +0000] "POST /wp-cron.php?doing_wp_cron=1759887817.5966560840606689453125 HTTP/1.1" 200 - "-" "WordPress/6.8.3; https://localklescort.com"
216.73.216.131 - - [08/Oct/2025:01:43:35 +0000] "GET /sitemap.rss HTTP/1.1" 200 1840 "-" "Mozilla/5.0 AppleWebKit/537.36 (KHTML, like Gecko; compatible; ClaudeBot/1.0; +claudebot@anthropic.com)"
17.241.227.238 - - [08/Oct/2025:01:48:27 +0000] "GET /wp-content/uploads/2023/05/KiKo-5-local-kl-escorts-247x296.jpg HTTP/1.1" 200 15849 "-" "Mozilla/5.0 (Macintosh; Intel Mac OS X 10_15_7) AppleWebKit/605.1.15 (KHTML, like Gecko) Version/17.4 Safari/605.1.15 (Applebot/0.1; +http://www.apple.com/go/applebot)"
203.161.56.247 - - [08/Oct/2025:01:50:19 +0000] "POST /wp-cron.php?doing_wp_cron=1759888219.0163550376892089843750 HTTP/1.1" 200 - "-" "WordPress/6.8.3; https://localklescort.com"
20.171.207.60 - - [08/Oct/2025:01:50:16 +0000] "GET /sitemap.xml HTTP/1.1" 200 495 "-" "Mozilla/5.0 AppleWebKit/537.36 (KHTML, like Gecko; compatible; GPTBot/1.2; +https://openai.com/gptbot)"
203.161.56.247 - - [08/Oct/2025:01:52:21 +0000] "POST /wp-cron.php?doing_wp_cron=1759888341.6809959411621093750000 HTTP/1.1" 200 - "-" "WordPress/6.8.3; https://localklescort.com"
20.171.207.60 - - [08/Oct/2025:01:52:19 +0000] "GET /sitemap.rss HTTP/1.1" 200 1840 "-" "Mozilla/5.0 AppleWebKit/537.36 (KHTML, like Gecko; compatible; GPTBot/1.2; +https://openai.com/gptbot)"
114.119.129.50 - - [08/Oct/2025:01:55:17 +0000] "GET /wp-content/uploads/2023/05/Rebecca-5-local-kl-escorts-300x360.jpg HTTP/1.1" 200 33454 "https://localklescort.com/kl-escort-gallery/rebecca-local-kl-escort/" "Mozilla/5.0 (Linux; Android 7.0;) AppleWebKit/537.36 (KHTML, like Gecko) Mobile Safari/537.36 (compatible; PetalBot;+https://webmaster.petalsearch.com/site/petalbot)"
114.119.145.169 - - [08/Oct/2025:01:56:38 +0000] "GET /demos/shop-demos/ HTTP/1.1" 200 27611 "https://localklescort.com/demos/shop-demos/" "Mozilla/5.0 (Linux; Android 7.0;) AppleWebKit/537.36 (KHTML, like Gecko) Mobile Safari/537.36 (compatible; PetalBot;+https://webmaster.petalsearch.com/site/petalbot)"
203.161.56.247 - - [08/Oct/2025:01:58:04 +0000] "POST /wp-cron.php?doing_wp_cron=1759888684.0027890205383300781250 HTTP/1.1" 200 - "-" "WordPress/6.8.3; https://localklescort.com"
114.119.150.95 - - [08/Oct/2025:01:58:02 +0000] "GET /all-kl-escort-girl/kl-call-girl/page/4/ HTTP/1.1" 200 29557 "https://localklescort.com/all-kl-escort-girl/kl-call-girl/page/1/" "Mozilla/5.0 (Linux; Android 7.0;) AppleWebKit/537.36 (KHTML, like Gecko) Mobile Safari/537.36 (compatible; PetalBot;+https://webmaster.petalsearch.com/site/petalbot)"
203.161.56.247 - - [08/Oct/2025:02:00:39 +0000] "POST /wp-cron.php?doing_wp_cron=1759888839.1255550384521484375000 HTTP/1.1" 200 - "-" "WordPress/6.8.3; https://localklescort.com"
51.161.65.16 - - [08/Oct/2025:02:00:37 +0000] "GET /all-kl-escort-girls/local-malay-girls/ HTTP/1.1" 200 30209 "-" "Mozilla/5.0 (compatible; AhrefsBot/7.0; +http://ahrefs.com/robot/)"
57.141.0.62 - - [08/Oct/2025:02:03:15 +0000] "GET /wp-content/uploads/2023/05/Yumi-4-local-kl-escorts-600x800.jpg HTTP/1.1" 200 85462 "-" "meta-externalagent/1.1 (+https://developers.facebook.com/docs/sharing/webmasters/crawler)"
203.161.56.247 - - [08/Oct/2025:02:05:06 +0000] "POST /wp-cron.php?doing_wp_cron=1759889106.6994559764862060546875 HTTP/1.1" 200 - "-" "WordPress/6.8.3; https://localklescort.com"
34.225.24.180 - - [08/Oct/2025:02:05:04 +0000] "GET /kl-escort-gallery/honey/ HTTP/1.1" 200 36305 "-" "Mozilla/5.0 AppleWebKit/537.36 (KHTML, like Gecko; compatible; Amazonbot/0.1; +https://developer.amazon.com/support/amazonbot) Chrome/119.0.6045.214 Safari/537.36"
203.161.56.247 - - [08/Oct/2025:02:08:07 +0000] "POST /wp-cron.php?doing_wp_cron=1759889287.5201759338378906250000 HTTP/1.1" 200 - "-" "WordPress/6.8.3; https://localklescort.com"
216.73.216.131 - - [08/Oct/2025:02:08:05 +0000] "GET /video-sitemap.xml HTTP/1.1" 200 346 "-" "Mozilla/5.0 AppleWebKit/537.36 (KHTML, like Gecko; compatible; ClaudeBot/1.0; +claudebot@anthropic.com)"
66.249.74.41 - - [08/Oct/2025:02:13:15 +0000] "GET /wp-content/uploads/2023/05/Honey-1-local-kl-escorts-100x100.jpg HTTP/1.1" 304 - "-" "Googlebot-Image/1.0"
203.161.56.247 - - [08/Oct/2025:02:14:07 +0000] "POST /wp-cron.php?doing_wp_cron=1759889647.5636780261993408203125 HTTP/1.1" 200 - "-" "WordPress/6.8.3; https://localklescort.com"
77.75.78.160 - - [08/Oct/2025:02:14:05 +0000] "GET /kl-escort-gallery/molly-call-girl/ HTTP/1.1" 200 36420 "-" "Mozilla/5.0 (compatible; SeznamBot/4.0; +https://o-seznam.cz/napoveda/vyhledavani/en/seznambot-crawler/)"
114.119.129.50 - - [08/Oct/2025:02:15:41 +0000] "GET /wp-content/uploads/2024/06/Kristin-1-kl-escort.webp HTTP/1.1" 200 143029 "https://localklescort.com/kl-escort-gallery/kristin-callgirl/" "Mozilla/5.0 (Linux; Android 7.0;) AppleWebKit/537.36 (KHTML, like Gecko) Mobile Safari/537.36 (compatible; PetalBot;+https://webmaster.petalsearch.com/site/petalbot)"
203.161.56.247 - - [08/Oct/2025:02:17:07 +0000] "POST /wp-cron.php?doing_wp_cron=1759889827.8128509521484375000000 HTTP/1.1" 200 - "-" "WordPress/6.8.3; https://localklescort.com"
114.119.140.84 - - [08/Oct/2025:02:17:05 +0000] "GET /all-kl-escort-girl/spa-in-kl/page/1/ HTTP/1.1" 301 - "https://localklescort.com/all-kl-escort-girl/spa-in-kl/page/4/" "Mozilla/5.0 (Linux; Android 7.0;) AppleWebKit/537.36 (KHTML, like Gecko) Mobile Safari/537.36 (compatible; PetalBot;+https://webmaster.petalsearch.com/site/petalbot)"
114.119.140.84 - - [08/Oct/2025:02:17:08 +0000] "GET /all-kl-escort-girl/spa-in-kl/ HTTP/1.1" 200 30583 "https://localklescort.com/all-kl-escort-girl/spa-in-kl/page/4/" "Mozilla/5.0 (Linux; Android 7.0;) AppleWebKit/537.36 (KHTML, like Gecko) Mobile Safari/537.36 (compatible; PetalBot;+https://webmaster.petalsearch.com/site/petalbot)"
64.176.195.163 - - [08/Oct/2025:02:17:37 +0000] "GET /blog-verify HTTP/1.1" 404 100040 "-" "Mozilla/5.0 (Windows NT 10.0; Win64; x64) AppleWebKit/537.36 (KHTML, like Gecko) Chrome/127.0.0.0 Safari/537.36"
203.161.56.247 - - [08/Oct/2025:02:18:29 +0000] "POST /wp-cron.php?doing_wp_cron=1759889909.5276710987091064453125 HTTP/1.1" 200 - "-" "WordPress/6.8.3; https://localklescort.com"
114.119.145.169 - - [08/Oct/2025:02:18:27 +0000] "GET /all-kl-escort-girl/kl-call-girl/ HTTP/1.1" 200 30588 "https://localklescort.com/all-kl-escort-girl/kl-freelance-escort/" "Mozilla/5.0 (Linux; Android 7.0;) AppleWebKit/537.36 (KHTML, like Gecko) Mobile Safari/537.36 (compatible; PetalBot;+https://webmaster.petalsearch.com/site/petalbot)"
203.161.56.247 - - [08/Oct/2025:02:27:22 +0000] "POST /wp-cron.php?doing_wp_cron=1759890442.4753599166870117187500 HTTP/1.1" 200 - "-" "WordPress/6.8.3; https://localklescort.com"
52.7.13.143 - - [08/Oct/2025:02:27:20 +0000] "GET /all-kl-escort-girl/hotel-sex-girl-escort/page/2/ HTTP/1.1" 200 30760 "-" "Mozilla/5.0 AppleWebKit/537.36 (KHTML, like Gecko; compatible; Amazonbot/0.1; +https://developer.amazon.com/support/amazonbot) Chrome/119.0.6045.214 Safari/537.36"
203.161.56.247 - - [08/Oct/2025:02:32:37 +0000] "POST /wp-cron.php?doing_wp_cron=1759890757.8877630233764648437500 HTTP/1.1" 200 - "-" "WordPress/6.8.3; https://localklescort.com"
114.119.137.105 - - [08/Oct/2025:02:32:35 +0000] "GET /service/sex-between-breasts/page/3/ HTTP/1.1" 200 30746 "https://localklescort.com/service/sex-between-breasts/page/4/" "Mozilla/5.0 (Linux; Android 7.0;) AppleWebKit/537.36 (KHTML, like Gecko) Mobile Safari/537.36 (compatible; PetalBot;+https://webmaster.petalsearch.com/site/petalbot)"
103.171.92.209 - - [08/Oct/2025:02:35:36 +0000] "GET /wp-login.php HTTP/1.1" 200 4393 "-" "Mozilla/5.0 (Windows NT 10.0; Win64; x64) AppleWebKit/537.36 (KHTML, like Gecko) Chrome/120.0.0.0 Safari/537.36"
203.161.56.247 - - [08/Oct/2025:02:37:33 +0000] "POST /wp-cron.php?doing_wp_cron=1759891053.7092349529266357421875 HTTP/1.1" 200 - "-" "WordPress/6.8.3; https://localklescort.com"
62.60.131.81 - - [08/Oct/2025:02:37:31 +0000] "GET / HTTP/1.1" 200 35580 "-" "Mozilla/5.0 zgrab/0.x"
185.9.17.124 - - [08/Oct/2025:02:44:49 +0000] "POST /ALFA_DATA/alfacgiapi/perl.alfa HTTP/1.1" 500 2550 "www.google.com" "Mozlila/5.0 (Linux; Android 7.0; SM-G892A Bulid/NRD90M; wv) AppleWebKit/537.36 (KHTML, like Gecko) Version/4.0 Chrome/60.0.3112.107 Moblie Safari/537.36"
185.9.17.124 - - [08/Oct/2025:02:44:45 +0000] "POST /ALFA_DATA/alfacgiapi/perl.alfa HTTP/1.1" 500 2550 "www.google.com" "Mozlila/5.0 (Linux; Android 7.0; SM-G892A Bulid/NRD90M; wv) AppleWebKit/537.36 (KHTML, like Gecko) Version/4.0 Chrome/60.0.3112.107 Moblie Safari/537.36"
185.9.17.124 - - [08/Oct/2025:02:44:47 +0000] "POST /ALFA_DATA/alfacgiapi/perl.alfa HTTP/1.1" 500 2550 "www.google.com" "Mozlila/5.0 (Linux; Android 7.0; SM-G892A Bulid/NRD90M; wv) AppleWebKit/537.36 (KHTML, like Gecko) Version/4.0 Chrome/60.0.3112.107 Moblie Safari/537.36"
203.161.56.247 - - [08/Oct/2025:02:52:40 +0000] "POST /wp-cron.php?doing_wp_cron=1759891960.8168959617614746093750 HTTP/1.1" 200 - "-" "WordPress/6.8.3; https://localklescort.com"
15.235.27.243 - - [08/Oct/2025:02:52:37 +0000] "GET /sitemap.rss HTTP/1.1" 200 1840 "-" "Mozilla/5.0 (compatible; AhrefsBot/7.0; +http://ahrefs.com/robot/)"
17.241.75.106 - - [08/Oct/2025:02:59:58 +0000] "GET /wp-content/uploads/2023/05/KiKo-5-local-kl-escorts.jpg HTTP/1.1" 200 176374 "-" "Mozilla/5.0 (Macintosh; Intel Mac OS X 10_15_7) AppleWebKit/605.1.15 (KHTML, like Gecko) Version/17.4 Safari/605.1.15 (Applebot/0.1; +http://www.apple.com/go/applebot)"
203.161.56.247 - - [08/Oct/2025:03:04:59 +0000] "POST /wp-cron.php?doing_wp_cron=1759892699.2536079883575439453125 HTTP/1.1" 200 - "-" "WordPress/6.8.3; https://localklescort.com"
40.77.167.65 - - [08/Oct/2025:03:04:57 +0000] "GET /kl-escort-gallery/xiaoting/ HTTP/1.1" 200 36168 "-" "Mozilla/5.0 AppleWebKit/537.36 (KHTML, like Gecko; compatible; bingbot/2.0; +http://www.bing.com/bingbot.htm) Chrome/116.0.1938.76 Safari/537.36"
203.161.56.247 - - [08/Oct/2025:03:05:22 +0000] "POST /wp-cron.php?doing_wp_cron=1759892722.2345709800720214843750 HTTP/1.1" 200 - "-" "WordPress/6.8.3; https://localklescort.com"
77.75.78.160 - - [08/Oct/2025:03:05:20 +0000] "GET /robots.txt HTTP/1.1" 200 170 "-" "Mozilla/5.0 (compatible; SeznamBot/4.0; +https://o-seznam.cz/napoveda/vyhledavani/en/seznambot-crawler/)"
77.75.78.160 - - [08/Oct/2025:03:05:20 +0000] "GET /all-kl-escort-girl/call-girl-kl/ HTTP/1.1" 200 30587 "-" "Mozilla/5.0 (compatible; SeznamBot/4.0; +https://o-seznam.cz/napoveda/vyhledavani/en/seznambot-crawler/)"
203.161.56.247 - - [08/Oct/2025:03:07:50 +0000] "POST /wp-cron.php?doing_wp_cron=1759892870.2249979972839355468750 HTTP/1.1" 200 - "-" "WordPress/6.8.3; https://localklescort.com"
216.73.216.131 - - [08/Oct/2025:03:07:48 +0000] "GET /robots.txt HTTP/1.1" 200 170 "-" "Mozilla/5.0 AppleWebKit/537.36 (KHTML, like Gecko; compatible; ClaudeBot/1.0; +claudebot@anthropic.com)"
216.73.216.131 - - [08/Oct/2025:03:07:50 +0000] "GET /video-sitemap.xml HTTP/1.1" 200 346 "-" "Mozilla/5.0 AppleWebKit/537.36 (KHTML, like Gecko; compatible; ClaudeBot/1.0; +claudebot@anthropic.com)"
113.211.141.192 - - [08/Oct/2025:03:09:49 +0000] "GET /wp-content/uploads/2023/05/Nana-3-local-kl-escorts.jpg HTTP/1.1" 200 122784 "https://www.google.com/" "Mozilla/5.0 (Linux; Android 10; K) AppleWebKit/537.36 (KHTML, like Gecko) Chrome/140.0.0.0 Mobile Safari/537.36"
203.161.56.247 - - [08/Oct/2025:03:09:57 +0000] "POST /wp-cron.php?doing_wp_cron=1759892997.4261031150817871093750 HTTP/1.1" 200 - "-" "WordPress/6.8.3; https://localklescort.com"
113.211.141.192 - - [08/Oct/2025:03:09:55 +0000] "GET /kl-escort-gallery/nana-local-kl-escort/ HTTP/1.1" 200 36279 "https://www.google.com/" "Mozilla/5.0 (Linux; Android 10; K) AppleWebKit/537.36 (KHTML, like Gecko) Chrome/140.0.0.0 Mobile Safari/537.36"
113.211.141.192 - - [08/Oct/2025:03:09:58 +0000] "GET /wp-content/plugins/contact-form-7/includes/css/styles.css?ver=6.1.1 HTTP/1.1" 200 1031 "https://localklescort.com/kl-escort-gallery/nana-local-kl-escort/" "Mozilla/5.0 (Linux; Android 10; K) AppleWebKit/537.36 (KHTML, like Gecko) Chrome/140.0.0.0 Mobile Safari/537.36"
113.211.141.192 - - [08/Oct/2025:03:09:58 +0000] "GET /wp-content/plugins/easy-video-player/lib/plyr.css?ver=6.8.3 HTTP/1.1" 200 5279 "https://localklescort.com/kl-escort-gallery/nana-local-kl-escort/" "Mozilla/5.0 (Linux; Android 10; K) AppleWebKit/537.36 (KHTML, like Gecko) Chrome/140.0.0.0 Mobile Safari/537.36"
113.211.141.192 - - [08/Oct/2025:03:09:58 +0000] "GET /wp-content/plugins/woocommerce/assets/css/photoswipe/photoswipe.min.css?ver=10.2.1 HTTP/1.1" 200 997 "https://localklescort.com/kl-escort-gallery/nana-local-kl-escort/" "Mozilla/5.0 (Linux; Android 10; K) AppleWebKit/537.36 (KHTML, like Gecko) Chrome/140.0.0.0 Mobile Safari/537.36"
113.211.141.192 - - [08/Oct/2025:03:09:58 +0000] "GET /wp-content/plugins/woocommerce/assets/css/photoswipe/default-skin/default-skin.min.css?ver=10.2.1 HTTP/1.1" 200 1952 "https://localklescort.com/kl-escort-gallery/nana-local-kl-escort/" "Mozilla/5.0 (Linux; Android 10; K) AppleWebKit/537.36 (KHTML, like Gecko) Chrome/140.0.0.0 Mobile Safari/537.36"
113.211.141.192 - - [08/Oct/2025:03:09:58 +0000] "GET /wp-content/plugins/woocommerce/assets/css/brands.css?ver=10.2.1 HTTP/1.1" 200 684 "https://localklescort.com/kl-escort-gallery/nana-local-kl-escort/" "Mozilla/5.0 (Linux; Android 10; K) AppleWebKit/537.36 (KHTML, like Gecko) Chrome/140.0.0.0 Mobile Safari/537.36"
113.211.141.192 - - [08/Oct/2025:03:09:58 +0000] "GET /wp-content/themes/flatsome/assets/css/flatsome-shop.css?ver=3.20.1 HTTP/1.1" 200 7098 "https://localklescort.com/kl-escort-gallery/nana-local-kl-escort/" "Mozilla/5.0 (Linux; Android 10; K) AppleWebKit/537.36 (KHTML, like Gecko) Chrome/140.0.0.0 Mobile Safari/537.36"
113.211.141.192 - - [08/Oct/2025:03:09:58 +0000] "GET /wp-content/themes/flatsome/assets/css/flatsome.css?ver=3.20.1 HTTP/1.1" 200 30262 "https://localklescort.com/kl-escort-gallery/nana-local-kl-escort/" "Mozilla/5.0 (Linux; Android 10; K) AppleWebKit/537.36 (KHTML, like Gecko) Chrome/140.0.0.0 Mobile Safari/537.36"
113.211.141.192 - - [08/Oct/2025:03:09:58 +0000] "GET /wp-content/themes/flatsome-child/style.css?ver=3.0 HTTP/1.1" 200 211 "https://localklescort.com/kl-escort-gallery/nana-local-kl-escort/" "Mozilla/5.0 (Linux; Android 10; K) AppleWebKit/537.36 (KHTML, like Gecko) Chrome/140.0.0.0 Mobile Safari/537.36"
113.211.141.192 - - [08/Oct/2025:03:09:58 +0000] "GET /wp-content/plugins/easy-video-player/lib/plyr.js?ver=6.8.3 HTTP/1.1" 200 31770 "https://localklescort.com/kl-escort-gallery/nana-local-kl-escort/" "Mozilla/5.0 (Linux; Android 10; K) AppleWebKit/537.36 (KHTML, like Gecko) Chrome/140.0.0.0 Mobile Safari/537.36"
113.211.141.192 - - [08/Oct/2025:03:09:58 +0000] "GET /wp-includes/js/jquery/jquery-migrate.min.js?ver=3.4.1 HTTP/1.1" 200 4872 "https://localklescort.com/kl-escort-gallery/nana-local-kl-escort/" "Mozilla/5.0 (Linux; Android 10; K) AppleWebKit/537.36 (KHTML, like Gecko) Chrome/140.0.0.0 Mobile Safari/537.36"
113.211.141.192 - - [08/Oct/2025:03:09:58 +0000] "GET /wp-includes/js/jquery/jquery.min.js?ver=3.7.1 HTTP/1.1" 200 30368 "https://localklescort.com/kl-escort-gallery/nana-local-kl-escort/" "Mozilla/5.0 (Linux; Android 10; K) AppleWebKit/537.36 (KHTML, like Gecko) Chrome/140.0.0.0 Mobile Safari/537.36"
113.211.141.192 - - [08/Oct/2025:03:09:59 +0000] "GET /wp-content/plugins/woocommerce/assets/js/js-cookie/js.cookie.min.js?ver=2.1.4-wc.10.2.1 HTTP/1.1" 200 833 "https://localklescort.com/kl-escort-gallery/nana-local-kl-escort/" "Mozilla/5.0 (Linux; Android 10; K) AppleWebKit/537.36 (KHTML, like Gecko) Chrome/140.0.0.0 Mobile Safari/537.36"
113.211.141.192 - - [08/Oct/2025:03:09:59 +0000] "GET /wp-content/plugins/woocommerce/assets/js/jquery-blockui/jquery.blockUI.min.js?ver=2.7.0-wc.10.2.1 HTTP/1.1" 200 3537 "https://localklescort.com/kl-escort-gallery/nana-local-kl-escort/" "Mozilla/5.0 (Linux; Android 10; K) AppleWebKit/537.36 (KHTML, like Gecko) Chrome/140.0.0.0 Mobile Safari/537.36"
113.211.141.192 - - [08/Oct/2025:03:09:59 +0000] "GET /wp-content/uploads/2023/02/kl-escort-angel-logo.png HTTP/1.1" 200 20521 "https://localklescort.com/kl-escort-gallery/nana-local-kl-escort/" "Mozilla/5.0 (Linux; Android 10; K) AppleWebKit/537.36 (KHTML, like Gecko) Chrome/140.0.0.0 Mobile Safari/537.36"
113.211.141.192 - - [08/Oct/2025:03:09:59 +0000] "GET /wp-content/uploads/2023/05/Nana-6-local-kl-escorts.jpg HTTP/1.1" 200 116852 "https://localklescort.com/kl-escort-gallery/nana-local-kl-escort/" "Mozilla/5.0 (Linux; Android 10; K) AppleWebKit/537.36 (KHTML, like Gecko) Chrome/140.0.0.0 Mobile Safari/537.36"
113.211.141.192 - - [08/Oct/2025:03:09:59 +0000] "GET /wp-content/uploads/2023/05/Nana-1-local-kl-escorts.jpg HTTP/1.1" 200 121526 "https://localklescort.com/kl-escort-gallery/nana-local-kl-escort/" "Mozilla/5.0 (Linux; Android 10; K) AppleWebKit/537.36 (KHTML, like Gecko) Chrome/140.0.0.0 Mobile Safari/537.36"
113.211.141.192 - - [08/Oct/2025:03:09:59 +0000] "GET /wp-content/plugins/woocommerce/assets/client/blocks/wc-blocks.css?ver=wc-10.2.1 HTTP/1.1" 200 2618 "https://localklescort.com/kl-escort-gallery/nana-local-kl-escort/" "Mozilla/5.0 (Linux; Android 10; K) AppleWebKit/537.36 (KHTML, like Gecko) Chrome/140.0.0.0 Mobile Safari/537.36"
113.211.141.192 - - [08/Oct/2025:03:09:59 +0000] "GET /wp-content/plugins/creame-whatsapp-me/public/css/joinchat-btn.min.css?ver=6.0.8 HTTP/1.1" 200 2304 "https://localklescort.com/kl-escort-gallery/nana-local-kl-escort/" "Mozilla/5.0 (Linux; Android 10; K) AppleWebKit/537.36 (KHTML, like Gecko) Chrome/140.0.0.0 Mobile Safari/537.36"
113.211.141.192 - - [08/Oct/2025:03:09:59 +0000] "GET /wp-includes/js/dist/hooks.min.js?ver=4d63a3d491d11ffd8ac6 HTTP/1.1" 200 1648 "https://localklescort.com/kl-escort-gallery/nana-local-kl-escort/" "Mozilla/5.0 (Linux; Android 10; K) AppleWebKit/537.36 (KHTML, like Gecko) Chrome/140.0.0.0 Mobile Safari/537.36"
113.211.141.192 - - [08/Oct/2025:03:09:59 +0000] "GET /wp-content/uploads/2023/05/Nana-5-local-kl-escorts.jpg HTTP/1.1" 200 122483 "https://localklescort.com/kl-escort-gallery/nana-local-kl-escort/" "Mozilla/5.0 (Linux; Android 10; K) AppleWebKit/537.36 (KHTML, like Gecko) Chrome/140.0.0.0 Mobile Safari/537.36"
113.211.141.192 - - [08/Oct/2025:03:09:59 +0000] "GET /wp-content/fonts/lato/S6uyw4BMUTPHjx4wXg.woff2 HTTP/1.1" 200 23577 "https://localklescort.com/kl-escort-gallery/nana-local-kl-escort/" "Mozilla/5.0 (Linux; Android 10; K) AppleWebKit/537.36 (KHTML, like Gecko) Chrome/140.0.0.0 Mobile Safari/537.36"
113.211.141.192 - - [08/Oct/2025:03:10:00 +0000] "GET /wp-content/themes/flatsome/assets/css/icons/fl-icons.woff2?v=3.20.1 HTTP/1.1" 200 7583 "https://localklescort.com/kl-escort-gallery/nana-local-kl-escort/" "Mozilla/5.0 (Linux; Android 10; K) AppleWebKit/537.36 (KHTML, like Gecko) Chrome/140.0.0.0 Mobile Safari/537.36"
113.211.141.192 - - [08/Oct/2025:03:10:00 +0000] "GET /wp-content/fonts/lato/S6u9w4BMUTPHh6UVSwiPGQ.woff2 HTTP/1.1" 200 23037 "https://localklescort.com/kl-escort-gallery/nana-local-kl-escort/" "Mozilla/5.0 (Linux; Android 10; K) AppleWebKit/537.36 (KHTML, like Gecko) Chrome/140.0.0.0 Mobile Safari/537.36"
113.211.141.192 - - [08/Oct/2025:03:10:00 +0000] "GET /wp-includes/js/dist/i18n.min.js?ver=5e580eb46a90c2b997e6 HTTP/1.1" 200 3667 "https://localklescort.com/kl-escort-gallery/nana-local-kl-escort/" "Mozilla/5.0 (Linux; Android 10; K) AppleWebKit/537.36 (KHTML, like Gecko) Chrome/140.0.0.0 Mobile Safari/537.36"
113.211.141.192 - - [08/Oct/2025:03:10:00 +0000] "GET /wp-content/plugins/contact-form-7/includes/swv/js/index.js?ver=6.1.1 HTTP/1.1" 200 3503 "https://localklescort.com/kl-escort-gallery/nana-local-kl-escort/" "Mozilla/5.0 (Linux; Android 10; K) AppleWebKit/537.36 (KHTML, like Gecko) Chrome/140.0.0.0 Mobile Safari/537.36"
113.211.141.192 - - [08/Oct/2025:03:10:00 +0000] "GET /wp-content/plugins/contact-form-7/includes/js/index.js?ver=6.1.1 HTTP/1.1" 200 4265 "https://localklescort.com/kl-escort-gallery/nana-local-kl-escort/" "Mozilla/5.0 (Linux; Android 10; K) AppleWebKit/537.36 (KHTML, like Gecko) Chrome/140.0.0.0 Mobile Safari/537.36"
113.211.141.192 - - [08/Oct/2025:03:10:00 +0000] "GET /wp-content/plugins/woocommerce/assets/js/frontend/woocommerce.min.js?ver=10.2.1 HTTP/1.1" 200 1474 "https://localklescort.com/kl-escort-gallery/nana-local-kl-escort/" "Mozilla/5.0 (Linux; Android 10; K) AppleWebKit/537.36 (KHTML, like Gecko) Chrome/140.0.0.0 Mobile Safari/537.36"
113.211.141.192 - - [08/Oct/2025:03:10:00 +0000] "GET /wp-content/themes/flatsome/assets/js/extensions/flatsome-live-search.js?ver=3.20.1 HTTP/1.1" 200 4672 "https://localklescort.com/kl-escort-gallery/nana-local-kl-escort/" "Mozilla/5.0 (Linux; Android 10; K) AppleWebKit/537.36 (KHTML, like Gecko) Chrome/140.0.0.0 Mobile Safari/537.36"
113.211.141.192 - - [08/Oct/2025:03:10:00 +0000] "GET /wp-content/plugins/woocommerce/assets/js/sourcebuster/sourcebuster.min.js?ver=10.2.1 HTTP/1.1" 200 4807 "https://localklescort.com/kl-escort-gallery/nana-local-kl-escort/" "Mozilla/5.0 (Linux; Android 10; K) AppleWebKit/537.36 (KHTML, like Gecko) Chrome/140.0.0.0 Mobile Safari/537.36"
113.211.141.192 - - [08/Oct/2025:03:10:00 +0000] "GET /wp-content/plugins/woocommerce/assets/js/frontend/order-attribution.min.js?ver=10.2.1 HTTP/1.1" 200 1128 "https://localklescort.com/kl-escort-gallery/nana-local-kl-escort/" "Mozilla/5.0 (Linux; Android 10; K) AppleWebKit/537.36 (KHTML, like Gecko) Chrome/140.0.0.0 Mobile Safari/537.36"
113.211.141.192 - - [08/Oct/2025:03:10:00 +0000] "GET /wp-includes/js/hoverIntent.min.js?ver=1.10.2 HTTP/1.1" 200 706 "https://localklescort.com/kl-escort-gallery/nana-local-kl-escort/" "Mozilla/5.0 (Linux; Android 10; K) AppleWebKit/537.36 (KHTML, like Gecko) Chrome/140.0.0.0 Mobile Safari/537.36"
113.211.141.192 - - [08/Oct/2025:03:10:00 +0000] "GET /wp-content/themes/flatsome/assets/js/flatsome.js?ver=22889b626eb7ec03b5a4 HTTP/1.1" 200 19170 "https://localklescort.com/kl-escort-gallery/nana-local-kl-escort/" "Mozilla/5.0 (Linux; Android 10; K) AppleWebKit/537.36 (KHTML, like Gecko) Chrome/140.0.0.0 Mobile Safari/537.36"
113.211.141.192 - - [08/Oct/2025:03:10:00 +0000] "GET /wp-includes/js/underscore.min.js?ver=1.13.7 HTTP/1.1" 200 7317 "https://localklescort.com/kl-escort-gallery/nana-local-kl-escort/" "Mozilla/5.0 (Linux; Android 10; K) AppleWebKit/537.36 (KHTML, like Gecko) Chrome/140.0.0.0 Mobile Safari/537.36"
113.211.141.192 - - [08/Oct/2025:03:10:00 +0000] "GET /wp-includes/js/wp-util.min.js?ver=6.8.3 HTTP/1.1" 200 756 "https://localklescort.com/kl-escort-gallery/nana-local-kl-escort/" "Mozilla/5.0 (Linux; Android 10; K) AppleWebKit/537.36 (KHTML, like Gecko) Chrome/140.0.0.0 Mobile Safari/537.36"
113.211.141.192 - - [08/Oct/2025:03:10:00 +0000] "GET /wp-content/themes/flatsome/assets/js/woocommerce.js?ver=1c9be63d628ff7c3ff4c HTTP/1.1" 200 8306 "https://localklescort.com/kl-escort-gallery/nana-local-kl-escort/" "Mozilla/5.0 (Linux; Android 10; K) AppleWebKit/537.36 (KHTML, like Gecko) Chrome/140.0.0.0 Mobile Safari/537.36"
113.211.141.192 - - [08/Oct/2025:03:10:01 +0000] "GET /wp-content/plugins/google-analytics-for-wordpress/assets/js/frontend-gtag.min.js?ver=9.8.0 HTTP/1.1" 200 3277 "https://localklescort.com/kl-escort-gallery/nana-local-kl-escort/" "Mozilla/5.0 (Linux; Android 10; K) AppleWebKit/537.36 (KHTML, like Gecko) Chrome/140.0.0.0 Mobile Safari/537.36"
113.211.141.192 - - [08/Oct/2025:03:10:01 +0000] "GET /wp-content/uploads/2023/05/Nana-5-local-kl-escorts-247x296.jpg HTTP/1.1" 200 13286 "https://localklescort.com/kl-escort-gallery/nana-local-kl-escort/" "Mozilla/5.0 (Linux; Android 10; K) AppleWebKit/537.36 (KHTML, like Gecko) Chrome/140.0.0.0 Mobile Safari/537.36"
113.211.141.192 - - [08/Oct/2025:03:10:01 +0000] "GET /wp-content/uploads/2023/05/Nana-4-local-kl-escorts-247x296.jpg HTTP/1.1" 200 12194 "https://localklescort.com/kl-escort-gallery/nana-local-kl-escort/" "Mozilla/5.0 (Linux; Android 10; K) AppleWebKit/537.36 (KHTML, like Gecko) Chrome/140.0.0.0 Mobile Safari/537.36"
113.211.141.192 - - [08/Oct/2025:03:10:01 +0000] "GET /wp-content/uploads/2023/05/Nana-6-local-kl-escorts-247x296.jpg HTTP/1.1" 200 13274 "https://localklescort.com/kl-escort-gallery/nana-local-kl-escort/" "Mozilla/5.0 (Linux; Android 10; K) AppleWebKit/537.36 (KHTML, like Gecko) Chrome/140.0.0.0 Mobile Safari/537.36"
113.211.141.192 - - [08/Oct/2025:03:10:01 +0000] "GET /wp-content/uploads/2023/05/Nana-1-local-kl-escorts-247x296.jpg HTTP/1.1" 200 12524 "https://localklescort.com/kl-escort-gallery/nana-local-kl-escort/" "Mozilla/5.0 (Linux; Android 10; K) AppleWebKit/537.36 (KHTML, like Gecko) Chrome/140.0.0.0 Mobile Safari/537.36"
113.211.141.192 - - [08/Oct/2025:03:10:01 +0000] "GET /wp-content/plugins/woocommerce/assets/js/frontend/add-to-cart.min.js?ver=10.2.1 HTTP/1.1" 200 1368 "https://localklescort.com/kl-escort-gallery/nana-local-kl-escort/" "Mozilla/5.0 (Linux; Android 10; K) AppleWebKit/537.36 (KHTML, like Gecko) Chrome/140.0.0.0 Mobile Safari/537.36"
113.211.141.192 - - [08/Oct/2025:03:10:01 +0000] "GET /wp-content/plugins/woocommerce/assets/js/photoswipe/photoswipe.min.js?ver=4.1.1-wc.10.2.1 HTTP/1.1" 200 12042 "https://localklescort.com/kl-escort-gallery/nana-local-kl-escort/" "Mozilla/5.0 (Linux; Android 10; K) AppleWebKit/537.36 (KHTML, like Gecko) Chrome/140.0.0.0 Mobile Safari/537.36"
113.211.141.192 - - [08/Oct/2025:03:10:01 +0000] "GET /wp-content/plugins/woocommerce/assets/js/photoswipe/photoswipe-ui-default.min.js?ver=4.1.1-wc.10.2.1 HTTP/1.1" 200 3674 "https://localklescort.com/kl-escort-gallery/nana-local-kl-escort/" "Mozilla/5.0 (Linux; Android 10; K) AppleWebKit/537.36 (KHTML, like Gecko) Chrome/140.0.0.0 Mobile Safari/537.36"
113.211.141.192 - - [08/Oct/2025:03:10:01 +0000] "GET /wp-content/plugins/woocommerce/assets/js/frontend/single-product.min.js?ver=10.2.1 HTTP/1.1" 200 2917 "https://localklescort.com/kl-escort-gallery/nana-local-kl-escort/" "Mozilla/5.0 (Linux; Android 10; K) AppleWebKit/537.36 (KHTML, like Gecko) Chrome/140.0.0.0 Mobile Safari/537.36"
113.211.141.192 - - [08/Oct/2025:03:10:01 +0000] "GET /wp-content/uploads/2023/05/Nana-3-local-kl-escorts-247x296.jpg HTTP/1.1" 200 13198 "https://localklescort.com/kl-escort-gallery/nana-local-kl-escort/" "Mozilla/5.0 (Linux; Android 10; K) AppleWebKit/537.36 (KHTML, like Gecko) Chrome/140.0.0.0 Mobile Safari/537.36"
113.211.141.192 - - [08/Oct/2025:03:10:01 +0000] "GET /wp-content/uploads/2023/05/Nana-2-local-kl-escorts-247x296.jpg HTTP/1.1" 200 16254 "https://localklescort.com/kl-escort-gallery/nana-local-kl-escort/" "Mozilla/5.0 (Linux; Android 10; K) AppleWebKit/537.36 (KHTML, like Gecko) Chrome/140.0.0.0 Mobile Safari/537.36"
113.211.141.192 - - [08/Oct/2025:03:10:01 +0000] "GET /wp-content/plugins/creame-whatsapp-me/public/js/joinchat.min.js?ver=6.0.8 HTTP/1.1" 200 3372 "https://localklescort.com/kl-escort-gallery/nana-local-kl-escort/" "Mozilla/5.0 (Linux; Android 10; K) AppleWebKit/537.36 (KHTML, like Gecko) Chrome/140.0.0.0 Mobile Safari/537.36"
113.211.141.192 - - [08/Oct/2025:03:10:01 +0000] "GET /wp-includes/js/comment-reply.min.js?ver=6.8.3 HTTP/1.1" 200 1375 "https://localklescort.com/kl-escort-gallery/nana-local-kl-escort/" "Mozilla/5.0 (Linux; Android 10; K) AppleWebKit/537.36 (KHTML, like Gecko) Chrome/140.0.0.0 Mobile Safari/537.36"
113.211.141.192 - - [08/Oct/2025:03:10:01 +0000] "GET /wp-content/plugins/woocommerce/assets/js/frontend/add-to-cart-variation.min.js?ver=10.2.1 HTTP/1.1" 200 3940 "https://localklescort.com/kl-escort-gallery/nana-local-kl-escort/" "Mozilla/5.0 (Linux; Android 10; K) AppleWebKit/537.36 (KHTML, like Gecko) Chrome/140.0.0.0 Mobile Safari/537.36"
113.211.141.192 - - [08/Oct/2025:03:10:01 +0000] "GET /wp-content/plugins/easy-video-player/lib/plyr.svg HTTP/1.1" 200 1954 "https://localklescort.com/kl-escort-gallery/nana-local-kl-escort/" "Mozilla/5.0 (Linux; Android 10; K) AppleWebKit/537.36 (KHTML, like Gecko) Chrome/140.0.0.0 Mobile Safari/537.36"
113.211.141.192 - - [08/Oct/2025:03:10:02 +0000] "GET /wp-content/uploads/2023/05/Lydia-1-local-kl-escorts-247x296.jpg HTTP/1.1" 200 16622 "https://localklescort.com/kl-escort-gallery/nana-local-kl-escort/" "Mozilla/5.0 (Linux; Android 10; K) AppleWebKit/537.36 (KHTML, like Gecko) Chrome/140.0.0.0 Mobile Safari/537.36"
113.211.141.192 - - [08/Oct/2025:03:10:02 +0000] "GET /wp-content/uploads/2023/05/Rita-1-local-kl-escort-247x296.jpg HTTP/1.1" 200 13866 "https://localklescort.com/kl-escort-gallery/nana-local-kl-escort/" "Mozilla/5.0 (Linux; Android 10; K) AppleWebKit/537.36 (KHTML, like Gecko) Chrome/140.0.0.0 Mobile Safari/537.36"
113.211.141.192 - - [08/Oct/2025:03:10:02 +0000] "GET /wp-includes/js/wp-emoji-release.min.js?ver=6.8.3 HTTP/1.1" 200 5163 "https://localklescort.com/kl-escort-gallery/nana-local-kl-escort/" "Mozilla/5.0 (Linux; Android 10; K) AppleWebKit/537.36 (KHTML, like Gecko) Chrome/140.0.0.0 Mobile Safari/537.36"
113.211.141.192 - - [08/Oct/2025:03:10:02 +0000] "GET /wp-content/themes/flatsome/assets/js/chunk.slider.js?ver=3.20.1 HTTP/1.1" 200 13381 "https://localklescort.com/kl-escort-gallery/nana-local-kl-escort/" "Mozilla/5.0 (Linux; Android 10; K) AppleWebKit/537.36 (KHTML, like Gecko) Chrome/140.0.0.0 Mobile Safari/537.36"
113.211.141.192 - - [08/Oct/2025:03:10:02 +0000] "GET /wp-content/themes/flatsome/assets/js/chunk.popups.js?ver=3.20.1 HTTP/1.1" 200 7495 "https://localklescort.com/kl-escort-gallery/nana-local-kl-escort/" "Mozilla/5.0 (Linux; Android 10; K) AppleWebKit/537.36 (KHTML, like Gecko) Chrome/140.0.0.0 Mobile Safari/537.36"
113.211.141.192 - - [08/Oct/2025:03:10:02 +0000] "GET /wp-content/themes/flatsome/assets/js/chunk.tooltips.js?ver=3.20.1 HTTP/1.1" 200 10103 "https://localklescort.com/kl-escort-gallery/nana-local-kl-escort/" "Mozilla/5.0 (Linux; Android 10; K) AppleWebKit/537.36 (KHTML, like Gecko) Chrome/140.0.0.0 Mobile Safari/537.36"
113.211.141.192 - - [08/Oct/2025:03:10:02 +0000] "GET /wp-content/uploads/2023/05/Nana-4-local-kl-escorts-510x638.jpg HTTP/1.1" 200 38819 "https://localklescort.com/kl-escort-gallery/nana-local-kl-escort/" "Mozilla/5.0 (Linux; Android 10; K) AppleWebKit/537.36 (KHTML, like Gecko) Chrome/140.0.0.0 Mobile Safari/537.36"
113.211.141.192 - - [08/Oct/2025:03:10:02 +0000] "GET /wp-content/uploads/2023/03/Nana-local-kl-escort-mov.mp4 HTTP/1.1" 206 1650344 "https://localklescort.com/kl-escort-gallery/nana-local-kl-escort/" "Mozilla/5.0 (Linux; Android 10; K) AppleWebKit/537.36 (KHTML, like Gecko) Chrome/140.0.0.0 Mobile Safari/537.36"
113.211.141.192 - - [08/Oct/2025:03:10:02 +0000] "GET /wp-content/uploads/2023/05/Nana-3-local-kl-escorts-510x638.jpg HTTP/1.1" 200 40765 "https://localklescort.com/kl-escort-gallery/nana-local-kl-escort/" "Mozilla/5.0 (Linux; Android 10; K) AppleWebKit/537.36 (KHTML, like Gecko) Chrome/140.0.0.0 Mobile Safari/537.36"
113.211.141.192 - - [08/Oct/2025:03:10:02 +0000] "GET /wp-content/uploads/2023/05/Nana-2-local-kl-escorts-510x638.jpg HTTP/1.1" 200 53293 "https://localklescort.com/kl-escort-gallery/nana-local-kl-escort/" "Mozilla/5.0 (Linux; Android 10; K) AppleWebKit/537.36 (KHTML, like Gecko) Chrome/140.0.0.0 Mobile Safari/537.36"
113.211.141.192 - - [08/Oct/2025:03:10:02 +0000] "GET /wp-content/uploads/2023/05/Lydia-6-local-kl-escorts-247x296.jpg HTTP/1.1" 200 17952 "https://localklescort.com/kl-escort-gallery/nana-local-kl-escort/" "Mozilla/5.0 (Linux; Android 10; K) AppleWebKit/537.36 (KHTML, like Gecko) Chrome/140.0.0.0 Mobile Safari/537.36"
113.211.141.192 - - [08/Oct/2025:03:10:01 +0000] "GET /wp-content/uploads/2023/03/Nana-local-kl-escort-mov.mp4 HTTP/1.1" 206 1650344 "https://localklescort.com/kl-escort-gallery/nana-local-kl-escort/" "Mozilla/5.0 (Linux; Android 10; K) AppleWebKit/537.36 (KHTML, like Gecko) Chrome/140.0.0.0 Mobile Safari/537.36"
113.211.141.192 - - [08/Oct/2025:03:10:02 +0000] "GET /wp-content/uploads/2023/05/Rita-3-local-kl-escort-247x296.jpg HTTP/1.1" 200 16614 "https://localklescort.com/kl-escort-gallery/nana-local-kl-escort/" "Mozilla/5.0 (Linux; Android 10; K) AppleWebKit/537.36 (KHTML, like Gecko) Chrome/140.0.0.0 Mobile Safari/537.36"
