83.68.238.146 - - [08/Oct/2025:01:05:50 +0000] "GET /wp-content/uploads/2023/09/b2b-kl-massage-020b-220x160.jpg HTTP/1.1" 200 19569 "https://b2bklmassage.net/010-2/" "Mozilla/5.0 (iPhone; CPU iPhone OS 18_6_2 like Mac OS X) AppleWebKit/605.1.15 (KHTML, like Gecko) EdgiOS/140.0.3485.94 Version/18.0 Mobile/15E148 Safari/604.1"
83.68.238.146 - - [08/Oct/2025:01:05:50 +0000] "GET /wp-content/uploads/2023/09/b2b-kl-massage-019b-110x80.jpg HTTP/1.1" 200 12137 "https://b2bklmassage.net/010-2/" "Mozilla/5.0 (iPhone; CPU iPhone OS 18_6_2 like Mac OS X) AppleWebKit/605.1.15 (KHTML, like Gecko) EdgiOS/140.0.3485.94 Version/18.0 Mobile/15E148 Safari/604.1"
83.68.238.146 - - [08/Oct/2025:01:05:50 +0000] "GET /wp-content/uploads/2023/09/b2b-kl-massage-019b-220x160.jpg HTTP/1.1" 200 18447 "https://b2bklmassage.net/010-2/" "Mozilla/5.0 (iPhone; CPU iPhone OS 18_6_2 like Mac OS X) AppleWebKit/605.1.15 (KHTML, like Gecko) EdgiOS/140.0.3485.94 Version/18.0 Mobile/15E148 Safari/604.1"
83.68.238.146 - - [08/Oct/2025:01:05:50 +0000] "GET /wp-content/uploads/2023/09/b2b-kl-massage-018b-110x80.jpg HTTP/1.1" 200 11907 "https://b2bklmassage.net/010-2/" "Mozilla/5.0 (iPhone; CPU iPhone OS 18_6_2 like Mac OS X) AppleWebKit/605.1.15 (KHTML, like Gecko) EdgiOS/140.0.3485.94 Version/18.0 Mobile/15E148 Safari/604.1"
83.68.238.146 - - [08/Oct/2025:01:05:50 +0000] "GET /wp-content/uploads/2023/09/b2b-kl-massage-018b-220x160.jpg HTTP/1.1" 200 16405 "https://b2bklmassage.net/010-2/" "Mozilla/5.0 (iPhone; CPU iPhone OS 18_6_2 like Mac OS X) AppleWebKit/605.1.15 (KHTML, like Gecko) EdgiOS/140.0.3485.94 Version/18.0 Mobile/15E148 Safari/604.1"
83.68.238.146 - - [08/Oct/2025:01:05:52 +0000] "GET /wp-content/uploads/2023/09/b2b-kl-massage-017c-110x80.jpg HTTP/1.1" 200 13480 "https://b2bklmassage.net/010-2/" "Mozilla/5.0 (iPhone; CPU iPhone OS 18_6_2 like Mac OS X) AppleWebKit/605.1.15 (KHTML, like Gecko) EdgiOS/140.0.3485.94 Version/18.0 Mobile/15E148 Safari/604.1"
83.68.238.146 - - [08/Oct/2025:01:05:52 +0000] "GET /wp-content/uploads/2023/09/b2b-kl-massage-017c-220x160.jpg HTTP/1.1" 200 20657 "https://b2bklmassage.net/010-2/" "Mozilla/5.0 (iPhone; CPU iPhone OS 18_6_2 like Mac OS X) AppleWebKit/605.1.15 (KHTML, like Gecko) EdgiOS/140.0.3485.94 Version/18.0 Mobile/15E148 Safari/604.1"
83.68.238.146 - - [08/Oct/2025:01:06:02 +0000] "GET /wp-content/uploads/2023/09/kl-b2b-massage-012a-850x1137.jpg HTTP/1.1" 200 166460 "https://b2bklmassage.net/" "Mozilla/5.0 (iPhone; CPU iPhone OS 18_6_2 like Mac OS X) AppleWebKit/605.1.15 (KHTML, like Gecko) EdgiOS/140.0.3485.94 Version/18.0 Mobile/15E148 Safari/604.1"
203.161.56.247 - - [08/Oct/2025:01:06:10 +0000] "POST /wp-cron.php?doing_wp_cron=1759885570.3579590320587158203125 HTTP/1.1" 200 - "-" "WordPress/6.8.3; https://b2bklmassage.net"
116.202.113.26 - - [08/Oct/2025:01:06:10 +0000] "POST /xmlrpc.php HTTP/1.1" 421 322 "-" "Mozilla/5.0 (Windows NT 10.0; Win64; x64) AppleWebKit/537.36 (KHTML, like Gecko) Chrome/126.0.0.0 Safari/537.36"
83.68.238.146 - - [08/Oct/2025:01:06:09 +0000] "GET /012-2/ HTTP/1.1" 200 14750 "https://b2bklmassage.net/" "Mozilla/5.0 (iPhone; CPU iPhone OS 18_6_2 like Mac OS X) AppleWebKit/605.1.15 (KHTML, like Gecko) EdgiOS/140.0.3485.94 Version/18.0 Mobile/15E148 Safari/604.1"
83.68.238.146 - - [08/Oct/2025:01:06:13 +0000] "GET /wp-content/uploads/2023/09/kl-b2b-massage-012d-569x758.jpg HTTP/1.1" 200 76036 "https://b2bklmassage.net/012-2/" "Mozilla/5.0 (iPhone; CPU iPhone OS 18_6_2 like Mac OS X) AppleWebKit/605.1.15 (KHTML, like Gecko) EdgiOS/140.0.3485.94 Version/18.0 Mobile/15E148 Safari/604.1"
83.68.238.146 - - [08/Oct/2025:01:06:13 +0000] "GET /wp-content/uploads/2023/09/kl-b2b-massage-012b-379x506.jpg HTTP/1.1" 200 35042 "https://b2bklmassage.net/012-2/" "Mozilla/5.0 (iPhone; CPU iPhone OS 18_6_2 like Mac OS X) AppleWebKit/605.1.15 (KHTML, like Gecko) EdgiOS/140.0.3485.94 Version/18.0 Mobile/15E148 Safari/604.1"
83.68.238.146 - - [08/Oct/2025:01:06:13 +0000] "GET /wp-content/uploads/2023/09/kl-b2b-massage-012a-379x506.jpg HTTP/1.1" 200 45747 "https://b2bklmassage.net/012-2/" "Mozilla/5.0 (iPhone; CPU iPhone OS 18_6_2 like Mac OS X) AppleWebKit/605.1.15 (KHTML, like Gecko) EdgiOS/140.0.3485.94 Version/18.0 Mobile/15E148 Safari/604.1"
83.68.238.146 - - [08/Oct/2025:01:06:22 +0000] "GET /wp-content/uploads/2023/09/b2b-kl-massage-006a-833x1136.jpg HTTP/1.1" 200 99333 "https://b2bklmassage.net/" "Mozilla/5.0 (iPhone; CPU iPhone OS 18_6_2 like Mac OS X) AppleWebKit/605.1.15 (KHTML, like Gecko) EdgiOS/140.0.3485.94 Version/18.0 Mobile/15E148 Safari/604.1"
198.136.48.34 - - [08/Oct/2025:01:06:27 +0000] "POST /xmlrpc.php HTTP/1.1" 421 322 "-" "Mozilla/5.0 (Windows NT 10.0; Win64; x64) AppleWebKit/537.36 (KHTML, like Gecko) Chrome/126.0.0.0 Safari/537.36"
203.161.56.247 - - [08/Oct/2025:01:06:38 +0000] "POST /wp-cron.php?doing_wp_cron=1759885598.6096539497375488281250 HTTP/1.1" 200 - "-" "WordPress/6.8.3; https://b2bklmassage.net"
83.68.238.146 - - [08/Oct/2025:01:06:37 +0000] "GET /009-2/ HTTP/1.1" 200 14815 "https://b2bklmassage.net/" "Mozilla/5.0 (iPhone; CPU iPhone OS 18_6_2 like Mac OS X) AppleWebKit/605.1.15 (KHTML, like Gecko) EdgiOS/140.0.3485.94 Version/18.0 Mobile/15E148 Safari/604.1"
83.68.238.146 - - [08/Oct/2025:01:06:39 +0000] "GET /wp-content/uploads/2023/09/b2b-kl-massage-009c-379x505.jpg HTTP/1.1" 200 35760 "https://b2bklmassage.net/009-2/" "Mozilla/5.0 (iPhone; CPU iPhone OS 18_6_2 like Mac OS X) AppleWebKit/605.1.15 (KHTML, like Gecko) EdgiOS/140.0.3485.94 Version/18.0 Mobile/15E148 Safari/604.1"
83.68.238.146 - - [08/Oct/2025:01:06:39 +0000] "GET /wp-content/uploads/2023/09/b2b-kl-massage-009a.jpg HTTP/1.1" 200 137138 "https://b2bklmassage.net/009-2/" "Mozilla/5.0 (iPhone; CPU iPhone OS 18_6_2 like Mac OS X) AppleWebKit/605.1.15 (KHTML, like Gecko) EdgiOS/140.0.3485.94 Version/18.0 Mobile/15E148 Safari/604.1"
83.68.238.146 - - [08/Oct/2025:01:06:39 +0000] "GET /wp-content/uploads/2023/09/b2b-kl-massage-009d-379x505.jpg HTTP/1.1" 200 34220 "https://b2bklmassage.net/009-2/" "Mozilla/5.0 (iPhone; CPU iPhone OS 18_6_2 like Mac OS X) AppleWebKit/605.1.15 (KHTML, like Gecko) EdgiOS/140.0.3485.94 Version/18.0 Mobile/15E148 Safari/604.1"
83.68.238.146 - - [08/Oct/2025:01:06:39 +0000] "GET /wp-content/uploads/2023/09/b2b-kl-massage-009c-569x758.jpg HTTP/1.1" 200 58666 "https://b2bklmassage.net/009-2/" "Mozilla/5.0 (iPhone; CPU iPhone OS 18_6_2 like Mac OS X) AppleWebKit/605.1.15 (KHTML, like Gecko) EdgiOS/140.0.3485.94 Version/18.0 Mobile/15E148 Safari/604.1"
83.68.238.146 - - [08/Oct/2025:01:06:41 +0000] "GET /wp-content/uploads/2023/09/b2b-kl-massage-009b-569x758.jpg HTTP/1.1" 200 54979 "https://b2bklmassage.net/009-2/" "Mozilla/5.0 (iPhone; CPU iPhone OS 18_6_2 like Mac OS X) AppleWebKit/605.1.15 (KHTML, like Gecko) EdgiOS/140.0.3485.94 Version/18.0 Mobile/15E148 Safari/604.1"
83.68.238.146 - - [08/Oct/2025:01:06:47 +0000] "GET /wp-content/uploads/2023/09/b2b-kl-massage-009b.jpg HTTP/1.1" 200 98618 "https://b2bklmassage.net/009-2/" "Mozilla/5.0 (iPhone; CPU iPhone OS 18_6_2 like Mac OS X) AppleWebKit/605.1.15 (KHTML, like Gecko) EdgiOS/140.0.3485.94 Version/18.0 Mobile/15E148 Safari/604.1"
83.68.238.146 - - [08/Oct/2025:01:07:05 +0000] "GET /wp-content/uploads/2023/09/b2b-kl-massage-003a-849x1136.jpg HTTP/1.1" 200 121110 "https://b2bklmassage.net/" "Mozilla/5.0 (iPhone; CPU iPhone OS 18_6_2 like Mac OS X) AppleWebKit/605.1.15 (KHTML, like Gecko) EdgiOS/140.0.3485.94 Version/18.0 Mobile/15E148 Safari/604.1"
83.68.238.146 - - [08/Oct/2025:01:07:06 +0000] "GET /wp-content/uploads/2023/09/b2b-kl-massage-005a-785x1050.jpg HTTP/1.1" 200 104960 "https://b2bklmassage.net/" "Mozilla/5.0 (iPhone; CPU iPhone OS 18_6_2 like Mac OS X) AppleWebKit/605.1.15 (KHTML, like Gecko) EdgiOS/140.0.3485.94 Version/18.0 Mobile/15E148 Safari/604.1"
203.161.56.247 - - [08/Oct/2025:01:07:13 +0000] "POST /wp-cron.php?doing_wp_cron=1759885633.6558890342712402343750 HTTP/1.1" 200 - "-" "WordPress/6.8.3; https://b2bklmassage.net"
83.68.238.146 - - [08/Oct/2025:01:07:12 +0000] "GET /005-2/ HTTP/1.1" 200 14809 "https://b2bklmassage.net/" "Mozilla/5.0 (iPhone; CPU iPhone OS 18_6_2 like Mac OS X) AppleWebKit/605.1.15 (KHTML, like Gecko) EdgiOS/140.0.3485.94 Version/18.0 Mobile/15E148 Safari/604.1"
83.68.238.146 - - [08/Oct/2025:01:07:14 +0000] "GET /wp-content/uploads/2023/09/b2b-kl-massage-005a.jpg HTTP/1.1" 200 116965 "https://b2bklmassage.net/005-2/" "Mozilla/5.0 (iPhone; CPU iPhone OS 18_6_2 like Mac OS X) AppleWebKit/605.1.15 (KHTML, like Gecko) EdgiOS/140.0.3485.94 Version/18.0 Mobile/15E148 Safari/604.1"
83.68.238.146 - - [08/Oct/2025:01:07:14 +0000] "GET /wp-content/uploads/2023/09/b2b-kl-massage-005e-569x765.jpg HTTP/1.1" 200 70661 "https://b2bklmassage.net/005-2/" "Mozilla/5.0 (iPhone; CPU iPhone OS 18_6_2 like Mac OS X) AppleWebKit/605.1.15 (KHTML, like Gecko) EdgiOS/140.0.3485.94 Version/18.0 Mobile/15E148 Safari/604.1"
83.68.238.146 - - [08/Oct/2025:01:07:15 +0000] "GET /wp-content/uploads/2023/09/b2b-kl-massage-005b-569x758.jpg HTTP/1.1" 200 83144 "https://b2bklmassage.net/005-2/" "Mozilla/5.0 (iPhone; CPU iPhone OS 18_6_2 like Mac OS X) AppleWebKit/605.1.15 (KHTML, like Gecko) EdgiOS/140.0.3485.94 Version/18.0 Mobile/15E148 Safari/604.1"
83.68.238.146 - - [08/Oct/2025:01:07:16 +0000] "GET /wp-content/uploads/2023/09/b2b-kl-massage-005a-569x701.jpg HTTP/1.1" 200 63230 "https://b2bklmassage.net/005-2/" "Mozilla/5.0 (iPhone; CPU iPhone OS 18_6_2 like Mac OS X) AppleWebKit/605.1.15 (KHTML, like Gecko) EdgiOS/140.0.3485.94 Version/18.0 Mobile/15E148 Safari/604.1"
83.68.238.146 - - [08/Oct/2025:01:07:35 +0000] "GET /wp-content/uploads/2022/08/01-594x396.jpg HTTP/1.1" 200 60126 "https://b2bklmassage.net/" "Mozilla/5.0 (iPhone; CPU iPhone OS 18_6_2 like Mac OS X) AppleWebKit/605.1.15 (KHTML, like Gecko) EdgiOS/140.0.3485.94 Version/18.0 Mobile/15E148 Safari/604.1"
203.161.56.247 - - [08/Oct/2025:01:07:52 +0000] "POST /wp-cron.php?doing_wp_cron=1759885672.4885799884796142578125 HTTP/1.1" 200 - "-" "WordPress/6.8.3; https://b2bklmassage.net"
83.68.238.146 - - [08/Oct/2025:01:07:51 +0000] "GET /018-2/ HTTP/1.1" 200 14722 "https://b2bklmassage.net/" "Mozilla/5.0 (iPhone; CPU iPhone OS 18_6_2 like Mac OS X) AppleWebKit/605.1.15 (KHTML, like Gecko) EdgiOS/140.0.3485.94 Version/18.0 Mobile/15E148 Safari/604.1"
83.68.238.146 - - [08/Oct/2025:01:07:54 +0000] "GET /wp-content/uploads/2023/09/b2b-kl-massage-018c-379x479.jpg HTTP/1.1" 200 48677 "https://b2bklmassage.net/018-2/" "Mozilla/5.0 (iPhone; CPU iPhone OS 18_6_2 like Mac OS X) AppleWebKit/605.1.15 (KHTML, like Gecko) EdgiOS/140.0.3485.94 Version/18.0 Mobile/15E148 Safari/604.1"
83.68.238.146 - - [08/Oct/2025:01:07:54 +0000] "GET /wp-content/uploads/2023/09/b2b-kl-massage-018c-569x719.jpg HTTP/1.1" 200 80614 "https://b2bklmassage.net/018-2/" "Mozilla/5.0 (iPhone; CPU iPhone OS 18_6_2 like Mac OS X) AppleWebKit/605.1.15 (KHTML, like Gecko) EdgiOS/140.0.3485.94 Version/18.0 Mobile/15E148 Safari/604.1"
83.68.238.146 - - [08/Oct/2025:01:07:55 +0000] "GET /wp-content/uploads/2023/09/b2b-kl-massage-018d-379x505.jpg HTTP/1.1" 200 43850 "https://b2bklmassage.net/018-2/" "Mozilla/5.0 (iPhone; CPU iPhone OS 18_6_2 like Mac OS X) AppleWebKit/605.1.15 (KHTML, like Gecko) EdgiOS/140.0.3485.94 Version/18.0 Mobile/15E148 Safari/604.1"
83.68.238.146 - - [08/Oct/2025:01:07:55 +0000] "GET /wp-content/uploads/2023/09/b2b-kl-massage-018d-569x758.jpg HTTP/1.1" 200 72992 "https://b2bklmassage.net/018-2/" "Mozilla/5.0 (iPhone; CPU iPhone OS 18_6_2 like Mac OS X) AppleWebKit/605.1.15 (KHTML, like Gecko) EdgiOS/140.0.3485.94 Version/18.0 Mobile/15E148 Safari/604.1"
83.68.238.146 - - [08/Oct/2025:01:07:55 +0000] "GET /wp-content/uploads/2023/09/b2b-kl-massage-018a-379x505.jpg HTTP/1.1" 200 50149 "https://b2bklmassage.net/018-2/" "Mozilla/5.0 (iPhone; CPU iPhone OS 18_6_2 like Mac OS X) AppleWebKit/605.1.15 (KHTML, like Gecko) EdgiOS/140.0.3485.94 Version/18.0 Mobile/15E148 Safari/604.1"
83.68.238.146 - - [08/Oct/2025:01:08:01 +0000] "GET /wp-content/uploads/2023/09/b2b-kl-massage-016b-110x80.jpg HTTP/1.1" 200 12189 "https://b2bklmassage.net/018-2/" "Mozilla/5.0 (iPhone; CPU iPhone OS 18_6_2 like Mac OS X) AppleWebKit/605.1.15 (KHTML, like Gecko) EdgiOS/140.0.3485.94 Version/18.0 Mobile/15E148 Safari/604.1"
83.68.238.146 - - [08/Oct/2025:01:08:01 +0000] "GET /wp-content/uploads/2023/09/b2b-kl-massage-016b-220x160.jpg HTTP/1.1" 200 17701 "https://b2bklmassage.net/018-2/" "Mozilla/5.0 (iPhone; CPU iPhone OS 18_6_2 like Mac OS X) AppleWebKit/605.1.15 (KHTML, like Gecko) EdgiOS/140.0.3485.94 Version/18.0 Mobile/15E148 Safari/604.1"
203.161.56.247 - - [08/Oct/2025:01:08:06 +0000] "POST /wp-cron.php?doing_wp_cron=1759885686.3501040935516357421875 HTTP/1.1" 200 - "-" "WordPress/6.8.3; https://b2bklmassage.net"
83.68.238.146 - - [08/Oct/2025:01:08:05 +0000] "GET /016-2/ HTTP/1.1" 200 14753 "https://b2bklmassage.net/018-2/" "Mozilla/5.0 (iPhone; CPU iPhone OS 18_6_2 like Mac OS X) AppleWebKit/605.1.15 (KHTML, like Gecko) EdgiOS/140.0.3485.94 Version/18.0 Mobile/15E148 Safari/604.1"
83.68.238.146 - - [08/Oct/2025:01:08:07 +0000] "GET /wp-content/uploads/2023/09/b2b-kl-massage-016a.jpg HTTP/1.1" 200 129896 "https://b2bklmassage.net/016-2/" "Mozilla/5.0 (iPhone; CPU iPhone OS 18_6_2 like Mac OS X) AppleWebKit/605.1.15 (KHTML, like Gecko) EdgiOS/140.0.3485.94 Version/18.0 Mobile/15E148 Safari/604.1"
83.68.238.146 - - [08/Oct/2025:01:08:07 +0000] "GET /wp-content/uploads/2023/09/b2b-kl-massage-016b-379x505.jpg HTTP/1.1" 200 39982 "https://b2bklmassage.net/016-2/" "Mozilla/5.0 (iPhone; CPU iPhone OS 18_6_2 like Mac OS X) AppleWebKit/605.1.15 (KHTML, like Gecko) EdgiOS/140.0.3485.94 Version/18.0 Mobile/15E148 Safari/604.1"
83.68.238.146 - - [08/Oct/2025:01:08:07 +0000] "GET /wp-content/uploads/2023/09/b2b-kl-massage-016b-569x758.jpg HTTP/1.1" 200 69174 "https://b2bklmassage.net/016-2/" "Mozilla/5.0 (iPhone; CPU iPhone OS 18_6_2 like Mac OS X) AppleWebKit/605.1.15 (KHTML, like Gecko) EdgiOS/140.0.3485.94 Version/18.0 Mobile/15E148 Safari/604.1"
83.68.238.146 - - [08/Oct/2025:01:08:07 +0000] "GET /wp-content/uploads/2023/09/b2b-kl-massage-016c-569x758.jpg HTTP/1.1" 200 68210 "https://b2bklmassage.net/016-2/" "Mozilla/5.0 (iPhone; CPU iPhone OS 18_6_2 like Mac OS X) AppleWebKit/605.1.15 (KHTML, like Gecko) EdgiOS/140.0.3485.94 Version/18.0 Mobile/15E148 Safari/604.1"
83.68.238.146 - - [08/Oct/2025:01:08:07 +0000] "GET /wp-content/uploads/2023/09/b2b-kl-massage-016c-379x505.jpg HTTP/1.1" 200 39151 "https://b2bklmassage.net/016-2/" "Mozilla/5.0 (iPhone; CPU iPhone OS 18_6_2 like Mac OS X) AppleWebKit/605.1.15 (KHTML, like Gecko) EdgiOS/140.0.3485.94 Version/18.0 Mobile/15E148 Safari/604.1"
83.68.238.146 - - [08/Oct/2025:01:08:07 +0000] "GET /wp-content/uploads/2023/09/b2b-kl-massage-016a-569x758.jpg HTTP/1.1" 200 67578 "https://b2bklmassage.net/016-2/" "Mozilla/5.0 (iPhone; CPU iPhone OS 18_6_2 like Mac OS X) AppleWebKit/605.1.15 (KHTML, like Gecko) EdgiOS/140.0.3485.94 Version/18.0 Mobile/15E148 Safari/604.1"
83.68.238.146 - - [08/Oct/2025:01:08:08 +0000] "GET /wp-content/uploads/2023/09/b2b-kl-massage-016e-379x505.jpg HTTP/1.1" 200 39671 "https://b2bklmassage.net/016-2/" "Mozilla/5.0 (iPhone; CPU iPhone OS 18_6_2 like Mac OS X) AppleWebKit/605.1.15 (KHTML, like Gecko) EdgiOS/140.0.3485.94 Version/18.0 Mobile/15E148 Safari/604.1"
83.68.238.146 - - [08/Oct/2025:01:08:08 +0000] "GET /wp-content/uploads/2023/09/b2b-kl-massage-016e-569x758.jpg HTTP/1.1" 200 70076 "https://b2bklmassage.net/016-2/" "Mozilla/5.0 (iPhone; CPU iPhone OS 18_6_2 like Mac OS X) AppleWebKit/605.1.15 (KHTML, like Gecko) EdgiOS/140.0.3485.94 Version/18.0 Mobile/15E148 Safari/604.1"
83.68.238.146 - - [08/Oct/2025:01:08:10 +0000] "GET /wp-content/uploads/2023/09/b2b-kl-massage-016d-379x505.jpg HTTP/1.1" 200 40144 "https://b2bklmassage.net/016-2/" "Mozilla/5.0 (iPhone; CPU iPhone OS 18_6_2 like Mac OS X) AppleWebKit/605.1.15 (KHTML, like Gecko) EdgiOS/140.0.3485.94 Version/18.0 Mobile/15E148 Safari/604.1"
83.68.238.146 - - [08/Oct/2025:01:08:10 +0000] "GET /wp-content/uploads/2023/09/b2b-kl-massage-016d-569x758.jpg HTTP/1.1" 200 69524 "https://b2bklmassage.net/016-2/" "Mozilla/5.0 (iPhone; CPU iPhone OS 18_6_2 like Mac OS X) AppleWebKit/605.1.15 (KHTML, like Gecko) EdgiOS/140.0.3485.94 Version/18.0 Mobile/15E148 Safari/604.1"
15.235.27.245 - - [08/Oct/2025:01:08:09 +0000] "GET /sitemap.rss HTTP/1.1" 200 1190 "-" "Mozilla/5.0 (compatible; AhrefsBot/7.0; +http://ahrefs.com/robot/)"
83.68.238.146 - - [08/Oct/2025:01:08:14 +0000] "GET /wp-content/uploads/2023/09/b2b-kl-massage-016c.jpg HTTP/1.1" 200 132665 "https://b2bklmassage.net/016-2/" "Mozilla/5.0 (iPhone; CPU iPhone OS 18_6_2 like Mac OS X) AppleWebKit/605.1.15 (KHTML, like Gecko) EdgiOS/140.0.3485.94 Version/18.0 Mobile/15E148 Safari/604.1"
83.68.238.146 - - [08/Oct/2025:01:08:14 +0000] "GET /wp-content/uploads/2023/09/b2b-kl-massage-016e.jpg HTTP/1.1" 200 140738 "https://b2bklmassage.net/016-2/" "Mozilla/5.0 (iPhone; CPU iPhone OS 18_6_2 like Mac OS X) AppleWebKit/605.1.15 (KHTML, like Gecko) EdgiOS/140.0.3485.94 Version/18.0 Mobile/15E148 Safari/604.1"
83.68.238.146 - - [08/Oct/2025:01:08:17 +0000] "GET /wp-content/uploads/2023/09/b2b-kl-massage-016b.jpg HTTP/1.1" 200 137601 "https://b2bklmassage.net/016-2/" "Mozilla/5.0 (iPhone; CPU iPhone OS 18_6_2 like Mac OS X) AppleWebKit/605.1.15 (KHTML, like Gecko) EdgiOS/140.0.3485.94 Version/18.0 Mobile/15E148 Safari/604.1"
83.68.238.146 - - [08/Oct/2025:01:08:18 +0000] "GET /wp-content/uploads/2023/09/b2b-kl-massage-016d.jpg HTTP/1.1" 200 137745 "https://b2bklmassage.net/016-2/" "Mozilla/5.0 (iPhone; CPU iPhone OS 18_6_2 like Mac OS X) AppleWebKit/605.1.15 (KHTML, like Gecko) EdgiOS/140.0.3485.94 Version/18.0 Mobile/15E148 Safari/604.1"
203.161.56.247 - - [08/Oct/2025:01:08:43 +0000] "POST /wp-cron.php?doing_wp_cron=1759885723.6117110252380371093750 HTTP/1.1" 200 - "-" "WordPress/6.8.3; https://b2bklmassage.net"
83.68.238.146 - - [08/Oct/2025:01:08:42 +0000] "GET /020-2/ HTTP/1.1" 200 14713 "https://b2bklmassage.net/" "Mozilla/5.0 (iPhone; CPU iPhone OS 18_6_2 like Mac OS X) AppleWebKit/605.1.15 (KHTML, like Gecko) EdgiOS/140.0.3485.94 Version/18.0 Mobile/15E148 Safari/604.1"
83.68.238.146 - - [08/Oct/2025:01:08:44 +0000] "GET /wp-content/uploads/2023/09/b2b-kl-massage-020a.jpg HTTP/1.1" 200 137472 "https://b2bklmassage.net/020-2/" "Mozilla/5.0 (iPhone; CPU iPhone OS 18_6_2 like Mac OS X) AppleWebKit/605.1.15 (KHTML, like Gecko) EdgiOS/140.0.3485.94 Version/18.0 Mobile/15E148 Safari/604.1"
83.68.238.146 - - [08/Oct/2025:01:08:44 +0000] "GET /wp-content/uploads/2023/09/b2b-kl-massage-020d-379x505.jpg HTTP/1.1" 200 39436 "https://b2bklmassage.net/020-2/" "Mozilla/5.0 (iPhone; CPU iPhone OS 18_6_2 like Mac OS X) AppleWebKit/605.1.15 (KHTML, like Gecko) EdgiOS/140.0.3485.94 Version/18.0 Mobile/15E148 Safari/604.1"
83.68.238.146 - - [08/Oct/2025:01:08:44 +0000] "GET /wp-content/uploads/2023/09/b2b-kl-massage-020c-569x758.jpg HTTP/1.1" 200 67319 "https://b2bklmassage.net/020-2/" "Mozilla/5.0 (iPhone; CPU iPhone OS 18_6_2 like Mac OS X) AppleWebKit/605.1.15 (KHTML, like Gecko) EdgiOS/140.0.3485.94 Version/18.0 Mobile/15E148 Safari/604.1"
83.68.238.146 - - [08/Oct/2025:01:08:44 +0000] "GET /wp-content/uploads/2023/09/b2b-kl-massage-020d-569x758.jpg HTTP/1.1" 200 67741 "https://b2bklmassage.net/020-2/" "Mozilla/5.0 (iPhone; CPU iPhone OS 18_6_2 like Mac OS X) AppleWebKit/605.1.15 (KHTML, like Gecko) EdgiOS/140.0.3485.94 Version/18.0 Mobile/15E148 Safari/604.1"
83.68.238.146 - - [08/Oct/2025:01:08:45 +0000] "GET /wp-content/uploads/2023/09/b2b-kl-massage-020c-379x505.jpg HTTP/1.1" 200 39696 "https://b2bklmassage.net/020-2/" "Mozilla/5.0 (iPhone; CPU iPhone OS 18_6_2 like Mac OS X) AppleWebKit/605.1.15 (KHTML, like Gecko) EdgiOS/140.0.3485.94 Version/18.0 Mobile/15E148 Safari/604.1"
83.68.238.146 - - [08/Oct/2025:01:08:45 +0000] "GET /wp-content/uploads/2023/09/b2b-kl-massage-020a-379x505.jpg HTTP/1.1" 200 42261 "https://b2bklmassage.net/020-2/" "Mozilla/5.0 (iPhone; CPU iPhone OS 18_6_2 like Mac OS X) AppleWebKit/605.1.15 (KHTML, like Gecko) EdgiOS/140.0.3485.94 Version/18.0 Mobile/15E148 Safari/604.1"
83.68.238.146 - - [08/Oct/2025:01:08:45 +0000] "GET /wp-content/uploads/2023/09/b2b-kl-massage-020a-569x758.jpg HTTP/1.1" 200 71934 "https://b2bklmassage.net/020-2/" "Mozilla/5.0 (iPhone; CPU iPhone OS 18_6_2 like Mac OS X) AppleWebKit/605.1.15 (KHTML, like Gecko) EdgiOS/140.0.3485.94 Version/18.0 Mobile/15E148 Safari/604.1"
83.68.238.146 - - [08/Oct/2025:01:08:45 +0000] "GET /wp-content/uploads/2023/09/b2b-kl-massage-020b-569x758.jpg HTTP/1.1" 200 80970 "https://b2bklmassage.net/020-2/" "Mozilla/5.0 (iPhone; CPU iPhone OS 18_6_2 like Mac OS X) AppleWebKit/605.1.15 (KHTML, like Gecko) EdgiOS/140.0.3485.94 Version/18.0 Mobile/15E148 Safari/604.1"
83.68.238.146 - - [08/Oct/2025:01:08:57 +0000] "GET /019-2/ HTTP/1.1" 200 11282 "https://b2bklmassage.net/" "Mozilla/5.0 (iPhone; CPU iPhone OS 18_6_2 like Mac OS X) AppleWebKit/605.1.15 (KHTML, like Gecko) EdgiOS/140.0.3485.94 Version/18.0 Mobile/15E148 Safari/604.1"
83.68.238.146 - - [08/Oct/2025:01:08:59 +0000] "GET /wp-content/uploads/2023/09/b2b-kl-massage-019a-379x638.jpg HTTP/1.1" 200 41186 "https://b2bklmassage.net/019-2/" "Mozilla/5.0 (iPhone; CPU iPhone OS 18_6_2 like Mac OS X) AppleWebKit/605.1.15 (KHTML, like Gecko) EdgiOS/140.0.3485.94 Version/18.0 Mobile/15E148 Safari/604.1"
83.68.238.146 - - [08/Oct/2025:01:08:59 +0000] "GET /wp-content/uploads/2023/09/b2b-kl-massage-019c-379x553.jpg HTTP/1.1" 200 44408 "https://b2bklmassage.net/019-2/" "Mozilla/5.0 (iPhone; CPU iPhone OS 18_6_2 like Mac OS X) AppleWebKit/605.1.15 (KHTML, like Gecko) EdgiOS/140.0.3485.94 Version/18.0 Mobile/15E148 Safari/604.1"
83.68.238.146 - - [08/Oct/2025:01:09:00 +0000] "GET /wp-content/uploads/2023/09/b2b-kl-massage-019c-569x830.jpg HTTP/1.1" 200 73859 "https://b2bklmassage.net/019-2/" "Mozilla/5.0 (iPhone; CPU iPhone OS 18_6_2 like Mac OS X) AppleWebKit/605.1.15 (KHTML, like Gecko) EdgiOS/140.0.3485.94 Version/18.0 Mobile/15E148 Safari/604.1"
83.68.238.146 - - [08/Oct/2025:01:09:00 +0000] "GET /wp-content/uploads/2023/09/b2b-kl-massage-019b-379x674.jpg HTTP/1.1" 200 54633 "https://b2bklmassage.net/019-2/" "Mozilla/5.0 (iPhone; CPU iPhone OS 18_6_2 like Mac OS X) AppleWebKit/605.1.15 (KHTML, like Gecko) EdgiOS/140.0.3485.94 Version/18.0 Mobile/15E148 Safari/604.1"
37.24.161.119 - - [08/Oct/2025:01:09:00 +0000] "POST /xmlrpc.php HTTP/1.1" 421 322 "-" "Mozilla/5.0 (Windows NT 10.0; Win64; x64) AppleWebKit/537.36 (KHTML, like Gecko) Chrome/126.0.0.0 Safari/537.36"
83.68.238.146 - - [08/Oct/2025:01:09:00 +0000] "GET /wp-content/uploads/2023/09/b2b-kl-massage-019b-569x1011.jpg HTTP/1.1" 200 93283 "https://b2bklmassage.net/019-2/" "Mozilla/5.0 (iPhone; CPU iPhone OS 18_6_2 like Mac OS X) AppleWebKit/605.1.15 (KHTML, like Gecko) EdgiOS/140.0.3485.94 Version/18.0 Mobile/15E148 Safari/604.1"
203.161.56.247 - - [08/Oct/2025:01:09:10 +0000] "POST /wp-cron.php?doing_wp_cron=1759885749.9991559982299804687500 HTTP/1.1" 200 - "-" "WordPress/6.8.3; https://b2bklmassage.net"
216.73.216.164 - - [08/Oct/2025:01:09:09 +0000] "GET /sitemap.xml HTTP/1.1" 200 395 "-" "Mozilla/5.0 AppleWebKit/537.36 (KHTML, like Gecko; compatible; ClaudeBot/1.0; +claudebot@anthropic.com)"
213.165.71.135 - - [08/Oct/2025:01:09:14 +0000] "POST /xmlrpc.php HTTP/1.1" 421 322 "-" "Mozilla/5.0 (Windows NT 10.0; Win64; x64) AppleWebKit/537.36 (KHTML, like Gecko) Chrome/126.0.0.0 Safari/537.36"
83.68.238.146 - - [08/Oct/2025:01:09:15 +0000] "GET /015-2/ HTTP/1.1" 200 14764 "https://b2bklmassage.net/" "Mozilla/5.0 (iPhone; CPU iPhone OS 18_6_2 like Mac OS X) AppleWebKit/605.1.15 (KHTML, like Gecko) EdgiOS/140.0.3485.94 Version/18.0 Mobile/15E148 Safari/604.1"
83.68.238.146 - - [08/Oct/2025:01:09:16 +0000] "GET /wp-content/uploads/2023/09/kl-b2b-massage-015b-379x489.jpg HTTP/1.1" 200 42863 "https://b2bklmassage.net/015-2/" "Mozilla/5.0 (iPhone; CPU iPhone OS 18_6_2 like Mac OS X) AppleWebKit/605.1.15 (KHTML, like Gecko) EdgiOS/140.0.3485.94 Version/18.0 Mobile/15E148 Safari/604.1"
83.68.238.146 - - [08/Oct/2025:01:09:16 +0000] "GET /wp-content/uploads/2023/09/kl-b2b-massage-015a.jpg HTTP/1.1" 200 120351 "https://b2bklmassage.net/015-2/" "Mozilla/5.0 (iPhone; CPU iPhone OS 18_6_2 like Mac OS X) AppleWebKit/605.1.15 (KHTML, like Gecko) EdgiOS/140.0.3485.94 Version/18.0 Mobile/15E148 Safari/604.1"
83.68.238.146 - - [08/Oct/2025:01:09:17 +0000] "GET /wp-content/uploads/2023/09/kl-b2b-massage-015c-569x758.jpg HTTP/1.1" 200 69091 "https://b2bklmassage.net/015-2/" "Mozilla/5.0 (iPhone; CPU iPhone OS 18_6_2 like Mac OS X) AppleWebKit/605.1.15 (KHTML, like Gecko) EdgiOS/140.0.3485.94 Version/18.0 Mobile/15E148 Safari/604.1"
83.68.238.146 - - [08/Oct/2025:01:09:17 +0000] "GET /wp-content/uploads/2023/09/kl-b2b-massage-015b-569x734.jpg HTTP/1.1" 200 70601 "https://b2bklmassage.net/015-2/" "Mozilla/5.0 (iPhone; CPU iPhone OS 18_6_2 like Mac OS X) AppleWebKit/605.1.15 (KHTML, like Gecko) EdgiOS/140.0.3485.94 Version/18.0 Mobile/15E148 Safari/604.1"
83.68.238.146 - - [08/Oct/2025:01:09:17 +0000] "GET /wp-content/uploads/2023/09/kl-b2b-massage-015c-379x505.jpg HTTP/1.1" 200 41151 "https://b2bklmassage.net/015-2/" "Mozilla/5.0 (iPhone; CPU iPhone OS 18_6_2 like Mac OS X) AppleWebKit/605.1.15 (KHTML, like Gecko) EdgiOS/140.0.3485.94 Version/18.0 Mobile/15E148 Safari/604.1"
83.68.238.146 - - [08/Oct/2025:01:09:17 +0000] "GET /wp-content/uploads/2023/09/kl-b2b-massage-015a-569x770.jpg HTTP/1.1" 200 65201 "https://b2bklmassage.net/015-2/" "Mozilla/5.0 (iPhone; CPU iPhone OS 18_6_2 like Mac OS X) AppleWebKit/605.1.15 (KHTML, like Gecko) EdgiOS/140.0.3485.94 Version/18.0 Mobile/15E148 Safari/604.1"
83.68.238.146 - - [08/Oct/2025:01:09:17 +0000] "GET /wp-content/uploads/2023/09/kl-b2b-massage-015d-379x505.jpg HTTP/1.1" 200 44897 "https://b2bklmassage.net/015-2/" "Mozilla/5.0 (iPhone; CPU iPhone OS 18_6_2 like Mac OS X) AppleWebKit/605.1.15 (KHTML, like Gecko) EdgiOS/140.0.3485.94 Version/18.0 Mobile/15E148 Safari/604.1"
83.68.238.146 - - [08/Oct/2025:01:09:17 +0000] "GET /wp-content/uploads/2023/09/kl-b2b-massage-015d-569x758.jpg HTTP/1.1" 200 75083 "https://b2bklmassage.net/015-2/" "Mozilla/5.0 (iPhone; CPU iPhone OS 18_6_2 like Mac OS X) AppleWebKit/605.1.15 (KHTML, like Gecko) EdgiOS/140.0.3485.94 Version/18.0 Mobile/15E148 Safari/604.1"
83.68.238.146 - - [08/Oct/2025:01:09:24 +0000] "GET /wp-content/uploads/2023/09/kl-b2b-massage-015c.jpg HTTP/1.1" 200 129696 "https://b2bklmassage.net/015-2/" "Mozilla/5.0 (iPhone; CPU iPhone OS 18_6_2 like Mac OS X) AppleWebKit/605.1.15 (KHTML, like Gecko) EdgiOS/140.0.3485.94 Version/18.0 Mobile/15E148 Safari/604.1"
83.68.238.146 - - [08/Oct/2025:01:09:24 +0000] "GET /wp-content/uploads/2023/09/kl-b2b-massage-015b.jpg HTTP/1.1" 200 132609 "https://b2bklmassage.net/015-2/" "Mozilla/5.0 (iPhone; CPU iPhone OS 18_6_2 like Mac OS X) AppleWebKit/605.1.15 (KHTML, like Gecko) EdgiOS/140.0.3485.94 Version/18.0 Mobile/15E148 Safari/604.1"
83.68.238.146 - - [08/Oct/2025:01:09:26 +0000] "GET /wp-content/uploads/2023/09/kl-b2b-massage-015d.jpg HTTP/1.1" 200 141201 "https://b2bklmassage.net/015-2/" "Mozilla/5.0 (iPhone; CPU iPhone OS 18_6_2 like Mac OS X) AppleWebKit/605.1.15 (KHTML, like Gecko) EdgiOS/140.0.3485.94 Version/18.0 Mobile/15E148 Safari/604.1"
144.91.79.199 - - [08/Oct/2025:01:09:42 +0000] "POST /xmlrpc.php HTTP/1.1" 421 322 "-" "Mozilla/5.0 (Windows NT 10.0; Win64; x64) AppleWebKit/537.36 (KHTML, like Gecko) Chrome/126.0.0.0 Safari/537.36"
171.244.32.203 - - [08/Oct/2025:01:10:25 +0000] "POST /xmlrpc.php HTTP/1.1" 421 322 "-" "Mozilla/5.0 (Windows NT 10.0; Win64; x64) AppleWebKit/537.36 (KHTML, like Gecko) Chrome/126.0.0.0 Safari/537.36"
161.142.142.76 - - [08/Oct/2025:01:10:25 +0000] "-" 408 - "-" "-"
161.142.142.76 - - [08/Oct/2025:01:10:25 +0000] "-" 408 - "-" "-"
203.161.56.247 - - [08/Oct/2025:01:10:30 +0000] "POST /wp-cron.php?doing_wp_cron=1759885830.4661140441894531250000 HTTP/1.1" 200 - "-" "WordPress/6.8.3; https://b2bklmassage.net"
184.154.139.45 - - [08/Oct/2025:01:10:28 +0000] "\n" 301 - "-" "-"
198.136.48.34 - - [08/Oct/2025:01:10:43 +0000] "POST /xmlrpc.php HTTP/1.1" 421 322 "-" "Mozilla/5.0 (Windows NT 10.0; Win64; x64) AppleWebKit/537.36 (KHTML, like Gecko) Chrome/126.0.0.0 Safari/537.36"
82.64.124.218 - - [08/Oct/2025:01:10:59 +0000] "POST /xmlrpc.php HTTP/1.1" 421 322 "-" "Mozilla/5.0 (Windows NT 10.0; Win64; x64) AppleWebKit/537.36 (KHTML, like Gecko) Chrome/126.0.0.0 Safari/537.36"
203.161.56.247 - - [08/Oct/2025:01:14:14 +0000] "POST /wp-cron.php?doing_wp_cron=1759886054.7905600070953369140625 HTTP/1.1" 200 - "-" "WordPress/6.8.3; https://b2bklmassage.net"
216.73.216.164 - - [08/Oct/2025:01:14:13 +0000] "GET /video-sitemap.xml HTTP/1.1" 404 267 "-" "Mozilla/5.0 AppleWebKit/537.36 (KHTML, like Gecko; compatible; ClaudeBot/1.0; +claudebot@anthropic.com)"
220.158.233.133 - - [08/Oct/2025:01:15:44 +0000] "POST /xmlrpc.php HTTP/1.1" 421 322 "-" "Mozilla/5.0 (Windows NT 10.0; Win64; x64) AppleWebKit/537.36 (KHTML, like Gecko) Chrome/126.0.0.0 Safari/537.36"
51.178.143.104 - - [08/Oct/2025:01:15:55 +0000] "POST /xmlrpc.php HTTP/1.1" 421 322 "-" "Mozilla/5.0 (Windows NT 10.0; Win64; x64) AppleWebKit/537.36 (KHTML, like Gecko) Chrome/126.0.0.0 Safari/537.36"
203.161.56.247 - - [08/Oct/2025:01:18:16 +0000] "POST /wp-cron.php?doing_wp_cron=1759886296.4351770877838134765625 HTTP/1.1" 200 - "-" "WordPress/6.8.3; https://b2bklmassage.net"
184.154.139.45 - - [08/Oct/2025:01:18:14 +0000] "\n" 301 - "-" "-"
85.10.206.80 - - [08/Oct/2025:01:20:53 +0000] "POST /xmlrpc.php HTTP/1.1" 421 322 "-" "Mozilla/5.0 (Windows NT 10.0; Win64; x64) AppleWebKit/537.36 (KHTML, like Gecko) Chrome/126.0.0.0 Safari/537.36"
164.90.142.34 - - [08/Oct/2025:01:21:06 +0000] "POST /xmlrpc.php HTTP/1.1" 421 322 "-" "Mozilla/5.0 (Windows NT 10.0; Win64; x64) AppleWebKit/537.36 (KHTML, like Gecko) Chrome/126.0.0.0 Safari/537.36"
62.146.234.58 - - [08/Oct/2025:01:23:20 +0000] "POST /xmlrpc.php HTTP/1.1" 421 322 "-" "Mozilla/5.0 (Windows NT 10.0; Win64; x64) AppleWebKit/537.36 (KHTML, like Gecko) Chrome/126.0.0.0 Safari/537.36"
103.7.41.205 - - [08/Oct/2025:01:23:43 +0000] "POST /xmlrpc.php HTTP/1.1" 421 322 "-" "Mozilla/5.0 (Windows NT 10.0; Win64; x64) AppleWebKit/537.36 (KHTML, like Gecko) Chrome/126.0.0.0 Safari/537.36"
203.161.56.247 - - [08/Oct/2025:01:24:15 +0000] "POST /wp-cron.php?doing_wp_cron=1759886655.7290799617767333984375 HTTP/1.1" 200 - "-" "WordPress/6.8.3; https://b2bklmassage.net"
86.54.31.38 - - [08/Oct/2025:01:24:14 +0000] "GET / HTTP/1.1" 301 - "-" "Mozilla/5.0 (X11; Linux x86_64) AppleWebKit/537.36 (KHTML, like Gecko) Chrome/98.0.4758.102 Safari/537.36"
86.54.31.38 - - [08/Oct/2025:01:24:17 +0000] "GET / HTTP/1.1" 200 153374 "-" "Mozilla/5.0 (X11; Linux x86_64) AppleWebKit/537.36 (KHTML, like Gecko) Chrome/98.0.4758.102 Safari/537.36"
203.161.56.247 - - [08/Oct/2025:01:24:26 +0000] "POST /wp-cron.php?doing_wp_cron=1759886666.5033829212188720703125 HTTP/1.1" 200 - "-" "WordPress/6.8.3; https://b2bklmassage.net"
86.54.31.38 - - [08/Oct/2025:01:24:25 +0000] "\n" 301 - "-" "-"
86.54.31.38 - - [08/Oct/2025:01:24:26 +0000] "\n" 301 - "-" "-"
86.54.31.38 - - [08/Oct/2025:01:24:27 +0000] "\n" 301 - "-" "-"
86.54.31.38 - - [08/Oct/2025:01:24:28 +0000] "\n" 301 - "-" "-"
86.54.31.38 - - [08/Oct/2025:01:24:33 +0000] "GET /robots.txt HTTP/1.1" 200 270 "-" "-"
120.140.41.31 - - [08/Oct/2025:01:24:35 +0000] "-" 408 - "-" "-"
86.54.31.38 - - [08/Oct/2025:01:24:41 +0000] "GET /sitemap.xml HTTP/1.1" 200 806 "-" "-"
86.54.31.38 - - [08/Oct/2025:01:24:44 +0000] "GET /.well-known/security.txt HTTP/1.1" 404 42995 "-" "-"
86.54.31.38 - - [08/Oct/2025:01:24:46 +0000] "GET /favicon.ico HTTP/1.1" 302 - "-" "Mozilla/5.0 (Windows NT 10.0; Win64; x64) AppleWebKit/537.36 (KHTML, like Gecko) Chrome/102.0.5005.63 Safari/537.36"
203.161.56.247 - - [08/Oct/2025:01:29:21 +0000] "POST /wp-cron.php?doing_wp_cron=1759886961.7529850006103515625000 HTTP/1.1" 200 - "-" "WordPress/6.8.3; https://b2bklmassage.net"
91.196.152.162 - - [08/Oct/2025:01:29:20 +0000] "GET / HTTP/1.1" 301 - "-" "Mozilla/5.0 (X11; Ubuntu; Linux x86_64; rv:134.0) Gecko/20100101 Firefox/134.0"
139.59.60.172 - - [08/Oct/2025:01:31:41 +0000] "POST /xmlrpc.php HTTP/1.1" 421 322 "-" "Mozilla/5.0 (Windows NT 10.0; Win64; x64) AppleWebKit/537.36 (KHTML, like Gecko) Chrome/126.0.0.0 Safari/537.36"
198.136.48.34 - - [08/Oct/2025:01:31:53 +0000] "POST /xmlrpc.php HTTP/1.1" 421 322 "-" "Mozilla/5.0 (Windows NT 10.0; Win64; x64) AppleWebKit/537.36 (KHTML, like Gecko) Chrome/126.0.0.0 Safari/537.36"
50.6.224.234 - - [08/Oct/2025:01:32:33 +0000] "POST /xmlrpc.php HTTP/1.1" 421 322 "-" "Mozilla/5.0 (Windows NT 10.0; Win64; x64) AppleWebKit/537.36 (KHTML, like Gecko) Chrome/126.0.0.0 Safari/537.36"
203.161.56.247 - - [08/Oct/2025:01:36:39 +0000] "POST /wp-cron.php?doing_wp_cron=1759887399.4294929504394531250000 HTTP/1.1" 200 - "-" "WordPress/6.8.3; https://b2bklmassage.net"
91.196.152.44 - - [08/Oct/2025:01:36:37 +0000] "GET /favicon.ico HTTP/1.1" 302 - "-" "Mozilla/5.0 (X11; Ubuntu; Linux x86_64; rv:134.0) Gecko/20100101 Firefox/134.0"
69.163.178.127 - - [08/Oct/2025:01:37:09 +0000] "POST /xmlrpc.php HTTP/1.1" 421 322 "-" "Mozilla/5.0 (Windows NT 10.0; Win64; x64) AppleWebKit/537.36 (KHTML, like Gecko) Chrome/126.0.0.0 Safari/537.36"
192.248.95.74 - - [08/Oct/2025:01:37:26 +0000] "POST /xmlrpc.php HTTP/1.1" 421 322 "-" "Mozilla/5.0 (Windows NT 10.0; Win64; x64) AppleWebKit/537.36 (KHTML, like Gecko) Chrome/126.0.0.0 Safari/537.36"
203.161.56.247 - - [08/Oct/2025:01:37:27 +0000] "POST /wp-cron.php?doing_wp_cron=1759887447.2627429962158203125000 HTTP/1.1" 200 - "-" "WordPress/6.8.3; https://b2bklmassage.net"
216.73.216.164 - - [08/Oct/2025:01:37:25 +0000] "GET /sitemap.rss HTTP/1.1" 200 1190 "-" "Mozilla/5.0 AppleWebKit/537.36 (KHTML, like Gecko; compatible; ClaudeBot/1.0; +claudebot@anthropic.com)"
116.202.113.26 - - [08/Oct/2025:01:37:59 +0000] "POST /xmlrpc.php HTTP/1.1" 421 322 "-" "Mozilla/5.0 (Windows NT 10.0; Win64; x64) AppleWebKit/537.36 (KHTML, like Gecko) Chrome/126.0.0.0 Safari/537.36"
104.239.42.112 - - [08/Oct/2025:01:39:36 +0000] "GET / HTTP/1.1" 200 153397 "-" "Mozilla/5.0+(compatible;+Googlebot/2.1;++http://www.google.com/bot.html)"
104.239.42.112 - - [08/Oct/2025:01:39:41 +0000] "GET / HTTP/1.1" 200 153392 "-" "Mozilla/5.0 (Windows NT 10.0; Win64; x64) AppleWebKit/537.36 (KHTML, like Gecko) Chrome/132.0.0.0 Safari/537.36"
103.74.119.31 - - [08/Oct/2025:01:40:59 +0000] "POST /xmlrpc.php HTTP/1.1" 421 322 "-" "Mozilla/5.0 (Windows NT 10.0; Win64; x64) AppleWebKit/537.36 (KHTML, like Gecko) Chrome/126.0.0.0 Safari/537.36"
51.75.170.45 - - [08/Oct/2025:01:41:36 +0000] "POST /xmlrpc.php HTTP/1.1" 421 322 "-" "Mozilla/5.0 (Windows NT 10.0; Win64; x64) AppleWebKit/537.36 (KHTML, like Gecko) Chrome/126.0.0.0 Safari/537.36"
203.161.56.247 - - [08/Oct/2025:01:42:14 +0000] "POST /wp-cron.php?doing_wp_cron=1759887734.2502999305725097656250 HTTP/1.1" 200 - "-" "WordPress/6.8.3; https://b2bklmassage.net"
93.123.109.214 - - [08/Oct/2025:01:42:12 +0000] "GET / HTTP/1.1" 400 153450 "-" "-"
93.123.109.214 - - [08/Oct/2025:01:42:18 +0000] "GET / HTTP/1.1" 301 - "-" "l9tcpid/v1.1.0"
43.173.181.99 - - [08/Oct/2025:01:42:26 +0000] "-" 408 - "-" "-"
202.29.30.120 - - [08/Oct/2025:01:44:08 +0000] "POST /xmlrpc.php HTTP/1.1" 421 322 "-" "Mozilla/5.0 (Windows NT 10.0; Win64; x64) AppleWebKit/537.36 (KHTML, like Gecko) Chrome/126.0.0.0 Safari/537.36"
91.121.34.215 - - [08/Oct/2025:01:44:24 +0000] "POST /xmlrpc.php HTTP/1.1" 421 322 "-" "Mozilla/5.0 (Windows NT 10.0; Win64; x64) AppleWebKit/537.36 (KHTML, like Gecko) Chrome/126.0.0.0 Safari/537.36"
182.42.105.144 - - [08/Oct/2025:01:44:41 +0000] "GET / HTTP/1.1" 200 24284 "http://www.b2bklmassage.net" "Mozilla/5.0 (iPhone; CPU iPhone OS 13_2_3 like Mac OS X) AppleWebKit/605.1.15 (KHTML, like Gecko) Version/13.0.3 Mobile/15E148 Safari/604.1"
88.99.162.239 - - [08/Oct/2025:01:45:52 +0000] "POST /xmlrpc.php HTTP/1.1" 421 322 "-" "Mozilla/5.0 (Windows NT 10.0; Win64; x64) AppleWebKit/537.36 (KHTML, like Gecko) Chrome/126.0.0.0 Safari/537.36"
203.161.56.247 - - [08/Oct/2025:01:46:24 +0000] "POST /wp-cron.php?doing_wp_cron=1759887984.3025469779968261718750 HTTP/1.1" 200 - "-" "WordPress/6.8.3; https://b2bklmassage.net"
110.249.202.98 - - [08/Oct/2025:01:46:22 +0000] "GET /robots.txt HTTP/1.1" 200 135 "-" "Mozilla/5.0 (Linux; Android 5.0) AppleWebKit/537.36 (KHTML, like Gecko) Mobile Safari/537.36 (compatible; Bytespider; https://zhanzhang.toutiao.com/)"
203.161.56.247 - - [08/Oct/2025:01:48:17 +0000] "POST /wp-cron.php?doing_wp_cron=1759888097.1303699016571044921875 HTTP/1.1" 200 - "-" "WordPress/6.8.3; https://b2bklmassage.net"
14.145.27.217 - - [08/Oct/2025:01:48:15 +0000] "GET / HTTP/1.1" 301 - "-" "Mozilla/5.0 (iPhone; CPU iPhone OS 18_3_2 like Mac OS X) AppleWebKit/605.1.15 (KHTML, like Gecko) GSA/363.0.743255906 Mobile/15E148 Safari/604.1"
14.145.27.217 - - [08/Oct/2025:01:48:17 +0000] "GET / HTTP/1.1" 200 24272 "-" "Mozilla/5.0 (iPhone; CPU iPhone OS 18_3_2 like Mac OS X) AppleWebKit/605.1.15 (KHTML, like Gecko) GSA/363.0.743255906 Mobile/15E148 Safari/604.1"
157.10.199.30 - - [08/Oct/2025:01:48:56 +0000] "POST /xmlrpc.php HTTP/1.1" 421 322 "-" "Mozilla/5.0 (Windows NT 10.0; Win64; x64) AppleWebKit/537.36 (KHTML, like Gecko) Chrome/126.0.0.0 Safari/537.36"
78.157.49.100 - - [08/Oct/2025:01:49:05 +0000] "POST /xmlrpc.php HTTP/1.1" 421 322 "-" "Mozilla/5.0 (Windows NT 10.0; Win64; x64) AppleWebKit/537.36 (KHTML, like Gecko) Chrome/126.0.0.0 Safari/537.36"
167.172.161.100 - - [08/Oct/2025:01:49:15 +0000] "POST /xmlrpc.php HTTP/1.1" 421 322 "-" "Mozilla/5.0 (Windows NT 10.0; Win64; x64) AppleWebKit/537.36 (KHTML, like Gecko) Chrome/126.0.0.0 Safari/537.36"
151.80.19.225 - - [08/Oct/2025:01:49:30 +0000] "POST /xmlrpc.php HTTP/1.1" 421 322 "-" "Mozilla/5.0 (Windows NT 10.0; Win64; x64) AppleWebKit/537.36 (KHTML, like Gecko) Chrome/126.0.0.0 Safari/537.36"
162.144.234.153 - - [08/Oct/2025:01:49:52 +0000] "POST /xmlrpc.php HTTP/1.1" 421 322 "-" "Mozilla/5.0 (Windows NT 10.0; Win64; x64) AppleWebKit/537.36 (KHTML, like Gecko) Chrome/126.0.0.0 Safari/537.36"
103.176.179.125 - - [08/Oct/2025:01:50:06 +0000] "POST /xmlrpc.php HTTP/1.1" 421 322 "-" "Mozilla/5.0 (Windows NT 10.0; Win64; x64) AppleWebKit/537.36 (KHTML, like Gecko) Chrome/126.0.0.0 Safari/537.36"
203.161.56.247 - - [08/Oct/2025:01:50:10 +0000] "POST /wp-cron.php?doing_wp_cron=1759888210.8017849922180175781250 HTTP/1.1" 200 - "-" "WordPress/6.8.3; https://b2bklmassage.net"
167.94.138.178 - - [08/Oct/2025:01:50:08 +0000] "GET / HTTP/1.1" 301 - "-" "Mozilla/5.0 (compatible; CensysInspect/1.1; +https://about.censys.io/)"
78.157.49.100 - - [08/Oct/2025:01:50:16 +0000] "POST /xmlrpc.php HTTP/1.1" 421 322 "-" "Mozilla/5.0 (Windows NT 10.0; Win64; x64) AppleWebKit/537.36 (KHTML, like Gecko) Chrome/126.0.0.0 Safari/537.36"
202.28.78.81 - - [08/Oct/2025:01:50:25 +0000] "POST /xmlrpc.php HTTP/1.1" 421 322 "-" "Mozilla/5.0 (Windows NT 10.0; Win64; x64) AppleWebKit/537.36 (KHTML, like Gecko) Chrome/126.0.0.0 Safari/537.36"
164.92.134.102 - - [08/Oct/2025:01:50:52 +0000] "POST /xmlrpc.php HTTP/1.1" 421 322 "-" "Mozilla/5.0 (Windows NT 10.0; Win64; x64) AppleWebKit/537.36 (KHTML, like Gecko) Chrome/126.0.0.0 Safari/537.36"
164.92.134.102 - - [08/Oct/2025:01:51:19 +0000] "POST /xmlrpc.php HTTP/1.1" 421 322 "-" "Mozilla/5.0 (Windows NT 10.0; Win64; x64) AppleWebKit/537.36 (KHTML, like Gecko) Chrome/126.0.0.0 Safari/537.36"
203.161.56.247 - - [08/Oct/2025:01:51:33 +0000] "POST /wp-cron.php?doing_wp_cron=1759888293.5660610198974609375000 HTTP/1.1" 200 - "-" "WordPress/6.8.3; https://b2bklmassage.net"
167.94.138.178 - - [08/Oct/2025:01:51:32 +0000] "GET / HTTP/1.1" 200 24280 "-" "Mozilla/5.0 (compatible; CensysInspect/1.1; +https://about.censys.io/)"
50.6.224.234 - - [08/Oct/2025:01:51:35 +0000] "POST /xmlrpc.php HTTP/1.1" 421 322 "-" "Mozilla/5.0 (Windows NT 10.0; Win64; x64) AppleWebKit/537.36 (KHTML, like Gecko) Chrome/126.0.0.0 Safari/537.36"
167.94.138.178 - - [08/Oct/2025:01:51:34 +0000] "GET /favicon.ico HTTP/1.1" 302 - "-" "Mozilla/5.0 (compatible; CensysInspect/1.1; +https://about.censys.io/)"
167.94.138.178 - - [08/Oct/2025:01:51:35 +0000] "GET /wp-includes/images/w-logo-blue-white-bg.png HTTP/1.1" 200 4119 "https://b2bklmassage.net/favicon.ico" "Mozilla/5.0 (compatible; CensysInspect/1.1; +https://about.censys.io/)"
82.165.60.30 - - [08/Oct/2025:01:51:54 +0000] "POST /xmlrpc.php HTTP/1.1" 421 322 "-" "Mozilla/5.0 (Windows NT 10.0; Win64; x64) AppleWebKit/537.36 (KHTML, like Gecko) Chrome/126.0.0.0 Safari/537.36"
203.161.56.247 - - [08/Oct/2025:01:52:16 +0000] "POST /wp-cron.php?doing_wp_cron=1759888336.7527089118957519531250 HTTP/1.1" 200 - "-" "WordPress/6.8.3; https://b2bklmassage.net"
167.94.138.178 - - [08/Oct/2025:01:52:15 +0000] "GET / HTTP/1.1" 301 - "-" "Mozilla/5.0 (compatible; CensysInspect/1.1; +https://about.censys.io/)"
62.146.234.58 - - [08/Oct/2025:01:54:10 +0000] "POST /xmlrpc.php HTTP/1.1" 421 322 "-" "Mozilla/5.0 (Windows NT 10.0; Win64; x64) AppleWebKit/537.36 (KHTML, like Gecko) Chrome/126.0.0.0 Safari/537.36"
185.12.251.124 - - [08/Oct/2025:01:54:55 +0000] "GET / HTTP/1.1" 200 24274 "http://b2bklmassage.net/" "Mozilla/5.0 (Windows NT 10.0; Win64; x64; rv:123.0) Gecko/20100101 Firefox/123"
185.202.223.11 - - [08/Oct/2025:01:56:41 +0000] "POST /xmlrpc.php HTTP/1.1" 421 322 "-" "Mozilla/5.0 (Windows NT 10.0; Win64; x64) AppleWebKit/537.36 (KHTML, like Gecko) Chrome/126.0.0.0 Safari/537.36"
162.241.138.4 - - [08/Oct/2025:01:59:19 +0000] "POST /xmlrpc.php HTTP/1.1" 421 322 "-" "Mozilla/5.0 (Windows NT 10.0; Win64; x64) AppleWebKit/537.36 (KHTML, like Gecko) Chrome/126.0.0.0 Safari/537.36"
41.76.108.144 - - [08/Oct/2025:01:59:56 +0000] "POST /xmlrpc.php HTTP/1.1" 421 322 "-" "Mozilla/5.0 (Windows NT 10.0; Win64; x64) AppleWebKit/537.36 (KHTML, like Gecko) Chrome/126.0.0.0 Safari/537.36"
112.4.101.66 - - [08/Oct/2025:02:02:02 +0000] "GET / HTTP/1.0" 301 - "-" "-"
203.161.56.247 - - [08/Oct/2025:02:02:14 +0000] "POST /wp-cron.php?doing_wp_cron=1759888934.8958549499511718750000 HTTP/1.1" 200 - "-" "WordPress/6.8.3; https://b2bklmassage.net"
112.4.101.66 - - [08/Oct/2025:02:02:13 +0000] "GET / HTTP/1.1" 200 153390 "-" "curl/7.29.0"
112.4.101.66 - - [08/Oct/2025:02:02:16 +0000] "t3 12.1.2\n" 404 42943 "-" "-"
203.161.56.247 - - [08/Oct/2025:02:02:45 +0000] "POST /wp-cron.php?doing_wp_cron=1759888965.1912450790405273437500 HTTP/1.1" 200 - "-" "WordPress/6.8.3; https://b2bklmassage.net"
106.75.101.70 - - [08/Oct/2025:02:02:43 +0000] "GET / HTTP/1.1" 200 24276 "-" "Mozilla/5.0 (Windows NT 9_2_1; Win64; x64) AppleWebKit/553.41 (KHTML, like Gecko) Chrome/90.0.1979 Safari/537.36"
106.75.101.70 - - [08/Oct/2025:02:02:51 +0000] "GET /favicon.ico HTTP/1.1" 302 - "-" "Go-http-client/1.1"
106.75.101.70 - - [08/Oct/2025:02:02:53 +0000] "GET /wp-includes/images/w-logo-blue-white-bg.png HTTP/1.1" 200 4119 "https://b2bklmassage.net/favicon.ico" "Go-http-client/1.1"
106.75.101.70 - - [08/Oct/2025:02:02:53 +0000] "GET /wp-content/plugins/contact-form-7/includes/js/index.js?ver=6.1.1 HTTP/1.1" 200 4265 "-" "Go-http-client/1.1"
106.75.101.70 - - [08/Oct/2025:02:02:54 +0000] "GET /wp-content/plugins/contact-form-7/includes/swv/js/index.js?ver=6.1.1 HTTP/1.1" 200 3503 "-" "Go-http-client/1.1"
106.75.101.70 - - [08/Oct/2025:02:02:55 +0000] "GET /sitemap.xml HTTP/1.1" 200 395 "-" "Go-http-client/1.1"
106.75.101.70 - - [08/Oct/2025:02:02:55 +0000] "GET /robots.txt HTTP/1.1" 200 135 "-" "Go-http-client/1.1"
106.75.30.104 - - [08/Oct/2025:02:03:02 +0000] "GET /favicon.ico HTTP/1.1" 302 - "-" "Go-http-client/1.1"
106.75.30.104 - - [08/Oct/2025:02:03:04 +0000] "GET /wp-includes/images/w-logo-blue-white-bg.png HTTP/1.1" 200 4119 "https://b2bklmassage.net/favicon.ico" "Go-http-client/1.1"
203.161.56.247 - - [08/Oct/2025:02:03:06 +0000] "POST /wp-cron.php?doing_wp_cron=1759888986.1330959796905517578125 HTTP/1.1" 200 - "-" "WordPress/6.8.3; https://b2bklmassage.net"
106.75.30.104 - - [08/Oct/2025:02:03:05 +0000] "GET /sitemap.xml HTTP/1.1" 200 395 "-" "Go-http-client/1.1"
106.75.30.104 - - [08/Oct/2025:02:03:05 +0000] "GET /robots.txt HTTP/1.1" 200 135 "-" "Go-http-client/1.1"
203.161.56.247 - - [08/Oct/2025:02:05:13 +0000] "POST /wp-cron.php?doing_wp_cron=1759889113.4805970191955566406250 HTTP/1.1" 200 - "-" "WordPress/6.8.3; https://b2bklmassage.net"
170.64.215.121 - - [08/Oct/2025:02:05:11 +0000] "GET /.git/config HTTP/1.1" 404 11351 "-" "Mozilla/5.0 (X11; Linux x86_64) AppleWebKit/537.36 (KHTML, like Gecko) Chrome/81.0.4044.129 Safari/537.36"
203.161.56.247 - - [08/Oct/2025:02:06:36 +0000] "POST /wp-cron.php?doing_wp_cron=1759889196.7751989364624023437500 HTTP/1.1" 200 - "-" "WordPress/6.8.3; https://b2bklmassage.net"
216.73.216.164 - - [08/Oct/2025:02:06:35 +0000] "GET /robots.txt HTTP/1.1" 200 135 "-" "Mozilla/5.0 AppleWebKit/537.36 (KHTML, like Gecko; compatible; ClaudeBot/1.0; +claudebot@anthropic.com)"
216.73.216.164 - - [08/Oct/2025:02:06:36 +0000] "GET /news-sitemap.xml HTTP/1.1" 404 285 "-" "Mozilla/5.0 AppleWebKit/537.36 (KHTML, like Gecko; compatible; ClaudeBot/1.0; +claudebot@anthropic.com)"
203.161.56.247 - - [08/Oct/2025:02:07:35 +0000] "POST /wp-cron.php?doing_wp_cron=1759889255.3530399799346923828125 HTTP/1.1" 200 - "-" "WordPress/6.8.3; https://b2bklmassage.net"
51.161.65.47 - - [08/Oct/2025:02:07:33 +0000] "GET /018-2/ HTTP/1.1" 200 14727 "-" "Mozilla/5.0 (compatible; AhrefsBot/7.0; +http://ahrefs.com/robot/)"
203.161.56.247 - - [08/Oct/2025:02:09:21 +0000] "POST /wp-cron.php?doing_wp_cron=1759889361.2068459987640380859375 HTTP/1.1" 200 - "-" "WordPress/6.8.3; https://b2bklmassage.net"
216.73.216.164 - - [08/Oct/2025:02:09:19 +0000] "GET /sitemap.xml HTTP/1.1" 200 395 "-" "Mozilla/5.0 AppleWebKit/537.36 (KHTML, like Gecko; compatible; ClaudeBot/1.0; +claudebot@anthropic.com)"
34.23.42.151 - - [08/Oct/2025:02:10:06 +0000] "POST /xmlrpc.php HTTP/1.1" 421 322 "-" "Mozilla/5.0 (Windows NT 10.0; Win64; x64) AppleWebKit/537.36 (KHTML, like Gecko) Chrome/126.0.0.0 Safari/537.36"
103.11.101.130 - - [08/Oct/2025:02:10:23 +0000] "POST /xmlrpc.php HTTP/1.1" 421 322 "-" "Mozilla/5.0 (Windows NT 10.0; Win64; x64) AppleWebKit/537.36 (KHTML, like Gecko) Chrome/126.0.0.0 Safari/537.36"
139.59.60.172 - - [08/Oct/2025:02:10:41 +0000] "POST /xmlrpc.php HTTP/1.1" 421 322 "-" "Mozilla/5.0 (Windows NT 10.0; Win64; x64) AppleWebKit/537.36 (KHTML, like Gecko) Chrome/126.0.0.0 Safari/537.36"
202.28.78.81 - - [08/Oct/2025:02:13:21 +0000] "POST /xmlrpc.php HTTP/1.1" 421 322 "-" "Mozilla/5.0 (Windows NT 10.0; Win64; x64) AppleWebKit/537.36 (KHTML, like Gecko) Chrome/126.0.0.0 Safari/537.36"
82.165.60.30 - - [08/Oct/2025:02:22:17 +0000] "POST /xmlrpc.php HTTP/1.1" 421 322 "-" "Mozilla/5.0 (Windows NT 10.0; Win64; x64) AppleWebKit/537.36 (KHTML, like Gecko) Chrome/126.0.0.0 Safari/537.36"
103.2.230.87 - - [08/Oct/2025:02:22:20 +0000] "POST /xmlrpc.php HTTP/1.1" 421 322 "-" "Mozilla/5.0 (Windows NT 10.0; Win64; x64) AppleWebKit/537.36 (KHTML, like Gecko) Chrome/126.0.0.0 Safari/537.36"
203.161.56.247 - - [08/Oct/2025:02:31:15 +0000] "POST /wp-cron.php?doing_wp_cron=1759890675.5790889263153076171875 HTTP/1.1" 200 - "-" "WordPress/6.8.3; https://b2bklmassage.net"
216.73.216.164 - - [08/Oct/2025:02:31:14 +0000] "GET /sitemap.xml HTTP/1.1" 200 395 "-" "Mozilla/5.0 AppleWebKit/537.36 (KHTML, like Gecko; compatible; ClaudeBot/1.0; +claudebot@anthropic.com)"
216.73.216.164 - - [08/Oct/2025:02:31:14 +0000] "GET /video-sitemap.xml HTTP/1.1" 404 267 "-" "Mozilla/5.0 AppleWebKit/537.36 (KHTML, like Gecko; compatible; ClaudeBot/1.0; +claudebot@anthropic.com)"
34.247.172.200 - - [08/Oct/2025:02:34:03 +0000] "POST /xmlrpc.php HTTP/1.1" 421 322 "-" "Mozilla/5.0 (Windows NT 10.0; Win64; x64) AppleWebKit/537.36 (KHTML, like Gecko) Chrome/126.0.0.0 Safari/537.36"
34.247.172.200 - - [08/Oct/2025:02:34:21 +0000] "POST /xmlrpc.php HTTP/1.1" 421 322 "-" "Mozilla/5.0 (Windows NT 10.0; Win64; x64) AppleWebKit/537.36 (KHTML, like Gecko) Chrome/126.0.0.0 Safari/537.36"
185.85.17.137 - - [08/Oct/2025:02:34:40 +0000] "POST /xmlrpc.php HTTP/1.1" 421 322 "-" "Mozilla/5.0 (Windows NT 10.0; Win64; x64) AppleWebKit/537.36 (KHTML, like Gecko) Chrome/126.0.0.0 Safari/537.36"
203.161.56.247 - - [08/Oct/2025:02:35:14 +0000] "POST /wp-cron.php?doing_wp_cron=1759890914.6100900173187255859375 HTTP/1.1" 200 - "-" "WordPress/6.8.3; https://b2bklmassage.net"
216.73.216.164 - - [08/Oct/2025:02:35:13 +0000] "GET /news-sitemap.xml HTTP/1.1" 404 285 "-" "Mozilla/5.0 AppleWebKit/537.36 (KHTML, like Gecko; compatible; ClaudeBot/1.0; +claudebot@anthropic.com)"
108.179.193.170 - - [08/Oct/2025:02:35:22 +0000] "POST /xmlrpc.php HTTP/1.1" 421 322 "-" "Mozilla/5.0 (Windows NT 10.0; Win64; x64) AppleWebKit/537.36 (KHTML, like Gecko) Chrome/126.0.0.0 Safari/537.36"
49.51.38.193 - - [08/Oct/2025:02:35:44 +0000] "GET / HTTP/1.1" 200 24268 "http://b2bklmassage.net" "Mozilla/5.0 (iPhone; CPU iPhone OS 13_2_3 like Mac OS X) AppleWebKit/605.1.15 (KHTML, like Gecko) Version/13.0.3 Mobile/15E148 Safari/604.1"
162.240.70.125 - - [08/Oct/2025:02:35:51 +0000] "POST /xmlrpc.php HTTP/1.1" 421 322 "-" "Mozilla/5.0 (Windows NT 10.0; Win64; x64) AppleWebKit/537.36 (KHTML, like Gecko) Chrome/126.0.0.0 Safari/537.36"
164.90.154.67 - - [08/Oct/2025:02:36:00 +0000] "POST /xmlrpc.php HTTP/1.1" 421 322 "-" "Mozilla/5.0 (Windows NT 10.0; Win64; x64) AppleWebKit/537.36 (KHTML, like Gecko) Chrome/126.0.0.0 Safari/537.36"
85.10.206.80 - - [08/Oct/2025:02:36:30 +0000] "POST /xmlrpc.php HTTP/1.1" 421 322 "-" "Mozilla/5.0 (Windows NT 10.0; Win64; x64) AppleWebKit/537.36 (KHTML, like Gecko) Chrome/126.0.0.0 Safari/537.36"
51.68.11.215 - - [08/Oct/2025:02:36:48 +0000] "POST /xmlrpc.php HTTP/1.1" 421 322 "-" "Mozilla/5.0 (Windows NT 10.0; Win64; x64) AppleWebKit/537.36 (KHTML, like Gecko) Chrome/126.0.0.0 Safari/537.36"
