185.220.101.27 - - [08/Oct/2025:01:32:16 +0000] "POST /xmlrpc.php HTTP/1.1" 200 228 "https://www.google.com/" "Mozilla/5.0 (X11; Linux x86_64) AppleWebKit/537.36 (KHTML, like Gecko) Chrome/77.0.3865.120 Safari/537.36"
203.161.56.247 - - [08/Oct/2025:01:32:19 +0000] "GET /agency/kl-escort-angel/ HTTP/1.1" 200 31529 "-" "WP Rocket/Preload"
203.161.56.247 - - [08/Oct/2025:01:32:17 +0000] "GET /listing/ruby-2/ HTTP/1.1" 200 32223 "-" "WP Rocket/Preload Mozilla/5.0 (iPhone; CPU iPhone OS 9_1 like Mac OS X) AppleWebKit/601.1.46 (KHTML, like Gecko) Version/9.0 Mobile/13B143 Safari/601.1"
203.161.56.247 - - [08/Oct/2025:01:32:20 +0000] "GET /agency/kl-escort-angel/ HTTP/1.1" 200 31500 "-" "WP Rocket/Preload Mozilla/5.0 (iPhone; CPU iPhone OS 9_1 like Mac OS X) AppleWebKit/601.1.46 (KHTML, like Gecko) Version/9.0 Mobile/13B143 Safari/601.1"
203.161.56.247 - - [08/Oct/2025:01:32:22 +0000] "GET /country/salak-south-escorts/ HTTP/1.1" 200 33491 "-" "WP Rocket/Preload"
203.161.56.247 - - [08/Oct/2025:01:32:23 +0000] "GET /country/salak-south-escorts/ HTTP/1.1" 200 33565 "-" "WP Rocket/Preload Mozilla/5.0 (iPhone; CPU iPhone OS 9_1 like Mac OS X) AppleWebKit/601.1.46 (KHTML, like Gecko) Version/9.0 Mobile/13B143 Safari/601.1"
203.161.56.247 - - [08/Oct/2025:01:32:25 +0000] "GET /listing/amina/ HTTP/1.1" 200 31707 "-" "WP Rocket/Preload"
203.161.56.247 - - [08/Oct/2025:01:32:26 +0000] "GET /listing/amina/ HTTP/1.1" 200 31662 "-" "WP Rocket/Preload Mozilla/5.0 (iPhone; CPU iPhone OS 9_1 like Mac OS X) AppleWebKit/601.1.46 (KHTML, like Gecko) Version/9.0 Mobile/13B143 Safari/601.1"
203.161.56.247 - - [08/Oct/2025:01:32:28 +0000] "GET /features/erotic-massage/ HTTP/1.1" 200 30554 "-" "WP Rocket/Preload"
203.161.56.247 - - [08/Oct/2025:01:32:29 +0000] "GET /features/erotic-massage/ HTTP/1.1" 200 30524 "-" "WP Rocket/Preload Mozilla/5.0 (iPhone; CPU iPhone OS 9_1 like Mac OS X) AppleWebKit/601.1.46 (KHTML, like Gecko) Version/9.0 Mobile/13B143 Safari/601.1"
203.161.56.247 - - [08/Oct/2025:01:32:31 +0000] "GET /country/seri-kembangan-escorts/ HTTP/1.1" 200 33560 "-" "WP Rocket/Preload"
203.161.56.247 - - [08/Oct/2025:01:32:32 +0000] "GET /country/seri-kembangan-escorts/ HTTP/1.1" 200 33536 "-" "WP Rocket/Preload Mozilla/5.0 (iPhone; CPU iPhone OS 9_1 like Mac OS X) AppleWebKit/601.1.46 (KHTML, like Gecko) Version/9.0 Mobile/13B143 Safari/601.1"
203.161.56.247 - - [08/Oct/2025:01:32:34 +0000] "GET /listing/adriqa-indian/ HTTP/1.1" 200 33536 "-" "WP Rocket/Preload"
203.161.56.247 - - [08/Oct/2025:01:32:35 +0000] "GET /listing/adriqa-indian/ HTTP/1.1" 200 33435 "-" "WP Rocket/Preload Mozilla/5.0 (iPhone; CPU iPhone OS 9_1 like Mac OS X) AppleWebKit/601.1.46 (KHTML, like Gecko) Version/9.0 Mobile/13B143 Safari/601.1"
203.161.56.247 - - [08/Oct/2025:01:32:37 +0000] "GET /listing/elora/ HTTP/1.1" 200 33082 "-" "WP Rocket/Preload"
203.161.56.247 - - [08/Oct/2025:01:32:38 +0000] "GET /listing/elora/ HTTP/1.1" 200 33097 "-" "WP Rocket/Preload Mozilla/5.0 (iPhone; CPU iPhone OS 9_1 like Mac OS X) AppleWebKit/601.1.46 (KHTML, like Gecko) Version/9.0 Mobile/13B143 Safari/601.1"
203.161.56.247 - - [08/Oct/2025:01:34:24 +0000] "POST /wp-cron.php?doing_wp_cron=1759887264.9265460968017578125000 HTTP/1.1" 200 - "-" "u5nHiIKn3v1C"
77.75.78.160 - - [08/Oct/2025:01:34:23 +0000] "GET /bustsize/largec/ HTTP/1.1" 200 30674 "-" "Mozilla/5.0 (compatible; SeznamBot/4.0; +https://o-seznam.cz/napoveda/vyhledavani/en/seznambot-crawler/)"
203.161.56.247 - - [08/Oct/2025:01:34:26 +0000] "GET /listing/elina/ HTTP/1.1" 200 32228 "-" "WP Rocket/Preload"
203.161.56.247 - - [08/Oct/2025:01:34:30 +0000] "GET /listing/elina/ HTTP/1.1" 200 32276 "-" "WP Rocket/Preload Mozilla/5.0 (iPhone; CPU iPhone OS 9_1 like Mac OS X) AppleWebKit/601.1.46 (KHTML, like Gecko) Version/9.0 Mobile/13B143 Safari/601.1"
203.161.56.247 - - [08/Oct/2025:01:34:32 +0000] "GET /country/sungai-buloh-escorts/ HTTP/1.1" 200 33489 "-" "WP Rocket/Preload"
104.207.40.242 - - [08/Oct/2025:01:34:34 +0000] "GET /wp-login.php HTTP/1.1" 200 8122 "-" "Mozilla/5.0 (Windows NT 10.0; Win64; x64) AppleWebKit/537.36 (KHTML, like Gecko) Chrome/115.0.0.0 Safari/537.36 Edg/115.0.1901.203"
203.161.56.247 - - [08/Oct/2025:01:34:33 +0000] "GET /country/sungai-buloh-escorts/ HTTP/1.1" 200 33465 "-" "WP Rocket/Preload Mozilla/5.0 (iPhone; CPU iPhone OS 9_1 like Mac OS X) AppleWebKit/601.1.46 (KHTML, like Gecko) Version/9.0 Mobile/13B143 Safari/601.1"
203.161.56.247 - - [08/Oct/2025:01:34:35 +0000] "GET /country/wangsa-maju-escorts/ HTTP/1.1" 200 33490 "-" "WP Rocket/Preload"
203.161.56.247 - - [08/Oct/2025:01:34:36 +0000] "GET /country/wangsa-maju-escorts/ HTTP/1.1" 200 33466 "-" "WP Rocket/Preload Mozilla/5.0 (iPhone; CPU iPhone OS 9_1 like Mac OS X) AppleWebKit/601.1.46 (KHTML, like Gecko) Version/9.0 Mobile/13B143 Safari/601.1"
203.161.56.247 - - [08/Oct/2025:01:34:38 +0000] "GET /2023/04/ HTTP/1.1" 200 27315 "-" "WP Rocket/Preload"
203.161.56.247 - - [08/Oct/2025:01:34:39 +0000] "GET /2023/04/ HTTP/1.1" 200 27252 "-" "WP Rocket/Preload Mozilla/5.0 (iPhone; CPU iPhone OS 9_1 like Mac OS X) AppleWebKit/601.1.46 (KHTML, like Gecko) Version/9.0 Mobile/13B143 Safari/601.1"
203.161.56.247 - - [08/Oct/2025:01:34:41 +0000] "GET /listing/anna/ HTTP/1.1" 200 31761 "-" "WP Rocket/Preload"
203.161.56.247 - - [08/Oct/2025:01:34:42 +0000] "GET /listing/anna/ HTTP/1.1" 200 31039 "-" "WP Rocket/Preload Mozilla/5.0 (iPhone; CPU iPhone OS 9_1 like Mac OS X) AppleWebKit/601.1.46 (KHTML, like Gecko) Version/9.0 Mobile/13B143 Safari/601.1"
203.161.56.247 - - [08/Oct/2025:01:34:44 +0000] "GET /listing/wendie/ HTTP/1.1" 200 31816 "-" "WP Rocket/Preload"
203.161.56.247 - - [08/Oct/2025:01:34:45 +0000] "GET /listing/wendie/ HTTP/1.1" 200 31714 "-" "WP Rocket/Preload Mozilla/5.0 (iPhone; CPU iPhone OS 9_1 like Mac OS X) AppleWebKit/601.1.46 (KHTML, like Gecko) Version/9.0 Mobile/13B143 Safari/601.1"
114.119.154.169 - - [08/Oct/2025:01:39:28 +0000] "GET /listing-category/massage-erotic-relaxation-escorts/ HTTP/1.1" 200 31147 "-" "Mozilla/5.0 (Linux; Android 7.0;) AppleWebKit/537.36 (KHTML, like Gecko) Mobile Safari/537.36 (compatible; PetalBot;+https://webmaster.petalsearch.com/site/petalbot)"
114.119.154.169 - - [08/Oct/2025:01:39:31 +0000] "GET /hulsodso/js/jquery/jquery.min.js?ver=3.7.1 HTTP/1.1" 200 30368 "https://klescortgirldirectory.com/listing-category/massage-erotic-relaxation-escorts/" "Mozilla/5.0 (Linux; Android 7.0;) AppleWebKit/537.36 (KHTML, like Gecko) Mobile Safari/537.36 (compatible; PetalBot;+https://webmaster.petalsearch.com/site/petalbot)"
114.119.154.169 - - [08/Oct/2025:01:39:31 +0000] "GET /boftejoo/elementor/assets/js/webpack.runtime.min.js?ver=3.32.4 HTTP/1.1" 200 2511 "https://klescortgirldirectory.com/listing-category/massage-erotic-relaxation-escorts/" "Mozilla/5.0 (Linux; Android 7.0;) AppleWebKit/537.36 (KHTML, like Gecko) Mobile Safari/537.36 (compatible; PetalBot;+https://webmaster.petalsearch.com/site/petalbot)"
114.119.154.169 - - [08/Oct/2025:01:39:31 +0000] "GET /hulsodso/js/jquery/ui/core.min.js?ver=1.13.3 HTTP/1.1" 200 7106 "https://klescortgirldirectory.com/listing-category/massage-erotic-relaxation-escorts/" "Mozilla/5.0 (Linux; Android 7.0;) AppleWebKit/537.36 (KHTML, like Gecko) Mobile Safari/537.36 (compatible; PetalBot;+https://webmaster.petalsearch.com/site/petalbot)"
114.119.154.169 - - [08/Oct/2025:01:39:31 +0000] "GET /boftejoo/elementor/assets/js/frontend-modules.min.js?ver=3.32.4 HTTP/1.1" 200 18630 "https://klescortgirldirectory.com/listing-category/massage-erotic-relaxation-escorts/" "Mozilla/5.0 (Linux; Android 7.0;) AppleWebKit/537.36 (KHTML, like Gecko) Mobile Safari/537.36 (compatible; PetalBot;+https://webmaster.petalsearch.com/site/petalbot)"
114.119.154.169 - - [08/Oct/2025:01:39:31 +0000] "GET /boftejoo/elementor/assets/js/frontend.min.js?ver=3.32.4 HTTP/1.1" 200 10462 "https://klescortgirldirectory.com/listing-category/massage-erotic-relaxation-escorts/" "Mozilla/5.0 (Linux; Android 7.0;) AppleWebKit/537.36 (KHTML, like Gecko) Mobile Safari/537.36 (compatible; PetalBot;+https://webmaster.petalsearch.com/site/petalbot)"
114.119.154.169 - - [08/Oct/2025:01:39:32 +0000] "GET /l2/assets/js/lazyload/17.8.3/lazyload.min.js HTTP/1.1" 200 3053 "https://klescortgirldirectory.com/listing-category/massage-erotic-relaxation-escorts/" "Mozilla/5.0 (Linux; Android 7.0;) AppleWebKit/537.36 (KHTML, like Gecko) Mobile Safari/537.36 (compatible; PetalBot;+https://webmaster.petalsearch.com/site/petalbot)"
114.119.154.169 - - [08/Oct/2025:01:39:32 +0000] "GET /l2/assets/js/wpr-beacon.min.js HTTP/1.1" 200 8097 "https://klescortgirldirectory.com/listing-category/massage-erotic-relaxation-escorts/" "Mozilla/5.0 (Linux; Android 7.0;) AppleWebKit/537.36 (KHTML, like Gecko) Mobile Safari/537.36 (compatible; PetalBot;+https://webmaster.petalsearch.com/site/petalbot)"
114.119.154.169 - - [08/Oct/2025:01:39:33 +0000] "GET /dygloave/cache/min/1/css/_bootstrap.css?ver=1759571752 HTTP/1.1" 200 22702 "https://klescortgirldirectory.com/listing-category/massage-erotic-relaxation-escorts/" "Mozilla/5.0 (Linux; Android 7.0;) AppleWebKit/537.36 (KHTML, like Gecko) Mobile Safari/537.36 (compatible; PetalBot;+https://webmaster.petalsearch.com/site/petalbot)"
114.119.154.169 - - [08/Oct/2025:01:39:33 +0000] "GET /dygloave/cache/min/1/css/css.theme-fonts.css?ver=1759571753 HTTP/1.1" 200 18509 "https://klescortgirldirectory.com/listing-category/massage-erotic-relaxation-escorts/" "Mozilla/5.0 (Linux; Android 7.0;) AppleWebKit/537.36 (KHTML, like Gecko) Mobile Safari/537.36 (compatible; PetalBot;+https://webmaster.petalsearch.com/site/petalbot)"
114.119.154.169 - - [08/Oct/2025:01:39:33 +0000] "GET /dygloave/cache/min/1/css/css.theme-maps.css?ver=1759571754 HTTP/1.1" 200 2485 "https://klescortgirldirectory.com/listing-category/massage-erotic-relaxation-escorts/" "Mozilla/5.0 (Linux; Android 7.0;) AppleWebKit/537.36 (KHTML, like Gecko) Mobile Safari/537.36 (compatible; PetalBot;+https://webmaster.petalsearch.com/site/petalbot)"
114.119.154.169 - - [08/Oct/2025:01:39:33 +0000] "GET /dygloave/cache/min/1/css/css.theme-utilities.css?ver=1759571755 HTTP/1.1" 200 22419 "https://klescortgirldirectory.com/listing-category/massage-erotic-relaxation-escorts/" "Mozilla/5.0 (Linux; Android 7.0;) AppleWebKit/537.36 (KHTML, like Gecko) Mobile Safari/537.36 (compatible; PetalBot;+https://webmaster.petalsearch.com/site/petalbot)"
114.119.154.169 - - [08/Oct/2025:01:39:34 +0000] "GET /dygloave/cache/min/1/css/css.premiumpress.css?ver=1759571755 HTTP/1.1" 200 14330 "https://klescortgirldirectory.com/listing-category/massage-erotic-relaxation-escorts/" "Mozilla/5.0 (Linux; Android 7.0;) AppleWebKit/537.36 (KHTML, like Gecko) Mobile Safari/537.36 (compatible; PetalBot;+https://webmaster.petalsearch.com/site/petalbot)"
114.119.154.169 - - [08/Oct/2025:01:39:34 +0000] "GET /dygloave/cache/min/1/css/_chat.css?ver=1759571756 HTTP/1.1" 200 1633 "https://klescortgirldirectory.com/listing-category/massage-erotic-relaxation-escorts/" "Mozilla/5.0 (Linux; Android 7.0;) AppleWebKit/537.36 (KHTML, like Gecko) Mobile Safari/537.36 (compatible; PetalBot;+https://webmaster.petalsearch.com/site/petalbot)"
203.161.56.247 - - [08/Oct/2025:01:39:35 +0000] "POST /wp-cron.php?doing_wp_cron=1759887575.0930380821228027343750 HTTP/1.1" 200 - "-" "X4JLD4U6IJ6y"
114.119.154.169 - - [08/Oct/2025:01:39:33 +0000] "GET /dygloave/cache/background-css/1/klescortgirldirectory.com/dygloave/cache/min/1/css/css.theme-elementor.css?ver=1759571753&wpr_t=1759902993 HTTP/1.1" 404 11478 "https://klescortgirldirectory.com/listing-category/massage-erotic-relaxation-escorts/" "Mozilla/5.0 (Linux; Android 7.0;) AppleWebKit/537.36 (KHTML, like Gecko) Mobile Safari/537.36 (compatible; PetalBot;+https://webmaster.petalsearch.com/site/petalbot)"
114.119.154.169 - - [08/Oct/2025:01:39:34 +0000] "POST /index.php HTTP/1.1" 200 1238 "https://klescortgirldirectory.com/listing-category/massage-erotic-relaxation-escorts/" "Mozilla/5.0 (Linux; Android 7.0;) AppleWebKit/537.36 (KHTML, like Gecko) Mobile Safari/537.36 (compatible; PetalBot;+https://webmaster.petalsearch.com/site/petalbot)"
203.161.56.247 - - [08/Oct/2025:01:39:36 +0000] "GET /listing/makio/ HTTP/1.1" 200 31922 "-" "WP Rocket/Preload"
114.119.154.169 - - [08/Oct/2025:01:39:39 +0000] "POST /index.php HTTP/1.1" 200 94 "https://klescortgirldirectory.com/listing-category/massage-erotic-relaxation-escorts/" "Mozilla/5.0 (Linux; Android 7.0;) AppleWebKit/537.36 (KHTML, like Gecko) Mobile Safari/537.36 (compatible; PetalBot;+https://webmaster.petalsearch.com/site/petalbot)"
203.161.56.247 - - [08/Oct/2025:01:39:41 +0000] "GET /listing/makio/ HTTP/1.1" 200 31896 "-" "WP Rocket/Preload Mozilla/5.0 (iPhone; CPU iPhone OS 9_1 like Mac OS X) AppleWebKit/601.1.46 (KHTML, like Gecko) Version/9.0 Mobile/13B143 Safari/601.1"
203.161.56.247 - - [08/Oct/2025:01:39:42 +0000] "GET /2023/ HTTP/1.1" 200 27264 "-" "WP Rocket/Preload"
203.161.56.247 - - [08/Oct/2025:01:39:45 +0000] "GET /bustsize/largec/ HTTP/1.1" 200 30693 "-" "WP Rocket/Preload"
203.161.56.247 - - [08/Oct/2025:01:39:44 +0000] "GET /2023/ HTTP/1.1" 200 27202 "-" "WP Rocket/Preload Mozilla/5.0 (iPhone; CPU iPhone OS 9_1 like Mac OS X) AppleWebKit/601.1.46 (KHTML, like Gecko) Version/9.0 Mobile/13B143 Safari/601.1"
203.161.56.247 - - [08/Oct/2025:01:39:46 +0000] "GET /bustsize/largec/ HTTP/1.1" 200 30649 "-" "WP Rocket/Preload Mozilla/5.0 (iPhone; CPU iPhone OS 9_1 like Mac OS X) AppleWebKit/601.1.46 (KHTML, like Gecko) Version/9.0 Mobile/13B143 Safari/601.1"
203.161.56.247 - - [08/Oct/2025:01:39:47 +0000] "GET /category/blog/ HTTP/1.1" 200 27393 "-" "WP Rocket/Preload"
203.161.56.247 - - [08/Oct/2025:01:39:50 +0000] "GET /listing/bella/ HTTP/1.1" 200 32331 "-" "WP Rocket/Preload"
203.161.56.247 - - [08/Oct/2025:01:39:49 +0000] "GET /category/blog/ HTTP/1.1" 200 27328 "-" "WP Rocket/Preload Mozilla/5.0 (iPhone; CPU iPhone OS 9_1 like Mac OS X) AppleWebKit/601.1.46 (KHTML, like Gecko) Version/9.0 Mobile/13B143 Safari/601.1"
203.161.56.247 - - [08/Oct/2025:01:39:51 +0000] "GET /listing/bella/ HTTP/1.1" 200 32301 "-" "WP Rocket/Preload Mozilla/5.0 (iPhone; CPU iPhone OS 9_1 like Mac OS X) AppleWebKit/601.1.46 (KHTML, like Gecko) Version/9.0 Mobile/13B143 Safari/601.1"
203.161.56.247 - - [08/Oct/2025:01:39:52 +0000] "GET /listing-category/curvy-escorts/ HTTP/1.1" 200 31109 "-" "WP Rocket/Preload"
203.161.56.247 - - [08/Oct/2025:01:39:54 +0000] "GET /listing-category/curvy-escorts/ HTTP/1.1" 200 31084 "-" "WP Rocket/Preload Mozilla/5.0 (iPhone; CPU iPhone OS 9_1 like Mac OS X) AppleWebKit/601.1.46 (KHTML, like Gecko) Version/9.0 Mobile/13B143 Safari/601.1"
203.161.56.247 - - [08/Oct/2025:01:39:55 +0000] "GET /listing/miyuki/ HTTP/1.1" 200 32292 "-" "WP Rocket/Preload"
203.161.56.247 - - [08/Oct/2025:01:39:57 +0000] "GET /listing/miyuki/ HTTP/1.1" 200 32308 "-" "WP Rocket/Preload Mozilla/5.0 (iPhone; CPU iPhone OS 9_1 like Mac OS X) AppleWebKit/601.1.46 (KHTML, like Gecko) Version/9.0 Mobile/13B143 Safari/601.1"
203.161.56.247 - - [08/Oct/2025:01:41:16 +0000] "POST /wp-cron.php?doing_wp_cron=1759887676.0528759956359863281250 HTTP/1.1" 200 - "-" "RK4acRtJHFwI"
114.119.150.28 - - [08/Oct/2025:01:41:14 +0000] "GET /add-listing/?c=AUD HTTP/1.1" 200 34357 "-" "Mozilla/5.0 (Linux; Android 7.0;) AppleWebKit/537.36 (KHTML, like Gecko) Mobile Safari/537.36 (compatible; PetalBot;+https://webmaster.petalsearch.com/site/petalbot)"
203.161.56.247 - - [08/Oct/2025:01:41:17 +0000] "GET /listing/local-escorts-kuala-lumpur/ HTTP/1.1" 200 31861 "-" "WP Rocket/Preload"
203.161.56.247 - - [08/Oct/2025:01:41:17 +0000] "GET /listing/local-escorts-kuala-lumpur/ HTTP/1.1" 200 31861 "-" "WP Rocket/Preload Mozilla/5.0 (iPhone; CPU iPhone OS 9_1 like Mac OS X) AppleWebKit/601.1.46 (KHTML, like Gecko) Version/9.0 Mobile/13B143 Safari/601.1"
203.161.56.247 - - [08/Oct/2025:01:41:19 +0000] "GET /2023/05/18/how-to-give-a-sensual-massage/ HTTP/1.1" 200 30744 "-" "WP Rocket/Preload"
203.161.56.247 - - [08/Oct/2025:01:41:20 +0000] "GET /2023/05/18/how-to-give-a-sensual-massage/ HTTP/1.1" 200 31390 "-" "WP Rocket/Preload Mozilla/5.0 (iPhone; CPU iPhone OS 9_1 like Mac OS X) AppleWebKit/601.1.46 (KHTML, like Gecko) Version/9.0 Mobile/13B143 Safari/601.1"
114.119.150.28 - - [08/Oct/2025:01:41:32 +0000] "GET /boftejoo/elementor/assets/css/frontend.min.css?ver=3.32.4 HTTP/1.1" 200 7197 "https://klescortgirldirectory.com/add-listing/?c=AUD" "Mozilla/5.0 (Linux; Android 7.0;) AppleWebKit/537.36 (KHTML, like Gecko) Mobile Safari/537.36 (compatible; PetalBot;+https://webmaster.petalsearch.com/site/petalbot)"
114.119.150.28 - - [08/Oct/2025:01:41:32 +0000] "GET /ipsypsyj/elementor/css/post-169.css?ver=1759571693 HTTP/1.1" 200 192 "https://klescortgirldirectory.com/add-listing/?c=AUD" "Mozilla/5.0 (Linux; Android 7.0;) AppleWebKit/537.36 (KHTML, like Gecko) Mobile Safari/537.36 (compatible; PetalBot;+https://webmaster.petalsearch.com/site/petalbot)"
203.161.56.247 - - [08/Oct/2025:01:41:33 +0000] "GET /listing/julia-2/ HTTP/1.1" 200 32302 "-" "WP Rocket/Preload"
114.119.150.28 - - [08/Oct/2025:01:41:37 +0000] "POST / HTTP/1.1" 200 85 "https://klescortgirldirectory.com/add-listing/?c=AUD" "Mozilla/5.0 (Linux; Android 7.0;) AppleWebKit/537.36 (KHTML, like Gecko) Mobile Safari/537.36 (compatible; PetalBot;+https://webmaster.petalsearch.com/site/petalbot)"
203.161.56.247 - - [08/Oct/2025:01:41:35 +0000] "GET /listing/julia-2/ HTTP/1.1" 200 32299 "-" "WP Rocket/Preload Mozilla/5.0 (iPhone; CPU iPhone OS 9_1 like Mac OS X) AppleWebKit/601.1.46 (KHTML, like Gecko) Version/9.0 Mobile/13B143 Safari/601.1"
114.119.150.28 - - [08/Oct/2025:01:41:38 +0000] "POST / HTTP/1.1" 200 85 "https://klescortgirldirectory.com/add-listing/?c=AUD" "Mozilla/5.0 (Linux; Android 7.0;) AppleWebKit/537.36 (KHTML, like Gecko) Mobile Safari/537.36 (compatible; PetalBot;+https://webmaster.petalsearch.com/site/petalbot)"
114.119.150.28 - - [08/Oct/2025:01:41:38 +0000] "POST / HTTP/1.1" 200 85 "https://klescortgirldirectory.com/add-listing/?c=AUD" "Mozilla/5.0 (Linux; Android 7.0;) AppleWebKit/537.36 (KHTML, like Gecko) Mobile Safari/537.36 (compatible; PetalBot;+https://webmaster.petalsearch.com/site/petalbot)"
114.119.150.28 - - [08/Oct/2025:01:41:39 +0000] "POST /index.php HTTP/1.1" 200 2399 "https://klescortgirldirectory.com/add-listing/?c=AUD" "Mozilla/5.0 (Linux; Android 7.0;) AppleWebKit/537.36 (KHTML, like Gecko) Mobile Safari/537.36 (compatible; PetalBot;+https://webmaster.petalsearch.com/site/petalbot)"
114.119.150.28 - - [08/Oct/2025:01:41:47 +0000] "POST /index.php HTTP/1.1" 200 94 "https://klescortgirldirectory.com/add-listing/?c=AUD" "Mozilla/5.0 (Linux; Android 7.0;) AppleWebKit/537.36 (KHTML, like Gecko) Mobile Safari/537.36 (compatible; PetalBot;+https://webmaster.petalsearch.com/site/petalbot)"
203.161.56.247 - - [08/Oct/2025:01:43:17 +0000] "POST /wp-cron.php?doing_wp_cron=1759887797.1050059795379638671875 HTTP/1.1" 200 - "-" "x0DB7ANBU7dN"
216.73.216.81 - - [08/Oct/2025:01:43:15 +0000] "GET /news-sitemap.xml HTTP/1.1" 404 204 "-" "Mozilla/5.0 AppleWebKit/537.36 (KHTML, like Gecko; compatible; ClaudeBot/1.0; +claudebot@anthropic.com)"
203.161.56.247 - - [08/Oct/2025:01:43:18 +0000] "GET /listing/suki/ HTTP/1.1" 200 32195 "-" "WP Rocket/Preload"
203.161.56.247 - - [08/Oct/2025:01:43:23 +0000] "GET /listing/suki/ HTTP/1.1" 200 31385 "-" "WP Rocket/Preload Mozilla/5.0 (iPhone; CPU iPhone OS 9_1 like Mac OS X) AppleWebKit/601.1.46 (KHTML, like Gecko) Version/9.0 Mobile/13B143 Safari/601.1"
203.161.56.247 - - [08/Oct/2025:01:43:24 +0000] "GET /listing/karen/ HTTP/1.1" 200 32189 "-" "WP Rocket/Preload"
203.161.56.247 - - [08/Oct/2025:01:43:26 +0000] "GET /listing/karen/ HTTP/1.1" 200 32198 "-" "WP Rocket/Preload Mozilla/5.0 (iPhone; CPU iPhone OS 9_1 like Mac OS X) AppleWebKit/601.1.46 (KHTML, like Gecko) Version/9.0 Mobile/13B143 Safari/601.1"
203.161.56.247 - - [08/Oct/2025:01:43:27 +0000] "GET /listing/candy/ HTTP/1.1" 200 32118 "-" "WP Rocket/Preload"
203.161.56.247 - - [08/Oct/2025:01:43:29 +0000] "GET /listing/candy/ HTTP/1.1" 200 32135 "-" "WP Rocket/Preload Mozilla/5.0 (iPhone; CPU iPhone OS 9_1 like Mac OS X) AppleWebKit/601.1.46 (KHTML, like Gecko) Version/9.0 Mobile/13B143 Safari/601.1"
203.161.56.247 - - [08/Oct/2025:01:43:30 +0000] "GET /listing/evon/ HTTP/1.1" 200 31852 "-" "WP Rocket/Preload"
203.161.56.247 - - [08/Oct/2025:01:43:32 +0000] "GET /listing/evon/ HTTP/1.1" 200 31036 "-" "WP Rocket/Preload Mozilla/5.0 (iPhone; CPU iPhone OS 9_1 like Mac OS X) AppleWebKit/601.1.46 (KHTML, like Gecko) Version/9.0 Mobile/13B143 Safari/601.1"
203.161.56.247 - - [08/Oct/2025:01:43:33 +0000] "GET /listing/jessica/ HTTP/1.1" 200 32236 "-" "WP Rocket/Preload"
203.161.56.247 - - [08/Oct/2025:01:43:35 +0000] "GET /listing/jessica/ HTTP/1.1" 200 32091 "-" "WP Rocket/Preload Mozilla/5.0 (iPhone; CPU iPhone OS 9_1 like Mac OS X) AppleWebKit/601.1.46 (KHTML, like Gecko) Version/9.0 Mobile/13B143 Safari/601.1"
216.73.216.81 - - [08/Oct/2025:01:43:59 +0000] "GET /sitemap.xml HTTP/1.1" 200 553 "-" "Mozilla/5.0 AppleWebKit/537.36 (KHTML, like Gecko; compatible; ClaudeBot/1.0; +claudebot@anthropic.com)"
203.161.56.247 - - [08/Oct/2025:01:44:22 +0000] "POST /wp-cron.php?doing_wp_cron=1759887862.8495628833770751953125 HTTP/1.1" 200 - "-" "1153xNz1MxoM"
216.73.216.81 - - [08/Oct/2025:01:44:21 +0000] "GET /sitemap.rss HTTP/1.1" 200 2009 "-" "Mozilla/5.0 AppleWebKit/537.36 (KHTML, like Gecko; compatible; ClaudeBot/1.0; +claudebot@anthropic.com)"
203.161.56.247 - - [08/Oct/2025:01:44:24 +0000] "GET /listing/nicole/ HTTP/1.1" 200 32076 "-" "WP Rocket/Preload"
203.161.56.247 - - [08/Oct/2025:01:44:30 +0000] "GET /2023/05/29/9-things-you-need-to-know-about-masturbation/ HTTP/1.1" 200 34160 "-" "WP Rocket/Preload"
203.161.56.247 - - [08/Oct/2025:01:44:28 +0000] "GET /listing/nicole/ HTTP/1.1" 200 31355 "-" "WP Rocket/Preload Mozilla/5.0 (iPhone; CPU iPhone OS 9_1 like Mac OS X) AppleWebKit/601.1.46 (KHTML, like Gecko) Version/9.0 Mobile/13B143 Safari/601.1"
44.212.36.190 - - [08/Oct/2025:01:44:32 +0000] "GET / HTTP/1.1" 200 32085 "-" "Mozilla/5.0 (OS/2; Warp 4.5; rv:38.0) Gecko/20100101 Firefox/38.0"
203.161.56.247 - - [08/Oct/2025:01:44:30 +0000] "GET /2023/05/29/9-things-you-need-to-know-about-masturbation/ HTTP/1.1" 200 34136 "-" "WP Rocket/Preload Mozilla/5.0 (iPhone; CPU iPhone OS 9_1 like Mac OS X) AppleWebKit/601.1.46 (KHTML, like Gecko) Version/9.0 Mobile/13B143 Safari/601.1"
203.161.56.247 - - [08/Oct/2025:01:44:32 +0000] "GET /listing/kathy/ HTTP/1.1" 200 31552 "-" "WP Rocket/Preload"
203.161.56.247 - - [08/Oct/2025:01:44:33 +0000] "GET /listing/kathy/ HTTP/1.1" 200 31595 "-" "WP Rocket/Preload Mozilla/5.0 (iPhone; CPU iPhone OS 9_1 like Mac OS X) AppleWebKit/601.1.46 (KHTML, like Gecko) Version/9.0 Mobile/13B143 Safari/601.1"
203.161.56.247 - - [08/Oct/2025:01:44:35 +0000] "GET /2023/05/03/deep-tissue-massage-vs-sports-massage/ HTTP/1.1" 200 30620 "-" "WP Rocket/Preload"
203.161.56.247 - - [08/Oct/2025:01:44:36 +0000] "GET /2023/05/03/deep-tissue-massage-vs-sports-massage/ HTTP/1.1" 200 30610 "-" "WP Rocket/Preload Mozilla/5.0 (iPhone; CPU iPhone OS 9_1 like Mac OS X) AppleWebKit/601.1.46 (KHTML, like Gecko) Version/9.0 Mobile/13B143 Safari/601.1"
203.161.56.247 - - [08/Oct/2025:01:44:38 +0000] "GET /listing/elina-2/ HTTP/1.1" 200 32301 "-" "WP Rocket/Preload"
203.161.56.247 - - [08/Oct/2025:01:44:39 +0000] "GET /listing/elina-2/ HTTP/1.1" 200 31519 "-" "WP Rocket/Preload Mozilla/5.0 (iPhone; CPU iPhone OS 9_1 like Mac OS X) AppleWebKit/601.1.46 (KHTML, like Gecko) Version/9.0 Mobile/13B143 Safari/601.1"
203.161.56.247 - - [08/Oct/2025:01:44:41 +0000] "GET /2023/05/13/navigating-modern-dating/ HTTP/1.1" 200 33413 "-" "WP Rocket/Preload"
203.161.56.247 - - [08/Oct/2025:01:44:42 +0000] "GET /2023/05/13/navigating-modern-dating/ HTTP/1.1" 200 33400 "-" "WP Rocket/Preload Mozilla/5.0 (iPhone; CPU iPhone OS 9_1 like Mac OS X) AppleWebKit/601.1.46 (KHTML, like Gecko) Version/9.0 Mobile/13B143 Safari/601.1"
114.119.154.169 - - [08/Oct/2025:01:44:55 +0000] "GET /pricing/ HTTP/1.1" 200 25576 "-" "Mozilla/5.0 (Linux; Android 7.0;) AppleWebKit/537.36 (KHTML, like Gecko) Mobile Safari/537.36 (compatible; PetalBot;+https://webmaster.petalsearch.com/site/petalbot)"
203.161.56.247 - - [08/Oct/2025:01:45:04 +0000] "POST /wp-cron.php?doing_wp_cron=1759887904.9486050605773925781250 HTTP/1.1" 200 - "-" "NIvGrRXnxJeD"
114.119.154.169 - - [08/Oct/2025:01:45:03 +0000] "GET /dygloave/cache/background-css/1/klescortgirldirectory.com/dygloave/cache/min/1/css/css.theme-elementor.css?ver=1759571753&wpr_t=1759899338 HTTP/1.1" 404 11478 "https://klescortgirldirectory.com/pricing/" "Mozilla/5.0 (Linux; Android 7.0;) AppleWebKit/537.36 (KHTML, like Gecko) Mobile Safari/537.36 (compatible; PetalBot;+https://webmaster.petalsearch.com/site/petalbot)"
114.119.154.169 - - [08/Oct/2025:01:45:09 +0000] "POST /index.php HTTP/1.1" 200 94 "https://klescortgirldirectory.com/pricing/" "Mozilla/5.0 (Linux; Android 7.0;) AppleWebKit/537.36 (KHTML, like Gecko) Mobile Safari/537.36 (compatible; PetalBot;+https://webmaster.petalsearch.com/site/petalbot)"
203.161.56.247 - - [08/Oct/2025:01:56:02 +0000] "GET /listing/sasha/ HTTP/1.1" 200 32344 "-" "WP Rocket/Preload"
198.244.183.30 - - [08/Oct/2025:01:56:07 +0000] "GET /listing/karen/ HTTP/1.1" 200 32208 "-" "Mozilla/5.0 (compatible; AhrefsBot/7.0; +http://ahrefs.com/robot/)"
203.161.56.247 - - [08/Oct/2025:01:56:07 +0000] "GET /listing/sasha/ HTTP/1.1" 200 31641 "-" "WP Rocket/Preload Mozilla/5.0 (iPhone; CPU iPhone OS 9_1 like Mac OS X) AppleWebKit/601.1.46 (KHTML, like Gecko) Version/9.0 Mobile/13B143 Safari/601.1"
203.161.56.247 - - [08/Oct/2025:01:56:09 +0000] "GET /listing/julia-3/ HTTP/1.1" 200 32408 "-" "WP Rocket/Preload"
203.161.56.247 - - [08/Oct/2025:01:56:10 +0000] "GET /listing/julia-3/ HTTP/1.1" 200 32395 "-" "WP Rocket/Preload Mozilla/5.0 (iPhone; CPU iPhone OS 9_1 like Mac OS X) AppleWebKit/601.1.46 (KHTML, like Gecko) Version/9.0 Mobile/13B143 Safari/601.1"
203.161.56.247 - - [08/Oct/2025:01:56:12 +0000] "GET /listing/malisa/ HTTP/1.1" 200 32296 "-" "WP Rocket/Preload"
203.161.56.247 - - [08/Oct/2025:01:56:13 +0000] "GET /listing/malisa/ HTTP/1.1" 200 31557 "-" "WP Rocket/Preload Mozilla/5.0 (iPhone; CPU iPhone OS 9_1 like Mac OS X) AppleWebKit/601.1.46 (KHTML, like Gecko) Version/9.0 Mobile/13B143 Safari/601.1"
203.161.56.247 - - [08/Oct/2025:01:56:15 +0000] "GET /listing/rojas/ HTTP/1.1" 200 32239 "-" "WP Rocket/Preload"
203.161.56.247 - - [08/Oct/2025:01:56:18 +0000] "GET /2023/05/13/ HTTP/1.1" 200 27359 "-" "WP Rocket/Preload"
203.161.56.247 - - [08/Oct/2025:01:56:16 +0000] "GET /listing/rojas/ HTTP/1.1" 200 31463 "-" "WP Rocket/Preload Mozilla/5.0 (iPhone; CPU iPhone OS 9_1 like Mac OS X) AppleWebKit/601.1.46 (KHTML, like Gecko) Version/9.0 Mobile/13B143 Safari/601.1"
203.161.56.247 - - [08/Oct/2025:01:56:19 +0000] "GET /2023/05/13/ HTTP/1.1" 200 27297 "-" "WP Rocket/Preload Mozilla/5.0 (iPhone; CPU iPhone OS 9_1 like Mac OS X) AppleWebKit/601.1.46 (KHTML, like Gecko) Version/9.0 Mobile/13B143 Safari/601.1"
203.161.56.247 - - [08/Oct/2025:01:56:49 +0000] "POST /wp-cron.php?doing_wp_cron=1759888609.6956379413604736328125 HTTP/1.1" 200 - "-" "yl8Mcev9NOVF"
66.249.65.74 - - [08/Oct/2025:01:56:48 +0000] "GET /robots.txt HTTP/1.1" 200 139 "-" "Mozilla/5.0 (compatible; Googlebot/2.1; +http://www.google.com/bot.html)"
66.249.65.74 - - [08/Oct/2025:01:56:49 +0000] "GET /blog/ HTTP/1.1" 200 20228 "-" "Mozilla/5.0 (Linux; Android 6.0.1; Nexus 5X Build/MMB29P) AppleWebKit/537.36 (KHTML, like Gecko) Chrome/140.0.7339.207 Mobile Safari/537.36 (compatible; Googlebot/2.1; +http://www.google.com/bot.html)"
203.161.56.247 - - [08/Oct/2025:01:56:50 +0000] "GET /2023/06/08/what-is-nuru-massage/ HTTP/1.1" 200 30456 "-" "WP Rocket/Preload"
66.249.65.74 - - [08/Oct/2025:01:56:52 +0000] "GET /dygloave/cache/min/1/css/css.premiumpress.css?ver=1757376000 HTTP/1.1" 200 14330 "https://klescortgirldirectory.com/blog/" "Mozilla/5.0 (Linux; Android 6.0.1; Nexus 5X Build/MMB29P) AppleWebKit/537.36 (KHTML, like Gecko) Chrome/139.0.7258.127 Mobile Safari/537.36 (compatible; Googlebot/2.1; +http://www.google.com/bot.html)"
203.161.56.247 - - [08/Oct/2025:01:56:51 +0000] "GET /2023/06/08/what-is-nuru-massage/ HTTP/1.1" 200 30409 "-" "WP Rocket/Preload Mozilla/5.0 (iPhone; CPU iPhone OS 9_1 like Mac OS X) AppleWebKit/601.1.46 (KHTML, like Gecko) Version/9.0 Mobile/13B143 Safari/601.1"
66.249.65.74 - - [08/Oct/2025:01:56:52 +0000] "GET /dygloave/cache/background-css/1/klescortgirldirectory.com/dygloave/cache/min/1/css/css.theme-elementor.css?ver=1757376000&wpr_t=1757376000 HTTP/1.1" 404 11478 "https://klescortgirldirectory.com/blog/" "Mozilla/5.0 (Linux; Android 6.0.1; Nexus 5X Build/MMB29P) AppleWebKit/537.36 (KHTML, like Gecko) Chrome/139.0.7258.127 Mobile Safari/537.36 (compatible; Googlebot/2.1; +http://www.google.com/bot.html)"
66.249.65.74 - - [08/Oct/2025:01:56:54 +0000] "GET /dygloave/cache/background-css/1/klescortgirldirectory.com/dygloave/cache/min/1/css/css.theme-elementor.css?ver=1759571753&wpr_t=1759898835 HTTP/1.1" 404 11478 "https://klescortgirldirectory.com/blog/" "Mozilla/5.0 (Linux; Android 6.0.1; Nexus 5X Build/MMB29P) AppleWebKit/537.36 (KHTML, like Gecko) Chrome/139.0.7258.127 Mobile Safari/537.36 (compatible; Googlebot/2.1; +http://www.google.com/bot.html)"
203.161.56.247 - - [08/Oct/2025:01:56:52 +0000] "GET /listing/yoyo/ HTTP/1.1" 200 32155 "-" "WP Rocket/Preload"
203.161.56.247 - - [08/Oct/2025:01:56:54 +0000] "GET /listing/yoyo/ HTTP/1.1" 200 31156 "-" "WP Rocket/Preload Mozilla/5.0 (iPhone; CPU iPhone OS 9_1 like Mac OS X) AppleWebKit/601.1.46 (KHTML, like Gecko) Version/9.0 Mobile/13B143 Safari/601.1"
203.161.56.247 - - [08/Oct/2025:01:56:55 +0000] "GET /listing/ci-ci/ HTTP/1.1" 200 31507 "-" "WP Rocket/Preload"
203.161.56.247 - - [08/Oct/2025:01:56:57 +0000] "GET /listing/ci-ci/ HTTP/1.1" 200 32263 "-" "WP Rocket/Preload Mozilla/5.0 (iPhone; CPU iPhone OS 9_1 like Mac OS X) AppleWebKit/601.1.46 (KHTML, like Gecko) Version/9.0 Mobile/13B143 Safari/601.1"
203.161.56.247 - - [08/Oct/2025:01:56:58 +0000] "GET /escort/vietnam-escort/ HTTP/1.1" 200 30768 "-" "WP Rocket/Preload"
203.161.56.247 - - [08/Oct/2025:01:57:00 +0000] "GET /escort/vietnam-escort/ HTTP/1.1" 200 30735 "-" "WP Rocket/Preload Mozilla/5.0 (iPhone; CPU iPhone OS 9_1 like Mac OS X) AppleWebKit/601.1.46 (KHTML, like Gecko) Version/9.0 Mobile/13B143 Safari/601.1"
203.161.56.247 - - [08/Oct/2025:01:57:01 +0000] "GET /2023/05/05/ HTTP/1.1" 200 27351 "-" "WP Rocket/Preload"
203.161.56.247 - - [08/Oct/2025:01:57:03 +0000] "GET /2023/05/05/ HTTP/1.1" 200 27279 "-" "WP Rocket/Preload Mozilla/5.0 (iPhone; CPU iPhone OS 9_1 like Mac OS X) AppleWebKit/601.1.46 (KHTML, like Gecko) Version/9.0 Mobile/13B143 Safari/601.1"
203.161.56.247 - - [08/Oct/2025:01:57:04 +0000] "GET /escort/local-malay-escort/ HTTP/1.1" 200 30759 "-" "WP Rocket/Preload"
203.161.56.247 - - [08/Oct/2025:01:57:06 +0000] "GET /escort/local-malay-escort/ HTTP/1.1" 200 30729 "-" "WP Rocket/Preload Mozilla/5.0 (iPhone; CPU iPhone OS 9_1 like Mac OS X) AppleWebKit/601.1.46 (KHTML, like Gecko) Version/9.0 Mobile/13B143 Safari/601.1"
203.161.56.247 - - [08/Oct/2025:01:57:08 +0000] "GET /2023/06/ HTTP/1.1" 200 27321 "-" "WP Rocket/Preload"
203.161.56.247 - - [08/Oct/2025:01:57:10 +0000] "GET /2023/06/ HTTP/1.1" 200 27246 "-" "WP Rocket/Preload Mozilla/5.0 (iPhone; CPU iPhone OS 9_1 like Mac OS X) AppleWebKit/601.1.46 (KHTML, like Gecko) Version/9.0 Mobile/13B143 Safari/601.1"
203.161.56.247 - - [08/Oct/2025:02:03:09 +0000] "POST /wp-cron.php?doing_wp_cron=1759888989.9602179527282714843750 HTTP/1.1" 200 - "-" "HTdQ2akTTFyj"
203.161.56.247 - - [08/Oct/2025:02:03:11 +0000] "GET /listing/maya/ HTTP/1.1" 200 32377 "-" "WP Rocket/Preload"
114.119.150.28 - - [08/Oct/2025:02:03:08 +0000] "GET /?c=GBP HTTP/1.1" 200 15479 "-" "Mozilla/5.0 (Linux; Android 7.0;) AppleWebKit/537.36 (KHTML, like Gecko) Mobile Safari/537.36 (compatible; PetalBot;+https://webmaster.petalsearch.com/site/petalbot)"
203.161.56.247 - - [08/Oct/2025:02:03:12 +0000] "GET /listing/maya/ HTTP/1.1" 200 31533 "-" "WP Rocket/Preload Mozilla/5.0 (iPhone; CPU iPhone OS 9_1 like Mac OS X) AppleWebKit/601.1.46 (KHTML, like Gecko) Version/9.0 Mobile/13B143 Safari/601.1"
203.161.56.247 - - [08/Oct/2025:02:03:13 +0000] "GET /listing/alena/ HTTP/1.1" 200 32285 "-" "WP Rocket/Preload"
203.161.56.247 - - [08/Oct/2025:02:03:15 +0000] "GET /listing/alena/ HTTP/1.1" 200 32230 "-" "WP Rocket/Preload Mozilla/5.0 (iPhone; CPU iPhone OS 9_1 like Mac OS X) AppleWebKit/601.1.46 (KHTML, like Gecko) Version/9.0 Mobile/13B143 Safari/601.1"
114.119.150.28 - - [08/Oct/2025:02:04:16 +0000] "GET /listing/malisa/ HTTP/1.1" 200 31578 "-" "Mozilla/5.0 (Linux; Android 7.0;) AppleWebKit/537.36 (KHTML, like Gecko) Mobile Safari/537.36 (compatible; PetalBot;+https://webmaster.petalsearch.com/site/petalbot)"
203.161.56.247 - - [08/Oct/2025:02:04:22 +0000] "POST /wp-cron.php?doing_wp_cron=1759889062.1348440647125244140625 HTTP/1.1" 200 - "-" "qbDulcHrIpUy"
114.119.150.28 - - [08/Oct/2025:02:04:20 +0000] "GET /dygloave/cache/background-css/1/klescortgirldirectory.com/dygloave/cache/min/1/css/css.theme-elementor.css?ver=1759571753&wpr_t=1759917376 HTTP/1.1" 404 11478 "https://klescortgirldirectory.com/listing/malisa/" "Mozilla/5.0 (Linux; Android 7.0;) AppleWebKit/537.36 (KHTML, like Gecko) Mobile Safari/537.36 (compatible; PetalBot;+https://webmaster.petalsearch.com/site/petalbot)"
203.161.56.247 - - [08/Oct/2025:02:04:23 +0000] "GET /2023/05/ HTTP/1.1" 200 27311 "-" "WP Rocket/Preload"
203.161.56.247 - - [08/Oct/2025:02:04:26 +0000] "GET /2023/05/ HTTP/1.1" 200 27249 "-" "WP Rocket/Preload Mozilla/5.0 (iPhone; CPU iPhone OS 9_1 like Mac OS X) AppleWebKit/601.1.46 (KHTML, like Gecko) Version/9.0 Mobile/13B143 Safari/601.1"
114.119.150.28 - - [08/Oct/2025:02:04:27 +0000] "POST /index.php HTTP/1.1" 200 94 "https://klescortgirldirectory.com/listing/malisa/" "Mozilla/5.0 (Linux; Android 7.0;) AppleWebKit/537.36 (KHTML, like Gecko) Mobile Safari/537.36 (compatible; PetalBot;+https://webmaster.petalsearch.com/site/petalbot)"
203.161.56.247 - - [08/Oct/2025:02:04:27 +0000] "GET /2023/05/29/ HTTP/1.1" 200 27363 "-" "WP Rocket/Preload"
203.161.56.247 - - [08/Oct/2025:02:04:29 +0000] "GET /2023/05/29/ HTTP/1.1" 200 27290 "-" "WP Rocket/Preload Mozilla/5.0 (iPhone; CPU iPhone OS 9_1 like Mac OS X) AppleWebKit/601.1.46 (KHTML, like Gecko) Version/9.0 Mobile/13B143 Safari/601.1"
203.161.56.247 - - [08/Oct/2025:02:04:30 +0000] "GET /2023/05/10/ HTTP/1.1" 200 27361 "-" "WP Rocket/Preload"
203.161.56.247 - - [08/Oct/2025:02:04:32 +0000] "GET /2023/05/10/ HTTP/1.1" 200 27297 "-" "WP Rocket/Preload Mozilla/5.0 (iPhone; CPU iPhone OS 9_1 like Mac OS X) AppleWebKit/601.1.46 (KHTML, like Gecko) Version/9.0 Mobile/13B143 Safari/601.1"
203.161.56.247 - - [08/Oct/2025:02:04:33 +0000] "GET /escort/philippines-escort/ HTTP/1.1" 200 30769 "-" "WP Rocket/Preload"
203.161.56.247 - - [08/Oct/2025:02:04:35 +0000] "GET /escort/philippines-escort/ HTTP/1.1" 200 30743 "-" "WP Rocket/Preload Mozilla/5.0 (iPhone; CPU iPhone OS 9_1 like Mac OS X) AppleWebKit/601.1.46 (KHTML, like Gecko) Version/9.0 Mobile/13B143 Safari/601.1"
203.161.56.247 - - [08/Oct/2025:02:04:36 +0000] "GET /escort/korean-escort/ HTTP/1.1" 200 30259 "-" "WP Rocket/Preload"
203.161.56.247 - - [08/Oct/2025:02:04:38 +0000] "GET /escort/korean-escort/ HTTP/1.1" 200 30230 "-" "WP Rocket/Preload Mozilla/5.0 (iPhone; CPU iPhone OS 9_1 like Mac OS X) AppleWebKit/601.1.46 (KHTML, like Gecko) Version/9.0 Mobile/13B143 Safari/601.1"
203.161.56.247 - - [08/Oct/2025:02:04:39 +0000] "GET /2023/06/08/ HTTP/1.1" 200 27355 "-" "WP Rocket/Preload"
203.161.56.247 - - [08/Oct/2025:02:04:41 +0000] "GET /2023/06/08/ HTTP/1.1" 200 27296 "-" "WP Rocket/Preload Mozilla/5.0 (iPhone; CPU iPhone OS 9_1 like Mac OS X) AppleWebKit/601.1.46 (KHTML, like Gecko) Version/9.0 Mobile/13B143 Safari/601.1"
203.161.56.247 - - [08/Oct/2025:02:04:42 +0000] "GET /escort/thailand-escort/ HTTP/1.1" 200 30753 "-" "WP Rocket/Preload"
203.161.56.247 - - [08/Oct/2025:02:04:44 +0000] "GET /escort/thailand-escort/ HTTP/1.1" 200 30732 "-" "WP Rocket/Preload Mozilla/5.0 (iPhone; CPU iPhone OS 9_1 like Mac OS X) AppleWebKit/601.1.46 (KHTML, like Gecko) Version/9.0 Mobile/13B143 Safari/601.1"
207.46.13.154 - - [08/Oct/2025:02:06:24 +0000] "GET /listing/anna/ HTTP/1.1" 200 31780 "-" "Mozilla/5.0 AppleWebKit/537.36 (KHTML, like Gecko; compatible; bingbot/2.0; +http://www.bing.com/bingbot.htm) Chrome/116.0.1938.76 Safari/537.36"
203.161.56.247 - - [08/Oct/2025:02:08:56 +0000] "POST /wp-cron.php?doing_wp_cron=1759889336.9039568901062011718750 HTTP/1.1" 200 - "-" "VFqYxLPGlYiT"
114.119.154.169 - - [08/Oct/2025:02:08:55 +0000] "GET /?c=TRY HTTP/1.1" 200 15496 "-" "Mozilla/5.0 (Linux; Android 7.0;) AppleWebKit/537.36 (KHTML, like Gecko) Mobile Safari/537.36 (compatible; PetalBot;+https://webmaster.petalsearch.com/site/petalbot)"
203.161.56.247 - - [08/Oct/2025:02:08:58 +0000] "GET /escort/local-chinese/ HTTP/1.1" 200 30267 "-" "WP Rocket/Preload"
203.161.56.247 - - [08/Oct/2025:02:09:01 +0000] "GET /escort/local-chinese/ HTTP/1.1" 200 30235 "-" "WP Rocket/Preload Mozilla/5.0 (iPhone; CPU iPhone OS 9_1 like Mac OS X) AppleWebKit/601.1.46 (KHTML, like Gecko) Version/9.0 Mobile/13B143 Safari/601.1"
203.161.56.247 - - [08/Oct/2025:02:09:02 +0000] "GET /tag/%E6%A0%87%E7%AD%BE15/ HTTP/1.1" 200 29947 "-" "WP Rocket/Preload"
203.161.56.247 - - [08/Oct/2025:02:09:04 +0000] "GET /tag/%E6%A0%87%E7%AD%BE15/ HTTP/1.1" 200 29923 "-" "WP Rocket/Preload Mozilla/5.0 (iPhone; CPU iPhone OS 9_1 like Mac OS X) AppleWebKit/601.1.46 (KHTML, like Gecko) Version/9.0 Mobile/13B143 Safari/601.1"
203.161.56.247 - - [08/Oct/2025:02:09:05 +0000] "GET /tag/%E6%A0%87%E7%AD%BE9/ HTTP/1.1" 200 29949 "-" "WP Rocket/Preload"
203.161.56.247 - - [08/Oct/2025:02:09:07 +0000] "GET /tag/%E6%A0%87%E7%AD%BE9/ HTTP/1.1" 200 29922 "-" "WP Rocket/Preload Mozilla/5.0 (iPhone; CPU iPhone OS 9_1 like Mac OS X) AppleWebKit/601.1.46 (KHTML, like Gecko) Version/9.0 Mobile/13B143 Safari/601.1"
203.161.56.247 - - [08/Oct/2025:02:09:08 +0000] "GET /tag/%E6%A0%87%E7%AD%BE2/ HTTP/1.1" 200 29945 "-" "WP Rocket/Preload"
203.161.56.247 - - [08/Oct/2025:02:09:10 +0000] "GET /tag/%E6%A0%87%E7%AD%BE2/ HTTP/1.1" 200 29920 "-" "WP Rocket/Preload Mozilla/5.0 (iPhone; CPU iPhone OS 9_1 like Mac OS X) AppleWebKit/601.1.46 (KHTML, like Gecko) Version/9.0 Mobile/13B143 Safari/601.1"
203.161.56.247 - - [08/Oct/2025:02:09:11 +0000] "GET /tag/%E6%A0%87%E7%AD%BE4/ HTTP/1.1" 200 29947 "-" "WP Rocket/Preload"
203.161.56.247 - - [08/Oct/2025:02:09:13 +0000] "GET /tag/%E6%A0%87%E7%AD%BE4/ HTTP/1.1" 200 29921 "-" "WP Rocket/Preload Mozilla/5.0 (iPhone; CPU iPhone OS 9_1 like Mac OS X) AppleWebKit/601.1.46 (KHTML, like Gecko) Version/9.0 Mobile/13B143 Safari/601.1"
203.161.56.247 - - [08/Oct/2025:02:09:15 +0000] "GET /tag/%E6%A0%87%E7%AD%BE5/ HTTP/1.1" 200 29945 "-" "WP Rocket/Preload"
114.119.154.169 - - [08/Oct/2025:02:09:17 +0000] "POST /index.php HTTP/1.1" 200 94 "https://klescortgirldirectory.com/?c=TRY" "Mozilla/5.0 (Linux; Android 7.0;) AppleWebKit/537.36 (KHTML, like Gecko) Mobile Safari/537.36 (compatible; PetalBot;+https://webmaster.petalsearch.com/site/petalbot)"
203.161.56.247 - - [08/Oct/2025:02:09:17 +0000] "GET /tag/%E6%A0%87%E7%AD%BE5/ HTTP/1.1" 200 29923 "-" "WP Rocket/Preload Mozilla/5.0 (iPhone; CPU iPhone OS 9_1 like Mac OS X) AppleWebKit/601.1.46 (KHTML, like Gecko) Version/9.0 Mobile/13B143 Safari/601.1"
203.161.56.247 - - [08/Oct/2025:02:09:18 +0000] "GET /tag/%E6%A0%87%E7%AD%BE17/ HTTP/1.1" 200 29950 "-" "WP Rocket/Preload"
203.161.56.247 - - [08/Oct/2025:02:09:20 +0000] "GET /tag/%E6%A0%87%E7%AD%BE17/ HTTP/1.1" 200 29921 "-" "WP Rocket/Preload Mozilla/5.0 (iPhone; CPU iPhone OS 9_1 like Mac OS X) AppleWebKit/601.1.46 (KHTML, like Gecko) Version/9.0 Mobile/13B143 Safari/601.1"
207.46.13.78 - - [08/Oct/2025:02:11:30 +0000] "GET /listing/selena/ HTTP/1.1" 200 32243 "-" "Mozilla/5.0 AppleWebKit/537.36 (KHTML, like Gecko; compatible; bingbot/2.0; +http://www.bing.com/bingbot.htm) Chrome/116.0.1938.76 Safari/537.36"
54.38.147.100 - - [08/Oct/2025:02:23:38 +0000] "GET /agency/bintang-b2b-massage/ HTTP/1.1" 200 31591 "-" "Mozilla/5.0 (compatible; AhrefsBot/7.0; +http://ahrefs.com/robot/)"
77.75.76.160 - - [08/Oct/2025:02:24:07 +0000] "GET /listing/jessica/ HTTP/1.1" 200 32255 "-" "Mozilla/5.0 (compatible; SeznamBot/4.0; +https://o-seznam.cz/napoveda/vyhledavani/en/seznambot-crawler/)"
203.161.56.247 - - [08/Oct/2025:02:39:39 +0000] "POST /wp-cron.php?doing_wp_cron=1759891179.8484721183776855468750 HTTP/1.1" 200 - "-" "7HFvMtM3uQFz"
85.208.96.194 - - [08/Oct/2025:02:39:38 +0000] "GET /robots.txt HTTP/1.1" 200 139 "-" "Mozilla/5.0 (compatible; SemrushBot/7~bl; +http://www.semrush.com/bot.html)"
85.208.96.212 - - [08/Oct/2025:02:39:40 +0000] "GET /listing/candy/ HTTP/1.1" 200 32138 "-" "Mozilla/5.0 (compatible; SemrushBot/7~bl; +http://www.semrush.com/bot.html)"
203.161.56.247 - - [08/Oct/2025:02:39:41 +0000] "GET /tag/%E6%A0%87%E7%AD%BE12/ HTTP/1.1" 200 29952 "-" "WP Rocket/Preload"
203.161.56.247 - - [08/Oct/2025:02:39:43 +0000] "GET /tag/%E6%A0%87%E7%AD%BE12/ HTTP/1.1" 200 29921 "-" "WP Rocket/Preload Mozilla/5.0 (iPhone; CPU iPhone OS 9_1 like Mac OS X) AppleWebKit/601.1.46 (KHTML, like Gecko) Version/9.0 Mobile/13B143 Safari/601.1"
203.161.56.247 - - [08/Oct/2025:02:39:45 +0000] "GET /tag/%E6%A0%87%E7%AD%BE14/ HTTP/1.1" 200 29950 "-" "WP Rocket/Preload"
203.161.56.247 - - [08/Oct/2025:02:39:46 +0000] "GET /tag/%E6%A0%87%E7%AD%BE14/ HTTP/1.1" 200 29923 "-" "WP Rocket/Preload Mozilla/5.0 (iPhone; CPU iPhone OS 9_1 like Mac OS X) AppleWebKit/601.1.46 (KHTML, like Gecko) Version/9.0 Mobile/13B143 Safari/601.1"
203.161.56.247 - - [08/Oct/2025:02:39:48 +0000] "GET /tag/%E6%A0%87%E7%AD%BE7/ HTTP/1.1" 200 29948 "-" "WP Rocket/Preload"
203.161.56.247 - - [08/Oct/2025:02:39:49 +0000] "GET /tag/%E6%A0%87%E7%AD%BE7/ HTTP/1.1" 200 29918 "-" "WP Rocket/Preload Mozilla/5.0 (iPhone; CPU iPhone OS 9_1 like Mac OS X) AppleWebKit/601.1.46 (KHTML, like Gecko) Version/9.0 Mobile/13B143 Safari/601.1"
203.161.56.247 - - [08/Oct/2025:02:39:51 +0000] "GET /tag/%E6%A0%87%E7%AD%BE1/ HTTP/1.1" 200 29946 "-" "WP Rocket/Preload"
203.161.56.247 - - [08/Oct/2025:02:39:53 +0000] "GET /tag/%E6%A0%87%E7%AD%BE1/ HTTP/1.1" 200 29913 "-" "WP Rocket/Preload Mozilla/5.0 (iPhone; CPU iPhone OS 9_1 like Mac OS X) AppleWebKit/601.1.46 (KHTML, like Gecko) Version/9.0 Mobile/13B143 Safari/601.1"
203.161.56.247 - - [08/Oct/2025:02:39:54 +0000] "GET /tag/%E6%A0%87%E7%AD%BE6/ HTTP/1.1" 200 29945 "-" "WP Rocket/Preload"
203.161.56.247 - - [08/Oct/2025:02:39:56 +0000] "GET /tag/%E6%A0%87%E7%AD%BE6/ HTTP/1.1" 200 29920 "-" "WP Rocket/Preload Mozilla/5.0 (iPhone; CPU iPhone OS 9_1 like Mac OS X) AppleWebKit/601.1.46 (KHTML, like Gecko) Version/9.0 Mobile/13B143 Safari/601.1"
203.161.56.247 - - [08/Oct/2025:02:39:57 +0000] "GET /tag/%E6%A0%87%E7%AD%BE11/ HTTP/1.1" 200 29946 "-" "WP Rocket/Preload"
203.161.56.247 - - [08/Oct/2025:02:39:59 +0000] "GET /tag/%E6%A0%87%E7%AD%BE11/ HTTP/1.1" 200 29926 "-" "WP Rocket/Preload Mozilla/5.0 (iPhone; CPU iPhone OS 9_1 like Mac OS X) AppleWebKit/601.1.46 (KHTML, like Gecko) Version/9.0 Mobile/13B143 Safari/601.1"
203.161.56.247 - - [08/Oct/2025:02:40:00 +0000] "GET /tag/%E6%A0%87%E7%AD%BE18/ HTTP/1.1" 200 29950 "-" "WP Rocket/Preload"
203.161.56.247 - - [08/Oct/2025:02:40:02 +0000] "GET /tag/%E6%A0%87%E7%AD%BE18/ HTTP/1.1" 200 29918 "-" "WP Rocket/Preload Mozilla/5.0 (iPhone; CPU iPhone OS 9_1 like Mac OS X) AppleWebKit/601.1.46 (KHTML, like Gecko) Version/9.0 Mobile/13B143 Safari/601.1"
203.161.56.247 - - [08/Oct/2025:02:42:47 +0000] "GET /tag/%E6%A0%87%E7%AD%BE19/ HTTP/1.1" 200 29951 "-" "WP Rocket/Preload"
203.161.56.247 - - [08/Oct/2025:02:42:50 +0000] "GET /tag/%E6%A0%87%E7%AD%BE19/ HTTP/1.1" 200 29923 "-" "WP Rocket/Preload Mozilla/5.0 (iPhone; CPU iPhone OS 9_1 like Mac OS X) AppleWebKit/601.1.46 (KHTML, like Gecko) Version/9.0 Mobile/13B143 Safari/601.1"
203.161.56.247 - - [08/Oct/2025:02:42:52 +0000] "GET /tag/%E6%A0%87%E7%AD%BE20/ HTTP/1.1" 200 29948 "-" "WP Rocket/Preload"
203.161.56.247 - - [08/Oct/2025:02:42:53 +0000] "GET /tag/%E6%A0%87%E7%AD%BE20/ HTTP/1.1" 200 29926 "-" "WP Rocket/Preload Mozilla/5.0 (iPhone; CPU iPhone OS 9_1 like Mac OS X) AppleWebKit/601.1.46 (KHTML, like Gecko) Version/9.0 Mobile/13B143 Safari/601.1"
203.161.56.247 - - [08/Oct/2025:02:42:55 +0000] "GET /tag/%E6%A0%87%E7%AD%BE3/ HTTP/1.1" 200 29946 "-" "WP Rocket/Preload"
203.161.56.247 - - [08/Oct/2025:02:42:56 +0000] "GET /tag/%E6%A0%87%E7%AD%BE3/ HTTP/1.1" 200 29921 "-" "WP Rocket/Preload Mozilla/5.0 (iPhone; CPU iPhone OS 9_1 like Mac OS X) AppleWebKit/601.1.46 (KHTML, like Gecko) Version/9.0 Mobile/13B143 Safari/601.1"
203.161.56.247 - - [08/Oct/2025:02:42:58 +0000] "GET /tag/%E6%A0%87%E7%AD%BE13/ HTTP/1.1" 200 29949 "-" "WP Rocket/Preload"
203.161.56.247 - - [08/Oct/2025:02:42:59 +0000] "GET /tag/%E6%A0%87%E7%AD%BE13/ HTTP/1.1" 200 29925 "-" "WP Rocket/Preload Mozilla/5.0 (iPhone; CPU iPhone OS 9_1 like Mac OS X) AppleWebKit/601.1.46 (KHTML, like Gecko) Version/9.0 Mobile/13B143 Safari/601.1"
203.161.56.247 - - [08/Oct/2025:02:43:01 +0000] "GET /tag/%E6%A0%87%E7%AD%BE10/ HTTP/1.1" 200 29948 "-" "WP Rocket/Preload"
203.161.56.247 - - [08/Oct/2025:02:43:02 +0000] "GET /tag/%E6%A0%87%E7%AD%BE10/ HTTP/1.1" 200 29923 "-" "WP Rocket/Preload Mozilla/5.0 (iPhone; CPU iPhone OS 9_1 like Mac OS X) AppleWebKit/601.1.46 (KHTML, like Gecko) Version/9.0 Mobile/13B143 Safari/601.1"
185.9.17.124 - - [08/Oct/2025:02:44:35 +0000] "POST /ALFA_DATA/alfacgiapi/perl.alfa HTTP/1.1" 403 16863 "www.google.com" "Mozlila/5.0 (Linux; Android 7.0; SM-G892A Bulid/NRD90M; wv) AppleWebKit/537.36 (KHTML, like Gecko) Version/4.0 Chrome/60.0.3112.107 Moblie Safari/537.36"
185.9.17.124 - - [08/Oct/2025:02:44:31 +0000] "POST /ALFA_DATA/alfacgiapi/perl.alfa HTTP/1.1" 403 16863 "www.google.com" "Mozlila/5.0 (Linux; Android 7.0; SM-G892A Bulid/NRD90M; wv) AppleWebKit/537.36 (KHTML, like Gecko) Version/4.0 Chrome/60.0.3112.107 Moblie Safari/537.36"
185.9.17.124 - - [08/Oct/2025:02:44:33 +0000] "POST /ALFA_DATA/alfacgiapi/perl.alfa HTTP/1.1" 403 16863 "www.google.com" "Mozlila/5.0 (Linux; Android 7.0; SM-G892A Bulid/NRD90M; wv) AppleWebKit/537.36 (KHTML, like Gecko) Version/4.0 Chrome/60.0.3112.107 Moblie Safari/537.36"
185.9.17.124 - - [08/Oct/2025:02:44:37 +0000] "POST /ALFA_DATA/alfacgiapi/perl.alfa HTTP/1.1" 403 16863 "www.google.com" "Mozlila/5.0 (Linux; Android 7.0; SM-G892A Bulid/NRD90M; wv) AppleWebKit/537.36 (KHTML, like Gecko) Version/4.0 Chrome/60.0.3112.107 Moblie Safari/537.36"
203.161.56.247 - - [08/Oct/2025:02:44:44 +0000] "POST /?wordfence_syncAttackData=1759891483.6276 HTTP/1.1" 500 1071 "-" "WordPress/6.8.3; https://klescortgirldirectory.com"
203.161.56.247 - - [08/Oct/2025:02:44:40 +0000] "POST /?wordfence_syncAttackData=1759891480.4366 HTTP/1.1" 500 1071 "-" "WordPress/6.8.3; https://klescortgirldirectory.com"
203.161.56.247 - - [08/Oct/2025:02:44:43 +0000] "POST /?wordfence_syncAttackData=1759891482.8156 HTTP/1.1" 500 1071 "-" "WordPress/6.8.3; https://klescortgirldirectory.com"
203.161.56.247 - - [08/Oct/2025:02:44:41 +0000] "POST /?wordfence_syncAttackData=1759891481.4933 HTTP/1.1" 500 1071 "-" "WordPress/6.8.3; https://klescortgirldirectory.com"
203.161.56.247 - - [08/Oct/2025:02:44:42 +0000] "POST /?wordfence_syncAttackData=1759891482.105 HTTP/1.1" 500 1071 "-" "WordPress/6.8.3; https://klescortgirldirectory.com"
203.161.56.247 - - [08/Oct/2025:02:44:41 +0000] "POST /?wordfence_syncAttackData=1759891481.0793 HTTP/1.1" 500 1071 "-" "WordPress/6.8.3; https://klescortgirldirectory.com"
203.161.56.247 - - [08/Oct/2025:02:44:47 +0000] "POST /?wordfence_syncAttackData=1759891487.0724 HTTP/1.1" 500 1071 "-" "WordPress/6.8.3; https://klescortgirldirectory.com"
203.161.56.247 - - [08/Oct/2025:02:51:55 +0000] "POST /?wordfence_syncAttackData=1759891915.3934 HTTP/1.1" 200 - "-" "WordPress/6.8.3; https://klescortgirldirectory.com"
203.161.56.247 - - [08/Oct/2025:02:51:57 +0000] "POST /wp-cron.php?doing_wp_cron=1759891917.0013010501861572265625 HTTP/1.1" 200 - "-" "aTtVKRiPblpS"
51.195.183.149 - - [08/Oct/2025:02:51:53 +0000] "GET /sitemap.rss HTTP/1.1" 200 2009 "-" "Mozilla/5.0 (compatible; AhrefsBot/7.0; +http://ahrefs.com/robot/)"
203.161.56.247 - - [08/Oct/2025:02:51:58 +0000] "GET /tag/%E6%A0%87%E7%AD%BE8/ HTTP/1.1" 200 29948 "-" "WP Rocket/Preload"
203.161.56.247 - - [08/Oct/2025:02:52:00 +0000] "GET /tag/%E6%A0%87%E7%AD%BE8/ HTTP/1.1" 200 29918 "-" "WP Rocket/Preload Mozilla/5.0 (iPhone; CPU iPhone OS 9_1 like Mac OS X) AppleWebKit/601.1.46 (KHTML, like Gecko) Version/9.0 Mobile/13B143 Safari/601.1"
203.161.56.247 - - [08/Oct/2025:02:52:02 +0000] "GET /country/kepong-escorts/ HTTP/1.1" 200 34039 "-" "WP Rocket/Preload"
203.161.56.247 - - [08/Oct/2025:02:52:03 +0000] "GET /country/kepong-escorts/ HTTP/1.1" 200 34002 "-" "WP Rocket/Preload Mozilla/5.0 (iPhone; CPU iPhone OS 9_1 like Mac OS X) AppleWebKit/601.1.46 (KHTML, like Gecko) Version/9.0 Mobile/13B143 Safari/601.1"
203.161.56.247 - - [08/Oct/2025:02:52:05 +0000] "GET /agency/johor-bahru-escort-agency/ HTTP/1.1" 200 31081 "-" "WP Rocket/Preload"
203.161.56.247 - - [08/Oct/2025:02:52:06 +0000] "GET /agency/johor-bahru-escort-agency/ HTTP/1.1" 200 31063 "-" "WP Rocket/Preload Mozilla/5.0 (iPhone; CPU iPhone OS 9_1 like Mac OS X) AppleWebKit/601.1.46 (KHTML, like Gecko) Version/9.0 Mobile/13B143 Safari/601.1"
203.161.56.247 - - [08/Oct/2025:02:52:08 +0000] "GET /log/.env/ HTTP/1.1" 200 32421 "-" "WP Rocket/Preload"
203.161.56.247 - - [08/Oct/2025:02:52:09 +0000] "GET /log/.env/ HTTP/1.1" 200 32370 "-" "WP Rocket/Preload Mozilla/5.0 (iPhone; CPU iPhone OS 9_1 like Mac OS X) AppleWebKit/601.1.46 (KHTML, like Gecko) Version/9.0 Mobile/13B143 Safari/601.1"
