203.161.56.247 - - [08/Oct/2025:02:52:26 +0000] "POST /wp-cron.php?doing_wp_cron=1759891946.6674160957336425781250 HTTP/1.1" 200 - "-" "6RM65gWPsZJr"
216.73.216.81 - - [08/Oct/2025:02:52:25 +0000] "GET /robots.txt HTTP/1.1" 200 139 "-" "Mozilla/5.0 AppleWebKit/537.36 (KHTML, like Gecko; compatible; ClaudeBot/1.0; +claudebot@anthropic.com)"
216.73.216.81 - - [08/Oct/2025:02:52:26 +0000] "GET /news-sitemap.xml HTTP/1.1" 404 204 "-" "Mozilla/5.0 AppleWebKit/537.36 (KHTML, like Gecko; compatible; ClaudeBot/1.0; +claudebot@anthropic.com)"
43.167.157.80 - - [08/Oct/2025:02:57:49 +0000] "GET / HTTP/1.1" 200 32333 "-" "Mozilla/5.0 (iPhone; CPU iPhone OS 13_2_3 like Mac OS X) AppleWebKit/605.1.15 (KHTML, like Gecko) Version/13.0.3 Mobile/15E148 Safari/604.1"
203.161.56.247 - - [08/Oct/2025:03:02:21 +0000] "POST /wp-cron.php?doing_wp_cron=1759892541.4048430919647216796875 HTTP/1.1" 200 - "-" "MrP4KKeq7A8f"
216.73.216.81 - - [08/Oct/2025:03:02:19 +0000] "GET /listing/judy HTTP/1.1" 301 - "-" "Mozilla/5.0 AppleWebKit/537.36 (KHTML, like Gecko; compatible; ClaudeBot/1.0; +claudebot@anthropic.com)"
216.73.216.81 - - [08/Oct/2025:03:02:21 +0000] "GET /listing/judy/ HTTP/1.1" 200 32396 "https://klescortgirldirectory.com/listing/judy" "Mozilla/5.0 AppleWebKit/537.36 (KHTML, like Gecko; compatible; ClaudeBot/1.0; +claudebot@anthropic.com)"
209.50.182.86 - - [08/Oct/2025:03:03:55 +0000] "GET /wp-login.php HTTP/1.1" 200 8122 "-" "Mozilla/5.0 (Windows NT 10.0; Win64; x64) AppleWebKit/537.36 (KHTML, like Gecko) Chrome/115.0.0.0 Safari/537.36 Edg/115.0.1901.203"
203.161.56.247 - - [08/Oct/2025:03:08:34 +0000] "POST /wp-cron.php?doing_wp_cron=1759892914.8179020881652832031250 HTTP/1.1" 200 - "-" "Nf2vguEc3NSj"
64.176.195.163 - - [08/Oct/2025:03:08:32 +0000] "GET /blog-verify HTTP/1.1" 404 47060 "-" "Mozilla/5.0 (Windows NT 10.0; Win64; x64) AppleWebKit/537.36 (KHTML, like Gecko) Chrome/127.0.0.0 Safari/537.36"
88.218.60.84 - - [08/Oct/2025:03:28:02 +0000] "GET /wp-login.php HTTP/1.1" 200 8122 "-" "Mozilla/5.0 (Windows NT 10.0; Win64; x64) AppleWebKit/537.36"
88.218.60.84 - - [08/Oct/2025:03:28:05 +0000] "POST /wp-login.php HTTP/1.1" 503 7243 "-" "Mozilla/5.0 (Windows NT 10.0; Win64; x64) AppleWebKit/537.36"
198.244.226.141 - - [08/Oct/2025:03:28:08 +0000] "GET / HTTP/1.1" 200 32085 "-" "Mozilla/5.0 (compatible; AhrefsBot/7.0; +http://ahrefs.com/robot/)"
203.161.56.247 - - [08/Oct/2025:03:28:54 +0000] "POST /wp-cron.php?doing_wp_cron=1759894134.0081899166107177734375 HTTP/1.1" 200 - "-" "vEIFCBZI890e"
216.73.216.81 - - [08/Oct/2025:03:28:52 +0000] "GET /sitemap.xml HTTP/1.1" 200 554 "-" "Mozilla/5.0 AppleWebKit/537.36 (KHTML, like Gecko; compatible; ClaudeBot/1.0; +claudebot@anthropic.com)"
203.161.56.247 - - [08/Oct/2025:03:38:10 +0000] "POST /wp-cron.php?doing_wp_cron=1759894690.7820789813995361328125 HTTP/1.1" 200 - "-" "BOkR0Avb3wEd"
216.73.216.81 - - [08/Oct/2025:03:38:08 +0000] "GET /video-sitemap.xml HTTP/1.1" 404 186 "-" "Mozilla/5.0 AppleWebKit/537.36 (KHTML, like Gecko; compatible; ClaudeBot/1.0; +claudebot@anthropic.com)"
203.161.56.247 - - [08/Oct/2025:03:40:12 +0000] "POST /wp-cron.php?doing_wp_cron=1759894812.6319100856781005859375 HTTP/1.1" 200 - "-" "MSLAIFhqPwYZ"
216.73.216.81 - - [08/Oct/2025:03:40:10 +0000] "GET /sitemap.rss HTTP/1.1" 200 2009 "-" "Mozilla/5.0 AppleWebKit/537.36 (KHTML, like Gecko; compatible; ClaudeBot/1.0; +claudebot@anthropic.com)"
185.39.19.34 - - [08/Oct/2025:03:41:39 +0000] "GET /contact/ HTTP/1.0" 200 75036 "https://klescortgirldirectory.com/contact/" "Mozilla/5.0 (Windows NT 10.0; Win64; x64) AppleWebKit/537.36 (KHTML, like Gecko) Chrome/129.0.0.0 Safari/537.36"
203.161.56.247 - - [08/Oct/2025:03:59:15 +0000] "POST /wp-cron.php?doing_wp_cron=1759895955.0914599895477294921875 HTTP/1.1" 200 - "-" "WNhnAapWBDHp"
77.75.78.160 - - [08/Oct/2025:03:59:13 +0000] "GET /dabody-sitemap.xml HTTP/1.1" 200 517 "-" "Mozilla/5.0 (compatible; SeznamBot/4.0; +https://o-seznam.cz/napoveda/vyhledavani/en/seznambot-crawler/)"
20.191.45.212 - - [08/Oct/2025:04:06:34 +0000] "GET /ipsypsyj/2023/03/cropped-iconfinder_kl-escort-girl-directory-32x32.png HTTP/1.1" 200 1550 "https://klescortgirldirectory.com/ipsypsyj/2023/03/cropped-iconfinder_kl-escort-girl-directory-32x32.png" "DuckDuckBot/1.1; (+http://duckduckgo.com/duckduckbot.html)"
198.244.183.188 - - [08/Oct/2025:04:07:28 +0000] "GET /listing-category/asian-girls/ HTTP/1.1" 200 31113 "-" "Mozilla/5.0 (compatible; AhrefsBot/7.0; +http://ahrefs.com/robot/)"
203.161.56.247 - - [08/Oct/2025:04:07:38 +0000] "POST /wp-cron.php?doing_wp_cron=1759896458.5050361156463623046875 HTTP/1.1" 200 - "-" "048qmIJGU83C"
216.73.216.81 - - [08/Oct/2025:04:07:37 +0000] "GET /robots.txt HTTP/1.1" 200 139 "-" "Mozilla/5.0 AppleWebKit/537.36 (KHTML, like Gecko; compatible; ClaudeBot/1.0; +claudebot@anthropic.com)"
216.73.216.81 - - [08/Oct/2025:04:07:38 +0000] "GET /video-sitemap.xml HTTP/1.1" 404 186 "-" "Mozilla/5.0 AppleWebKit/537.36 (KHTML, like Gecko; compatible; ClaudeBot/1.0; +claudebot@anthropic.com)"
203.161.56.247 - - [08/Oct/2025:04:20:29 +0000] "POST /wp-cron.php?doing_wp_cron=1759897229.0033559799194335937500 HTTP/1.1" 200 - "-" "krbxvue0bUDL"
216.73.216.81 - - [08/Oct/2025:04:20:27 +0000] "GET /sitemap.xml HTTP/1.1" 200 553 "-" "Mozilla/5.0 AppleWebKit/537.36 (KHTML, like Gecko; compatible; ClaudeBot/1.0; +claudebot@anthropic.com)"
203.161.56.247 - - [08/Oct/2025:04:20:42 +0000] "POST /wp-admin/admin-ajax.php?action=wordfence_testAjax HTTP/1.1" 200 32 "-" "ukVNxG7cV88o"
203.161.56.247 - - [08/Oct/2025:04:20:43 +0000] "POST /wp-admin/admin-ajax.php?action=as_async_request_queue_runner&nonce=bc06e6b918 HTTP/1.1" 200 - "-" "BiyVVVHvZrpu"
203.161.56.247 - - [08/Oct/2025:04:20:44 +0000] "GET /wp-admin/admin-ajax.php?action=wordfence_doScan&isFork=0&scanMode=standard&cronKey=dafd6081beeffa77c179a1b11954433e&signature=961a5329f3d4f4fcd657747a0b94901211b95f12a26a931cc1a2dfadf4194e28 HTTP/1.1" 200 - "-" "ukVNxG7cV88o"
203.161.56.247 - - [08/Oct/2025:04:21:18 +0000] "POST /wp-cron.php?doing_wp_cron=1759897278.5441379547119140625000 HTTP/1.1" 200 - "-" "nHOp61TmmQMW"
203.161.56.247 - - [08/Oct/2025:04:21:50 +0000] "POST /wp-cron.php?doing_wp_cron=1759897310.5816640853881835937500 HTTP/1.1" 200 - "-" "MAQBQX5i8cPc"
203.161.56.247 - - [08/Oct/2025:04:21:17 +0000] "GET /wp-admin/admin-ajax.php?action=wordfence_doScan&isFork=1&scanMode=standard&cronKey=6d7bf0735318fbee4aad653880fdab70&signature=12e3265049582d658b7604f2829510fb3046601a51d925dc694c6274abd45411 HTTP/1.1" 200 - "-" "NGaILTwRxVc6"
203.161.56.247 - - [08/Oct/2025:04:21:50 +0000] "POST /wp-admin/admin-ajax.php?action=as_async_request_queue_runner&nonce=bc06e6b918 HTTP/1.1" 200 - "-" "nHOp61TmmQMW"
203.161.56.247 - - [08/Oct/2025:04:22:10 +0000] "POST /wp-cron.php?doing_wp_cron=1759897330.3271989822387695312500 HTTP/1.1" 200 - "-" "cPGQl5mhUxce"
203.161.56.247 - - [08/Oct/2025:04:22:08 +0000] "POST /wp-admin/admin-ajax.php?action=as_async_request_queue_runner&nonce=bc06e6b918 HTTP/1.1" 200 - "-" "5XjQjxJWip7F"
203.161.56.247 - - [08/Oct/2025:04:21:49 +0000] "GET /wp-admin/admin-ajax.php?action=wordfence_doScan&isFork=1&scanMode=standard&cronKey=642a20df7466e4a239fbcdb482bfa3ef&signature=1a3de540b12ff33938130e2d706591a7a2dca1091e84aa6c2aeb63d455fa49a9 HTTP/1.1" 200 - "-" "nHOp61TmmQMW"
203.161.56.247 - - [08/Oct/2025:04:22:54 +0000] "POST /wp-cron.php?doing_wp_cron=1759897374.5080800056457519531250 HTTP/1.1" 200 - "-" "B1Rvr0TQsh2W"
203.161.56.247 - - [08/Oct/2025:04:22:21 +0000] "GET /wp-admin/admin-ajax.php?action=wordfence_doScan&isFork=1&scanMode=standard&cronKey=51d296f2a42ae1aaff610ee3139bddea&signature=3f2a5470a41295c20a77520d09b2e649264845e8fa454604b1b39fb13b18fdba HTTP/1.1" 200 - "-" "MAQBQX5i8cPc"
203.161.56.247 - - [08/Oct/2025:04:22:54 +0000] "POST /wp-admin/admin-ajax.php?action=as_async_request_queue_runner&nonce=bc06e6b918 HTTP/1.1" 200 - "-" "X7S6kQOZ4daT"
203.161.56.247 - - [08/Oct/2025:04:22:53 +0000] "GET /wp-admin/admin-ajax.php?action=wordfence_doScan&isFork=1&scanMode=standard&cronKey=200fc71c561f01d112c48240c2161098&signature=828f657b7b935ed8486e2d91e4b86ac75b1673ea13a26161e0a130a990211a24 HTTP/1.1" 200 - "-" "X7S6kQOZ4daT"
203.161.56.247 - - [08/Oct/2025:04:23:26 +0000] "POST /wp-cron.php?doing_wp_cron=1759897406.4841880798339843750000 HTTP/1.1" 200 - "-" "OiBO7t8KR3I7"
203.161.56.247 - - [08/Oct/2025:04:23:58 +0000] "POST /wp-cron.php?doing_wp_cron=1759897438.5462241172790527343750 HTTP/1.1" 200 - "-" "65lXUFUnve0G"
203.161.56.247 - - [08/Oct/2025:04:23:25 +0000] "GET /wp-admin/admin-ajax.php?action=wordfence_doScan&isFork=1&scanMode=standard&cronKey=7bb460acacbebb4157e1d29bcf450f52&signature=45a19bb3126989f0c90c68adc64c0801fdcc7ffd9e90990ef36b9babd48a7919 HTTP/1.1" 200 - "-" "B1Rvr0TQsh2W"
203.161.56.247 - - [08/Oct/2025:04:23:58 +0000] "POST /wp-admin/admin-ajax.php?action=as_async_request_queue_runner&nonce=bc06e6b918 HTTP/1.1" 200 - "-" "OiBO7t8KR3I7"
203.161.56.247 - - [08/Oct/2025:04:23:57 +0000] "GET /wp-admin/admin-ajax.php?action=wordfence_doScan&isFork=1&scanMode=standard&cronKey=6a73e908510be7426fc2a48bb937f91e&signature=9271ed9445ce5ae330d6620ab42d79554a301925f97495e7d3ca88bd0fb61b64 HTTP/1.1" 200 - "-" "OiBO7t8KR3I7"
203.161.56.247 - - [08/Oct/2025:04:24:30 +0000] "POST /wp-cron.php?doing_wp_cron=1759897470.5658259391784667968750 HTTP/1.1" 200 - "-" "zSWWFFd3kPN5"
203.161.56.247 - - [08/Oct/2025:04:25:04 +0000] "POST /wp-cron.php?doing_wp_cron=1759897504.1848421096801757812500 HTTP/1.1" 200 - "-" "aQ9aAp5T1Z9Q"
203.161.56.247 - - [08/Oct/2025:04:24:29 +0000] "GET /wp-admin/admin-ajax.php?action=wordfence_doScan&isFork=1&scanMode=standard&cronKey=0cd1b718a0fe628197911fe3f2069256&signature=e8524c92fc750b1c3a35b5fb39b7a785869fdc14eafb79d73204f136ad5508ce HTTP/1.1" 200 - "-" "65lXUFUnve0G"
203.161.56.247 - - [08/Oct/2025:04:25:03 +0000] "POST /wp-admin/admin-ajax.php?action=as_async_request_queue_runner&nonce=bc06e6b918 HTTP/1.1" 200 - "-" "zSWWFFd3kPN5"
203.161.56.247 - - [08/Oct/2025:04:25:24 +0000] "POST /wp-cron.php?doing_wp_cron=1759897524.7957949638366699218750 HTTP/1.1" 200 - "-" "mWFuUvO59Gd6"
203.161.56.247 - - [08/Oct/2025:04:25:23 +0000] "POST /wp-admin/admin-ajax.php?action=as_async_request_queue_runner&nonce=bc06e6b918 HTTP/1.1" 200 - "-" "XNvqoACH8Dqu"
203.161.56.247 - - [08/Oct/2025:04:25:02 +0000] "GET /wp-admin/admin-ajax.php?action=wordfence_doScan&isFork=1&scanMode=standard&cronKey=4a44fbbeedc32777458ffa1d9c5de357&signature=ba7ac446070ccb43fee93eac327df6018abc843ea8ed38a12853fc8b2a346602 HTTP/1.1" 200 - "-" "zSWWFFd3kPN5"
203.161.56.247 - - [08/Oct/2025:04:25:36 +0000] "POST /wp-cron.php?doing_wp_cron=1759897536.5158429145812988281250 HTTP/1.1" 200 - "-" "yogDSbwUblBD"
203.161.56.247 - - [08/Oct/2025:04:26:08 +0000] "POST /wp-cron.php?doing_wp_cron=1759897568.8148589134216308593750 HTTP/1.1" 200 - "-" "T3fncciR3fOS"
203.161.56.247 - - [08/Oct/2025:04:25:35 +0000] "GET /wp-admin/admin-ajax.php?action=wordfence_doScan&isFork=1&scanMode=standard&cronKey=4e3e9e537a8dcdad69f13a09713c822d&signature=bf4cc6819e3e3b003047b7708417d81629af6cad4ced9c200df28b04a70ad0a6 HTTP/1.1" 200 - "-" "aQ9aAp5T1Z9Q"
203.161.56.247 - - [08/Oct/2025:04:26:08 +0000] "POST /wp-admin/admin-ajax.php?action=as_async_request_queue_runner&nonce=bc06e6b918 HTTP/1.1" 200 - "-" "yogDSbwUblBD"
203.161.56.247 - - [08/Oct/2025:04:26:07 +0000] "GET /wp-admin/admin-ajax.php?action=wordfence_doScan&isFork=1&scanMode=standard&cronKey=1f2416a8554364b84d4cb32607651e88&signature=2bf8d58adb41fb4bd669ed213cf48757b50d73a46910dfc3c26a4af0e702b1b3 HTTP/1.1" 200 - "-" "yogDSbwUblBD"
203.161.56.247 - - [08/Oct/2025:04:26:41 +0000] "POST /wp-cron.php?doing_wp_cron=1759897601.5638339519500732421875 HTTP/1.1" 200 - "-" "UP120PV2s0LW"
203.161.56.247 - - [08/Oct/2025:04:27:13 +0000] "POST /wp-cron.php?doing_wp_cron=1759897633.4906389713287353515625 HTTP/1.1" 200 - "-" "DcZYXfLzODbB"
203.161.56.247 - - [08/Oct/2025:04:26:40 +0000] "GET /wp-admin/admin-ajax.php?action=wordfence_doScan&isFork=1&scanMode=standard&cronKey=86bceee346536f125664c225c3bb24e0&signature=1ad381130fb7bb6870e08f41706a684da9611e2e6b68c769ecef4584a86148b0 HTTP/1.1" 200 - "-" "T3fncciR3fOS"
203.161.56.247 - - [08/Oct/2025:04:27:13 +0000] "POST /wp-admin/admin-ajax.php?action=as_async_request_queue_runner&nonce=bc06e6b918 HTTP/1.1" 200 - "-" "UP120PV2s0LW"
203.161.56.247 - - [08/Oct/2025:04:27:12 +0000] "GET /wp-admin/admin-ajax.php?action=wordfence_doScan&isFork=1&scanMode=standard&cronKey=093892bb180b24693dafa9a2bd36acbd&signature=b30256e76b529b30f70f422c8991925c3f261b8c23a42a801f4692756e76e459 HTTP/1.1" 200 - "-" "UP120PV2s0LW"
203.161.56.247 - - [08/Oct/2025:04:27:45 +0000] "POST /wp-cron.php?doing_wp_cron=1759897665.5323779582977294921875 HTTP/1.1" 200 - "-" "R84kbMhPquUD"
203.161.56.247 - - [08/Oct/2025:04:28:17 +0000] "POST /wp-cron.php?doing_wp_cron=1759897697.5234949588775634765625 HTTP/1.1" 200 - "-" "6HlM4nACif0o"
203.161.56.247 - - [08/Oct/2025:04:27:44 +0000] "GET /wp-admin/admin-ajax.php?action=wordfence_doScan&isFork=1&scanMode=standard&cronKey=f1b2352e06b8756de6aac6fc15478ee2&signature=7d08c8cf9d0c7a2bfc6a0be1e16972a1ee3c5043105978d662afde874777058f HTTP/1.1" 200 - "-" "DcZYXfLzODbB"
203.161.56.247 - - [08/Oct/2025:04:28:17 +0000] "POST /wp-admin/admin-ajax.php?action=as_async_request_queue_runner&nonce=bc06e6b918 HTTP/1.1" 200 - "-" "R84kbMhPquUD"
203.161.56.247 - - [08/Oct/2025:04:28:16 +0000] "GET /wp-admin/admin-ajax.php?action=wordfence_doScan&isFork=1&scanMode=standard&cronKey=1a1ed4edc8abbcc621db2af6ae25cf23&signature=b8ce012d6547d00984b8de58d735ed07011efb1b4927fdbbe833fb54d8c4d1c8 HTTP/1.1" 200 - "-" "R84kbMhPquUD"
203.161.56.247 - - [08/Oct/2025:04:28:49 +0000] "POST /wp-cron.php?doing_wp_cron=1759897729.4752349853515625000000 HTTP/1.1" 200 - "-" "G9Hjlm2m1mGb"
203.161.56.247 - - [08/Oct/2025:04:29:07 +0000] "POST /wp-cron.php?doing_wp_cron=1759897747.0489819049835205078125 HTTP/1.1" 200 - "-" "GwTYWGeUTNUz"
45.84.107.76 - - [08/Oct/2025:04:29:05 +0000] "POST /xmlrpc.php HTTP/1.1" 200 228 "https://www.google.com/" "Mozilla/5.0 (X11; Linux x86_64; rv:52.0) Gecko/20100101 Firefox/52.0"
45.138.16.222 - - [08/Oct/2025:04:29:08 +0000] "POST /xmlrpc.php HTTP/1.1" 200 228 "https://www.google.com/" "Mozilla/5.0 (Macintosh; U; Intel Mac OS X 10_6_6; en-en) AppleWebKit/533.19.4 (KHTML, like Gecko) Version/5.0.3 Safari/533.19.4"
203.161.56.247 - - [08/Oct/2025:04:29:21 +0000] "POST /wp-cron.php?doing_wp_cron=1759897761.4723460674285888671875 HTTP/1.1" 200 - "-" "pDBHoCjAqeNq"
203.161.56.247 - - [08/Oct/2025:04:28:48 +0000] "GET /wp-admin/admin-ajax.php?action=wordfence_doScan&isFork=1&scanMode=standard&cronKey=2d2aed57aef400f6ba579247aafc8b01&signature=59199db909a6d594bf4220992ab91ec84e3d91d3e483dab0421dca53421f9bf4 HTTP/1.1" 200 - "-" "6HlM4nACif0o"
203.161.56.247 - - [08/Oct/2025:04:29:21 +0000] "POST /wp-admin/admin-ajax.php?action=as_async_request_queue_runner&nonce=bc06e6b918 HTTP/1.1" 200 - "-" "G9Hjlm2m1mGb"
203.161.56.247 - - [08/Oct/2025:04:29:20 +0000] "GET /wp-admin/admin-ajax.php?action=wordfence_doScan&isFork=1&scanMode=standard&cronKey=815cad8211637594c75f38c050aa47fb&signature=dc537da1bb071a7b51e724adb40744c3002523627f7e1dacf6db166a070451e0 HTTP/1.1" 200 - "-" "G9Hjlm2m1mGb"
203.161.56.247 - - [08/Oct/2025:04:29:53 +0000] "POST /wp-cron.php?doing_wp_cron=1759897793.6661469936370849609375 HTTP/1.1" 200 - "-" "g8mUf80abvut"
203.161.56.247 - - [08/Oct/2025:04:30:25 +0000] "POST /wp-cron.php?doing_wp_cron=1759897825.6297240257263183593750 HTTP/1.1" 200 - "-" "caTIC63H30fe"
203.161.56.247 - - [08/Oct/2025:04:29:52 +0000] "GET /wp-admin/admin-ajax.php?action=wordfence_doScan&isFork=1&scanMode=standard&cronKey=c68c300575e9232a778ac28641deceec&signature=9c59853bbd98ab99b0c87e44a213990984b5fd856e0f716630074fba2ce40d6a HTTP/1.1" 200 - "-" "pDBHoCjAqeNq"
203.161.56.247 - - [08/Oct/2025:04:30:25 +0000] "POST /wp-admin/admin-ajax.php?action=as_async_request_queue_runner&nonce=bc06e6b918 HTTP/1.1" 200 - "-" "g8mUf80abvut"
203.161.56.247 - - [08/Oct/2025:04:30:45 +0000] "POST /wp-cron.php?doing_wp_cron=1759897845.4098010063171386718750 HTTP/1.1" 200 - "-" "nivLvHf66p8L"
203.161.56.247 - - [08/Oct/2025:04:30:44 +0000] "POST /wp-admin/admin-ajax.php?action=as_async_request_queue_runner&nonce=bc06e6b918 HTTP/1.1" 200 - "-" "K4Ng2y172nDh"
203.161.56.247 - - [08/Oct/2025:04:30:24 +0000] "GET /wp-admin/admin-ajax.php?action=wordfence_doScan&isFork=1&scanMode=standard&cronKey=dac70cb8b4433005150d77f5d174394f&signature=02d208c5d602c0f7f3d4cc1a316a2816c6871309cea0e81ac48fd65fd69acab1 HTTP/1.1" 200 - "-" "g8mUf80abvut"
203.161.56.247 - - [08/Oct/2025:04:31:29 +0000] "POST /wp-cron.php?doing_wp_cron=1759897889.5943529605865478515625 HTTP/1.1" 200 - "-" "ZSj80nPCbqGw"
203.161.56.247 - - [08/Oct/2025:04:30:56 +0000] "GET /wp-admin/admin-ajax.php?action=wordfence_doScan&isFork=1&scanMode=standard&cronKey=489c75952af37361a5a081d7b75cec29&signature=2a00d7050d6c2fcc575273aa2716a64324588d33f2d16b6a6163800e112d42ed HTTP/1.1" 200 - "-" "caTIC63H30fe"
203.161.56.247 - - [08/Oct/2025:04:31:29 +0000] "POST /wp-admin/admin-ajax.php?action=as_async_request_queue_runner&nonce=bc06e6b918 HTTP/1.1" 200 - "-" "VUED3n55GJx3"
203.161.56.247 - - [08/Oct/2025:04:31:28 +0000] "GET /wp-admin/admin-ajax.php?action=wordfence_doScan&isFork=1&scanMode=standard&cronKey=7eaa4206e2b50a7b4255ca64cedd12a0&signature=4d9dda951bbb2e8553e482e17faf52dad01f9a6a5712fffbe958c8fb5a8b6ccd HTTP/1.1" 200 - "-" "VUED3n55GJx3"
203.161.56.247 - - [08/Oct/2025:04:32:01 +0000] "POST /wp-cron.php?doing_wp_cron=1759897921.5867099761962890625000 HTTP/1.1" 200 - "-" "vwGSmo3njmq8"
203.161.56.247 - - [08/Oct/2025:04:32:33 +0000] "POST /wp-cron.php?doing_wp_cron=1759897953.5745379924774169921875 HTTP/1.1" 200 - "-" "lW8CkhIsb35j"
203.161.56.247 - - [08/Oct/2025:04:32:00 +0000] "GET /wp-admin/admin-ajax.php?action=wordfence_doScan&isFork=1&scanMode=standard&cronKey=d6aeb343bea7a4a3c6196c002899a505&signature=80e37f36edfcfbf770f36b3b331fc97290a26e7ed21934bc66e14bb2c3783490 HTTP/1.1" 200 - "-" "ZSj80nPCbqGw"
203.161.56.247 - - [08/Oct/2025:04:32:33 +0000] "POST /wp-admin/admin-ajax.php?action=as_async_request_queue_runner&nonce=bc06e6b918 HTTP/1.1" 200 - "-" "vwGSmo3njmq8"
203.161.56.247 - - [08/Oct/2025:04:32:52 +0000] "POST /wp-cron.php?doing_wp_cron=1759897972.6802909374237060546875 HTTP/1.1" 200 - "-" "uAXecFCBDL1P"
203.161.56.247 - - [08/Oct/2025:04:32:51 +0000] "POST /wp-admin/admin-ajax.php?action=as_async_request_queue_runner&nonce=bc06e6b918 HTTP/1.1" 200 - "-" "PmfwZke2zUx8"
203.161.56.247 - - [08/Oct/2025:04:32:32 +0000] "GET /wp-admin/admin-ajax.php?action=wordfence_doScan&isFork=1&scanMode=standard&cronKey=7f4beeb7850c30a82bf5f8220c79a8cf&signature=b9805ae50bda441879009bb3010e7e3b78e475da47abe8ba33210f95f182f100 HTTP/1.1" 200 - "-" "vwGSmo3njmq8"
203.161.56.247 - - [08/Oct/2025:04:33:05 +0000] "POST /wp-cron.php?doing_wp_cron=1759897985.6348979473114013671875 HTTP/1.1" 200 - "-" "rPcnhspslkbM"
203.161.56.247 - - [08/Oct/2025:04:33:37 +0000] "POST /wp-cron.php?doing_wp_cron=1759898017.5748949050903320312500 HTTP/1.1" 200 - "-" "TuuIpm5zsDQc"
203.161.56.247 - - [08/Oct/2025:04:33:04 +0000] "GET /wp-admin/admin-ajax.php?action=wordfence_doScan&isFork=1&scanMode=standard&cronKey=1da842bf432ba7c8c6f6f5d34982fb63&signature=18a3bc358fce196c6243159a72fd5b430a4f379f4132b647a62cdb5c7dd830fe HTTP/1.1" 200 - "-" "lW8CkhIsb35j"
203.161.56.247 - - [08/Oct/2025:04:33:37 +0000] "POST /wp-admin/admin-ajax.php?action=as_async_request_queue_runner&nonce=bc06e6b918 HTTP/1.1" 200 - "-" "rPcnhspslkbM"
203.161.56.247 - - [08/Oct/2025:04:33:36 +0000] "GET /wp-admin/admin-ajax.php?action=wordfence_doScan&isFork=1&scanMode=standard&cronKey=c13e50857d43154449c50fdcef920b66&signature=429cfd260672eb349dfb5f7f1387b33905f8e9ff0fe03801ea500ad31da2ad48 HTTP/1.1" 200 - "-" "rPcnhspslkbM"
203.161.56.247 - - [08/Oct/2025:04:34:09 +0000] "POST /wp-cron.php?doing_wp_cron=1759898049.6145870685577392578125 HTTP/1.1" 200 - "-" "Ob0WORmyXzVI"
203.161.56.247 - - [08/Oct/2025:04:34:41 +0000] "POST /wp-cron.php?doing_wp_cron=1759898081.5466170310974121093750 HTTP/1.1" 200 - "-" "KAgCFY96L9DQ"
203.161.56.247 - - [08/Oct/2025:04:34:08 +0000] "GET /wp-admin/admin-ajax.php?action=wordfence_doScan&isFork=1&scanMode=standard&cronKey=59f011e4007fd3da9a809f3f56f81178&signature=fbc4bfeff48ae4b139359d8b14c3b4c2702c07afd931317706b23019456098f8 HTTP/1.1" 200 - "-" "TuuIpm5zsDQc"
203.161.56.247 - - [08/Oct/2025:04:34:41 +0000] "POST /wp-admin/admin-ajax.php?action=as_async_request_queue_runner&nonce=bc06e6b918 HTTP/1.1" 200 - "-" "Ob0WORmyXzVI"
203.161.56.247 - - [08/Oct/2025:04:34:59 +0000] "POST /wp-admin/admin-ajax.php?action=as_async_request_queue_runner&nonce=bc06e6b918 HTTP/1.1" 200 - "-" "ZoixyMXgIzE2"
203.161.56.247 - - [08/Oct/2025:04:34:40 +0000] "GET /wp-admin/admin-ajax.php?action=wordfence_doScan&isFork=1&scanMode=standard&cronKey=8b45bd6185eacdf1651c2e9b377d0349&signature=3395802247060421387be7befd188978cdf909ee9069d607ceeb4e9a2a3676fc HTTP/1.1" 200 - "-" "Ob0WORmyXzVI"
203.161.56.247 - - [08/Oct/2025:04:35:13 +0000] "POST /wp-cron.php?doing_wp_cron=1759898113.6046900749206542968750 HTTP/1.1" 200 - "-" "rNVY9IY4dD8w"
203.161.56.247 - - [08/Oct/2025:04:35:45 +0000] "POST /wp-cron.php?doing_wp_cron=1759898145.5506889820098876953125 HTTP/1.1" 200 - "-" "1lIL2CvYDi6R"
203.161.56.247 - - [08/Oct/2025:04:35:12 +0000] "GET /wp-admin/admin-ajax.php?action=wordfence_doScan&isFork=1&scanMode=standard&cronKey=2a456aa8825ba42f0b77d68838976b0b&signature=323306c8f0e483dc457d604431e2ecace23b8d077e4835ef684034c54e200723 HTTP/1.1" 200 - "-" "KAgCFY96L9DQ"
203.161.56.247 - - [08/Oct/2025:04:35:45 +0000] "POST /wp-admin/admin-ajax.php?action=as_async_request_queue_runner&nonce=bc06e6b918 HTTP/1.1" 200 - "-" "rNVY9IY4dD8w"
5.133.192.128 - - [08/Oct/2025:04:35:53 +0000] "GET / HTTP/1.1" 200 32085 "-" "Mozilla/5.0 (Windows NT 10.0; Win64; x64) AppleWebKit/537.36 (KHTML, like Gecko) Chrome/105.0.0.0 Safari/537.36"
5.133.192.128 - - [08/Oct/2025:04:35:55 +0000] "GET /ipsypsyj/2023/03/cropped-iconfinder_kl-escort-girl-directory-32x32.png HTTP/1.1" 200 1550 "-" "Mozilla/5.0 (Windows NT 10.0; Win64; x64) AppleWebKit/537.36 (KHTML, like Gecko) Chrome/105.0.0.0 Safari/537.36"
203.161.56.247 - - [08/Oct/2025:04:35:44 +0000] "GET /wp-admin/admin-ajax.php?action=wordfence_doScan&isFork=1&scanMode=standard&cronKey=ce86b9810182e0fcfed313ae5ae8c331&signature=316c26915d426041ff820ecd88a50a1245f2c288444f434d1ee673f5d5c87d09 HTTP/1.1" 200 - "-" "rNVY9IY4dD8w"
203.161.56.247 - - [08/Oct/2025:04:44:10 +0000] "POST /wp-cron.php?doing_wp_cron=1759898650.3694789409637451171875 HTTP/1.1" 200 - "-" "m7WYYrCwIsyb"
216.73.216.81 - - [08/Oct/2025:04:44:07 +0000] "GET /sitemap.xml HTTP/1.1" 200 554 "-" "Mozilla/5.0 AppleWebKit/537.36 (KHTML, like Gecko; compatible; ClaudeBot/1.0; +claudebot@anthropic.com)"
203.161.56.247 - - [08/Oct/2025:04:46:43 +0000] "POST /wp-cron.php?doing_wp_cron=1759898803.1640648841857910156250 HTTP/1.1" 200 - "-" "WAnocEzzeqQJ"
216.73.216.81 - - [08/Oct/2025:04:46:41 +0000] "GET /video-sitemap.xml HTTP/1.1" 404 186 "-" "Mozilla/5.0 AppleWebKit/537.36 (KHTML, like Gecko; compatible; ClaudeBot/1.0; +claudebot@anthropic.com)"
51.89.129.161 - - [08/Oct/2025:04:46:51 +0000] "GET /sitemap.rss HTTP/1.1" 200 2007 "-" "Mozilla/5.0 (compatible; AhrefsBot/7.0; +http://ahrefs.com/robot/)"
203.161.56.247 - - [08/Oct/2025:04:54:50 +0000] "POST /wp-cron.php?doing_wp_cron=1759899290.4546830654144287109375 HTTP/1.1" 200 - "-" "AF6X8jHMp0HO"
216.73.216.81 - - [08/Oct/2025:04:54:48 +0000] "GET /news-sitemap.xml HTTP/1.1" 404 204 "-" "Mozilla/5.0 AppleWebKit/537.36 (KHTML, like Gecko; compatible; ClaudeBot/1.0; +claudebot@anthropic.com)"
203.161.56.247 - - [08/Oct/2025:04:57:44 +0000] "POST /wp-cron.php?doing_wp_cron=1759899464.5807850360870361328125 HTTP/1.1" 200 - "-" "OD189qTaCwS2"
157.55.39.48 - - [08/Oct/2025:04:57:42 +0000] "GET /2025/08/26/-727/ HTTP/1.1" 404 12697 "-" "Mozilla/5.0 AppleWebKit/537.36 (KHTML, like Gecko; compatible; bingbot/2.0; +http://www.bing.com/bingbot.htm) Chrome/116.0.1938.76 Safari/537.36"
203.161.56.247 - - [08/Oct/2025:04:59:59 +0000] "POST /wp-cron.php?doing_wp_cron=1759899599.6797180175781250000000 HTTP/1.1" 200 - "-" "PcjZXumwd2Wn"
66.249.65.64 - - [08/Oct/2025:04:59:57 +0000] "GET /robots.txt HTTP/1.1" 200 139 "-" "Mozilla/5.0 (compatible; Googlebot/2.1; +http://www.google.com/bot.html)"
66.249.65.64 - - [08/Oct/2025:04:59:59 +0000] "GET /category/blog/ HTTP/1.1" 200 27346 "-" "Mozilla/5.0 (Linux; Android 6.0.1; Nexus 5X Build/MMB29P) AppleWebKit/537.36 (KHTML, like Gecko) Chrome/140.0.7339.207 Mobile Safari/537.36 (compatible; Googlebot/2.1; +http://www.google.com/bot.html)"
66.249.65.65 - - [08/Oct/2025:05:00:01 +0000] "GET /dygloave/cache/background-css/1/klescortgirldirectory.com/dygloave/cache/min/1/css/css.theme-elementor.css?ver=1759571753&wpr_t=1759916390 HTTP/1.1" 404 11478 "https://klescortgirldirectory.com/category/blog/" "Mozilla/5.0 (Linux; Android 6.0.1; Nexus 5X Build/MMB29P) AppleWebKit/537.36 (KHTML, like Gecko) Chrome/140.0.7339.207 Mobile Safari/537.36 (compatible; Googlebot/2.1; +http://www.google.com/bot.html)"
157.55.39.7 - - [08/Oct/2025:05:01:21 +0000] "GET /listing/jinx/ HTTP/1.1" 200 31271 "-" "Mozilla/5.0 AppleWebKit/537.36 (KHTML, like Gecko; compatible; bingbot/2.0; +http://www.bing.com/bingbot.htm) Chrome/116.0.1938.76 Safari/537.36"
65.111.21.75 - - [08/Oct/2025:05:04:22 +0000] "GET /wp-login.php HTTP/1.1" 200 8122 "-" "Mozilla/5.0 (Windows NT 10.0; Win64; x64) AppleWebKit/537.36 (KHTML, like Gecko) Chrome/115.0.0.0 Safari/537.36 Edg/115.0.1901.203"
203.161.56.247 - - [08/Oct/2025:05:07:32 +0000] "POST /wp-cron.php?doing_wp_cron=1759900052.1646940708160400390625 HTTP/1.1" 200 - "-" "RDZMcDBXNzzS"
216.73.216.81 - - [08/Oct/2025:05:07:30 +0000] "GET /how-it-works HTTP/1.1" 301 - "-" "Mozilla/5.0 AppleWebKit/537.36 (KHTML, like Gecko; compatible; ClaudeBot/1.0; +claudebot@anthropic.com)"
216.73.216.81 - - [08/Oct/2025:05:07:32 +0000] "GET /how-it-works/ HTTP/1.1" 200 25000 "https://klescortgirldirectory.com/how-it-works" "Mozilla/5.0 AppleWebKit/537.36 (KHTML, like Gecko; compatible; ClaudeBot/1.0; +claudebot@anthropic.com)"
77.75.76.160 - - [08/Oct/2025:05:09:37 +0000] "GET /listing/ruby-2/ HTTP/1.1" 200 32306 "-" "Mozilla/5.0 (compatible; SeznamBot/4.0; +https://o-seznam.cz/napoveda/vyhledavani/en/seznambot-crawler/)"
203.161.56.247 - - [08/Oct/2025:05:12:45 +0000] "POST /wp-cron.php?doing_wp_cron=1759900365.2840619087219238281250 HTTP/1.1" 200 - "-" "soSbLuSGcy1V"
216.73.216.81 - - [08/Oct/2025:05:12:43 +0000] "GET /robots.txt HTTP/1.1" 200 139 "-" "Mozilla/5.0 AppleWebKit/537.36 (KHTML, like Gecko; compatible; ClaudeBot/1.0; +claudebot@anthropic.com)"
216.73.216.81 - - [08/Oct/2025:05:12:45 +0000] "GET /listing/makio HTTP/1.1" 301 - "-" "Mozilla/5.0 AppleWebKit/537.36 (KHTML, like Gecko; compatible; ClaudeBot/1.0; +claudebot@anthropic.com)"
216.73.216.81 - - [08/Oct/2025:05:12:46 +0000] "GET /listing/makio/ HTTP/1.1" 200 31941 "https://klescortgirldirectory.com/listing/makio" "Mozilla/5.0 AppleWebKit/537.36 (KHTML, like Gecko; compatible; ClaudeBot/1.0; +claudebot@anthropic.com)"
51.89.129.129 - - [08/Oct/2025:05:16:16 +0000] "GET /listing-category/curvy-escorts/ HTTP/1.1" 200 31127 "-" "Mozilla/5.0 (compatible; AhrefsBot/7.0; +http://ahrefs.com/robot/)"
66.249.65.65 - - [08/Oct/2025:05:17:25 +0000] "GET /listing/local-escort-malay-dina/ HTTP/1.1" 200 31492 "-" "Mozilla/5.0 (Linux; Android 6.0.1; Nexus 5X Build/MMB29P) AppleWebKit/537.36 (KHTML, like Gecko) Chrome/140.0.7339.207 Mobile Safari/537.36 (compatible; Googlebot/2.1; +http://www.google.com/bot.html)"
66.249.65.65 - - [08/Oct/2025:05:17:28 +0000] "GET /dygloave/cache/min/1/css/css.theme-utilities.css?ver=1757376000 HTTP/1.1" 200 22419 "https://klescortgirldirectory.com/listing/local-escort-malay-dina/" "Mozilla/5.0 (Linux; Android 6.0.1; Nexus 5X Build/MMB29P) AppleWebKit/537.36 (KHTML, like Gecko) Chrome/140.0.7339.207 Mobile Safari/537.36 (compatible; Googlebot/2.1; +http://www.google.com/bot.html)"
66.249.65.65 - - [08/Oct/2025:05:17:28 +0000] "GET /dygloave/cache/min/1/css/css.premiumpress.css?ver=1757376000 HTTP/1.1" 200 14330 "https://klescortgirldirectory.com/listing/local-escort-malay-dina/" "Mozilla/5.0 (Linux; Android 6.0.1; Nexus 5X Build/MMB29P) AppleWebKit/537.36 (KHTML, like Gecko) Chrome/140.0.7339.207 Mobile Safari/537.36 (compatible; Googlebot/2.1; +http://www.google.com/bot.html)"
203.161.56.247 - - [08/Oct/2025:05:17:30 +0000] "POST /wp-cron.php?doing_wp_cron=1759900650.2187299728393554687500 HTTP/1.1" 200 - "-" "8feRuFI3sZ9A"
66.249.65.65 - - [08/Oct/2025:05:17:28 +0000] "GET /dygloave/cache/background-css/1/klescortgirldirectory.com/dygloave/cache/min/1/css/css.theme-elementor.css?ver=1757376000&wpr_t=1757376000 HTTP/1.1" 404 11478 "https://klescortgirldirectory.com/listing/local-escort-malay-dina/" "Mozilla/5.0 (Linux; Android 6.0.1; Nexus 5X Build/MMB29P) AppleWebKit/537.36 (KHTML, like Gecko) Chrome/140.0.7339.207 Mobile Safari/537.36 (compatible; Googlebot/2.1; +http://www.google.com/bot.html)"
66.249.65.74 - - [08/Oct/2025:05:17:31 +0000] "GET /dygloave/cache/background-css/1/klescortgirldirectory.com/dygloave/cache/min/1/css/css.theme-elementor.css?ver=1759571753&wpr_t=1759914114 HTTP/1.1" 404 11478 "https://klescortgirldirectory.com/listing/local-escort-malay-dina/" "Mozilla/5.0 (Linux; Android 6.0.1; Nexus 5X Build/MMB29P) AppleWebKit/537.36 (KHTML, like Gecko) Chrome/140.0.7339.207 Mobile Safari/537.36 (compatible; Googlebot/2.1; +http://www.google.com/bot.html)"
216.73.216.81 - - [08/Oct/2025:05:17:43 +0000] "GET /news-sitemap.xml HTTP/1.1" 404 204 "-" "Mozilla/5.0 AppleWebKit/537.36 (KHTML, like Gecko; compatible; ClaudeBot/1.0; +claudebot@anthropic.com)"
66.249.65.74 - - [08/Oct/2025:05:27:55 +0000] "GET /listing-category/young-escorts/ HTTP/1.1" 200 31099 "-" "Mozilla/5.0 (Linux; Android 6.0.1; Nexus 5X Build/MMB29P) AppleWebKit/537.36 (KHTML, like Gecko) Chrome/140.0.7339.207 Mobile Safari/537.36 (compatible; Googlebot/2.1; +http://www.google.com/bot.html)"
66.249.65.74 - - [08/Oct/2025:05:27:58 +0000] "POST /index.php HTTP/1.1" 200 2772 "https://klescortgirldirectory.com/listing-category/young-escorts/" "Mozilla/5.0 (Linux; Android 6.0.1; Nexus 5X Build/MMB29P) AppleWebKit/537.36 (KHTML, like Gecko) Chrome/140.0.7339.207 Mobile Safari/537.36 (compatible; Googlebot/2.1; +http://www.google.com/bot.html)"
203.161.56.247 - - [08/Oct/2025:05:28:03 +0000] "POST /wp-cron.php?doing_wp_cron=1759901283.0758650302886962890625 HTTP/1.1" 200 - "-" "jGfljNt8uyHJ"
66.249.65.74 - - [08/Oct/2025:05:28:01 +0000] "GET /dygloave/cache/background-css/1/klescortgirldirectory.com/dygloave/cache/min/1/css/css.theme-elementor.css?ver=1759571753&wpr_t=1759915480 HTTP/1.1" 404 11478 "https://klescortgirldirectory.com/listing-category/young-escorts/" "Mozilla/5.0 (Linux; Android 6.0.1; Nexus 5X Build/MMB29P) AppleWebKit/537.36 (KHTML, like Gecko) Chrome/140.0.7339.207 Mobile Safari/537.36 (compatible; Googlebot/2.1; +http://www.google.com/bot.html)"
203.161.56.247 - - [08/Oct/2025:05:28:45 +0000] "POST /wp-cron.php?doing_wp_cron=1759901325.9514989852905273437500 HTTP/1.1" 200 - "-" "DwsHSBC72crM"
216.73.216.81 - - [08/Oct/2025:05:28:44 +0000] "GET /sitemap.xml HTTP/1.1" 200 553 "-" "Mozilla/5.0 AppleWebKit/537.36 (KHTML, like Gecko; compatible; ClaudeBot/1.0; +claudebot@anthropic.com)"
216.73.216.81 - - [08/Oct/2025:05:28:45 +0000] "GET /sitemap.rss HTTP/1.1" 200 2009 "-" "Mozilla/5.0 AppleWebKit/537.36 (KHTML, like Gecko; compatible; ClaudeBot/1.0; +claudebot@anthropic.com)"
203.161.56.247 - - [08/Oct/2025:05:29:43 +0000] "POST /wp-cron.php?doing_wp_cron=1759901383.7535750865936279296875 HTTP/1.1" 200 - "-" "CvSwiVnKtxdk"
216.73.216.81 - - [08/Oct/2025:05:29:42 +0000] "GET /news-sitemap.xml HTTP/1.1" 404 204 "-" "Mozilla/5.0 AppleWebKit/537.36 (KHTML, like Gecko; compatible; ClaudeBot/1.0; +claudebot@anthropic.com)"
198.244.168.202 - - [08/Oct/2025:05:41:36 +0000] "GET /listing/anna/ HTTP/1.1" 200 31780 "-" "Mozilla/5.0 (compatible; AhrefsBot/7.0; +http://ahrefs.com/robot/)"
203.161.56.247 - - [08/Oct/2025:05:44:35 +0000] "POST /wp-cron.php?doing_wp_cron=1759902275.9221360683441162109375 HTTP/1.1" 200 - "-" "WordPress/6.8.3; https://klescortgirldirectory.com"
203.161.56.247 - - [08/Oct/2025:05:49:33 +0000] "POST /wp-cron.php?doing_wp_cron=1759902573.3884809017181396484375 HTTP/1.1" 200 - "-" "WordPress/6.8.3; https://klescortgirldirectory.com"
203.161.56.247 - - [08/Oct/2025:05:58:22 +0000] "POST /wp-cron.php?doing_wp_cron=1759903102.0959270000457763671875 HTTP/1.1" 200 - "-" "ST0P8gfigNYT"
216.73.216.81 - - [08/Oct/2025:05:58:20 +0000] "GET /sitemap.rss HTTP/1.1" 200 2009 "-" "Mozilla/5.0 AppleWebKit/537.36 (KHTML, like Gecko; compatible; ClaudeBot/1.0; +claudebot@anthropic.com)"
51.195.215.116 - - [08/Oct/2025:06:03:12 +0000] "GET /country/bukit-jalil-escorts/ HTTP/1.1" 200 34049 "-" "Mozilla/5.0 (compatible; AhrefsBot/7.0; +http://ahrefs.com/robot/)"
203.161.56.247 - - [08/Oct/2025:06:10:20 +0000] "POST /wp-cron.php?doing_wp_cron=1759903820.4286019802093505859375 HTTP/1.1" 200 - "-" "qsOBnNOv584t"
85.208.96.202 - - [08/Oct/2025:06:10:18 +0000] "GET /robots.txt HTTP/1.1" 200 139 "-" "Mozilla/5.0 (compatible; SemrushBot/7~bl; +http://www.semrush.com/bot.html)"
85.208.96.203 - - [08/Oct/2025:06:10:20 +0000] "GET /country/mid-valley-escorts/ HTTP/1.1" 200 34024 "-" "Mozilla/5.0 (compatible; SemrushBot/7~bl; +http://www.semrush.com/bot.html)"
198.244.168.152 - - [08/Oct/2025:06:24:49 +0000] "GET /dasmoke/never/ HTTP/1.1" 200 30915 "-" "Mozilla/5.0 (compatible; AhrefsBot/7.0; +http://ahrefs.com/robot/)"
77.75.76.160 - - [08/Oct/2025:06:29:15 +0000] "GET /listing/amina/ HTTP/1.1" 200 31726 "-" "Mozilla/5.0 (compatible; SeznamBot/4.0; +https://o-seznam.cz/napoveda/vyhledavani/en/seznambot-crawler/)"
203.161.56.247 - - [08/Oct/2025:06:29:42 +0000] "POST /wp-cron.php?doing_wp_cron=1759904982.1201179027557373046875 HTTP/1.1" 200 - "-" "CDkwn46FtdZh"
114.119.142.47 - - [08/Oct/2025:06:29:40 +0000] "GET /listing_type-sitemap.xml HTTP/1.1" 200 1334 "https://klescortgirldirectory.com/sitemap_index.xml" "Mozilla/5.0 (Linux; Android 7.0;) AppleWebKit/537.36 (KHTML, like Gecko) Mobile Safari/537.36 (compatible; PetalBot;+https://webmaster.petalsearch.com/site/petalbot)"