119.56.110.186 - - [07/Oct/2025:15:50:45 +0000] "GET /ipsypsyj/2023/06/Maya-Local-Malay-Escort-1-280x350.jpg HTTP/1.1" 200 20340 "https://klescortgirldirectory.com/" "Mozilla/5.0 (iPhone; CPU iPhone OS 18_6_2 like Mac OS X) AppleWebKit/605.1.15 (KHTML, like Gecko) CriOS/141.0.7390.41 Mobile/15E148 Safari/604.1"
119.56.110.186 - - [07/Oct/2025:15:50:45 +0000] "GET /boftejoo/elementor/assets/js/frontend.min.js?ver=3.32.4 HTTP/1.1" 200 10462 "https://klescortgirldirectory.com/" "Mozilla/5.0 (iPhone; CPU iPhone OS 18_6_2 like Mac OS X) AppleWebKit/605.1.15 (KHTML, like Gecko) CriOS/141.0.7390.41 Mobile/15E148 Safari/604.1"
119.56.110.186 - - [07/Oct/2025:15:50:45 +0000] "GET /boftejoo/elementor/assets/js/frontend-modules.min.js?ver=3.32.4 HTTP/1.1" 200 18630 "https://klescortgirldirectory.com/" "Mozilla/5.0 (iPhone; CPU iPhone OS 18_6_2 like Mac OS X) AppleWebKit/605.1.15 (KHTML, like Gecko) CriOS/141.0.7390.41 Mobile/15E148 Safari/604.1"
119.56.110.186 - - [07/Oct/2025:15:50:45 +0000] "GET /hulsodso/js/jquery/ui/core.min.js?ver=1.13.3 HTTP/1.1" 200 7106 "https://klescortgirldirectory.com/" "Mozilla/5.0 (iPhone; CPU iPhone OS 18_6_2 like Mac OS X) AppleWebKit/605.1.15 (KHTML, like Gecko) CriOS/141.0.7390.41 Mobile/15E148 Safari/604.1"
119.56.110.186 - - [07/Oct/2025:15:50:45 +0000] "GET /hulsodso/js/jquery/jquery.min.js?ver=3.7.1 HTTP/1.1" 200 30368 "https://klescortgirldirectory.com/" "Mozilla/5.0 (iPhone; CPU iPhone OS 18_6_2 like Mac OS X) AppleWebKit/605.1.15 (KHTML, like Gecko) CriOS/141.0.7390.41 Mobile/15E148 Safari/604.1"
119.56.110.186 - - [07/Oct/2025:15:50:45 +0000] "GET /dygloave/cache/min/1/css/css.theme-fonts.css?ver=1759571753 HTTP/1.1" 200 18509 "https://klescortgirldirectory.com/" "Mozilla/5.0 (iPhone; CPU iPhone OS 18_6_2 like Mac OS X) AppleWebKit/605.1.15 (KHTML, like Gecko) CriOS/141.0.7390.41 Mobile/15E148 Safari/604.1"
119.56.110.186 - - [07/Oct/2025:15:50:45 +0000] "GET /dygloave/cache/min/1/css/css.theme-maps.css?ver=1759571754 HTTP/1.1" 200 2485 "https://klescortgirldirectory.com/" "Mozilla/5.0 (iPhone; CPU iPhone OS 18_6_2 like Mac OS X) AppleWebKit/605.1.15 (KHTML, like Gecko) CriOS/141.0.7390.41 Mobile/15E148 Safari/604.1"
119.56.104.213 - - [07/Oct/2025:15:50:45 +0000] "GET /dygloave/cache/min/1/css/_bootstrap.css?ver=1759571752 HTTP/1.1" 200 22702 "https://klescortgirldirectory.com/" "Mozilla/5.0 (iPhone; CPU iPhone OS 18_6_2 like Mac OS X) AppleWebKit/605.1.15 (KHTML, like Gecko) CriOS/141.0.7390.41 Mobile/15E148 Safari/604.1"
119.56.110.186 - - [07/Oct/2025:15:50:45 +0000] "GET /dygloave/cache/min/1/css/css.theme-utilities.css?ver=1759571755 HTTP/1.1" 200 22419 "https://klescortgirldirectory.com/" "Mozilla/5.0 (iPhone; CPU iPhone OS 18_6_2 like Mac OS X) AppleWebKit/605.1.15 (KHTML, like Gecko) CriOS/141.0.7390.41 Mobile/15E148 Safari/604.1"
119.56.110.186 - - [07/Oct/2025:15:50:45 +0000] "GET /dygloave/cache/min/1/css/css.premiumpress.css?ver=1759571755 HTTP/1.1" 200 14330 "https://klescortgirldirectory.com/" "Mozilla/5.0 (iPhone; CPU iPhone OS 18_6_2 like Mac OS X) AppleWebKit/605.1.15 (KHTML, like Gecko) CriOS/141.0.7390.41 Mobile/15E148 Safari/604.1"
119.56.110.186 - - [07/Oct/2025:15:50:46 +0000] "GET /dygloave/cache/min/1/css/_chat.css?ver=1759571756 HTTP/1.1" 200 1633 "https://klescortgirldirectory.com/" "Mozilla/5.0 (iPhone; CPU iPhone OS 18_6_2 like Mac OS X) AppleWebKit/605.1.15 (KHTML, like Gecko) CriOS/141.0.7390.41 Mobile/15E148 Safari/604.1"
119.56.104.213 - - [07/Oct/2025:15:50:46 +0000] "GET /ipsypsyj/2023/03/cropped-iconfinder_kl-escort-girl-directory-192x192.png HTTP/1.1" 200 20760 "-" "Mozilla/5.0 (iPhone; CPU iPhone OS 18_6_2 like Mac OS X) AppleWebKit/605.1.15 (KHTML, like Gecko) CriOS/141.0.7390.41 Mobile/15E148 Safari/604.1"
119.56.104.213 - - [07/Oct/2025:15:50:46 +0000] "GET /ipsypsyj/2023/03/cropped-iconfinder_kl-escort-girl-directory-180x180.png HTTP/1.1" 200 19342 "-" "Mozilla/5.0 (iPhone; CPU iPhone OS 18_6_2 like Mac OS X) AppleWebKit/605.1.15 (KHTML, like Gecko) CriOS/141.0.7390.41 Mobile/15E148 Safari/604.1"
119.56.104.213 - - [07/Oct/2025:15:50:46 +0000] "GET /ipsypsyj/2023/06/Ivy-KL-Escort-1-263x350.jpg HTTP/1.1" 200 14655 "https://klescortgirldirectory.com/" "Mozilla/5.0 (iPhone; CPU iPhone OS 18_6_2 like Mac OS X) AppleWebKit/605.1.15 (KHTML, like Gecko) CriOS/141.0.7390.41 Mobile/15E148 Safari/604.1"
119.56.110.186 - - [07/Oct/2025:15:50:46 +0000] "GET /ipsypsyj/2023/06/Elina-1-284x350.jpg HTTP/1.1" 200 16309 "https://klescortgirldirectory.com/" "Mozilla/5.0 (iPhone; CPU iPhone OS 18_6_2 like Mac OS X) AppleWebKit/605.1.15 (KHTML, like Gecko) CriOS/141.0.7390.41 Mobile/15E148 Safari/604.1"
119.56.110.186 - - [07/Oct/2025:15:50:46 +0000] "GET /ipsypsyj/2023/06/Dina-Local-Escort-Malay-1-263x350.jpg HTTP/1.1" 200 17242 "https://klescortgirldirectory.com/" "Mozilla/5.0 (iPhone; CPU iPhone OS 18_6_2 like Mac OS X) AppleWebKit/605.1.15 (KHTML, like Gecko) CriOS/141.0.7390.41 Mobile/15E148 Safari/604.1"
119.56.104.213 - - [07/Oct/2025:15:50:46 +0000] "GET /ipsypsyj/2023/05/Ke-Ke-Chinese-escort-in-KL-1-263x350.jpg HTTP/1.1" 200 13661 "https://klescortgirldirectory.com/" "Mozilla/5.0 (iPhone; CPU iPhone OS 18_6_2 like Mac OS X) AppleWebKit/605.1.15 (KHTML, like Gecko) CriOS/141.0.7390.41 Mobile/15E148 Safari/604.1"
119.56.110.186 - - [07/Oct/2025:15:50:46 +0000] "GET /ipsypsyj/2023/06/Alena-1-255x350.jpg HTTP/1.1" 200 17414 "https://klescortgirldirectory.com/" "Mozilla/5.0 (iPhone; CPU iPhone OS 18_6_2 like Mac OS X) AppleWebKit/605.1.15 (KHTML, like Gecko) CriOS/141.0.7390.41 Mobile/15E148 Safari/604.1"
119.56.110.186 - - [07/Oct/2025:15:50:46 +0000] "GET /ipsypsyj/2023/05/YoYo-girl-yuma-Chinese-escort-in-KL-1-263x350.jpg HTTP/1.1" 200 13180 "https://klescortgirldirectory.com/" "Mozilla/5.0 (iPhone; CPU iPhone OS 18_6_2 like Mac OS X) AppleWebKit/605.1.15 (KHTML, like Gecko) CriOS/141.0.7390.41 Mobile/15E148 Safari/604.1"
203.161.56.247 - - [07/Oct/2025:15:50:47 +0000] "POST /wp-cron.php?doing_wp_cron=1759852247.0928759574890136718750 HTTP/1.1" 200 - "-" "U9FNhDXWTTV7"
119.56.110.186 - - [07/Oct/2025:15:50:46 +0000] "GET /ipsypsyj/2023/06/Nayla-1.jpg HTTP/1.1" 200 245967 "https://klescortgirldirectory.com/" "Mozilla/5.0 (iPhone; CPU iPhone OS 18_6_2 like Mac OS X) AppleWebKit/605.1.15 (KHTML, like Gecko) CriOS/141.0.7390.41 Mobile/15E148 Safari/604.1"
119.56.104.213 - - [07/Oct/2025:15:50:47 +0000] "GET /ipsypsyj/2023/05/jinx-vietnamese-escort-in-kl_original-1-258x350.jpg HTTP/1.1" 200 17308 "https://klescortgirldirectory.com/" "Mozilla/5.0 (iPhone; CPU iPhone OS 18_6_2 like Mac OS X) AppleWebKit/605.1.15 (KHTML, like Gecko) CriOS/141.0.7390.41 Mobile/15E148 Safari/604.1"
119.56.110.186 - - [07/Oct/2025:15:50:47 +0000] "GET /ipsypsyj/2023/05/GiGi-1-282x350.jpg HTTP/1.1" 200 18877 "https://klescortgirldirectory.com/" "Mozilla/5.0 (iPhone; CPU iPhone OS 18_6_2 like Mac OS X) AppleWebKit/605.1.15 (KHTML, like Gecko) CriOS/141.0.7390.41 Mobile/15E148 Safari/604.1"
119.56.110.186 - - [07/Oct/2025:15:50:47 +0000] "GET /ipsypsyj/2023/05/jane-vietnamese-escort-in-kl_original-1.jpg HTTP/1.1" 200 63008 "https://klescortgirldirectory.com/" "Mozilla/5.0 (iPhone; CPU iPhone OS 18_6_2 like Mac OS X) AppleWebKit/605.1.15 (KHTML, like Gecko) CriOS/141.0.7390.41 Mobile/15E148 Safari/604.1"
119.56.110.186 - - [07/Oct/2025:15:50:45 +0000] "GET /dygloave/cache/background-css/1/klescortgirldirectory.com/dygloave/cache/min/1/css/css.theme-elementor.css?ver=1759571753&wpr_t=1759861837 HTTP/1.1" 404 11478 "https://klescortgirldirectory.com/" "Mozilla/5.0 (iPhone; CPU iPhone OS 18_6_2 like Mac OS X) AppleWebKit/605.1.15 (KHTML, like Gecko) CriOS/141.0.7390.41 Mobile/15E148 Safari/604.1"
119.56.104.213 - - [07/Oct/2025:15:50:47 +0000] "GET /ipsypsyj/2023/05/Hana-KL-Escort-Vietnam-1-220x350.jpg HTTP/1.1" 200 16638 "https://klescortgirldirectory.com/" "Mozilla/5.0 (iPhone; CPU iPhone OS 18_6_2 like Mac OS X) AppleWebKit/605.1.15 (KHTML, like Gecko) CriOS/141.0.7390.41 Mobile/15E148 Safari/604.1"
119.56.110.186 - - [07/Oct/2025:15:50:47 +0000] "GET /ipsypsyj/2023/05/cici-vietnamese-escort-in-kl_original-1.jpg HTTP/1.1" 200 52784 "https://klescortgirldirectory.com/" "Mozilla/5.0 (iPhone; CPU iPhone OS 18_6_2 like Mac OS X) AppleWebKit/605.1.15 (KHTML, like Gecko) CriOS/141.0.7390.41 Mobile/15E148 Safari/604.1"
119.56.104.213 - - [07/Oct/2025:15:50:47 +0000] "GET /ipsypsyj/2023/05/16687112776521-277x350.jpg HTTP/1.1" 200 15888 "https://klescortgirldirectory.com/" "Mozilla/5.0 (iPhone; CPU iPhone OS 18_6_2 like Mac OS X) AppleWebKit/605.1.15 (KHTML, like Gecko) CriOS/141.0.7390.41 Mobile/15E148 Safari/604.1"
119.56.110.186 - - [07/Oct/2025:15:50:47 +0000] "GET /ipsypsyj/2023/05/16727857798292.jpg HTTP/1.1" 200 49893 "https://klescortgirldirectory.com/" "Mozilla/5.0 (iPhone; CPU iPhone OS 18_6_2 like Mac OS X) AppleWebKit/605.1.15 (KHTML, like Gecko) CriOS/141.0.7390.41 Mobile/15E148 Safari/604.1"
119.56.110.186 - - [07/Oct/2025:15:50:47 +0000] "GET /ipsypsyj/2023/05/Sasha-KL-Escort-Vietnam-1.jpg HTTP/1.1" 200 110805 "https://klescortgirldirectory.com/" "Mozilla/5.0 (iPhone; CPU iPhone OS 18_6_2 like Mac OS X) AppleWebKit/605.1.15 (KHTML, like Gecko) CriOS/141.0.7390.41 Mobile/15E148 Safari/604.1"
119.56.110.186 - - [07/Oct/2025:15:50:47 +0000] "GET /ipsypsyj/2023/05/16742148214088.jpg HTTP/1.1" 200 78046 "https://klescortgirldirectory.com/" "Mozilla/5.0 (iPhone; CPU iPhone OS 18_6_2 like Mac OS X) AppleWebKit/605.1.15 (KHTML, like Gecko) CriOS/141.0.7390.41 Mobile/15E148 Safari/604.1"
119.56.110.186 - - [07/Oct/2025:15:50:48 +0000] "GET /ipsypsyj/2023/05/Julia-kl-escort-vietnam-1-263x350.jpg HTTP/1.1" 200 17253 "https://klescortgirldirectory.com/" "Mozilla/5.0 (iPhone; CPU iPhone OS 18_6_2 like Mac OS X) AppleWebKit/605.1.15 (KHTML, like Gecko) CriOS/141.0.7390.41 Mobile/15E148 Safari/604.1"
119.56.110.186 - - [07/Oct/2025:15:50:51 +0000] "POST /index.php HTTP/1.1" 200 94 "https://klescortgirldirectory.com/" "Mozilla/5.0 (iPhone; CPU iPhone OS 18_6_2 like Mac OS X) AppleWebKit/605.1.15 (KHTML, like Gecko) CriOS/141.0.7390.41 Mobile/15E148 Safari/604.1"
119.56.104.213 - - [07/Oct/2025:15:51:02 +0000] "POST /index.php HTTP/1.1" 200 669 "https://klescortgirldirectory.com/" "Mozilla/5.0 (iPhone; CPU iPhone OS 18_6_2 like Mac OS X) AppleWebKit/605.1.15 (KHTML, like Gecko) CriOS/141.0.7390.41 Mobile/15E148 Safari/604.1"
119.56.104.213 - - [07/Oct/2025:15:51:03 +0000] "POST /index.php HTTP/1.1" 200 94 "https://klescortgirldirectory.com/" "Mozilla/5.0 (iPhone; CPU iPhone OS 18_6_2 like Mac OS X) AppleWebKit/605.1.15 (KHTML, like Gecko) CriOS/141.0.7390.41 Mobile/15E148 Safari/604.1"
119.56.104.213 - - [07/Oct/2025:15:51:03 +0000] "POST /index.php HTTP/1.1" 200 669 "https://klescortgirldirectory.com/" "Mozilla/5.0 (iPhone; CPU iPhone OS 18_6_2 like Mac OS X) AppleWebKit/605.1.15 (KHTML, like Gecko) CriOS/141.0.7390.41 Mobile/15E148 Safari/604.1"
119.56.104.213 - - [07/Oct/2025:15:51:04 +0000] "POST /index.php HTTP/1.1" 200 669 "https://klescortgirldirectory.com/" "Mozilla/5.0 (iPhone; CPU iPhone OS 18_6_2 like Mac OS X) AppleWebKit/605.1.15 (KHTML, like Gecko) CriOS/141.0.7390.41 Mobile/15E148 Safari/604.1"
119.56.104.213 - - [07/Oct/2025:15:51:13 +0000] "GET /listing/nayla/ HTTP/1.1" 200 31646 "https://klescortgirldirectory.com/" "Mozilla/5.0 (iPhone; CPU iPhone OS 18_6_2 like Mac OS X) AppleWebKit/605.1.15 (KHTML, like Gecko) CriOS/141.0.7390.41 Mobile/15E148 Safari/604.1"
203.161.56.247 - - [07/Oct/2025:15:51:15 +0000] "POST /wp-cron.php?doing_wp_cron=1759852275.1846609115600585937500 HTTP/1.1" 200 - "-" "fDhQtsUTGsA2"
119.56.104.213 - - [07/Oct/2025:15:51:15 +0000] "GET /ipsypsyj/2023/06/Nayla-2-263x350.jpg HTTP/1.1" 200 18409 "https://klescortgirldirectory.com/listing/nayla/" "Mozilla/5.0 (iPhone; CPU iPhone OS 18_6_2 like Mac OS X) AppleWebKit/605.1.15 (KHTML, like Gecko) CriOS/141.0.7390.41 Mobile/15E148 Safari/604.1"
119.56.104.213 - - [07/Oct/2025:15:51:13 +0000] "GET /dygloave/cache/background-css/1/klescortgirldirectory.com/dygloave/cache/min/1/css/css.theme-elementor.css?ver=1759571753&wpr_t=1759868669 HTTP/1.1" 404 11478 "https://klescortgirldirectory.com/listing/nayla/" "Mozilla/5.0 (iPhone; CPU iPhone OS 18_6_2 like Mac OS X) AppleWebKit/605.1.15 (KHTML, like Gecko) CriOS/141.0.7390.41 Mobile/15E148 Safari/604.1"
119.56.104.213 - - [07/Oct/2025:15:51:15 +0000] "GET /ipsypsyj/2023/06/Nayla-3-263x350.jpg HTTP/1.1" 200 21759 "https://klescortgirldirectory.com/listing/nayla/" "Mozilla/5.0 (iPhone; CPU iPhone OS 18_6_2 like Mac OS X) AppleWebKit/605.1.15 (KHTML, like Gecko) CriOS/141.0.7390.41 Mobile/15E148 Safari/604.1"
119.56.104.213 - - [07/Oct/2025:15:51:15 +0000] "GET /ipsypsyj/2023/05/16723541669880-283x350.jpg HTTP/1.1" 200 18487 "https://klescortgirldirectory.com/listing/nayla/" "Mozilla/5.0 (iPhone; CPU iPhone OS 18_6_2 like Mac OS X) AppleWebKit/605.1.15 (KHTML, like Gecko) CriOS/141.0.7390.41 Mobile/15E148 Safari/604.1"
119.56.104.213 - - [07/Oct/2025:15:51:15 +0000] "GET /ipsypsyj/2023/06/Nayla-5-263x350.jpg HTTP/1.1" 200 21910 "https://klescortgirldirectory.com/listing/nayla/" "Mozilla/5.0 (iPhone; CPU iPhone OS 18_6_2 like Mac OS X) AppleWebKit/605.1.15 (KHTML, like Gecko) CriOS/141.0.7390.41 Mobile/15E148 Safari/604.1"
119.56.104.213 - - [07/Oct/2025:15:51:15 +0000] "GET /ipsypsyj/2023/06/Nayla-4-263x350.jpg HTTP/1.1" 200 23994 "https://klescortgirldirectory.com/listing/nayla/" "Mozilla/5.0 (iPhone; CPU iPhone OS 18_6_2 like Mac OS X) AppleWebKit/605.1.15 (KHTML, like Gecko) CriOS/141.0.7390.41 Mobile/15E148 Safari/604.1"
119.56.104.213 - - [07/Oct/2025:15:51:15 +0000] "GET /ipsypsyj/2023/04/Monica-1-kl-escorts-angel-280x350.jpg HTTP/1.1" 200 17616 "https://klescortgirldirectory.com/listing/nayla/" "Mozilla/5.0 (iPhone; CPU iPhone OS 18_6_2 like Mac OS X) AppleWebKit/605.1.15 (KHTML, like Gecko) CriOS/141.0.7390.41 Mobile/15E148 Safari/604.1"
119.56.104.213 - - [07/Oct/2025:15:51:16 +0000] "GET /ipsypsyj/2023/05/16791688283952-288x350.jpg HTTP/1.1" 200 14310 "https://klescortgirldirectory.com/listing/nayla/" "Mozilla/5.0 (iPhone; CPU iPhone OS 18_6_2 like Mac OS X) AppleWebKit/605.1.15 (KHTML, like Gecko) CriOS/141.0.7390.41 Mobile/15E148 Safari/604.1"
119.56.104.213 - - [07/Oct/2025:15:51:19 +0000] "POST /index.php HTTP/1.1" 200 94 "https://klescortgirldirectory.com/listing/nayla/" "Mozilla/5.0 (iPhone; CPU iPhone OS 18_6_2 like Mac OS X) AppleWebKit/605.1.15 (KHTML, like Gecko) CriOS/141.0.7390.41 Mobile/15E148 Safari/604.1"
203.161.56.247 - - [07/Oct/2025:15:51:25 +0000] "POST /wp-cron.php?doing_wp_cron=1759852285.4199459552764892578125 HTTP/1.1" 200 - "-" "MmRiTnW5W31X"
113.95.147.6 - - [07/Oct/2025:15:51:24 +0000] "GET /robots.txt HTTP/1.1" 200 139 "-" "Mozilla/5.0 (Windows NT 10.0; WOW64) AppleWebKit/537.36 (KHTML, like Gecko) Chrome/69.0.2687.27 UBrowser/6.2.3964.2 Safari/537.36"
119.56.104.213 - - [07/Oct/2025:15:51:31 +0000] "POST /index.php HTTP/1.1" 200 94 "https://klescortgirldirectory.com/listing/nayla/" "Mozilla/5.0 (iPhone; CPU iPhone OS 18_6_2 like Mac OS X) AppleWebKit/605.1.15 (KHTML, like Gecko) CriOS/141.0.7390.41 Mobile/15E148 Safari/604.1"
119.56.104.213 - - [07/Oct/2025:15:51:39 +0000] "GET /listing/monica/ HTTP/1.1" 200 32388 "https://klescortgirldirectory.com/listing/nayla/" "Mozilla/5.0 (iPhone; CPU iPhone OS 18_6_2 like Mac OS X) AppleWebKit/605.1.15 (KHTML, like Gecko) CriOS/141.0.7390.41 Mobile/15E148 Safari/604.1"
203.161.56.247 - - [07/Oct/2025:15:51:41 +0000] "POST /wp-cron.php?doing_wp_cron=1759852301.1257801055908203125000 HTTP/1.1" 200 - "-" "Nx2ciTEEGFWj"
119.56.104.213 - - [07/Oct/2025:15:51:41 +0000] "GET /ipsypsyj/2023/03/Asian-party-girl-Out-call-1-5.jpeg HTTP/1.1" 200 26958 "https://klescortgirldirectory.com/listing/monica/" "Mozilla/5.0 (iPhone; CPU iPhone OS 18_6_2 like Mac OS X) AppleWebKit/605.1.15 (KHTML, like Gecko) CriOS/141.0.7390.41 Mobile/15E148 Safari/604.1"
119.56.104.213 - - [07/Oct/2025:15:51:41 +0000] "GET /ipsypsyj/2023/04/Monica-2-kl-escorts-angel-280x350.jpg HTTP/1.1" 200 16382 "https://klescortgirldirectory.com/listing/monica/" "Mozilla/5.0 (iPhone; CPU iPhone OS 18_6_2 like Mac OS X) AppleWebKit/605.1.15 (KHTML, like Gecko) CriOS/141.0.7390.41 Mobile/15E148 Safari/604.1"
119.56.104.213 - - [07/Oct/2025:15:51:41 +0000] "GET /ipsypsyj/2023/04/Monica-3-kl-escorts-angel-281x350.jpg HTTP/1.1" 200 15506 "https://klescortgirldirectory.com/listing/monica/" "Mozilla/5.0 (iPhone; CPU iPhone OS 18_6_2 like Mac OS X) AppleWebKit/605.1.15 (KHTML, like Gecko) CriOS/141.0.7390.41 Mobile/15E148 Safari/604.1"
119.56.104.213 - - [07/Oct/2025:15:51:41 +0000] "GET /ipsypsyj/2023/04/Monica-4-kl-escorts-angel-251x350.jpg HTTP/1.1" 200 13543 "https://klescortgirldirectory.com/listing/monica/" "Mozilla/5.0 (iPhone; CPU iPhone OS 18_6_2 like Mac OS X) AppleWebKit/605.1.15 (KHTML, like Gecko) CriOS/141.0.7390.41 Mobile/15E148 Safari/604.1"
119.56.104.213 - - [07/Oct/2025:15:51:41 +0000] "GET /ipsypsyj/2023/04/Monica-7-kl-escorts-angel-258x350.jpg HTTP/1.1" 200 17454 "https://klescortgirldirectory.com/listing/monica/" "Mozilla/5.0 (iPhone; CPU iPhone OS 18_6_2 like Mac OS X) AppleWebKit/605.1.15 (KHTML, like Gecko) CriOS/141.0.7390.41 Mobile/15E148 Safari/604.1"
119.56.104.213 - - [07/Oct/2025:15:51:39 +0000] "GET /dygloave/cache/background-css/1/klescortgirldirectory.com/dygloave/cache/min/1/css/css.theme-elementor.css?ver=1759571753&wpr_t=1759861370 HTTP/1.1" 404 11478 "https://klescortgirldirectory.com/listing/monica/" "Mozilla/5.0 (iPhone; CPU iPhone OS 18_6_2 like Mac OS X) AppleWebKit/605.1.15 (KHTML, like Gecko) CriOS/141.0.7390.41 Mobile/15E148 Safari/604.1"
119.56.104.213 - - [07/Oct/2025:15:51:41 +0000] "GET /ipsypsyj/2023/03/mesofia-vietnamese-escort-in-kl_original-1-234x350.jpg HTTP/1.1" 200 14578 "https://klescortgirldirectory.com/listing/monica/" "Mozilla/5.0 (iPhone; CPU iPhone OS 18_6_2 like Mac OS X) AppleWebKit/605.1.15 (KHTML, like Gecko) CriOS/141.0.7390.41 Mobile/15E148 Safari/604.1"
119.56.104.213 - - [07/Oct/2025:15:51:45 +0000] "POST /index.php HTTP/1.1" 200 94 "https://klescortgirldirectory.com/listing/monica/" "Mozilla/5.0 (iPhone; CPU iPhone OS 18_6_2 like Mac OS X) AppleWebKit/605.1.15 (KHTML, like Gecko) CriOS/141.0.7390.41 Mobile/15E148 Safari/604.1"
119.56.104.213 - - [07/Oct/2025:15:51:55 +0000] "POST /index.php HTTP/1.1" 200 94 "https://klescortgirldirectory.com/" "Mozilla/5.0 (iPhone; CPU iPhone OS 18_6_2 like Mac OS X) AppleWebKit/605.1.15 (KHTML, like Gecko) CriOS/141.0.7390.41 Mobile/15E148 Safari/604.1"
119.56.104.213 - - [07/Oct/2025:15:51:57 +0000] "GET /listing/gigi/ HTTP/1.1" 200 31760 "https://klescortgirldirectory.com/" "Mozilla/5.0 (iPhone; CPU iPhone OS 18_6_2 like Mac OS X) AppleWebKit/605.1.15 (KHTML, like Gecko) CriOS/141.0.7390.41 Mobile/15E148 Safari/604.1"
119.56.104.213 - - [07/Oct/2025:15:51:58 +0000] "GET /dygloave/cache/background-css/1/klescortgirldirectory.com/dygloave/cache/min/1/css/css.theme-elementor.css?ver=1759571753&wpr_t=1759868005 HTTP/1.1" 404 11478 "https://klescortgirldirectory.com/listing/gigi/" "Mozilla/5.0 (iPhone; CPU iPhone OS 18_6_2 like Mac OS X) AppleWebKit/605.1.15 (KHTML, like Gecko) CriOS/141.0.7390.41 Mobile/15E148 Safari/604.1"
119.56.104.213 - - [07/Oct/2025:15:51:59 +0000] "GET /ipsypsyj/2023/05/GiGi-4-263x350.jpg HTTP/1.1" 200 24091 "https://klescortgirldirectory.com/listing/gigi/" "Mozilla/5.0 (iPhone; CPU iPhone OS 18_6_2 like Mac OS X) AppleWebKit/605.1.15 (KHTML, like Gecko) CriOS/141.0.7390.41 Mobile/15E148 Safari/604.1"
119.56.104.213 - - [07/Oct/2025:15:51:59 +0000] "GET /ipsypsyj/2023/05/GiGi-5-263x350.jpg HTTP/1.1" 200 21964 "https://klescortgirldirectory.com/listing/gigi/" "Mozilla/5.0 (iPhone; CPU iPhone OS 18_6_2 like Mac OS X) AppleWebKit/605.1.15 (KHTML, like Gecko) CriOS/141.0.7390.41 Mobile/15E148 Safari/604.1"
119.56.104.213 - - [07/Oct/2025:15:52:00 +0000] "GET /ipsypsyj/2023/05/GiGi-3-263x350.jpg HTTP/1.1" 200 18878 "https://klescortgirldirectory.com/listing/gigi/" "Mozilla/5.0 (iPhone; CPU iPhone OS 18_6_2 like Mac OS X) AppleWebKit/605.1.15 (KHTML, like Gecko) CriOS/141.0.7390.41 Mobile/15E148 Safari/604.1"
119.56.104.213 - - [07/Oct/2025:15:52:00 +0000] "GET /ipsypsyj/2023/04/CoCo-1-kl-escorts-angel-298x350.jpg HTTP/1.1" 200 18982 "https://klescortgirldirectory.com/listing/gigi/" "Mozilla/5.0 (iPhone; CPU iPhone OS 18_6_2 like Mac OS X) AppleWebKit/605.1.15 (KHTML, like Gecko) CriOS/141.0.7390.41 Mobile/15E148 Safari/604.1"
119.56.104.213 - - [07/Oct/2025:15:52:00 +0000] "GET /ipsypsyj/2023/05/GiGi-2-263x350.jpg HTTP/1.1" 200 21877 "https://klescortgirldirectory.com/listing/gigi/" "Mozilla/5.0 (iPhone; CPU iPhone OS 18_6_2 like Mac OS X) AppleWebKit/605.1.15 (KHTML, like Gecko) CriOS/141.0.7390.41 Mobile/15E148 Safari/604.1"
119.56.104.213 - - [07/Oct/2025:15:52:00 +0000] "GET /ipsypsyj/2023/03/nana-vietnamese-escort-in-kl_original-1-263x350.jpg HTTP/1.1" 200 15221 "https://klescortgirldirectory.com/listing/gigi/" "Mozilla/5.0 (iPhone; CPU iPhone OS 18_6_2 like Mac OS X) AppleWebKit/605.1.15 (KHTML, like Gecko) CriOS/141.0.7390.41 Mobile/15E148 Safari/604.1"
119.56.104.213 - - [07/Oct/2025:15:52:00 +0000] "GET /ipsypsyj/2023/04/Suki-1-kl-escorts-angel-280x350.jpg HTTP/1.1" 200 20331 "https://klescortgirldirectory.com/listing/gigi/" "Mozilla/5.0 (iPhone; CPU iPhone OS 18_6_2 like Mac OS X) AppleWebKit/605.1.15 (KHTML, like Gecko) CriOS/141.0.7390.41 Mobile/15E148 Safari/604.1"
119.56.104.213 - - [07/Oct/2025:15:52:00 +0000] "GET /ipsypsyj/2023/03/viola-vietnamese-escort-in-kl-origina-1-263x350.jpg HTTP/1.1" 200 15749 "https://klescortgirldirectory.com/listing/gigi/" "Mozilla/5.0 (iPhone; CPU iPhone OS 18_6_2 like Mac OS X) AppleWebKit/605.1.15 (KHTML, like Gecko) CriOS/141.0.7390.41 Mobile/15E148 Safari/604.1"
119.56.104.213 - - [07/Oct/2025:15:52:03 +0000] "POST /index.php HTTP/1.1" 200 94 "https://klescortgirldirectory.com/listing/gigi/" "Mozilla/5.0 (iPhone; CPU iPhone OS 18_6_2 like Mac OS X) AppleWebKit/605.1.15 (KHTML, like Gecko) CriOS/141.0.7390.41 Mobile/15E148 Safari/604.1"
203.161.56.247 - - [07/Oct/2025:15:52:10 +0000] "POST /wp-cron.php?doing_wp_cron=1759852330.9632511138916015625000 HTTP/1.1" 200 - "-" "O3BPAaAvaVyR"
119.56.104.213 - - [07/Oct/2025:15:52:09 +0000] "GET /my-account/?tab=membership HTTP/1.1" 302 - "https://klescortgirldirectory.com/listing/gigi/" "Mozilla/5.0 (iPhone; CPU iPhone OS 18_6_2 like Mac OS X) AppleWebKit/605.1.15 (KHTML, like Gecko) CriOS/141.0.7390.41 Mobile/15E148 Safari/604.1"
119.56.104.213 - - [07/Oct/2025:15:52:11 +0000] "GET /wp-login.php?noaccess=1&redirect_to=%2Fmy-account%2F%3Ftab%3Dmembership HTTP/1.1" 200 8160 "https://klescortgirldirectory.com/listing/gigi/" "Mozilla/5.0 (iPhone; CPU iPhone OS 18_6_2 like Mac OS X) AppleWebKit/605.1.15 (KHTML, like Gecko) CriOS/141.0.7390.41 Mobile/15E148 Safari/604.1"
119.56.104.213 - - [07/Oct/2025:15:52:12 +0000] "GET /hulsodso/js/jquery/jquery.min.js?ver=3.7.1 HTTP/1.1" 200 30368 "https://klescortgirldirectory.com/wp-login.php?noaccess=1&redirect_to=%2Fmy-account%2F%3Ftab%3Dmembership" "Mozilla/5.0 (iPhone; CPU iPhone OS 18_6_2 like Mac OS X) AppleWebKit/605.1.15 (KHTML, like Gecko) CriOS/141.0.7390.41 Mobile/15E148 Safari/604.1"
119.56.104.213 - - [07/Oct/2025:15:52:16 +0000] "POST /index.php HTTP/1.1" 200 94 "https://klescortgirldirectory.com/listing/gigi/" "Mozilla/5.0 (iPhone; CPU iPhone OS 18_6_2 like Mac OS X) AppleWebKit/605.1.15 (KHTML, like Gecko) CriOS/141.0.7390.41 Mobile/15E148 Safari/604.1"
119.56.104.213 - - [07/Oct/2025:15:52:18 +0000] "POST /index.php HTTP/1.1" 200 94 "https://klescortgirldirectory.com/wp-login.php?noaccess=1&redirect_to=%2Fmy-account%2F%3Ftab%3Dmembership" "Mozilla/5.0 (iPhone; CPU iPhone OS 18_6_2 like Mac OS X) AppleWebKit/605.1.15 (KHTML, like Gecko) CriOS/141.0.7390.41 Mobile/15E148 Safari/604.1"
203.161.56.247 - - [07/Oct/2025:15:52:42 +0000] "POST /wp-cron.php?doing_wp_cron=1759852362.7864708900451660156250 HTTP/1.1" 200 - "-" "se21in8x2Prr"
216.73.216.81 - - [07/Oct/2025:15:52:41 +0000] "GET /video-sitemap.xml HTTP/1.1" 404 186 "-" "Mozilla/5.0 AppleWebKit/537.36 (KHTML, like Gecko; compatible; ClaudeBot/1.0; +claudebot@anthropic.com)"
54.38.147.150 - - [07/Oct/2025:15:58:51 +0000] "GET /listing/elina/ HTTP/1.1" 200 32229 "-" "Mozilla/5.0 (compatible; AhrefsBot/7.0; +http://ahrefs.com/robot/)"
185.191.171.7 - - [07/Oct/2025:16:07:42 +0000] "GET /listing/miyuki/ HTTP/1.1" 200 32378 "-" "Mozilla/5.0 (compatible; SemrushBot/7~bl; +http://www.semrush.com/bot.html)"
203.161.56.247 - - [07/Oct/2025:16:20:14 +0000] "POST /wp-cron.php?doing_wp_cron=1759854014.8980619907379150390625 HTTP/1.1" 200 - "-" "vizWgz1fC0UD"
216.73.216.81 - - [07/Oct/2025:16:20:12 +0000] "GET /news-sitemap.xml HTTP/1.1" 404 204 "-" "Mozilla/5.0 AppleWebKit/537.36 (KHTML, like Gecko; compatible; ClaudeBot/1.0; +claudebot@anthropic.com)"
203.161.56.247 - - [07/Oct/2025:16:22:14 +0000] "POST /wp-cron.php?doing_wp_cron=1759854134.6401619911193847656250 HTTP/1.1" 200 - "-" "8YFjTnRe8RFa"
216.73.216.81 - - [07/Oct/2025:16:22:12 +0000] "GET /sitemap.rss HTTP/1.1" 200 2007 "-" "Mozilla/5.0 AppleWebKit/537.36 (KHTML, like Gecko; compatible; ClaudeBot/1.0; +claudebot@anthropic.com)"
157.55.39.193 - - [07/Oct/2025:16:24:52 +0000] "GET /country/subang-jaya-escorts/ HTTP/1.1" 200 33504 "-" "Mozilla/5.0 AppleWebKit/537.36 (KHTML, like Gecko; compatible; bingbot/2.0; +http://www.bing.com/bingbot.htm) Chrome/116.0.1938.76 Safari/537.36"
54.38.147.57 - - [07/Oct/2025:16:26:31 +0000] "GET /listing-category/young-escorts/ HTTP/1.1" 200 30640 "-" "Mozilla/5.0 (compatible; AhrefsBot/7.0; +http://ahrefs.com/robot/)"
203.161.56.247 - - [07/Oct/2025:16:32:31 +0000] "POST /wp-cron.php?doing_wp_cron=1759854751.2434010505676269531250 HTTP/1.1" 200 - "-" "m6FLnR8wJRrx"
216.73.216.81 - - [07/Oct/2025:16:32:29 +0000] "GET /video-sitemap.xml HTTP/1.1" 404 186 "-" "Mozilla/5.0 AppleWebKit/537.36 (KHTML, like Gecko; compatible; ClaudeBot/1.0; +claudebot@anthropic.com)"
203.161.56.247 - - [07/Oct/2025:16:44:19 +0000] "POST /wp-cron.php?doing_wp_cron=1759855459.0933239459991455078125 HTTP/1.1" 200 - "-" "97RldmHYW820"
216.73.216.81 - - [07/Oct/2025:16:44:17 +0000] "GET /robots.txt HTTP/1.1" 200 139 "-" "Mozilla/5.0 AppleWebKit/537.36 (KHTML, like Gecko; compatible; ClaudeBot/1.0; +claudebot@anthropic.com)"
216.73.216.81 - - [07/Oct/2025:16:44:19 +0000] "GET /sitemap.rss HTTP/1.1" 200 2009 "-" "Mozilla/5.0 AppleWebKit/537.36 (KHTML, like Gecko; compatible; ClaudeBot/1.0; +claudebot@anthropic.com)"
203.161.56.247 - - [07/Oct/2025:16:44:32 +0000] "POST /wp-admin/admin-ajax.php?action=wordfence_testAjax HTTP/1.1" 200 32 "-" "PUlVWgClFOCq"
203.161.56.247 - - [07/Oct/2025:16:44:33 +0000] "POST /wp-admin/admin-ajax.php?action=as_async_request_queue_runner&nonce=442da6e863 HTTP/1.1" 200 - "-" "fLOKSDeTasus"
203.161.56.247 - - [07/Oct/2025:16:44:34 +0000] "GET /wp-admin/admin-ajax.php?action=wordfence_doScan&isFork=0&scanMode=quick&cronKey=79d7476b1b2abf03565e37ae7850675a&signature=60a793eb317e5d8e50ea6849f63c941e76e443437cfaa1041378386d81859aee HTTP/1.1" 200 - "-" "PUlVWgClFOCq"
203.161.56.247 - - [07/Oct/2025:16:46:41 +0000] "POST /wp-cron.php?doing_wp_cron=1759855601.2714419364929199218750 HTTP/1.1" 200 - "-" "mT3kLPsh5RjF"
216.73.216.81 - - [07/Oct/2025:16:46:39 +0000] "GET /video-sitemap.xml HTTP/1.1" 404 186 "-" "Mozilla/5.0 AppleWebKit/537.36 (KHTML, like Gecko; compatible; ClaudeBot/1.0; +claudebot@anthropic.com)"
203.161.56.247 - - [07/Oct/2025:16:52:14 +0000] "POST /wp-cron.php?doing_wp_cron=1759855934.0105860233306884765625 HTTP/1.1" 200 - "-" "3PqfWWQUZx4v"
114.119.154.169 - - [07/Oct/2025:16:52:11 +0000] "GET /listing/may/?c=AUD HTTP/1.1" 200 17119 "-" "Mozilla/5.0 (Linux; Android 7.0;) AppleWebKit/537.36 (KHTML, like Gecko) Mobile Safari/537.36 (compatible; PetalBot;+https://webmaster.petalsearch.com/site/petalbot)"
114.119.154.169 - - [07/Oct/2025:16:52:17 +0000] "GET /ipsypsyj/elementor/css/post-61.css?ver=1759571754 HTTP/1.1" 200 445 "https://klescortgirldirectory.com/listing/may/?c=AUD" "Mozilla/5.0 (Linux; Android 7.0;) AppleWebKit/537.36 (KHTML, like Gecko) Mobile Safari/537.36 (compatible; PetalBot;+https://webmaster.petalsearch.com/site/petalbot)"
114.119.150.28 - - [07/Oct/2025:16:54:46 +0000] "GET /listing/jinx/ HTTP/1.1" 200 32112 "-" "Mozilla/5.0 (Linux; Android 7.0;) AppleWebKit/537.36 (KHTML, like Gecko) Mobile Safari/537.36 (compatible; PetalBot;+https://webmaster.petalsearch.com/site/petalbot)"
203.161.56.247 - - [07/Oct/2025:16:54:58 +0000] "POST /wp-cron.php?doing_wp_cron=1759856098.4517788887023925781250 HTTP/1.1" 200 - "-" "rwFORIo48qzn"
114.119.150.28 - - [07/Oct/2025:16:54:57 +0000] "GET /dygloave/cache/background-css/1/klescortgirldirectory.com/dygloave/cache/min/1/css/css.theme-elementor.css?ver=1759571753&wpr_t=1759861651 HTTP/1.1" 404 11478 "https://klescortgirldirectory.com/listing/jinx/" "Mozilla/5.0 (Linux; Android 7.0;) AppleWebKit/537.36 (KHTML, like Gecko) Mobile Safari/537.36 (compatible; PetalBot;+https://webmaster.petalsearch.com/site/petalbot)"
114.119.150.28 - - [07/Oct/2025:16:55:04 +0000] "POST /index.php HTTP/1.1" 200 94 "https://klescortgirldirectory.com/listing/jinx/" "Mozilla/5.0 (Linux; Android 7.0;) AppleWebKit/537.36 (KHTML, like Gecko) Mobile Safari/537.36 (compatible; PetalBot;+https://webmaster.petalsearch.com/site/petalbot)"
203.161.56.247 - - [07/Oct/2025:16:57:57 +0000] "POST /wp-cron.php?doing_wp_cron=1759856277.3272271156311035156250 HTTP/1.1" 200 - "-" "1aMDmTYWPAbA"
5.255.231.246 - - [07/Oct/2025:16:57:55 +0000] "GET /robots.txt HTTP/1.1" 200 306 "-" "Mozilla/5.0 (compatible; YandexBot/3.0; +http://yandex.com/bots)"
95.108.213.85 - - [07/Oct/2025:16:57:58 +0000] "GET /escort/siti/ HTTP/1.1" 404 12686 "-" "Mozilla/5.0 (compatible; YandexBot/3.0; +http://yandex.com/bots)"
203.161.56.247 - - [07/Oct/2025:16:58:49 +0000] "POST /wp-cron.php?doing_wp_cron=1759856329.4198470115661621093750 HTTP/1.1" 200 - "-" "2i5OpSH6EuE1"
198.244.226.128 - - [07/Oct/2025:16:58:47 +0000] "GET /robots.txt HTTP/1.1" 200 139 "-" "Mozilla/5.0 (compatible; AhrefsBot/7.0; +http://ahrefs.com/robot/)"
51.89.129.141 - - [07/Oct/2025:16:58:56 +0000] "GET /sitemap.rss HTTP/1.1" 200 2010 "-" "Mozilla/5.0 (compatible; AhrefsBot/7.0; +http://ahrefs.com/robot/)"
203.161.56.247 - - [07/Oct/2025:17:01:55 +0000] "POST /wp-cron.php?doing_wp_cron=1759856515.5523040294647216796875 HTTP/1.1" 200 - "-" "Cg590wU0Z4VU"
216.73.216.81 - - [07/Oct/2025:17:01:53 +0000] "GET /sitemap.rss HTTP/1.1" 200 2009 "-" "Mozilla/5.0 AppleWebKit/537.36 (KHTML, like Gecko; compatible; ClaudeBot/1.0; +claudebot@anthropic.com)"
8.160.39.133 - - [07/Oct/2025:17:05:21 +0000] "GET /listing/ice/ HTTP/1.1" 200 32525 "-" "Mozilla/5.0 (Windows NT 10.0; Win64; x64) AppleWebKit/537.36 (KHTML, like Gecko) Chrome/136.0.0.0 Safari/537.36"
203.161.56.247 - - [07/Oct/2025:17:14:46 +0000] "POST /wp-cron.php?doing_wp_cron=1759857286.0972940921783447265625 HTTP/1.1" 200 - "-" "K5NsRBh4Xtlg"
114.119.150.28 - - [07/Oct/2025:17:14:44 +0000] "GET /how-it-works/?c=INR HTTP/1.1" 200 13997 "-" "Mozilla/5.0 (Linux; Android 7.0;) AppleWebKit/537.36 (KHTML, like Gecko) Mobile Safari/537.36 (compatible; PetalBot;+https://webmaster.petalsearch.com/site/petalbot)"
114.119.138.140 - - [07/Oct/2025:17:15:05 +0000] "GET /pricing/ HTTP/1.1" 200 25575 "-" "Mozilla/5.0 (Linux; Android 7.0;) AppleWebKit/537.36 (KHTML, like Gecko) Mobile Safari/537.36 (compatible; PetalBot;+https://webmaster.petalsearch.com/site/petalbot)"
203.161.56.247 - - [07/Oct/2025:17:15:08 +0000] "POST /wp-cron.php?doing_wp_cron=1759857308.3569529056549072265625 HTTP/1.1" 200 - "-" "wiRGaMfSjcNu"
114.119.138.140 - - [07/Oct/2025:17:15:06 +0000] "GET /dygloave/cache/background-css/1/klescortgirldirectory.com/dygloave/cache/min/1/css/css.theme-elementor.css?ver=1759571753&wpr_t=1759860973 HTTP/1.1" 404 11478 "https://klescortgirldirectory.com/pricing/" "Mozilla/5.0 (Linux; Android 7.0;) AppleWebKit/537.36 (KHTML, like Gecko) Mobile Safari/537.36 (compatible; PetalBot;+https://webmaster.petalsearch.com/site/petalbot)"
114.119.145.174 - - [07/Oct/2025:17:17:39 +0000] "GET /features/strip-tease/ HTTP/1.1" 200 30859 "-" "Mozilla/5.0 (Linux; Android 7.0;) AppleWebKit/537.36 (KHTML, like Gecko) Mobile Safari/537.36 (compatible; PetalBot;+https://webmaster.petalsearch.com/site/petalbot)"
203.161.56.247 - - [07/Oct/2025:17:17:45 +0000] "POST /wp-cron.php?doing_wp_cron=1759857465.4245870113372802734375 HTTP/1.1" 200 - "-" "6OuHpCvvcn0q"
114.119.145.174 - - [07/Oct/2025:17:17:44 +0000] "GET /dygloave/cache/background-css/1/klescortgirldirectory.com/dygloave/cache/min/1/css/css.theme-elementor.css?ver=1759571753&wpr_t=1759867213 HTTP/1.1" 404 11478 "https://klescortgirldirectory.com/features/strip-tease/" "Mozilla/5.0 (Linux; Android 7.0;) AppleWebKit/537.36 (KHTML, like Gecko) Mobile Safari/537.36 (compatible; PetalBot;+https://webmaster.petalsearch.com/site/petalbot)"
114.119.145.174 - - [07/Oct/2025:17:17:45 +0000] "POST /index.php HTTP/1.1" 200 2158 "https://klescortgirldirectory.com/features/strip-tease/" "Mozilla/5.0 (Linux; Android 7.0;) AppleWebKit/537.36 (KHTML, like Gecko) Mobile Safari/537.36 (compatible; PetalBot;+https://webmaster.petalsearch.com/site/petalbot)"
114.119.145.174 - - [07/Oct/2025:17:17:51 +0000] "POST /index.php HTTP/1.1" 200 94 "https://klescortgirldirectory.com/features/strip-tease/" "Mozilla/5.0 (Linux; Android 7.0;) AppleWebKit/537.36 (KHTML, like Gecko) Mobile Safari/537.36 (compatible; PetalBot;+https://webmaster.petalsearch.com/site/petalbot)"
203.161.56.247 - - [07/Oct/2025:17:18:44 +0000] "POST /wp-cron.php?doing_wp_cron=1759857524.5229868888854980468750 HTTP/1.1" 200 - "-" "l6xFXjjysTsf"
216.73.216.81 - - [07/Oct/2025:17:18:42 +0000] "GET /news-sitemap.xml HTTP/1.1" 404 204 "-" "Mozilla/5.0 AppleWebKit/537.36 (KHTML, like Gecko; compatible; ClaudeBot/1.0; +claudebot@anthropic.com)"
192.159.99.83 - - [07/Oct/2025:17:19:33 +0000] "GET / HTTP/1.1" 200 198549 "-" "Mozlila/5.0 (Linux; Android 7.0; SM-G892A Bulid/NRD90M; wv) AppleWebKit/537.36 (KHTML, like Gecko) Version/4.0 Chrome/60.0.3112.107 Moblie Safari/537.36"
203.161.56.247 - - [07/Oct/2025:17:19:34 +0000] "POST /wp-cron.php?doing_wp_cron=1759857574.8086290359497070312500 HTTP/1.1" 200 - "-" "JVUU7pUIFiIC"
192.159.99.83 - - [07/Oct/2025:17:19:34 +0000] "GET /wp-content/plugins/apikey/apikey.php?test=hello HTTP/1.1" 403 16865 "-" "Mozlila/5.0 (Linux; Android 7.0; SM-G892A Bulid/NRD90M; wv) AppleWebKit/537.36 (KHTML, like Gecko) Version/4.0 Chrome/60.0.3112.107 Moblie Safari/537.36"
192.159.99.83 - - [07/Oct/2025:17:19:34 +0000] "GET /wp-content/themes/seotheme/db.php?u HTTP/1.1" 403 16865 "www.google.com" "Mozlila/5.0 (Linux; Android 7.0; SM-G892A Bulid/NRD90M; wv) AppleWebKit/537.36 (KHTML, like Gecko) Version/4.0 Chrome/60.0.3112.107 Moblie Safari/537.36"
192.159.99.83 - - [07/Oct/2025:17:19:33 +0000] "GET /wp-content/plugins/fix/up.php HTTP/1.1" 404 43067 "-" "Mozilla/5.0 (Windows NT 10.0; Win64; x64) AppleWebKit/537.36 (KHTML, like Gecko) Chrome/85.0.4183.102 Safari/537.36"
192.159.99.83 - - [07/Oct/2025:17:19:35 +0000] "GET /plugins/content/apismtp/apismtp.php?test=hello HTTP/1.1" 403 16865 "-" "Mozlila/5.0 (Linux; Android 7.0; SM-G892A Bulid/NRD90M; wv) AppleWebKit/537.36 (KHTML, like Gecko) Version/4.0 Chrome/60.0.3112.107 Moblie Safari/537.36"
203.161.56.247 - - [07/Oct/2025:17:19:34 +0000] "POST /?wordfence_syncAttackData=1759857574.7087 HTTP/1.1" 200 - "-" "WordPress/6.8.3; https://klescortgirldirectory.com"
192.159.99.83 - - [07/Oct/2025:17:19:35 +0000] "GET /wp-content/plugins/apikey/apikey.php.suspected?test=hello HTTP/1.1" 403 16865 "-" "Mozlila/5.0 (Linux; Android 7.0; SM-G892A Bulid/NRD90M; wv) AppleWebKit/537.36 (KHTML, like Gecko) Version/4.0 Chrome/60.0.3112.107 Moblie Safari/537.36"
192.159.99.83 - - [07/Oct/2025:17:19:36 +0000] "GET /plugins/content/apismtp/apismtp.php.suspected?test=hello HTTP/1.1" 403 16865 "-" "Mozlila/5.0 (Linux; Android 7.0; SM-G892A Bulid/NRD90M; wv) AppleWebKit/537.36 (KHTML, like Gecko) Version/4.0 Chrome/60.0.3112.107 Moblie Safari/537.36"
192.159.99.83 - - [07/Oct/2025:17:19:38 +0000] "POST /wp-plain.php HTTP/1.1" 404 47532 "www.google.com" "Mozilla/5.0 (Linux; Android 7.0; SM-G892A Bulid/NRD90M; wv) AppleWebKit/537.36 (KHTML, like Gecko) Version/4.0 Chrome/60.0.3112.107 Moblie Safari/537.36"
192.159.99.83 - - [07/Oct/2025:17:19:40 +0000] "GET /uyekiuvt.php?Fox=d3wL7 HTTP/1.1" 404 43031 "www.google.com" "Mozilla/5.0 (Linux; Android 7.0; SM-G892A Bulid/NRD90M; wv) AppleWebKit/537.36 (KHTML, like Gecko) Version/4.0 Chrome/60.0.3112.107 Moblie Safari/537.36"
203.161.56.247 - - [07/Oct/2025:17:21:10 +0000] "POST /wp-cron.php?doing_wp_cron=1759857670.2286310195922851562500 HTTP/1.1" 200 - "-" "EzA5F381qRK2"
159.89.198.71 - - [07/Oct/2025:17:21:07 +0000] "GET /.env HTTP/1.1" 301 - "-" "Mozilla/5.0 (X11; Linux x86_64)"
203.161.56.247 - - [07/Oct/2025:17:21:07 +0000] "POST /?wordfence_syncAttackData=1759857667.743 HTTP/1.1" 200 - "-" "WordPress/6.8.3; https://klescortgirldirectory.com"
159.89.198.71 - - [07/Oct/2025:17:21:07 +0000] "GET /core/.env HTTP/1.1" 301 - "-" "Mozilla/5.0 (X11; Linux x86_64)"
159.89.198.71 - - [07/Oct/2025:17:21:07 +0000] "GET /laravel/.env HTTP/1.1" 301 - "-" "Mozilla/5.0 (X11; Linux x86_64)"
159.89.198.71 - - [07/Oct/2025:17:21:07 +0000] "GET /core/.env HTTP/1.1" 404 47056 "-" "Mozilla/5.0 (X11; Linux x86_64)"
159.89.198.71 - - [07/Oct/2025:17:21:07 +0000] "GET /laravel/.env HTTP/1.1" 404 47068 "-" "Mozilla/5.0 (X11; Linux x86_64)"
159.89.198.71 - - [07/Oct/2025:17:21:07 +0000] "GET /.env HTTP/1.1" 404 47032 "-" "Mozilla/5.0 (X11; Linux x86_64)"
203.161.56.247 - - [07/Oct/2025:17:21:08 +0000] "POST /?wordfence_syncAttackData=1759857668.0338 HTTP/1.1" 200 15467 "-" "WordPress/6.8.3; https://klescortgirldirectory.com"
203.161.56.247 - - [07/Oct/2025:17:21:08 +0000] "POST /?wordfence_syncAttackData=1759857668.4591 HTTP/1.1" 200 15467 "-" "WordPress/6.8.3; https://klescortgirldirectory.com"
203.161.56.247 - - [07/Oct/2025:17:21:08 +0000] "POST /?wordfence_syncAttackData=1759857668.5404 HTTP/1.1" 200 15467 "-" "WordPress/6.8.3; https://klescortgirldirectory.com"
203.161.56.247 - - [07/Oct/2025:17:21:08 +0000] "POST /?wordfence_syncAttackData=1759857668.1174 HTTP/1.1" 200 15467 "-" "WordPress/6.8.3; https://klescortgirldirectory.com"
203.161.56.247 - - [07/Oct/2025:17:21:07 +0000] "POST /?wordfence_syncAttackData=1759857667.921 HTTP/1.1" 200 15467 "-" "WordPress/6.8.3; https://klescortgirldirectory.com"
77.75.76.160 - - [07/Oct/2025:17:28:20 +0000] "GET /listing/jessica/ HTTP/1.1" 200 32082 "-" "Mozilla/5.0 (compatible; SeznamBot/4.0; +https://o-seznam.cz/napoveda/vyhledavani/en/seznambot-crawler/)"
157.55.39.193 - - [07/Oct/2025:17:32:12 +0000] "GET /category/blog/ HTTP/1.1" 200 27409 "-" "Mozilla/5.0 AppleWebKit/537.36 (KHTML, like Gecko; compatible; bingbot/2.0; +http://www.bing.com/bingbot.htm) Chrome/116.0.1938.76 Safari/537.36"
114.119.150.28 - - [07/Oct/2025:17:36:56 +0000] "GET /listing-category/slim-escortstall-escorts/ HTTP/1.1" 200 30622 "-" "Mozilla/5.0 (Linux; Android 7.0;) AppleWebKit/537.36 (KHTML, like Gecko) Mobile Safari/537.36 (compatible; PetalBot;+https://webmaster.petalsearch.com/site/petalbot)"
203.161.56.247 - - [07/Oct/2025:17:37:02 +0000] "POST /wp-cron.php?doing_wp_cron=1759858622.7080891132354736328125 HTTP/1.1" 200 - "-" "vS6MBn5XEPAL"
114.119.150.28 - - [07/Oct/2025:17:37:01 +0000] "GET /dygloave/cache/background-css/1/klescortgirldirectory.com/dygloave/cache/min/1/css/css.theme-elementor.css?ver=1759571753&wpr_t=1759870521 HTTP/1.1" 404 11478 "https://klescortgirldirectory.com/listing-category/slim-escortstall-escorts/" "Mozilla/5.0 (Linux; Android 7.0;) AppleWebKit/537.36 (KHTML, like Gecko) Mobile Safari/537.36 (compatible; PetalBot;+https://webmaster.petalsearch.com/site/petalbot)"
114.119.150.28 - - [07/Oct/2025:17:37:03 +0000] "POST /index.php HTTP/1.1" 200 152 "https://klescortgirldirectory.com/listing-category/slim-escortstall-escorts/" "Mozilla/5.0 (Linux; Android 7.0;) AppleWebKit/537.36 (KHTML, like Gecko) Mobile Safari/537.36 (compatible; PetalBot;+https://webmaster.petalsearch.com/site/petalbot)"
114.119.150.28 - - [07/Oct/2025:17:37:09 +0000] "POST /index.php HTTP/1.1" 200 94 "https://klescortgirldirectory.com/listing-category/slim-escortstall-escorts/" "Mozilla/5.0 (Linux; Android 7.0;) AppleWebKit/537.36 (KHTML, like Gecko) Mobile Safari/537.36 (compatible; PetalBot;+https://webmaster.petalsearch.com/site/petalbot)"
203.161.56.247 - - [07/Oct/2025:17:38:32 +0000] "POST /wp-cron.php?doing_wp_cron=1759858712.0486679077148437500000 HTTP/1.1" 200 - "-" "AEiLR8FlXQAg"
216.73.216.81 - - [07/Oct/2025:17:38:30 +0000] "GET /sitemap.xml HTTP/1.1" 200 553 "-" "Mozilla/5.0 AppleWebKit/537.36 (KHTML, like Gecko; compatible; ClaudeBot/1.0; +claudebot@anthropic.com)"
203.161.56.247 - - [07/Oct/2025:17:39:19 +0000] "POST /wp-cron.php?doing_wp_cron=1759858759.7507879734039306640625 HTTP/1.1" 200 - "-" "mYZ7e0XnuNdQ"
216.73.216.81 - - [07/Oct/2025:17:39:18 +0000] "GET /news-sitemap.xml HTTP/1.1" 404 204 "-" "Mozilla/5.0 AppleWebKit/537.36 (KHTML, like Gecko; compatible; ClaudeBot/1.0; +claudebot@anthropic.com)"
203.161.56.247 - - [07/Oct/2025:17:40:21 +0000] "POST /wp-cron.php?doing_wp_cron=1759858821.2559390068054199218750 HTTP/1.1" 200 - "-" "7lvR6T3e0TuW"
85.208.96.202 - - [07/Oct/2025:17:40:19 +0000] "GET /robots.txt HTTP/1.1" 200 139 "-" "Mozilla/5.0 (compatible; SemrushBot/7~bl; +http://www.semrush.com/bot.html)"
185.191.171.5 - - [07/Oct/2025:17:40:22 +0000] "GET /listing-category/curvy-escorts/ HTTP/1.1" 200 31129 "-" "Mozilla/5.0 (compatible; SemrushBot/7~bl; +http://www.semrush.com/bot.html)"
185.191.171.13 - - [07/Oct/2025:17:44:07 +0000] "GET /sample-page/ HTTP/1.1" 200 26153 "-" "Mozilla/5.0 (compatible; SemrushBot/7~bl; +http://www.semrush.com/bot.html)"
203.161.56.247 - - [07/Oct/2025:17:47:27 +0000] "POST /wp-cron.php?doing_wp_cron=1759859247.7566230297088623046875 HTTP/1.1" 200 - "-" "pd9dCQX4PG8y"
216.73.216.81 - - [07/Oct/2025:17:47:25 +0000] "GET /robots.txt HTTP/1.1" 200 139 "-" "Mozilla/5.0 AppleWebKit/537.36 (KHTML, like Gecko; compatible; ClaudeBot/1.0; +claudebot@anthropic.com)"
216.73.216.81 - - [07/Oct/2025:17:47:27 +0000] "GET /video-sitemap.xml HTTP/1.1" 404 186 "-" "Mozilla/5.0 AppleWebKit/537.36 (KHTML, like Gecko; compatible; ClaudeBot/1.0; +claudebot@anthropic.com)"
198.244.183.200 - - [07/Oct/2025:17:47:53 +0000] "GET /about-us/ HTTP/1.1" 200 21046 "-" "Mozilla/5.0 (compatible; AhrefsBot/7.0; +http://ahrefs.com/robot/)"
114.119.145.174 - - [07/Oct/2025:18:00:29 +0000] "GET /listing-category/busty-escorts/ HTTP/1.1" 200 31085 "-" "Mozilla/5.0 (Linux; Android 7.0;) AppleWebKit/537.36 (KHTML, like Gecko) Mobile Safari/537.36 (compatible; PetalBot;+https://webmaster.petalsearch.com/site/petalbot)"
203.161.56.247 - - [07/Oct/2025:18:00:33 +0000] "POST /wp-cron.php?doing_wp_cron=1759860033.8681600093841552734375 HTTP/1.1" 200 - "-" "Weovs1FyQ6xb"
114.119.145.174 - - [07/Oct/2025:18:00:32 +0000] "GET /dygloave/cache/background-css/1/klescortgirldirectory.com/dygloave/cache/min/1/css/css.theme-elementor.css?ver=1759571753&wpr_t=1759867902 HTTP/1.1" 404 11478 "https://klescortgirldirectory.com/listing-category/busty-escorts/" "Mozilla/5.0 (Linux; Android 7.0;) AppleWebKit/537.36 (KHTML, like Gecko) Mobile Safari/537.36 (compatible; PetalBot;+https://webmaster.petalsearch.com/site/petalbot)"
114.119.145.174 - - [07/Oct/2025:18:00:34 +0000] "POST /index.php HTTP/1.1" 200 2273 "https://klescortgirldirectory.com/listing-category/busty-escorts/" "Mozilla/5.0 (Linux; Android 7.0;) AppleWebKit/537.36 (KHTML, like Gecko) Mobile Safari/537.36 (compatible; PetalBot;+https://webmaster.petalsearch.com/site/petalbot)"
114.119.145.174 - - [07/Oct/2025:18:00:38 +0000] "POST /index.php HTTP/1.1" 200 94 "https://klescortgirldirectory.com/listing-category/busty-escorts/" "Mozilla/5.0 (Linux; Android 7.0;) AppleWebKit/537.36 (KHTML, like Gecko) Mobile Safari/537.36 (compatible; PetalBot;+https://webmaster.petalsearch.com/site/petalbot)"
203.161.56.247 - - [07/Oct/2025:18:12:29 +0000] "POST /wp-cron.php?doing_wp_cron=1759860749.6659131050109863281250 HTTP/1.1" 200 - "-" "qQiJiyUhQ0NI"
216.73.216.81 - - [07/Oct/2025:18:12:27 +0000] "GET /sitemap.xml HTTP/1.1" 200 553 "-" "Mozilla/5.0 AppleWebKit/537.36 (KHTML, like Gecko; compatible; ClaudeBot/1.0; +claudebot@anthropic.com)"
203.161.56.247 - - [07/Oct/2025:18:17:19 +0000] "POST /wp-cron.php?doing_wp_cron=1759861039.7179069519042968750000 HTTP/1.1" 200 - "-" "hj9p70j3nGAN"
77.75.78.160 - - [07/Oct/2025:18:17:17 +0000] "GET /page-sitemap.xml HTTP/1.1" 200 637 "-" "Mozilla/5.0 (compatible; SeznamBot/4.0; +https://o-seznam.cz/napoveda/vyhledavani/en/seznambot-crawler/)"
203.161.56.247 - - [07/Oct/2025:18:22:14 +0000] "POST /wp-cron.php?doing_wp_cron=1759861334.5144989490509033203125 HTTP/1.1" 200 - "-" "k8MJcPZEHCbZ"
216.73.216.81 - - [07/Oct/2025:18:22:12 +0000] "GET /sitemap.xml HTTP/1.1" 200 553 "-" "Mozilla/5.0 AppleWebKit/537.36 (KHTML, like Gecko; compatible; ClaudeBot/1.0; +claudebot@anthropic.com)"
198.244.240.42 - - [07/Oct/2025:18:25:16 +0000] "GET /country/mont-kiara-escorts/ HTTP/1.1" 200 34024 "-" "Mozilla/5.0 (compatible; AhrefsBot/7.0; +http://ahrefs.com/robot/)"
203.161.56.247 - - [07/Oct/2025:18:26:28 +0000] "POST /wp-cron.php?doing_wp_cron=1759861588.4306390285491943359375 HTTP/1.1" 200 - "-" "2jc7FSZgDsAK"
216.73.216.81 - - [07/Oct/2025:18:26:26 +0000] "GET /news-sitemap.xml HTTP/1.1" 404 204 "-" "Mozilla/5.0 AppleWebKit/537.36 (KHTML, like Gecko; compatible; ClaudeBot/1.0; +claudebot@anthropic.com)"
168.235.203.238 - - [07/Oct/2025:18:26:42 +0000] "GET /listing/maya/ HTTP/1.1" 200 32428 "https://www.google.com/" "Mozilla/5.0 (Linux; Android 13; en-US; KYG01 Build/TKQ1.221220.001) AppleWebKit/537.36 (KHTML, like Gecko) Chrome/123.0.6312.80 UCMobile/14.9.2.1373 Mobile Safari/537.36"
168.235.203.238 - - [07/Oct/2025:18:26:42 +0000] "GET /boftejoo/elementor/assets/js/frontend.min.js?ver=3.32.4 HTTP/1.1" 200 10462 "https://klescortgirldirectory.com/listing/maya/" "Mozilla/5.0 (Linux; Android 13; en-US; KYG01 Build/TKQ1.221220.001) AppleWebKit/537.36 (KHTML, like Gecko) Chrome/123.0.6312.80 UCMobile/14.9.2.1373 Mobile Safari/537.36"
168.235.203.238 - - [07/Oct/2025:18:26:42 +0000] "GET /l2/assets/js/wpr-beacon.min.js HTTP/1.1" 200 8097 "https://klescortgirldirectory.com/listing/maya/" "Mozilla/5.0 (Linux; Android 13; en-US; KYG01 Build/TKQ1.221220.001) AppleWebKit/537.36 (KHTML, like Gecko) Chrome/123.0.6312.80 UCMobile/14.9.2.1373 Mobile Safari/537.36"
168.235.203.238 - - [07/Oct/2025:18:26:42 +0000] "GET /boftejoo/elementor/assets/js/frontend-modules.min.js?ver=3.32.4 HTTP/1.1" 200 18630 "https://klescortgirldirectory.com/listing/maya/" "Mozilla/5.0 (Linux; Android 13; en-US; KYG01 Build/TKQ1.221220.001) AppleWebKit/537.36 (KHTML, like Gecko) Chrome/123.0.6312.80 UCMobile/14.9.2.1373 Mobile Safari/537.36"
168.235.203.238 - - [07/Oct/2025:18:26:42 +0000] "GET /hulsodso/js/jquery/jquery.min.js?ver=3.7.1 HTTP/1.1" 200 30368 "https://klescortgirldirectory.com/listing/maya/" "Mozilla/5.0 (Linux; Android 13; en-US; KYG01 Build/TKQ1.221220.001) AppleWebKit/537.36 (KHTML, like Gecko) Chrome/123.0.6312.80 UCMobile/14.9.2.1373 Mobile Safari/537.36"
168.235.203.238 - - [07/Oct/2025:18:26:42 +0000] "GET /boftejoo/elementor/assets/js/webpack.runtime.min.js?ver=3.32.4 HTTP/1.1" 200 2511 "https://klescortgirldirectory.com/listing/maya/" "Mozilla/5.0 (Linux; Android 13; en-US; KYG01 Build/TKQ1.221220.001) AppleWebKit/537.36 (KHTML, like Gecko) Chrome/123.0.6312.80 UCMobile/14.9.2.1373 Mobile Safari/537.36"
168.235.203.238 - - [07/Oct/2025:18:26:42 +0000] "GET /hulsodso/js/jquery/ui/core.min.js?ver=1.13.3 HTTP/1.1" 200 7106 "https://klescortgirldirectory.com/listing/maya/" "Mozilla/5.0 (Linux; Android 13; en-US; KYG01 Build/TKQ1.221220.001) AppleWebKit/537.36 (KHTML, like Gecko) Chrome/123.0.6312.80 UCMobile/14.9.2.1373 Mobile Safari/537.36"
168.235.203.238 - - [07/Oct/2025:18:26:42 +0000] "GET /l2/assets/js/lazyload/17.8.3/lazyload.min.js HTTP/1.1" 200 3053 "https://klescortgirldirectory.com/listing/maya/" "Mozilla/5.0 (Linux; Android 13; en-US; KYG01 Build/TKQ1.221220.001) AppleWebKit/537.36 (KHTML, like Gecko) Chrome/123.0.6312.80 UCMobile/14.9.2.1373 Mobile Safari/537.36"
168.235.203.238 - - [07/Oct/2025:18:26:43 +0000] "GET /dygloave/cache/min/1/css/_bootstrap.css?ver=1759571752 HTTP/1.1" 200 22702 "https://klescortgirldirectory.com/listing/maya/" "Mozilla/5.0 (Linux; Android 13; en-US; KYG01 Build/TKQ1.221220.001) AppleWebKit/537.36 (KHTML, like Gecko) Chrome/123.0.6312.80 UCMobile/14.9.2.1373 Mobile Safari/537.36"
168.235.203.238 - - [07/Oct/2025:18:26:43 +0000] "GET /dygloave/cache/min/1/css/css.theme-fonts.css?ver=1759571753 HTTP/1.1" 200 18509 "https://klescortgirldirectory.com/listing/maya/" "Mozilla/5.0 (Linux; Android 13; en-US; KYG01 Build/TKQ1.221220.001) AppleWebKit/537.36 (KHTML, like Gecko) Chrome/123.0.6312.80 UCMobile/14.9.2.1373 Mobile Safari/537.36"
168.235.203.238 - - [07/Oct/2025:18:26:43 +0000] "GET /dygloave/cache/min/1/css/_chat.css?ver=1759571756 HTTP/1.1" 200 1633 "https://klescortgirldirectory.com/listing/maya/" "Mozilla/5.0 (Linux; Android 13; en-US; KYG01 Build/TKQ1.221220.001) AppleWebKit/537.36 (KHTML, like Gecko) Chrome/123.0.6312.80 UCMobile/14.9.2.1373 Mobile Safari/537.36"
168.235.203.238 - - [07/Oct/2025:18:26:43 +0000] "GET /dygloave/cache/min/1/css/css.theme-utilities.css?ver=1759571755 HTTP/1.1" 200 22419 "https://klescortgirldirectory.com/listing/maya/" "Mozilla/5.0 (Linux; Android 13; en-US; KYG01 Build/TKQ1.221220.001) AppleWebKit/537.36 (KHTML, like Gecko) Chrome/123.0.6312.80 UCMobile/14.9.2.1373 Mobile Safari/537.36"
