168.235.203.238 - - [07/Oct/2025:18:26:43 +0000] "GET /dygloave/cache/min/1/css/css.theme-maps.css?ver=1759571754 HTTP/1.1" 200 2485 "https://klescortgirldirectory.com/listing/maya/" "Mozilla/5.0 (Linux; Android 13; en-US; KYG01 Build/TKQ1.221220.001) AppleWebKit/537.36 (KHTML, like Gecko) Chrome/123.0.6312.80 UCMobile/14.9.2.1373 Mobile Safari/537.36"
168.235.203.238 - - [07/Oct/2025:18:26:43 +0000] "GET /dygloave/cache/min/1/css/css.premiumpress.css?ver=1759571755 HTTP/1.1" 200 14330 "https://klescortgirldirectory.com/listing/maya/" "Mozilla/5.0 (Linux; Android 13; en-US; KYG01 Build/TKQ1.221220.001) AppleWebKit/537.36 (KHTML, like Gecko) Chrome/123.0.6312.80 UCMobile/14.9.2.1373 Mobile Safari/537.36"
168.235.203.238 - - [07/Oct/2025:18:26:43 +0000] "GET /dygloave/cache/background-css/1/klescortgirldirectory.com/dygloave/cache/min/1/css/css.theme-elementor.css?ver=1759571753&wpr_t=1759872997 HTTP/1.1" 404 11478 "https://klescortgirldirectory.com/listing/maya/" "Mozilla/5.0 (Linux; Android 13; en-US; KYG01 Build/TKQ1.221220.001) AppleWebKit/537.36 (KHTML, like Gecko) Chrome/123.0.6312.80 UCMobile/14.9.2.1373 Mobile Safari/537.36"
168.235.203.238 - - [07/Oct/2025:18:26:45 +0000] "GET /ipsypsyj/2023/06/Maya-Local-Malay-Escort-1-280x350.jpg HTTP/1.1" 200 20340 "https://klescortgirldirectory.com/listing/maya/" "Mozilla/5.0 (Linux; Android 13; en-US; KYG01 Build/TKQ1.221220.001) AppleWebKit/537.36 (KHTML, like Gecko) Chrome/123.0.6312.80 UCMobile/14.9.2.1373 Mobile Safari/537.36"
168.235.203.238 - - [07/Oct/2025:18:26:45 +0000] "GET /ipsypsyj/2023/06/Maya-Local-Malay-Escort-3-280x350.jpg HTTP/1.1" 200 17126 "https://klescortgirldirectory.com/listing/maya/" "Mozilla/5.0 (Linux; Android 13; en-US; KYG01 Build/TKQ1.221220.001) AppleWebKit/537.36 (KHTML, like Gecko) Chrome/123.0.6312.80 UCMobile/14.9.2.1373 Mobile Safari/537.36"
168.235.203.238 - - [07/Oct/2025:18:26:45 +0000] "GET /ipsypsyj/2023/06/Maya-Local-Malay-Escort-4-300x313.jpg HTTP/1.1" 200 19610 "https://klescortgirldirectory.com/listing/maya/" "Mozilla/5.0 (Linux; Android 13; en-US; KYG01 Build/TKQ1.221220.001) AppleWebKit/537.36 (KHTML, like Gecko) Chrome/123.0.6312.80 UCMobile/14.9.2.1373 Mobile Safari/537.36"
168.235.203.238 - - [07/Oct/2025:18:26:45 +0000] "GET /ipsypsyj/2023/06/Maya-Local-Malay-Escort-2-300x345.jpg HTTP/1.1" 200 20297 "https://klescortgirldirectory.com/listing/maya/" "Mozilla/5.0 (Linux; Android 13; en-US; KYG01 Build/TKQ1.221220.001) AppleWebKit/537.36 (KHTML, like Gecko) Chrome/123.0.6312.80 UCMobile/14.9.2.1373 Mobile Safari/537.36"
168.235.203.238 - - [07/Oct/2025:18:26:45 +0000] "GET /ipsypsyj/2023/06/Maya-Local-Malay-Escort-5-300x300.jpg HTTP/1.1" 200 21213 "https://klescortgirldirectory.com/listing/maya/" "Mozilla/5.0 (Linux; Android 13; en-US; KYG01 Build/TKQ1.221220.001) AppleWebKit/537.36 (KHTML, like Gecko) Chrome/123.0.6312.80 UCMobile/14.9.2.1373 Mobile Safari/537.36"
168.235.203.238 - - [07/Oct/2025:18:26:45 +0000] "GET /ipsypsyj/2023/03/independent-girl-jayzel-vietnam-escort-in-KL-original-1-205x350.jpg HTTP/1.1" 200 13307 "https://klescortgirldirectory.com/listing/maya/" "Mozilla/5.0 (Linux; Android 13; en-US; KYG01 Build/TKQ1.221220.001) AppleWebKit/537.36 (KHTML, like Gecko) Chrome/123.0.6312.80 UCMobile/14.9.2.1373 Mobile Safari/537.36"
168.235.203.238 - - [07/Oct/2025:18:26:45 +0000] "GET /ipsypsyj/2023/03/mesofia-vietnamese-escort-in-kl_original-1-234x350.jpg HTTP/1.1" 200 14578 "https://klescortgirldirectory.com/listing/maya/" "Mozilla/5.0 (Linux; Android 13; en-US; KYG01 Build/TKQ1.221220.001) AppleWebKit/537.36 (KHTML, like Gecko) Chrome/123.0.6312.80 UCMobile/14.9.2.1373 Mobile Safari/537.36"
168.235.203.238 - - [07/Oct/2025:18:26:45 +0000] "GET /ipsypsyj/2023/04/Summer-1-kl-escorts-angel-233x350.jpg HTTP/1.1" 200 14696 "https://klescortgirldirectory.com/listing/maya/" "Mozilla/5.0 (Linux; Android 13; en-US; KYG01 Build/TKQ1.221220.001) AppleWebKit/537.36 (KHTML, like Gecko) Chrome/123.0.6312.80 UCMobile/14.9.2.1373 Mobile Safari/537.36"
168.235.203.238 - - [07/Oct/2025:18:26:45 +0000] "GET /ipsypsyj/2023/04/Suki-1-kl-escorts-angel-280x350.jpg HTTP/1.1" 200 20331 "https://klescortgirldirectory.com/listing/maya/" "Mozilla/5.0 (Linux; Android 13; en-US; KYG01 Build/TKQ1.221220.001) AppleWebKit/537.36 (KHTML, like Gecko) Chrome/123.0.6312.80 UCMobile/14.9.2.1373 Mobile Safari/537.36"
168.235.203.238 - - [07/Oct/2025:18:26:44 +0000] "POST /wp-admin/admin-ajax.php HTTP/1.1" 200 90 "https://klescortgirldirectory.com/listing/maya/" "Mozilla/5.0 (Linux; Android 13; en-US; KYG01 Build/TKQ1.221220.001) AppleWebKit/537.36 (KHTML, like Gecko) Chrome/123.0.6312.80 UCMobile/14.9.2.1373 Mobile Safari/537.36"
168.235.203.238 - - [07/Oct/2025:18:26:47 +0000] "POST /wp-admin/admin-ajax.php HTTP/1.1" 200 432 "https://klescortgirldirectory.com/listing/maya/" "Mozilla/5.0 (Linux; Android 13; en-US; KYG01 Build/TKQ1.221220.001) AppleWebKit/537.36 (KHTML, like Gecko) Chrome/123.0.6312.80 UCMobile/14.9.2.1373 Mobile Safari/537.36"
168.235.203.238 - - [07/Oct/2025:18:26:48 +0000] "POST /index.php HTTP/1.1" 200 94 "https://klescortgirldirectory.com/listing/maya/" "Mozilla/5.0 (Linux; Android 13; en-US; KYG01 Build/TKQ1.221220.001) AppleWebKit/537.36 (KHTML, like Gecko) Chrome/123.0.6312.80 UCMobile/14.9.2.1373 Mobile Safari/537.36"
203.161.56.247 - - [07/Oct/2025:18:26:45 +0000] "POST /wp-admin/admin-ajax.php?action=as_async_request_queue_runner&nonce=442da6e863 HTTP/1.1" 200 - "-" "ROLxMI5L76wb"
203.161.56.247 - - [07/Oct/2025:18:26:53 +0000] "POST /wp-admin/admin-ajax.php?action=as_async_request_queue_runner&nonce=442da6e863 HTTP/1.1" 200 - "-" "BL5VRtSDwR1c"
203.161.56.247 - - [07/Oct/2025:18:27:01 +0000] "POST /wp-admin/admin-ajax.php?action=as_async_request_queue_runner&nonce=442da6e863 HTTP/1.1" 200 - "-" "UjImqqdJy0UL"
203.161.56.247 - - [07/Oct/2025:18:28:08 +0000] "POST /wp-cron.php?doing_wp_cron=1759861688.7696590423583984375000 HTTP/1.1" 200 - "-" "aFdLh6RQvAxK"
216.73.216.81 - - [07/Oct/2025:18:28:07 +0000] "GET /video-sitemap.xml HTTP/1.1" 404 186 "-" "Mozilla/5.0 AppleWebKit/537.36 (KHTML, like Gecko; compatible; ClaudeBot/1.0; +claudebot@anthropic.com)"
203.161.56.247 - - [07/Oct/2025:18:41:04 +0000] "POST /wp-cron.php?doing_wp_cron=1759862464.8062291145324707031250 HTTP/1.1" 200 - "-" "iq9Vn9MSsNZ4"
216.73.216.81 - - [07/Oct/2025:18:41:02 +0000] "GET /news-sitemap.xml HTTP/1.1" 404 204 "-" "Mozilla/5.0 AppleWebKit/537.36 (KHTML, like Gecko; compatible; ClaudeBot/1.0; +claudebot@anthropic.com)"
203.161.56.247 - - [07/Oct/2025:18:44:04 +0000] "POST /wp-cron.php?doing_wp_cron=1759862644.1079440116882324218750 HTTP/1.1" 200 - "-" "s8JzA5U3UsKo"
216.73.216.81 - - [07/Oct/2025:18:44:02 +0000] "GET /sitemap.rss HTTP/1.1" 200 2008 "-" "Mozilla/5.0 AppleWebKit/537.36 (KHTML, like Gecko; compatible; ClaudeBot/1.0; +claudebot@anthropic.com)"
157.55.39.15 - - [07/Oct/2025:18:56:50 +0000] "GET / HTTP/1.1" 200 32087 "-" "Mozilla/5.0 AppleWebKit/537.36 (KHTML, like Gecko; compatible; bingbot/2.0; +http://www.bing.com/bingbot.htm) Chrome/116.0.1938.76 Safari/537.36"
203.161.56.247 - - [07/Oct/2025:18:57:55 +0000] "POST /wp-cron.php?doing_wp_cron=1759863475.5106050968170166015625 HTTP/1.1" 200 - "-" "5BJRbAZN8Kdo"
216.73.216.81 - - [07/Oct/2025:18:57:48 +0000] "GET /robots.txt HTTP/1.1" 200 139 "-" "Mozilla/5.0 AppleWebKit/537.36 (KHTML, like Gecko; compatible; ClaudeBot/1.0; +claudebot@anthropic.com)"
216.73.216.81 - - [07/Oct/2025:18:57:55 +0000] "GET /sitemap.xml HTTP/1.1" 200 553 "-" "Mozilla/5.0 AppleWebKit/537.36 (KHTML, like Gecko; compatible; ClaudeBot/1.0; +claudebot@anthropic.com)"
203.161.56.247 - - [07/Oct/2025:19:05:37 +0000] "POST /wp-cron.php?doing_wp_cron=1759863937.1092209815979003906250 HTTP/1.1" 200 - "-" "svQBcZ3H9vWq"
216.73.216.81 - - [07/Oct/2025:19:05:35 +0000] "GET /sitemap.xml HTTP/1.1" 200 553 "-" "Mozilla/5.0 AppleWebKit/537.36 (KHTML, like Gecko; compatible; ClaudeBot/1.0; +claudebot@anthropic.com)"
203.161.56.247 - - [07/Oct/2025:19:06:45 +0000] "POST /wp-cron.php?doing_wp_cron=1759864005.0230250358581542968750 HTTP/1.1" 200 - "-" "iktdKKzjnhGP"
198.244.240.46 - - [07/Oct/2025:19:06:43 +0000] "GET /sitemap.rss HTTP/1.1" 200 2009 "-" "Mozilla/5.0 (compatible; AhrefsBot/7.0; +http://ahrefs.com/robot/)"
203.161.56.247 - - [07/Oct/2025:19:10:08 +0000] "POST /wp-cron.php?doing_wp_cron=1759864208.6073479652404785156250 HTTP/1.1" 200 - "-" "WhKtpHn7vslH"
216.73.216.81 - - [07/Oct/2025:19:10:06 +0000] "GET /news-sitemap.xml HTTP/1.1" 404 204 "-" "Mozilla/5.0 AppleWebKit/537.36 (KHTML, like Gecko; compatible; ClaudeBot/1.0; +claudebot@anthropic.com)"
216.73.216.81 - - [07/Oct/2025:19:10:06 +0000] "GET /video-sitemap.xml HTTP/1.1" 404 186 "-" "Mozilla/5.0 AppleWebKit/537.36 (KHTML, like Gecko; compatible; ClaudeBot/1.0; +claudebot@anthropic.com)"
93.159.230.28 - - [07/Oct/2025:19:22:22 +0000] "GET / HTTP/1.1" 200 32357 "-" "Mozilla/5.0 (Linux; arm_64; Android 12; CPH2205) AppleWebKit/537.36 (KHTML, like Gecko) Chrome/110.0.0.0 YaBrowser/23.3.3.86.00 SA/3 Mobile Safari/537.36"
203.161.56.247 - - [07/Oct/2025:19:22:56 +0000] "POST /wp-cron.php?doing_wp_cron=1759864976.4817769527435302734375 HTTP/1.1" 200 - "-" "MyIjFcQgowG6"
216.73.216.81 - - [07/Oct/2025:19:22:54 +0000] "GET /sitemap.xml HTTP/1.1" 200 553 "-" "Mozilla/5.0 AppleWebKit/537.36 (KHTML, like Gecko; compatible; ClaudeBot/1.0; +claudebot@anthropic.com)"
157.55.39.62 - - [07/Oct/2025:19:29:21 +0000] "GET /listing/julia-3/ HTTP/1.1" 200 32465 "-" "Mozilla/5.0 AppleWebKit/537.36 (KHTML, like Gecko; compatible; bingbot/2.0; +http://www.bing.com/bingbot.htm) Chrome/116.0.1938.76 Safari/537.36"
203.161.56.247 - - [07/Oct/2025:19:39:25 +0000] "POST /wp-cron.php?doing_wp_cron=1759865965.3248920440673828125000 HTTP/1.1" 200 - "-" "145TZ1rhh64c"
216.73.216.81 - - [07/Oct/2025:19:39:23 +0000] "GET /news-sitemap.xml HTTP/1.1" 404 204 "-" "Mozilla/5.0 AppleWebKit/537.36 (KHTML, like Gecko; compatible; ClaudeBot/1.0; +claudebot@anthropic.com)"
203.161.56.247 - - [07/Oct/2025:19:41:22 +0000] "POST /wp-cron.php?doing_wp_cron=1759866082.3355898857116699218750 HTTP/1.1" 200 - "-" "ZvBwkWulIl6H"
51.195.183.20 - - [07/Oct/2025:19:41:20 +0000] "GET /video-sitemap.xml HTTP/1.1" 404 186 "-" "Mozilla/5.0 (compatible; AhrefsBot/7.0; +http://ahrefs.com/robot/)"
203.161.56.247 - - [07/Oct/2025:19:43:15 +0000] "POST /wp-cron.php?doing_wp_cron=1759866195.1250538825988769531250 HTTP/1.1" 200 - "-" "9mqXeKgwo4gI"
216.73.216.81 - - [07/Oct/2025:19:43:13 +0000] "GET /news-sitemap.xml HTTP/1.1" 404 204 "-" "Mozilla/5.0 AppleWebKit/537.36 (KHTML, like Gecko; compatible; ClaudeBot/1.0; +claudebot@anthropic.com)"
203.161.56.247 - - [07/Oct/2025:19:43:16 +0000] "GET / HTTP/1.1" 200 32065 "-" "WP Rocket/Preload"
203.161.56.247 - - [07/Oct/2025:19:43:21 +0000] "GET / HTTP/1.1" 200 32357 "-" "WP Rocket/Preload Mozilla/5.0 (iPhone; CPU iPhone OS 9_1 like Mac OS X) AppleWebKit/601.1.46 (KHTML, like Gecko) Version/9.0 Mobile/13B143 Safari/601.1"
203.161.56.247 - - [07/Oct/2025:19:46:57 +0000] "POST /wp-cron.php?doing_wp_cron=1759866417.0046639442443847656250 HTTP/1.1" 200 - "-" "HpaQ5BzV7Evb"
216.73.216.81 - - [07/Oct/2025:19:46:55 +0000] "GET /sitemap.xml HTTP/1.1" 200 553 "-" "Mozilla/5.0 AppleWebKit/537.36 (KHTML, like Gecko; compatible; ClaudeBot/1.0; +claudebot@anthropic.com)"
203.161.56.247 - - [07/Oct/2025:19:48:30 +0000] "POST /wp-cron.php?doing_wp_cron=1759866510.1717369556427001953125 HTTP/1.1" 200 - "-" "Kkq6AYMOpAF0"
185.191.171.2 - - [07/Oct/2025:19:48:28 +0000] "GET /robots.txt HTTP/1.1" 200 139 "-" "Mozilla/5.0 (compatible; SemrushBot/7~bl; +http://www.semrush.com/bot.html)"
185.191.171.17 - - [07/Oct/2025:19:48:31 +0000] "GET /listing/jinx/ HTTP/1.1" 200 31296 "-" "Mozilla/5.0 (compatible; SemrushBot/7~bl; +http://www.semrush.com/bot.html)"
114.119.145.174 - - [07/Oct/2025:20:01:37 +0000] "GET /listing/bella/ HTTP/1.1" 200 32181 "-" "Mozilla/5.0 (Linux; Android 7.0;) AppleWebKit/537.36 (KHTML, like Gecko) Mobile Safari/537.36 (compatible; PetalBot;+https://webmaster.petalsearch.com/site/petalbot)"
203.161.56.247 - - [07/Oct/2025:20:01:44 +0000] "POST /wp-cron.php?doing_wp_cron=1759867304.5695650577545166015625 HTTP/1.1" 200 - "-" "kLUogZwlVEmf"
114.119.145.174 - - [07/Oct/2025:20:01:43 +0000] "GET /dygloave/cache/background-css/1/klescortgirldirectory.com/dygloave/cache/min/1/css/css.theme-elementor.css?ver=1759571753&wpr_t=1759872431 HTTP/1.1" 404 11478 "https://klescortgirldirectory.com/listing/bella/" "Mozilla/5.0 (Linux; Android 7.0;) AppleWebKit/537.36 (KHTML, like Gecko) Mobile Safari/537.36 (compatible; PetalBot;+https://webmaster.petalsearch.com/site/petalbot)"
114.119.150.28 - - [07/Oct/2025:20:01:49 +0000] "GET /agency/jb-maria-club/ HTTP/1.1" 200 31027 "-" "Mozilla/5.0 (Linux; Android 7.0;) AppleWebKit/537.36 (KHTML, like Gecko) Mobile Safari/537.36 (compatible; PetalBot;+https://webmaster.petalsearch.com/site/petalbot)"
114.119.150.28 - - [07/Oct/2025:20:01:55 +0000] "GET /dygloave/cache/background-css/1/klescortgirldirectory.com/dygloave/cache/min/1/css/css.theme-elementor.css?ver=1759571753&wpr_t=1759861821 HTTP/1.1" 404 11478 "https://klescortgirldirectory.com/agency/jb-maria-club/" "Mozilla/5.0 (Linux; Android 7.0;) AppleWebKit/537.36 (KHTML, like Gecko) Mobile Safari/537.36 (compatible; PetalBot;+https://webmaster.petalsearch.com/site/petalbot)"
114.119.150.28 - - [07/Oct/2025:20:01:59 +0000] "POST /index.php HTTP/1.1" 200 151 "https://klescortgirldirectory.com/agency/jb-maria-club/" "Mozilla/5.0 (Linux; Android 7.0;) AppleWebKit/537.36 (KHTML, like Gecko) Mobile Safari/537.36 (compatible; PetalBot;+https://webmaster.petalsearch.com/site/petalbot)"
114.119.150.28 - - [07/Oct/2025:20:02:00 +0000] "POST /index.php HTTP/1.1" 200 94 "https://klescortgirldirectory.com/agency/jb-maria-club/" "Mozilla/5.0 (Linux; Android 7.0;) AppleWebKit/537.36 (KHTML, like Gecko) Mobile Safari/537.36 (compatible; PetalBot;+https://webmaster.petalsearch.com/site/petalbot)"
203.161.56.247 - - [07/Oct/2025:20:02:42 +0000] "POST /wp-cron.php?doing_wp_cron=1759867362.5858249664306640625000 HTTP/1.1" 200 - "-" "6c7WRklFA9Fv"
114.119.135.237 - - [07/Oct/2025:20:02:40 +0000] "GET /how-it-works/?c=GBP HTTP/1.1" 200 13984 "-" "Mozilla/5.0 (Linux; Android 7.0;) AppleWebKit/537.36 (KHTML, like Gecko) Mobile Safari/537.36 (compatible; PetalBot;+https://webmaster.petalsearch.com/site/petalbot)"
114.119.135.237 - - [07/Oct/2025:20:02:57 +0000] "POST /index.php HTTP/1.1" 200 94 "https://klescortgirldirectory.com/how-it-works/?c=GBP" "Mozilla/5.0 (Linux; Android 7.0;) AppleWebKit/537.36 (KHTML, like Gecko) Mobile Safari/537.36 (compatible; PetalBot;+https://webmaster.petalsearch.com/site/petalbot)"
203.161.56.247 - - [07/Oct/2025:20:04:02 +0000] "POST /wp-cron.php?doing_wp_cron=1759867442.4974780082702636718750 HTTP/1.1" 200 - "-" "VK69oxq3uOzq"
40.77.167.219 - - [07/Oct/2025:20:04:00 +0000] "GET /robots.txt HTTP/1.1" 301 - "-" "Mozilla/5.0 AppleWebKit/537.36 (KHTML, like Gecko; compatible; bingbot/2.0; +http://www.bing.com/bingbot.htm) Chrome/116.0.1938.76 Safari/537.36"
40.77.167.219 - - [07/Oct/2025:20:04:02 +0000] "GET /robots.txt HTTP/1.1" 200 139 "-" "Mozilla/5.0 AppleWebKit/537.36 (KHTML, like Gecko; compatible; bingbot/2.0; +http://www.bing.com/bingbot.htm) Chrome/116.0.1938.76 Safari/537.36"
207.46.13.86 - - [07/Oct/2025:20:04:15 +0000] "GET /escort/luna/ HTTP/1.1" 301 - "-" "Mozilla/5.0 AppleWebKit/537.36 (KHTML, like Gecko; compatible; bingbot/2.0; +http://www.bing.com/bingbot.htm) Chrome/116.0.1938.76 Safari/537.36"
114.119.162.58 - - [07/Oct/2025:20:06:50 +0000] "GET /listing/lyn/ HTTP/1.1" 200 32487 "-" "Mozilla/5.0 (Linux; Android 7.0;) AppleWebKit/537.36 (KHTML, like Gecko) Mobile Safari/537.36 (compatible; PetalBot;+https://webmaster.petalsearch.com/site/petalbot)"
114.119.162.58 - - [07/Oct/2025:20:06:52 +0000] "GET /boftejoo/elementor/assets/js/webpack.runtime.min.js?ver=3.32.4 HTTP/1.1" 200 2511 "https://klescortgirldirectory.com/listing/lyn/" "Mozilla/5.0 (Linux; Android 7.0;) AppleWebKit/537.36 (KHTML, like Gecko) Mobile Safari/537.36 (compatible; PetalBot;+https://webmaster.petalsearch.com/site/petalbot)"
114.119.162.58 - - [07/Oct/2025:20:06:52 +0000] "GET /dygloave/cache/min/1/css/_bootstrap.css?ver=1759571752 HTTP/1.1" 200 22702 "https://klescortgirldirectory.com/listing/lyn/" "Mozilla/5.0 (Linux; Android 7.0;) AppleWebKit/537.36 (KHTML, like Gecko) Mobile Safari/537.36 (compatible; PetalBot;+https://webmaster.petalsearch.com/site/petalbot)"
114.119.162.58 - - [07/Oct/2025:20:06:53 +0000] "GET /dygloave/cache/min/1/css/css.theme-fonts.css?ver=1759571753 HTTP/1.1" 200 18509 "https://klescortgirldirectory.com/listing/lyn/" "Mozilla/5.0 (Linux; Android 7.0;) AppleWebKit/537.36 (KHTML, like Gecko) Mobile Safari/537.36 (compatible; PetalBot;+https://webmaster.petalsearch.com/site/petalbot)"
114.119.162.58 - - [07/Oct/2025:20:06:53 +0000] "GET /dygloave/cache/min/1/css/css.theme-maps.css?ver=1759571754 HTTP/1.1" 200 2485 "https://klescortgirldirectory.com/listing/lyn/" "Mozilla/5.0 (Linux; Android 7.0;) AppleWebKit/537.36 (KHTML, like Gecko) Mobile Safari/537.36 (compatible; PetalBot;+https://webmaster.petalsearch.com/site/petalbot)"
114.119.162.58 - - [07/Oct/2025:20:06:53 +0000] "GET /dygloave/cache/min/1/css/css.premiumpress.css?ver=1759571755 HTTP/1.1" 200 14330 "https://klescortgirldirectory.com/listing/lyn/" "Mozilla/5.0 (Linux; Android 7.0;) AppleWebKit/537.36 (KHTML, like Gecko) Mobile Safari/537.36 (compatible; PetalBot;+https://webmaster.petalsearch.com/site/petalbot)"
114.119.162.58 - - [07/Oct/2025:20:06:53 +0000] "GET /dygloave/cache/min/1/css/css.theme-utilities.css?ver=1759571755 HTTP/1.1" 200 22419 "https://klescortgirldirectory.com/listing/lyn/" "Mozilla/5.0 (Linux; Android 7.0;) AppleWebKit/537.36 (KHTML, like Gecko) Mobile Safari/537.36 (compatible; PetalBot;+https://webmaster.petalsearch.com/site/petalbot)"
203.161.56.247 - - [07/Oct/2025:20:06:54 +0000] "POST /wp-cron.php?doing_wp_cron=1759867614.8253629207611083984375 HTTP/1.1" 200 - "-" "xXQczE02TuPG"
114.119.162.58 - - [07/Oct/2025:20:06:53 +0000] "GET /dygloave/cache/background-css/1/klescortgirldirectory.com/dygloave/cache/min/1/css/css.theme-elementor.css?ver=1759571753&wpr_t=1759863965 HTTP/1.1" 404 11478 "https://klescortgirldirectory.com/listing/lyn/" "Mozilla/5.0 (Linux; Android 7.0;) AppleWebKit/537.36 (KHTML, like Gecko) Mobile Safari/537.36 (compatible; PetalBot;+https://webmaster.petalsearch.com/site/petalbot)"
203.161.56.247 - - [07/Oct/2025:20:15:27 +0000] "POST /wp-cron.php?doing_wp_cron=1759868127.1991050243377685546875 HTTP/1.1" 200 - "-" "vomCVXT4cdrp"
51.195.183.171 - - [07/Oct/2025:20:15:24 +0000] "GET /?s= HTTP/1.1" 200 16294 "-" "Mozilla/5.0 (compatible; AhrefsBot/7.0; +http://ahrefs.com/robot/)"
203.161.56.247 - - [07/Oct/2025:20:22:17 +0000] "POST /wp-cron.php?doing_wp_cron=1759868537.5990788936614990234375 HTTP/1.1" 200 - "-" "VMVTuGFNxcao"
216.73.216.81 - - [07/Oct/2025:20:22:15 +0000] "GET /robots.txt HTTP/1.1" 200 139 "-" "Mozilla/5.0 AppleWebKit/537.36 (KHTML, like Gecko; compatible; ClaudeBot/1.0; +claudebot@anthropic.com)"
216.73.216.81 - - [07/Oct/2025:20:22:17 +0000] "GET /news-sitemap.xml HTTP/1.1" 404 204 "-" "Mozilla/5.0 AppleWebKit/537.36 (KHTML, like Gecko; compatible; ClaudeBot/1.0; +claudebot@anthropic.com)"
203.161.56.247 - - [07/Oct/2025:20:27:54 +0000] "POST /wp-cron.php?doing_wp_cron=1759868874.5747339725494384765625 HTTP/1.1" 200 - "-" "Q5Qzj4ULqayA"
216.73.216.81 - - [07/Oct/2025:20:27:52 +0000] "GET /sitemap.xml HTTP/1.1" 200 553 "-" "Mozilla/5.0 AppleWebKit/537.36 (KHTML, like Gecko; compatible; ClaudeBot/1.0; +claudebot@anthropic.com)"
111.92.172.55 - - [07/Oct/2025:20:28:29 +0000] "GET /wp-login.php HTTP/1.1" 200 8128 "-" "iPhone; CPU iPhone OS 13_2_3 like Mac OS X) AppleWebKit/605.1.15 (KHTML, like Gecko) Version/13.0.3 Mobile/15E148 Safari/604.1)"
111.92.172.55 - - [07/Oct/2025:20:28:31 +0000] "POST /wp-login.php HTTP/1.1" 302 - "-" "iPhone; CPU iPhone OS 13_2_3 like Mac OS X) AppleWebKit/605.1.15 (KHTML, like Gecko) Version/13.0.3 Mobile/15E148 Safari/604.1)"
203.161.56.247 - - [07/Oct/2025:20:28:34 +0000] "POST /wp-cron.php?doing_wp_cron=1759868914.9321069717407226562500 HTTP/1.1" 200 - "-" "2u9ipuUijC0q"
111.92.172.55 - - [07/Oct/2025:20:28:33 +0000] "GET /wp-admin/ HTTP/1.1" 302 - "-" "iPhone; CPU iPhone OS 13_2_3 like Mac OS X) AppleWebKit/605.1.15 (KHTML, like Gecko) Version/13.0.3 Mobile/15E148 Safari/604.1)"
111.92.172.55 - - [07/Oct/2025:20:28:36 +0000] "GET /my-account/ HTTP/1.1" 200 9502 "-" "iPhone; CPU iPhone OS 13_2_3 like Mac OS X) AppleWebKit/605.1.15 (KHTML, like Gecko) Version/13.0.3 Mobile/15E148 Safari/604.1)"
203.161.56.247 - - [07/Oct/2025:20:28:35 +0000] "POST /wp-admin/admin-ajax.php?action=as_async_request_queue_runner&nonce=872eb4b20c HTTP/1.1" 200 - "-" "2u9ipuUijC0q"
111.92.172.55 - - [07/Oct/2025:20:28:43 +0000] "GET /wp-login.php HTTP/1.1" 200 8128 "-" "iPhone; CPU iPhone OS 13_2_3 like Mac OS X) AppleWebKit/605.1.15 (KHTML, like Gecko) Version/13.0.3 Mobile/15E148 Safari/604.1)"
111.92.172.55 - - [07/Oct/2025:20:28:44 +0000] "POST /wp-login.php HTTP/1.1" 503 7243 "-" "iPhone; CPU iPhone OS 13_2_3 like Mac OS X) AppleWebKit/605.1.15 (KHTML, like Gecko) Version/13.0.3 Mobile/15E148 Safari/604.1)"
114.119.162.58 - - [07/Oct/2025:20:33:50 +0000] "GET /listing/ke-ke/ HTTP/1.1" 200 31685 "-" "Mozilla/5.0 (Linux; Android 7.0;) AppleWebKit/537.36 (KHTML, like Gecko) Mobile Safari/537.36 (compatible; PetalBot;+https://webmaster.petalsearch.com/site/petalbot)"
203.161.56.247 - - [07/Oct/2025:20:33:59 +0000] "POST /wp-cron.php?doing_wp_cron=1759869239.4478330612182617187500 HTTP/1.1" 200 - "-" "2Ceo4WjQZ44I"
114.119.162.58 - - [07/Oct/2025:20:33:58 +0000] "GET /dygloave/cache/background-css/1/klescortgirldirectory.com/dygloave/cache/min/1/css/css.theme-elementor.css?ver=1759571753&wpr_t=1759861095 HTTP/1.1" 404 11478 "https://klescortgirldirectory.com/listing/ke-ke/" "Mozilla/5.0 (Linux; Android 7.0;) AppleWebKit/537.36 (KHTML, like Gecko) Mobile Safari/537.36 (compatible; PetalBot;+https://webmaster.petalsearch.com/site/petalbot)"
203.161.56.247 - - [07/Oct/2025:20:44:00 +0000] "POST /wp-cron.php?doing_wp_cron=1759869840.1663219928741455078125 HTTP/1.1" 200 - "-" "zewht4VcYHkG"
216.73.216.81 - - [07/Oct/2025:20:43:58 +0000] "GET /sitemap.xml HTTP/1.1" 200 553 "-" "Mozilla/5.0 AppleWebKit/537.36 (KHTML, like Gecko; compatible; ClaudeBot/1.0; +claudebot@anthropic.com)"
114.119.138.140 - - [07/Oct/2025:20:47:01 +0000] "GET /listing-category/slim-escortstall-escorts/ HTTP/1.1" 200 30622 "-" "Mozilla/5.0 (Linux; Android 7.0;) AppleWebKit/537.36 (KHTML, like Gecko) Mobile Safari/537.36 (compatible; PetalBot;+https://webmaster.petalsearch.com/site/petalbot)"
203.161.56.247 - - [07/Oct/2025:20:47:09 +0000] "POST /wp-cron.php?doing_wp_cron=1759870029.5756380558013916015625 HTTP/1.1" 200 - "-" "8WW14xJJVQ94"
114.119.138.140 - - [07/Oct/2025:20:47:08 +0000] "GET /dygloave/cache/background-css/1/klescortgirldirectory.com/dygloave/cache/min/1/css/css.theme-elementor.css?ver=1759571753&wpr_t=1759870521 HTTP/1.1" 404 11478 "https://klescortgirldirectory.com/listing-category/slim-escortstall-escorts/" "Mozilla/5.0 (Linux; Android 7.0;) AppleWebKit/537.36 (KHTML, like Gecko) Mobile Safari/537.36 (compatible; PetalBot;+https://webmaster.petalsearch.com/site/petalbot)"
203.161.56.247 - - [07/Oct/2025:20:47:10 +0000] "GET /blog/ HTTP/1.1" 200 27348 "-" "WP Rocket/Preload"
203.161.56.247 - - [07/Oct/2025:20:47:13 +0000] "GET /blog/ HTTP/1.1" 200 20212 "-" "WP Rocket/Preload Mozilla/5.0 (iPhone; CPU iPhone OS 9_1 like Mac OS X) AppleWebKit/601.1.46 (KHTML, like Gecko) Version/9.0 Mobile/13B143 Safari/601.1"
203.161.56.247 - - [07/Oct/2025:20:47:15 +0000] "GET /callback/ HTTP/1.1" 200 17904 "-" "WP Rocket/Preload"
203.161.56.247 - - [07/Oct/2025:20:47:16 +0000] "GET /callback/ HTTP/1.1" 200 23530 "-" "WP Rocket/Preload Mozilla/5.0 (iPhone; CPU iPhone OS 9_1 like Mac OS X) AppleWebKit/601.1.46 (KHTML, like Gecko) Version/9.0 Mobile/13B143 Safari/601.1"
203.161.56.247 - - [07/Oct/2025:20:47:18 +0000] "GET /contact/ HTTP/1.1" 200 18290 "-" "WP Rocket/Preload"
114.119.138.140 - - [07/Oct/2025:20:47:20 +0000] "POST /index.php HTTP/1.1" 200 152 "https://klescortgirldirectory.com/listing-category/slim-escortstall-escorts/" "Mozilla/5.0 (Linux; Android 7.0;) AppleWebKit/537.36 (KHTML, like Gecko) Mobile Safari/537.36 (compatible; PetalBot;+https://webmaster.petalsearch.com/site/petalbot)"
203.161.56.247 - - [07/Oct/2025:20:47:19 +0000] "GET /contact/ HTTP/1.1" 200 18954 "-" "WP Rocket/Preload Mozilla/5.0 (iPhone; CPU iPhone OS 9_1 like Mac OS X) AppleWebKit/601.1.46 (KHTML, like Gecko) Version/9.0 Mobile/13B143 Safari/601.1"
203.161.56.247 - - [07/Oct/2025:20:47:21 +0000] "GET /about-us/ HTTP/1.1" 200 21023 "-" "WP Rocket/Preload"
203.161.56.247 - - [07/Oct/2025:20:47:22 +0000] "GET /about-us/ HTTP/1.1" 200 27693 "-" "WP Rocket/Preload Mozilla/5.0 (iPhone; CPU iPhone OS 9_1 like Mac OS X) AppleWebKit/601.1.46 (KHTML, like Gecko) Version/9.0 Mobile/13B143 Safari/601.1"
203.161.56.247 - - [07/Oct/2025:20:47:24 +0000] "GET /faq/ HTTP/1.1" 200 19582 "-" "WP Rocket/Preload"
203.161.56.247 - - [07/Oct/2025:20:47:25 +0000] "GET /faq/ HTTP/1.1" 200 25496 "-" "WP Rocket/Preload Mozilla/5.0 (iPhone; CPU iPhone OS 9_1 like Mac OS X) AppleWebKit/601.1.46 (KHTML, like Gecko) Version/9.0 Mobile/13B143 Safari/601.1"
54.38.147.81 - - [07/Oct/2025:20:50:46 +0000] "GET /listing/judy/ HTTP/1.1" 200 32326 "-" "Mozilla/5.0 (compatible; AhrefsBot/7.0; +http://ahrefs.com/robot/)"
203.161.56.247 - - [07/Oct/2025:20:51:47 +0000] "POST /wp-cron.php?doing_wp_cron=1759870307.6960630416870117187500 HTTP/1.1" 200 - "-" "tcPeyFrFfqY9"
5.255.231.35 - - [07/Oct/2025:20:51:45 +0000] "GET /robots.txt HTTP/1.1" 200 306 "-" "Mozilla/5.0 (compatible; YandexBot/3.0; +http://yandex.com/bots)"
87.250.224.96 - - [07/Oct/2025:20:51:48 +0000] "GET /listing/kathy/ HTTP/1.1" 200 31603 "-" "Mozilla/5.0 (compatible; YandexBot/3.0; +http://yandex.com/bots)"
203.161.56.247 - - [07/Oct/2025:20:51:48 +0000] "GET /advertising/ HTTP/1.1" 200 25148 "-" "WP Rocket/Preload"
203.161.56.247 - - [07/Oct/2025:20:51:51 +0000] "GET /advertising/ HTTP/1.1" 200 25120 "-" "WP Rocket/Preload Mozilla/5.0 (iPhone; CPU iPhone OS 9_1 like Mac OS X) AppleWebKit/601.1.46 (KHTML, like Gecko) Version/9.0 Mobile/13B143 Safari/601.1"
203.161.56.247 - - [07/Oct/2025:20:51:53 +0000] "GET /categories/ HTTP/1.1" 200 23624 "-" "WP Rocket/Preload"
203.161.56.247 - - [07/Oct/2025:20:51:54 +0000] "GET /categories/ HTTP/1.1" 200 22757 "-" "WP Rocket/Preload Mozilla/5.0 (iPhone; CPU iPhone OS 9_1 like Mac OS X) AppleWebKit/601.1.46 (KHTML, like Gecko) Version/9.0 Mobile/13B143 Safari/601.1"
203.161.56.247 - - [07/Oct/2025:20:51:56 +0000] "GET /terms/ HTTP/1.1" 200 23804 "-" "WP Rocket/Preload"
203.161.56.247 - - [07/Oct/2025:20:51:57 +0000] "GET /terms/ HTTP/1.1" 200 23773 "-" "WP Rocket/Preload Mozilla/5.0 (iPhone; CPU iPhone OS 9_1 like Mac OS X) AppleWebKit/601.1.46 (KHTML, like Gecko) Version/9.0 Mobile/13B143 Safari/601.1"
203.161.56.247 - - [07/Oct/2025:20:51:59 +0000] "GET /privacy/ HTTP/1.1" 200 29620 "-" "WP Rocket/Preload"
203.161.56.247 - - [07/Oct/2025:20:52:00 +0000] "GET /privacy/ HTTP/1.1" 200 29596 "-" "WP Rocket/Preload Mozilla/5.0 (iPhone; CPU iPhone OS 9_1 like Mac OS X) AppleWebKit/601.1.46 (KHTML, like Gecko) Version/9.0 Mobile/13B143 Safari/601.1"
203.161.56.247 - - [07/Oct/2025:20:52:02 +0000] "GET /add-listing/ HTTP/1.1" 200 40490 "-" "WP Rocket/Preload"
203.161.56.247 - - [07/Oct/2025:20:52:04 +0000] "GET /add-listing/ HTTP/1.1" 200 40490 "-" "WP Rocket/Preload Mozilla/5.0 (iPhone; CPU iPhone OS 9_1 like Mac OS X) AppleWebKit/601.1.46 (KHTML, like Gecko) Version/9.0 Mobile/13B143 Safari/601.1"
203.161.56.247 - - [07/Oct/2025:20:52:05 +0000] "GET /testimonials/ HTTP/1.1" 200 25456 "-" "WP Rocket/Preload"
203.161.56.247 - - [07/Oct/2025:20:52:07 +0000] "GET /testimonials/ HTTP/1.1" 200 25435 "-" "WP Rocket/Preload Mozilla/5.0 (iPhone; CPU iPhone OS 9_1 like Mac OS X) AppleWebKit/601.1.46 (KHTML, like Gecko) Version/9.0 Mobile/13B143 Safari/601.1"
203.161.56.247 - - [07/Oct/2025:20:55:21 +0000] "POST /wp-cron.php?doing_wp_cron=1759870521.1100430488586425781250 HTTP/1.1" 200 - "-" "zqyPZsXRd4E3"
51.89.129.190 - - [07/Oct/2025:20:55:19 +0000] "GET /dygloave/cache/background-css/1/klescortgirldirectory.com/dygloave/cache/min/1/css/css.theme-elementor.css?ver=1759571753&wpr_t=1759871411 HTTP/1.1" 404 11471 "-" "Mozilla/5.0 (compatible; AhrefsBot/7.0; +http://ahrefs.com/robot/)"
198.244.183.0 - - [07/Oct/2025:20:55:22 +0000] "GET /ipsypsyj/2023/03/Party-Judy-out-call-1.jpeg HTTP/1.1" 200 35216 "-" "Mozilla/5.0 (compatible; AhrefsBot/7.0; +http://ahrefs.com/robot/)"
203.161.56.247 - - [07/Oct/2025:20:55:22 +0000] "GET /memberships/ HTTP/1.1" 200 24587 "-" "WP Rocket/Preload"
203.161.56.247 - - [07/Oct/2025:20:55:25 +0000] "GET /memberships/ HTTP/1.1" 200 24570 "-" "WP Rocket/Preload Mozilla/5.0 (iPhone; CPU iPhone OS 9_1 like Mac OS X) AppleWebKit/601.1.46 (KHTML, like Gecko) Version/9.0 Mobile/13B143 Safari/601.1"
203.161.56.247 - - [07/Oct/2025:20:55:26 +0000] "GET /how-it-works/ HTTP/1.1" 200 24980 "-" "WP Rocket/Preload"
203.161.56.247 - - [07/Oct/2025:20:55:28 +0000] "GET /how-it-works/ HTTP/1.1" 200 24991 "-" "WP Rocket/Preload Mozilla/5.0 (iPhone; CPU iPhone OS 9_1 like Mac OS X) AppleWebKit/601.1.46 (KHTML, like Gecko) Version/9.0 Mobile/13B143 Safari/601.1"
203.161.56.247 - - [07/Oct/2025:20:55:29 +0000] "GET /top-listings/ HTTP/1.1" 200 25503 "-" "WP Rocket/Preload"
203.161.56.247 - - [07/Oct/2025:20:55:31 +0000] "GET /top-listings/ HTTP/1.1" 200 25470 "-" "WP Rocket/Preload Mozilla/5.0 (iPhone; CPU iPhone OS 9_1 like Mac OS X) AppleWebKit/601.1.46 (KHTML, like Gecko) Version/9.0 Mobile/13B143 Safari/601.1"
203.161.56.247 - - [07/Oct/2025:20:55:32 +0000] "GET /stores/ HTTP/1.1" 200 24096 "-" "WP Rocket/Preload"
203.161.56.247 - - [07/Oct/2025:20:55:34 +0000] "GET /stores/ HTTP/1.1" 200 24066 "-" "WP Rocket/Preload Mozilla/5.0 (iPhone; CPU iPhone OS 9_1 like Mac OS X) AppleWebKit/601.1.46 (KHTML, like Gecko) Version/9.0 Mobile/13B143 Safari/601.1"
203.161.56.247 - - [07/Oct/2025:20:55:35 +0000] "GET /pricing/ HTTP/1.1" 200 25578 "-" "WP Rocket/Preload"
203.161.56.247 - - [07/Oct/2025:20:55:37 +0000] "GET /pricing/ HTTP/1.1" 200 25557 "-" "WP Rocket/Preload Mozilla/5.0 (iPhone; CPU iPhone OS 9_1 like Mac OS X) AppleWebKit/601.1.46 (KHTML, like Gecko) Version/9.0 Mobile/13B143 Safari/601.1"
203.161.56.247 - - [07/Oct/2025:20:55:38 +0000] "GET /sample-page/ HTTP/1.1" 200 26162 "-" "WP Rocket/Preload"
203.161.56.247 - - [07/Oct/2025:20:55:40 +0000] "GET /sample-page/ HTTP/1.1" 200 26118 "-" "WP Rocket/Preload Mozilla/5.0 (iPhone; CPU iPhone OS 9_1 like Mac OS X) AppleWebKit/601.1.46 (KHTML, like Gecko) Version/9.0 Mobile/13B143 Safari/601.1"
203.161.56.247 - - [07/Oct/2025:20:55:41 +0000] "GET /2023/05/18/ HTTP/1.1" 200 27360 "-" "WP Rocket/Preload"
203.161.56.247 - - [07/Oct/2025:20:55:43 +0000] "GET /2023/05/18/ HTTP/1.1" 200 27295 "-" "WP Rocket/Preload Mozilla/5.0 (iPhone; CPU iPhone OS 9_1 like Mac OS X) AppleWebKit/601.1.46 (KHTML, like Gecko) Version/9.0 Mobile/13B143 Safari/601.1"
203.161.56.247 - - [07/Oct/2025:20:56:28 +0000] "POST /wp-cron.php?doing_wp_cron=1759870588.2418599128723144531250 HTTP/1.1" 200 - "-" "SdnAbkAa4Se5"
216.73.216.81 - - [07/Oct/2025:20:56:26 +0000] "GET /sitemap.xml HTTP/1.1" 200 553 "-" "Mozilla/5.0 AppleWebKit/537.36 (KHTML, like Gecko; compatible; ClaudeBot/1.0; +claudebot@anthropic.com)"
203.161.56.247 - - [07/Oct/2025:20:56:29 +0000] "GET /listing/lala/ HTTP/1.1" 200 32293 "-" "WP Rocket/Preload"
203.161.56.247 - - [07/Oct/2025:20:56:34 +0000] "GET /listing/lala/ HTTP/1.1" 200 32366 "-" "WP Rocket/Preload Mozilla/5.0 (iPhone; CPU iPhone OS 9_1 like Mac OS X) AppleWebKit/601.1.46 (KHTML, like Gecko) Version/9.0 Mobile/13B143 Safari/601.1"
203.161.56.247 - - [07/Oct/2025:20:56:35 +0000] "GET /2023/05/03/ HTTP/1.1" 200 27355 "-" "WP Rocket/Preload"
203.161.56.247 - - [07/Oct/2025:20:56:37 +0000] "GET /2023/05/03/ HTTP/1.1" 200 27287 "-" "WP Rocket/Preload Mozilla/5.0 (iPhone; CPU iPhone OS 9_1 like Mac OS X) AppleWebKit/601.1.46 (KHTML, like Gecko) Version/9.0 Mobile/13B143 Safari/601.1"
203.161.56.247 - - [07/Oct/2025:20:56:38 +0000] "GET /2023/04/28/the-7-secrets-you-will-never-know-about-business/ HTTP/1.1" 200 29358 "-" "WP Rocket/Preload"
203.161.56.247 - - [07/Oct/2025:20:56:40 +0000] "GET /2023/04/28/the-7-secrets-you-will-never-know-about-business/ HTTP/1.1" 200 29345 "-" "WP Rocket/Preload Mozilla/5.0 (iPhone; CPU iPhone OS 9_1 like Mac OS X) AppleWebKit/601.1.46 (KHTML, like Gecko) Version/9.0 Mobile/13B143 Safari/601.1"
203.161.56.247 - - [07/Oct/2025:20:56:41 +0000] "GET /2023/05/05/the-periodic-table-of-dating/ HTTP/1.1" 200 34130 "-" "WP Rocket/Preload"
203.161.56.247 - - [07/Oct/2025:20:56:43 +0000] "GET /2023/05/05/the-periodic-table-of-dating/ HTTP/1.1" 200 34780 "-" "WP Rocket/Preload Mozilla/5.0 (iPhone; CPU iPhone OS 9_1 like Mac OS X) AppleWebKit/601.1.46 (KHTML, like Gecko) Version/9.0 Mobile/13B143 Safari/601.1"
203.161.56.247 - - [07/Oct/2025:20:56:44 +0000] "GET /listing/ke-ke/ HTTP/1.1" 200 32311 "-" "WP Rocket/Preload"
203.161.56.247 - - [07/Oct/2025:20:56:46 +0000] "GET /listing/ke-ke/ HTTP/1.1" 200 31610 "-" "WP Rocket/Preload Mozilla/5.0 (iPhone; CPU iPhone OS 9_1 like Mac OS X) AppleWebKit/601.1.46 (KHTML, like Gecko) Version/9.0 Mobile/13B143 Safari/601.1"
203.161.56.247 - - [07/Oct/2025:20:57:08 +0000] "POST /wp-cron.php?doing_wp_cron=1759870628.1686999797821044921875 HTTP/1.1" 200 - "-" "7hYgiqZNJoRB"
17.241.75.245 - - [07/Oct/2025:20:57:06 +0000] "GET /robots.txt HTTP/1.1" 200 139 "-" "Mozilla/5.0 (Macintosh; Intel Mac OS X 10_15_7) AppleWebKit/605.1.15 (KHTML, like Gecko) Version/17.4 Safari/605.1.15 (Applebot/0.1; +http://www.apple.com/go/applebot)"
17.241.75.245 - - [07/Oct/2025:20:57:08 +0000] "GET /wp-login.php HTTP/1.1" 200 8122 "-" "Mozilla/5.0 (Macintosh; Intel Mac OS X 10_15_7) AppleWebKit/605.1.15 (KHTML, like Gecko) Version/17.4 Safari/605.1.15 (Applebot/0.1; +http://www.apple.com/go/applebot)"
114.119.138.140 - - [07/Oct/2025:20:58:05 +0000] "GET /outtax/241/store/ HTTP/1.1" 301 - "-" "Mozilla/5.0 (Linux; Android 7.0;) AppleWebKit/537.36 (KHTML, like Gecko) Mobile Safari/537.36 (compatible; PetalBot;+https://webmaster.petalsearch.com/site/petalbot)"
203.161.56.247 - - [07/Oct/2025:20:58:09 +0000] "POST /wp-cron.php?doing_wp_cron=1759870689.4844000339508056640625 HTTP/1.1" 200 - "-" "VVukYfbXb7yb"
114.119.138.140 - - [07/Oct/2025:20:58:08 +0000] "GET / HTTP/1.1" 200 32314 "-" "Mozilla/5.0 (Linux; Android 7.0;) AppleWebKit/537.36 (KHTML, like Gecko) Mobile Safari/537.36 (compatible; PetalBot;+https://webmaster.petalsearch.com/site/petalbot)"
203.161.56.247 - - [07/Oct/2025:20:58:10 +0000] "GET /listing/hana/ HTTP/1.1" 200 32254 "-" "WP Rocket/Preload"
203.161.56.247 - - [07/Oct/2025:20:58:15 +0000] "GET /listing/hana/ HTTP/1.1" 200 31555 "-" "WP Rocket/Preload Mozilla/5.0 (iPhone; CPU iPhone OS 9_1 like Mac OS X) AppleWebKit/601.1.46 (KHTML, like Gecko) Version/9.0 Mobile/13B143 Safari/601.1"
203.161.56.247 - - [07/Oct/2025:20:58:17 +0000] "GET /listing/sofia/ HTTP/1.1" 200 32721 "-" "WP Rocket/Preload"
114.119.138.140 - - [07/Oct/2025:20:58:19 +0000] "GET /dygloave/cache/background-css/1/klescortgirldirectory.com/dygloave/cache/min/1/css/css.theme-elementor.css?ver=1759571753&wpr_t=1759899491 HTTP/1.1" 404 11478 "https://klescortgirldirectory.com/" "Mozilla/5.0 (Linux; Android 7.0;) AppleWebKit/537.36 (KHTML, like Gecko) Mobile Safari/537.36 (compatible; PetalBot;+https://webmaster.petalsearch.com/site/petalbot)"
203.161.56.247 - - [07/Oct/2025:20:58:18 +0000] "GET /listing/sofia/ HTTP/1.1" 200 32660 "-" "WP Rocket/Preload Mozilla/5.0 (iPhone; CPU iPhone OS 9_1 like Mac OS X) AppleWebKit/601.1.46 (KHTML, like Gecko) Version/9.0 Mobile/13B143 Safari/601.1"
203.161.56.247 - - [07/Oct/2025:20:58:20 +0000] "GET /listing/coco/ HTTP/1.1" 200 32229 "-" "WP Rocket/Preload"
203.161.56.247 - - [07/Oct/2025:20:58:21 +0000] "GET /listing/coco/ HTTP/1.1" 200 32192 "-" "WP Rocket/Preload Mozilla/5.0 (iPhone; CPU iPhone OS 9_1 like Mac OS X) AppleWebKit/601.1.46 (KHTML, like Gecko) Version/9.0 Mobile/13B143 Safari/601.1"
114.119.138.140 - - [07/Oct/2025:20:58:23 +0000] "POST /index.php HTTP/1.1" 200 94 "https://klescortgirldirectory.com/" "Mozilla/5.0 (Linux; Android 7.0;) AppleWebKit/537.36 (KHTML, like Gecko) Mobile Safari/537.36 (compatible; PetalBot;+https://webmaster.petalsearch.com/site/petalbot)"
203.161.56.247 - - [07/Oct/2025:20:58:23 +0000] "GET /listing/ivy/ HTTP/1.1" 200 32208 "-" "WP Rocket/Preload"
203.161.56.247 - - [07/Oct/2025:20:58:24 +0000] "GET /listing/ivy/ HTTP/1.1" 200 31365 "-" "WP Rocket/Preload Mozilla/5.0 (iPhone; CPU iPhone OS 9_1 like Mac OS X) AppleWebKit/601.1.46 (KHTML, like Gecko) Version/9.0 Mobile/13B143 Safari/601.1"
203.161.56.247 - - [07/Oct/2025:20:58:26 +0000] "GET /listing/mei-mei/ HTTP/1.1" 200 32030 "-" "WP Rocket/Preload"
203.161.56.247 - - [07/Oct/2025:20:58:27 +0000] "GET /listing/mei-mei/ HTTP/1.1" 200 31939 "-" "WP Rocket/Preload Mozilla/5.0 (iPhone; CPU iPhone OS 9_1 like Mac OS X) AppleWebKit/601.1.46 (KHTML, like Gecko) Version/9.0 Mobile/13B143 Safari/601.1"
203.161.56.247 - - [07/Oct/2025:20:59:38 +0000] "POST /wp-cron.php?doing_wp_cron=1759870778.8846349716186523437500 HTTP/1.1" 200 - "-" "DcRCJGBN0MuI"
216.73.216.81 - - [07/Oct/2025:20:59:37 +0000] "GET /sitemap.rss HTTP/1.1" 200 2009 "-" "Mozilla/5.0 AppleWebKit/537.36 (KHTML, like Gecko; compatible; ClaudeBot/1.0; +claudebot@anthropic.com)"
203.161.56.247 - - [07/Oct/2025:20:59:40 +0000] "GET /listing/amahi/ HTTP/1.1" 200 32566 "-" "WP Rocket/Preload"
203.161.56.247 - - [07/Oct/2025:20:59:44 +0000] "GET /listing/amahi/ HTTP/1.1" 200 31747 "-" "WP Rocket/Preload Mozilla/5.0 (iPhone; CPU iPhone OS 9_1 like Mac OS X) AppleWebKit/601.1.46 (KHTML, like Gecko) Version/9.0 Mobile/13B143 Safari/601.1"
203.161.56.247 - - [07/Oct/2025:20:59:46 +0000] "GET /listing/nana/ HTTP/1.1" 200 31702 "-" "WP Rocket/Preload"
203.161.56.247 - - [07/Oct/2025:20:59:49 +0000] "GET /listing/monica/ HTTP/1.1" 200 32383 "-" "WP Rocket/Preload"
203.161.56.247 - - [07/Oct/2025:20:59:47 +0000] "GET /listing/nana/ HTTP/1.1" 200 32452 "-" "WP Rocket/Preload Mozilla/5.0 (iPhone; CPU iPhone OS 9_1 like Mac OS X) AppleWebKit/601.1.46 (KHTML, like Gecko) Version/9.0 Mobile/13B143 Safari/601.1"
203.161.56.247 - - [07/Oct/2025:20:59:51 +0000] "GET /listing/monica/ HTTP/1.1" 200 32319 "-" "WP Rocket/Preload Mozilla/5.0 (iPhone; CPU iPhone OS 9_1 like Mac OS X) AppleWebKit/601.1.46 (KHTML, like Gecko) Version/9.0 Mobile/13B143 Safari/601.1"
203.161.56.247 - - [07/Oct/2025:20:59:52 +0000] "GET /listing/ruby/ HTTP/1.1" 200 32215 "-" "WP Rocket/Preload"
203.161.56.247 - - [07/Oct/2025:20:59:54 +0000] "GET /listing/ruby/ HTTP/1.1" 200 32181 "-" "WP Rocket/Preload Mozilla/5.0 (iPhone; CPU iPhone OS 9_1 like Mac OS X) AppleWebKit/601.1.46 (KHTML, like Gecko) Version/9.0 Mobile/13B143 Safari/601.1"
203.161.56.247 - - [07/Oct/2025:20:59:55 +0000] "GET /listing/jinx/ HTTP/1.1" 200 31252 "-" "WP Rocket/Preload"
203.161.56.247 - - [07/Oct/2025:20:59:57 +0000] "GET /listing/jinx/ HTTP/1.1" 200 32033 "-" "WP Rocket/Preload Mozilla/5.0 (iPhone; CPU iPhone OS 9_1 like Mac OS X) AppleWebKit/601.1.46 (KHTML, like Gecko) Version/9.0 Mobile/13B143 Safari/601.1"
203.161.56.247 - - [07/Oct/2025:21:00:08 +0000] "POST /wp-cron.php?doing_wp_cron=1759870808.8244640827178955078125 HTTP/1.1" 200 - "-" "3FCunzWtZfOc"
114.119.138.140 - - [07/Oct/2025:21:00:06 +0000] "GET /listing/may/?c=RUB HTTP/1.1" 200 17081 "-" "Mozilla/5.0 (Linux; Android 7.0;) AppleWebKit/537.36 (KHTML, like Gecko) Mobile Safari/537.36 (compatible; PetalBot;+https://webmaster.petalsearch.com/site/petalbot)"
203.161.56.247 - - [07/Oct/2025:21:01:11 +0000] "POST /wp-cron.php?doing_wp_cron=1759870871.5107378959655761718750 HTTP/1.1" 200 - "-" "uixG0P2UB14i"
216.73.216.81 - - [07/Oct/2025:21:01:09 +0000] "GET /news-sitemap.xml HTTP/1.1" 404 204 "-" "Mozilla/5.0 AppleWebKit/537.36 (KHTML, like Gecko; compatible; ClaudeBot/1.0; +claudebot@anthropic.com)"
203.161.56.247 - - [07/Oct/2025:21:01:12 +0000] "GET /listing/local-escorts-kuala-lumpur/ HTTP/1.1" 200 31842 "-" "WP Rocket/Preload"
203.161.56.247 - - [07/Oct/2025:21:01:17 +0000] "GET /listing/local-escorts-kuala-lumpur/ HTTP/1.1" 200 31853 "-" "WP Rocket/Preload Mozilla/5.0 (iPhone; CPU iPhone OS 9_1 like Mac OS X) AppleWebKit/601.1.46 (KHTML, like Gecko) Version/9.0 Mobile/13B143 Safari/601.1"
203.161.56.247 - - [07/Oct/2025:21:01:19 +0000] "GET /2023/06/08/what-is-nuru-massage/ HTTP/1.1" 200 30427 "-" "WP Rocket/Preload Mozilla/5.0 (iPhone; CPU iPhone OS 9_1 like Mac OS X) AppleWebKit/601.1.46 (KHTML, like Gecko) Version/9.0 Mobile/13B143 Safari/601.1"
203.161.56.247 - - [07/Oct/2025:21:01:18 +0000] "GET /2023/06/08/what-is-nuru-massage/ HTTP/1.1" 200 30436 "-" "WP Rocket/Preload"
203.161.56.247 - - [07/Oct/2025:21:01:21 +0000] "GET /listing/maya/ HTTP/1.1" 200 32428 "-" "WP Rocket/Preload Mozilla/5.0 (iPhone; CPU iPhone OS 9_1 like Mac OS X) AppleWebKit/601.1.46 (KHTML, like Gecko) Version/9.0 Mobile/13B143 Safari/601.1"
203.161.56.247 - - [07/Oct/2025:21:01:20 +0000] "GET /listing/maya/ HTTP/1.1" 200 32359 "-" "WP Rocket/Preload"
203.161.56.247 - - [07/Oct/2025:21:01:22 +0000] "GET /agency/kl-escort-list/ HTTP/1.1" 200 31046 "-" "WP Rocket/Preload"
203.161.56.247 - - [07/Oct/2025:21:01:23 +0000] "GET /agency/kl-escort-list/ HTTP/1.1" 200 31017 "-" "WP Rocket/Preload Mozilla/5.0 (iPhone; CPU iPhone OS 9_1 like Mac OS X) AppleWebKit/601.1.46 (KHTML, like Gecko) Version/9.0 Mobile/13B143 Safari/601.1"
203.161.56.247 - - [07/Oct/2025:21:01:25 +0000] "GET /agency/kl-eve-club/ HTTP/1.1" 200 19811 "-" "WP Rocket/Preload"
203.161.56.247 - - [07/Oct/2025:21:01:26 +0000] "GET /agency/kl-eve-club/ HTTP/1.1" 200 31087 "-" "WP Rocket/Preload Mozilla/5.0 (iPhone; CPU iPhone OS 9_1 like Mac OS X) AppleWebKit/601.1.46 (KHTML, like Gecko) Version/9.0 Mobile/13B143 Safari/601.1"
203.161.56.247 - - [07/Oct/2025:21:01:28 +0000] "GET /agency/jb-maria-club/ HTTP/1.1" 200 31035 "-" "WP Rocket/Preload"
203.161.56.247 - - [07/Oct/2025:21:01:29 +0000] "GET /agency/jb-maria-club/ HTTP/1.1" 200 31007 "-" "WP Rocket/Preload Mozilla/5.0 (iPhone; CPU iPhone OS 9_1 like Mac OS X) AppleWebKit/601.1.46 (KHTML, like Gecko) Version/9.0 Mobile/13B143 Safari/601.1"
203.161.56.247 - - [07/Oct/2025:21:01:31 +0000] "GET /country/johor-bahru/ HTTP/1.1" 200 33988 "-" "WP Rocket/Preload"
203.161.56.247 - - [07/Oct/2025:21:01:32 +0000] "GET /country/johor-bahru/ HTTP/1.1" 200 33901 "-" "WP Rocket/Preload Mozilla/5.0 (iPhone; CPU iPhone OS 9_1 like Mac OS X) AppleWebKit/601.1.46 (KHTML, like Gecko) Version/9.0 Mobile/13B143 Safari/601.1"
114.119.142.47 - - [07/Oct/2025:21:04:05 +0000] "GET /features/affectionate-cuddling/ HTTP/1.1" 200 30881 "-" "Mozilla/5.0 (Linux; Android 7.0;) AppleWebKit/537.36 (KHTML, like Gecko) Mobile Safari/537.36 (compatible; PetalBot;+https://webmaster.petalsearch.com/site/petalbot)"
203.161.56.247 - - [07/Oct/2025:21:04:09 +0000] "POST /wp-cron.php?doing_wp_cron=1759871049.5487670898437500000000 HTTP/1.1" 200 - "-" "nhsvUb6OuB8B"
114.119.142.47 - - [07/Oct/2025:21:04:08 +0000] "GET /dygloave/cache/background-css/1/klescortgirldirectory.com/dygloave/cache/min/1/css/css.theme-elementor.css?ver=1759571753&wpr_t=1759867087 HTTP/1.1" 404 11478 "https://klescortgirldirectory.com/features/affectionate-cuddling/" "Mozilla/5.0 (Linux; Android 7.0;) AppleWebKit/537.36 (KHTML, like Gecko) Mobile Safari/537.36 (compatible; PetalBot;+https://webmaster.petalsearch.com/site/petalbot)"
17.246.23.200 - - [07/Oct/2025:21:04:09 +0000] "GET /hulsodso/js/jquery/jquery.min.js?ver=3.7.1 HTTP/1.1" 200 30368 "https://klescortgirldirectory.com/wp-login.php" "Mozilla/5.0 (Macintosh; Intel Mac OS X 10_15_7) AppleWebKit/605.1.15 (KHTML, like Gecko) Version/17.4 Safari/605.1.15 (Applebot/0.1; +http://www.apple.com/go/applebot)"
114.119.142.47 - - [07/Oct/2025:21:04:10 +0000] "POST /index.php HTTP/1.1" 200 1935 "https://klescortgirldirectory.com/features/affectionate-cuddling/" "Mozilla/5.0 (Linux; Android 7.0;) AppleWebKit/537.36 (KHTML, like Gecko) Mobile Safari/537.36 (compatible; PetalBot;+https://webmaster.petalsearch.com/site/petalbot)"
203.161.56.247 - - [07/Oct/2025:21:04:10 +0000] "GET /escort/indonesian-escort/ HTTP/1.1" 200 30674 "-" "WP Rocket/Preload"
203.161.56.247 - - [07/Oct/2025:21:04:13 +0000] "GET /escort/indonesian-escort/ HTTP/1.1" 200 30648 "-" "WP Rocket/Preload Mozilla/5.0 (iPhone; CPU iPhone OS 9_1 like Mac OS X) AppleWebKit/601.1.46 (KHTML, like Gecko) Version/9.0 Mobile/13B143 Safari/601.1"
203.161.56.247 - - [07/Oct/2025:21:04:15 +0000] "GET /bustsize/mediumb/ HTTP/1.1" 200 31098 "-" "WP Rocket/Preload"
203.161.56.247 - - [07/Oct/2025:21:04:16 +0000] "GET /bustsize/mediumb/ HTTP/1.1" 200 31072 "-" "WP Rocket/Preload Mozilla/5.0 (iPhone; CPU iPhone OS 9_1 like Mac OS X) AppleWebKit/601.1.46 (KHTML, like Gecko) Version/9.0 Mobile/13B143 Safari/601.1"
203.161.56.247 - - [07/Oct/2025:21:04:18 +0000] "GET /escort/mongolian-escort/ HTTP/1.1" 200 30676 "-" "WP Rocket/Preload"
203.161.56.247 - - [07/Oct/2025:21:04:19 +0000] "GET /escort/mongolian-escort/ HTTP/1.1" 200 30645 "-" "WP Rocket/Preload Mozilla/5.0 (iPhone; CPU iPhone OS 9_1 like Mac OS X) AppleWebKit/601.1.46 (KHTML, like Gecko) Version/9.0 Mobile/13B143 Safari/601.1"
157.55.39.203 - - [07/Oct/2025:21:12:08 +0000] "GET /country/puchong-escorts/ HTTP/1.1" 200 33558 "-" "Mozilla/5.0 AppleWebKit/537.36 (KHTML, like Gecko; compatible; bingbot/2.0; +http://www.bing.com/bingbot.htm) Chrome/116.0.1938.76 Safari/537.36"
203.161.56.247 - - [07/Oct/2025:21:16:28 +0000] "POST /wp-cron.php?doing_wp_cron=1759871788.7461619377136230468750 HTTP/1.1" 200 - "-" "BfARxsKEufeS"
5.255.231.111 - - [07/Oct/2025:21:16:26 +0000] "GET /robots.txt HTTP/1.1" 200 306 "-" "Mozilla/5.0 (compatible; YandexBot/3.0; +http://yandex.com/bots)"
95.108.213.133 - - [07/Oct/2025:21:16:29 +0000] "GET /escort-category/kepong-escort-girl/ HTTP/1.1" 404 12698 "-" "Mozilla/5.0 (compatible; YandexBot/3.0; +http://yandex.com/bots)"
203.161.56.247 - - [07/Oct/2025:21:24:17 +0000] "POST /wp-cron.php?doing_wp_cron=1759872257.5090119838714599609375 HTTP/1.1" 200 - "-" "UwBmFzSQdki4"
45.141.215.61 - - [07/Oct/2025:21:24:15 +0000] "POST /xmlrpc.php HTTP/1.1" 200 228 "https://www.google.com/" "Mozilla/5.0 (Windows NT 10.0; WOW64) AppleWebKit/537.36 (KHTML, like Gecko) Chrome/72.0.3626.121 Safari/537.36"
192.42.116.195 - - [07/Oct/2025:21:24:18 +0000] "POST /xmlrpc.php HTTP/1.1" 200 228 "https://www.google.com/" "Mozilla/5.0 (Windows NT 10.0; Win64; x64) AppleWebKit/537.36 (KHTML, like Gecko) Chrome/90.0.4430.212 Safari/537.36"
51.89.129.71 - - [07/Oct/2025:21:34:49 +0000] "GET /listing/miyuki/ HTTP/1.1" 200 32378 "-" "Mozilla/5.0 (compatible; AhrefsBot/7.0; +http://ahrefs.com/robot/)"
203.161.56.247 - - [07/Oct/2025:21:38:38 +0000] "POST /wp-cron.php?doing_wp_cron=1759873118.8622939586639404296875 HTTP/1.1" 200 - "-" "1iZ6nT6HeKUZ"
216.73.216.81 - - [07/Oct/2025:21:38:37 +0000] "GET /robots.txt HTTP/1.1" 200 139 "-" "Mozilla/5.0 AppleWebKit/537.36 (KHTML, like Gecko; compatible; ClaudeBot/1.0; +claudebot@anthropic.com)"
216.73.216.81 - - [07/Oct/2025:21:38:38 +0000] "GET /sitemap.xml HTTP/1.1" 200 553 "-" "Mozilla/5.0 AppleWebKit/537.36 (KHTML, like Gecko; compatible; ClaudeBot/1.0; +claudebot@anthropic.com)"
203.161.56.247 - - [07/Oct/2025:21:41:53 +0000] "POST /wp-cron.php?doing_wp_cron=1759873313.0438480377197265625000 HTTP/1.1" 200 - "-" "XYHF2Q1OlKxh"
85.208.96.197 - - [07/Oct/2025:21:41:51 +0000] "GET /robots.txt HTTP/1.1" 200 139 "-" "Mozilla/5.0 (compatible; SemrushBot/7~bl; +http://www.semrush.com/bot.html)"
85.208.96.193 - - [07/Oct/2025:21:41:53 +0000] "GET /country/jalan-pudu-escorts/ HTTP/1.1" 200 34023 "-" "Mozilla/5.0 (compatible; SemrushBot/7~bl; +http://www.semrush.com/bot.html)"
207.46.13.31 - - [07/Oct/2025:21:46:21 +0000] "GET /listing/gigi/ HTTP/1.1" 200 31650 "-" "Mozilla/5.0 AppleWebKit/537.36 (KHTML, like Gecko; compatible; bingbot/2.0; +http://www.bing.com/bingbot.htm) Chrome/116.0.1938.76 Safari/537.36"
203.161.56.247 - - [07/Oct/2025:21:47:37 +0000] "POST /wp-cron.php?doing_wp_cron=1759873657.1630399227142333984375 HTTP/1.1" 200 - "-" "TpVOZ6QoWKsw"
213.180.203.30 - - [07/Oct/2025:21:47:35 +0000] "GET /robots.txt HTTP/1.1" 200 306 "-" "Mozilla/5.0 (compatible; YandexBot/3.0; +http://yandex.com/bots)"
95.108.213.194 - - [07/Oct/2025:21:47:38 +0000] "GET / HTTP/1.1" 200 32085 "-" "Mozilla/5.0 (compatible; YandexBot/3.0; +http://yandex.com/bots)"
203.161.56.247 - - [07/Oct/2025:21:47:38 +0000] "GET /listing/layla/ HTTP/1.1" 200 32351 "-" "WP Rocket/Preload"
203.161.56.247 - - [07/Oct/2025:21:47:43 +0000] "GET /listing/layla/ HTTP/1.1" 200 32269 "-" "WP Rocket/Preload Mozilla/5.0 (iPhone; CPU iPhone OS 9_1 like Mac OS X) AppleWebKit/601.1.46 (KHTML, like Gecko) Version/9.0 Mobile/13B143 Safari/601.1"
203.161.56.247 - - [07/Oct/2025:21:47:44 +0000] "GET /order/order-1/ HTTP/1.1" 200 32820 "-" "WP Rocket/Preload"
203.161.56.247 - - [07/Oct/2025:21:47:47 +0000] "GET /category/uncategorized/ HTTP/1.1" 200 29850 "-" "WP Rocket/Preload"
203.161.56.247 - - [07/Oct/2025:21:47:46 +0000] "GET /order/order-1/ HTTP/1.1" 200 32790 "-" "WP Rocket/Preload Mozilla/5.0 (iPhone; CPU iPhone OS 9_1 like Mac OS X) AppleWebKit/601.1.46 (KHTML, like Gecko) Version/9.0 Mobile/13B143 Safari/601.1"
203.161.56.247 - - [07/Oct/2025:21:47:49 +0000] "GET /category/uncategorized/ HTTP/1.1" 200 29824 "-" "WP Rocket/Preload Mozilla/5.0 (iPhone; CPU iPhone OS 9_1 like Mac OS X) AppleWebKit/601.1.46 (KHTML, like Gecko) Version/9.0 Mobile/13B143 Safari/601.1"
