/home/klesmriw/access-logs/massageb2bkl.klescortgirldirectory.com
203.161.56.247 - - [07/Oct/2025:12:11:35 +0000] "POST /wp-cron.php?doing_wp_cron=1759839095.1563808917999267578125 HTTP/1.1" 200 - "-" "WordPress/6.8.3; https://massageb2bkl.com"
216.244.66.242 - - [07/Oct/2025:12:11:34 +0000] "GET /massage_b2b_kl/t-78/feed/ HTTP/1.1" 200 818 "-" "Mozilla/5.0 (compatible; DotBot/1.2; +https://opensiteexplorer.org/dotbot; help@moz.com)"
203.161.56.247 - - [07/Oct/2025:12:34:57 +0000] "POST /wp-cron.php?doing_wp_cron=1759840497.0091779232025146484375 HTTP/1.1" 200 - "-" "WordPress/6.8.3; https://massageb2bkl.com"
216.244.66.242 - - [07/Oct/2025:12:34:55 +0000] "GET /robots.txt HTTP/1.1" 200 165 "-" "Mozilla/5.0 (compatible; DotBot/1.2; +https://opensiteexplorer.org/dotbot; help@moz.com)"
203.161.56.247 - - [07/Oct/2025:13:02:26 +0000] "POST /wp-cron.php?doing_wp_cron=1759842146.6735870838165283203125 HTTP/1.1" 200 - "-" "WordPress/6.8.3; https://massageb2bkl.com"
216.244.66.242 - - [07/Oct/2025:13:02:25 +0000] "GET /massage_b2b_kl/tag/massage-kl/feed/ HTTP/1.1" 200 17715 "-" "Mozilla/5.0 (compatible; DotBot/1.2; +https://opensiteexplorer.org/dotbot; help@moz.com)"
203.161.56.247 - - [07/Oct/2025:13:08:15 +0000] "POST /wp-cron.php?doing_wp_cron=1759842495.1918280124664306640625 HTTP/1.1" 200 - "-" "WordPress/6.8.3; https://massageb2bkl.com"
216.244.66.242 - - [07/Oct/2025:13:08:13 +0000] "GET /massage_b2b_kl/m-21/feed/ HTTP/1.1" 200 818 "-" "Mozilla/5.0 (compatible; DotBot/1.2; +https://opensiteexplorer.org/dotbot; help@moz.com)"
203.161.56.247 - - [07/Oct/2025:14:08:08 +0000] "POST /wp-cron.php?doing_wp_cron=1759846088.6199679374694824218750 HTTP/1.1" 200 - "-" "WordPress/6.8.3; https://massageb2bkl.com"
43.159.140.236 - - [07/Oct/2025:14:08:07 +0000] "GET / HTTP/1.1" 301 - "-" "Mozilla/5.0 (iPhone; CPU iPhone OS 13_2_3 like Mac OS X) AppleWebKit/605.1.15 (KHTML, like Gecko) Version/13.0.3 Mobile/15E148 Safari/604.1"
43.159.140.236 - - [07/Oct/2025:14:08:09 +0000] "GET / HTTP/1.1" 200 17205 "http://www.massageb2bkl.com" "Mozilla/5.0 (iPhone; CPU iPhone OS 13_2_3 like Mac OS X) AppleWebKit/605.1.15 (KHTML, like Gecko) Version/13.0.3 Mobile/15E148 Safari/604.1"
40.88.21.235 - - [07/Oct/2025:14:20:20 +0000] "GET / HTTP/1.1" 200 17215 "http://massageb2bkl.com/" "DuckDuckBot/1.1; (+http://duckduckgo.com/duckduckbot.html)"
185.218.108.234 - - [07/Oct/2025:14:21:21 +0000] "GET /info.php HTTP/1.1" 404 50038 "-" "curl/8.12.1"
185.218.108.234 - - [07/Oct/2025:14:21:21 +0000] "GET /phpinfo.php HTTP/1.1" 404 50059 "-" "curl/8.12.1"
216.244.66.242 - - [07/Oct/2025:14:26:40 +0000] "GET /robots.txt HTTP/1.1" 200 165 "-" "Mozilla/5.0 (compatible; DotBot/1.2; +https://opensiteexplorer.org/dotbot; help@moz.com)"
203.161.56.247 - - [07/Oct/2025:15:04:00 +0000] "POST /wp-cron.php?doing_wp_cron=1759849440.4848110675811767578125 HTTP/1.1" 200 - "-" "WordPress/6.8.3; https://massageb2bkl.com"
216.244.66.242 - - [07/Oct/2025:15:03:58 +0000] "GET /massage_b2b_kl/c82/feed/ HTTP/1.1" 200 814 "-" "Mozilla/5.0 (compatible; DotBot/1.2; +https://opensiteexplorer.org/dotbot; help@moz.com)"
222.79.104.23 - - [07/Oct/2025:15:16:22 +0000] "GET / HTTP/1.1" 200 17206 "-" "Mozilla/5.0 (iPhone; CPU iPhone OS 13_2_3 like Mac OS X) AppleWebKit/605.1.15 (KHTML, like Gecko) Version/13.0.3 Mobile/15E148 Safari/604.1"
20.191.45.212 - - [07/Oct/2025:15:33:38 +0000] "GET / HTTP/1.1" 200 17216 "http://massageb2bkl.com/" "DuckDuckBot/1.1; (+http://duckduckgo.com/duckduckbot.html)"
203.161.56.247 - - [07/Oct/2025:16:08:27 +0000] "POST /wp-cron.php?doing_wp_cron=1759853307.7677140235900878906250 HTTP/1.1" 200 - "-" "WordPress/6.8.3; https://massageb2bkl.com"
170.106.11.141 - - [07/Oct/2025:16:08:26 +0000] "GET / HTTP/1.1" 200 17206 "-" "Mozilla/5.0 (iPhone; CPU iPhone OS 13_2_3 like Mac OS X) AppleWebKit/605.1.15 (KHTML, like Gecko) Version/13.0.3 Mobile/15E148 Safari/604.1"
203.161.56.247 - - [07/Oct/2025:17:49:35 +0000] "POST /wp-cron.php?doing_wp_cron=1759859375.5974330902099609375000 HTTP/1.1" 200 - "-" "WordPress/6.8.3; https://massageb2bkl.com"
125.166.109.57 - - [07/Oct/2025:17:49:34 +0000] "GET /wp-json/wp/v2/posts HTTP/1.1" 200 1799 "-" "Mozilla/5.0 (Windows NT 10.0; Win64; x64) AppleWebKit/537.36 (KHTML, like Gecko) Chrome/120.0.0.0 Safari/537.36"
125.75.66.97 - - [07/Oct/2025:19:07:21 +0000] "GET / HTTP/1.1" 301 - "-" "Mozilla/5.0 (iPhone; CPU iPhone OS 13_2_3 like Mac OS X) AppleWebKit/605.1.15 (KHTML, like Gecko) Version/13.0.3 Mobile/15E148 Safari/604.1"
125.75.66.97 - - [07/Oct/2025:19:07:26 +0000] "GET / HTTP/1.1" 200 17206 "http://www.massageb2bkl.com" "Mozilla/5.0 (iPhone; CPU iPhone OS 13_2_3 like Mac OS X) AppleWebKit/605.1.15 (KHTML, like Gecko) Version/13.0.3 Mobile/15E148 Safari/604.1"
94.129.86.232 - - [07/Oct/2025:19:08:03 +0000] "GET /wp-json/wp/v2/posts HTTP/1.1" 200 1799 "-" "Mozilla/5.0 (Windows NT 10.0; Win64; x64) AppleWebKit/537.36 (KHTML, like Gecko) Chrome/120.0.0.0 Safari/537.36"
203.161.56.247 - - [07/Oct/2025:19:24:03 +0000] "POST /wp-cron.php?doing_wp_cron=1759865043.1991150379180908203125 HTTP/1.1" 200 - "-" "WordPress/6.8.3; https://massageb2bkl.com"
40.77.167.108 - - [07/Oct/2025:19:24:01 +0000] "GET /robots.txt HTTP/1.1" 200 121 "-" "Mozilla/5.0 AppleWebKit/537.36 (KHTML, like Gecko; compatible; bingbot/2.0; +http://www.bing.com/bingbot.htm) Chrome/116.0.1938.76 Safari/537.36"
157.55.39.57 - - [07/Oct/2025:19:24:06 +0000] "GET / HTTP/1.1" 200 17206 "-" "Mozilla/5.0 AppleWebKit/537.36 (KHTML, like Gecko; compatible; bingbot/2.0; +http://www.bing.com/bingbot.htm) Chrome/116.0.1938.76 Safari/537.36"
157.55.39.57 - - [07/Oct/2025:19:24:16 +0000] "GET /wp-content/themes/photomania/css/blocks.css?ver=20250702-173701 HTTP/1.1" 200 2738 "-" "Mozilla/5.0 AppleWebKit/537.36 (KHTML, like Gecko; compatible; bingbot/2.0; +http://www.bing.com/bingbot.htm) Chrome/116.0.1938.76 Safari/537.36"
157.55.39.57 - - [07/Oct/2025:19:24:16 +0000] "GET /wp-content/themes/photomania/third-party/sidr/css/jquery.sidr.dark.min.css?ver=2.2.1 HTTP/1.1" 200 1305 "-" "Mozilla/5.0 AppleWebKit/537.36 (KHTML, like Gecko; compatible; bingbot/2.0; +http://www.bing.com/bingbot.htm) Chrome/116.0.1938.76 Safari/537.36"
157.55.39.57 - - [07/Oct/2025:19:24:16 +0000] "GET /wp-content/themes/photomania/style.css?ver=20250702-173701 HTTP/1.1" 200 18906 "-" "Mozilla/5.0 AppleWebKit/537.36 (KHTML, like Gecko; compatible; bingbot/2.0; +http://www.bing.com/bingbot.htm) Chrome/116.0.1938.76 Safari/537.36"
157.55.39.57 - - [07/Oct/2025:19:24:16 +0000] "GET /wp-includes/css/dist/block-library/style.min.css?ver=6.8.3 HTTP/1.1" 200 15315 "-" "Mozilla/5.0 AppleWebKit/537.36 (KHTML, like Gecko; compatible; bingbot/2.0; +http://www.bing.com/bingbot.htm) Chrome/116.0.1938.76 Safari/537.36"
157.55.39.57 - - [07/Oct/2025:19:24:16 +0000] "GET /wp-content/themes/photomania/third-party/font-awesome/css/all.min.css?ver=6.7.2 HTTP/1.1" 200 21501 "-" "Mozilla/5.0 AppleWebKit/537.36 (KHTML, like Gecko; compatible; bingbot/2.0; +http://www.bing.com/bingbot.htm) Chrome/116.0.1938.76 Safari/537.36"
157.55.39.57 - - [07/Oct/2025:19:24:17 +0000] "GET /wp-content/themes/photomania/js/skip-link-focus-fix.min.js?ver=20130115 HTTP/1.1" 200 281 "-" "Mozilla/5.0 AppleWebKit/537.36 (KHTML, like Gecko; compatible; bingbot/2.0; +http://www.bing.com/bingbot.htm) Chrome/116.0.1938.76 Safari/537.36"
157.55.39.57 - - [07/Oct/2025:19:24:17 +0000] "GET /wp-includes/js/imagesloaded.min.js?ver=5.0.0 HTTP/1.1" 200 1803 "-" "Mozilla/5.0 AppleWebKit/537.36 (KHTML, like Gecko; compatible; bingbot/2.0; +http://www.bing.com/bingbot.htm) Chrome/116.0.1938.76 Safari/537.36"
157.55.39.57 - - [07/Oct/2025:19:24:17 +0000] "GET /wp-content/plugins/click-to-chat-for-whatsapp/new/inc/assets/js/app.js?ver=4.28 HTTP/1.1" 200 3560 "-" "Mozilla/5.0 AppleWebKit/537.36 (KHTML, like Gecko; compatible; bingbot/2.0; +http://www.bing.com/bingbot.htm) Chrome/116.0.1938.76 Safari/537.36"
157.55.39.57 - - [07/Oct/2025:19:24:17 +0000] "GET /wp-content/themes/photomania/js/custom.min.js?ver=1.0.0 HTTP/1.1" 200 806 "-" "Mozilla/5.0 AppleWebKit/537.36 (KHTML, like Gecko; compatible; bingbot/2.0; +http://www.bing.com/bingbot.htm) Chrome/116.0.1938.76 Safari/537.36"
157.55.39.62 - - [07/Oct/2025:19:24:23 +0000] "GET /wp-content/plugins/wp-call-button/assets/block/build/index.css?ver=085f82fba130fc4cf3057de5e2dcc820 HTTP/1.1" 200 334 "-" "Mozilla/5.0 AppleWebKit/537.36 (KHTML, like Gecko; compatible; bingbot/2.0; +http://www.bing.com/bingbot.htm) Chrome/116.0.1938.76 Safari/537.36"
157.55.39.7 - - [07/Oct/2025:19:24:25 +0000] "GET /wp-includes/js/jquery/jquery-migrate.min.js?ver=3.4.1 HTTP/1.1" 200 4872 "-" "Mozilla/5.0 AppleWebKit/537.36 (KHTML, like Gecko; compatible; bingbot/2.0; +http://www.bing.com/bingbot.htm) Chrome/116.0.1938.76 Safari/537.36"
157.55.39.7 - - [07/Oct/2025:19:24:25 +0000] "GET /wp-content/plugins/click-to-chat-for-whatsapp/new/inc/assets/css/main.css?ver=4.28 HTTP/1.1" 200 736 "-" "Mozilla/5.0 AppleWebKit/537.36 (KHTML, like Gecko; compatible; bingbot/2.0; +http://www.bing.com/bingbot.htm) Chrome/116.0.1938.76 Safari/537.36"
157.55.39.7 - - [07/Oct/2025:19:24:26 +0000] "GET /wp-content/fonts/e7ae47b6986d44eff2efb35ef0ef73a5.css HTTP/1.1" 200 685 "-" "Mozilla/5.0 AppleWebKit/537.36 (KHTML, like Gecko; compatible; bingbot/2.0; +http://www.bing.com/bingbot.htm) Chrome/116.0.1938.76 Safari/537.36"
157.55.39.7 - - [07/Oct/2025:19:24:26 +0000] "GET /wp-content/themes/photomania/third-party/magnific-popup/css/magnific-popup.min.css?ver=1.1.0 HTTP/1.1" 200 1586 "-" "Mozilla/5.0 AppleWebKit/537.36 (KHTML, like Gecko; compatible; bingbot/2.0; +http://www.bing.com/bingbot.htm) Chrome/116.0.1938.76 Safari/537.36"
157.55.39.7 - - [07/Oct/2025:19:24:27 +0000] "GET /wp-includes/js/jquery/jquery.min.js?ver=3.7.1 HTTP/1.1" 200 30368 "-" "Mozilla/5.0 AppleWebKit/537.36 (KHTML, like Gecko; compatible; bingbot/2.0; +http://www.bing.com/bingbot.htm) Chrome/116.0.1938.76 Safari/537.36"
157.55.39.7 - - [07/Oct/2025:19:24:27 +0000] "GET /wp-content/themes/photomania/third-party/sidr/js/jquery.sidr.min.js?ver=2.2.1 HTTP/1.1" 200 2478 "-" "Mozilla/5.0 AppleWebKit/537.36 (KHTML, like Gecko; compatible; bingbot/2.0; +http://www.bing.com/bingbot.htm) Chrome/116.0.1938.76 Safari/537.36"
157.55.39.7 - - [07/Oct/2025:19:24:27 +0000] "GET /wp-includes/js/masonry.min.js?ver=4.2.2 HTTP/1.1" 200 7382 "-" "Mozilla/5.0 AppleWebKit/537.36 (KHTML, like Gecko; compatible; bingbot/2.0; +http://www.bing.com/bingbot.htm) Chrome/116.0.1938.76 Safari/537.36"
157.55.39.7 - - [07/Oct/2025:19:24:28 +0000] "GET /wp-content/themes/photomania/third-party/magnific-popup/js/jquery.magnific-popup.min.js?ver=1.1.0 HTTP/1.1" 200 7182 "-" "Mozilla/5.0 AppleWebKit/537.36 (KHTML, like Gecko; compatible; bingbot/2.0; +http://www.bing.com/bingbot.htm) Chrome/116.0.1938.76 Safari/537.36"
157.55.39.57 - - [07/Oct/2025:19:24:32 +0000] "GET /wp-includes/js/wp-emoji-release.min.js?ver=6.8.3 HTTP/1.1" 200 5163 "-" "Mozilla/5.0 AppleWebKit/537.36 (KHTML, like Gecko; compatible; bingbot/2.0; +http://www.bing.com/bingbot.htm) Chrome/116.0.1938.76 Safari/537.36"
157.55.39.62 - - [07/Oct/2025:19:24:37 +0000] "GET /wp-content/themes/photomania/third-party/cycle2/js/jquery.cycle2.min.js?ver=2.1.6 HTTP/1.1" 200 6730 "-" "Mozilla/5.0 AppleWebKit/537.36 (KHTML, like Gecko; compatible; bingbot/2.0; +http://www.bing.com/bingbot.htm) Chrome/116.0.1938.76 Safari/537.36"
157.55.39.62 - - [07/Oct/2025:19:24:37 +0000] "GET /wp-includes/js/underscore.min.js?ver=1.13.7 HTTP/1.1" 200 7317 "-" "Mozilla/5.0 AppleWebKit/537.36 (KHTML, like Gecko; compatible; bingbot/2.0; +http://www.bing.com/bingbot.htm) Chrome/116.0.1938.76 Safari/537.36"
157.55.39.62 - - [07/Oct/2025:19:24:38 +0000] "GET /wp-includes/js/wp-util.min.js?ver=6.8.3 HTTP/1.1" 200 756 "-" "Mozilla/5.0 AppleWebKit/537.36 (KHTML, like Gecko; compatible; bingbot/2.0; +http://www.bing.com/bingbot.htm) Chrome/116.0.1938.76 Safari/537.36"
65.55.210.222 - - [07/Oct/2025:19:40:16 +0000] "GET /wp-content/fonts/rajdhani/LDI2apCSOBg7S-QT7pa8FvOreec.woff2 HTTP/1.1" 200 15688 "-" "Mozilla/5.0 AppleWebKit/537.36 (KHTML, like Gecko; compatible; bingbot/2.0; +http://www.bing.com/bingbot.htm) Chrome/100.0.4896.127 Safari/537.36"
65.55.210.143 - - [07/Oct/2025:19:40:16 +0000] "GET /wp-content/fonts/rajdhani/LDI2apCSOBg7S-QT7pb0EPOreec.woff2 HTTP/1.1" 200 15084 "-" "Mozilla/5.0 AppleWebKit/537.36 (KHTML, like Gecko; compatible; bingbot/2.0; +http://www.bing.com/bingbot.htm) Chrome/100.0.4896.127 Safari/537.36"
65.55.210.218 - - [07/Oct/2025:19:40:16 +0000] "GET /wp-content/themes/photomania/third-party/font-awesome/webfonts/fa-brands-400.woff2 HTTP/1.1" 200 118684 "-" "Mozilla/5.0 AppleWebKit/537.36 (KHTML, like Gecko; compatible; bingbot/2.0; +http://www.bing.com/bingbot.htm) Chrome/100.0.4896.127 Safari/537.36"
40.77.177.105 - - [07/Oct/2025:19:40:16 +0000] "GET /wp-content/themes/photomania/third-party/font-awesome/webfonts/fa-solid-900.woff2 HTTP/1.1" 200 158220 "-" "Mozilla/5.0 AppleWebKit/537.36 (KHTML, like Gecko; compatible; bingbot/2.0; +http://www.bing.com/bingbot.htm) Chrome/100.0.4896.127 Safari/537.36"
40.77.177.4 - - [07/Oct/2025:19:40:16 +0000] "GET /wp-content/fonts/rajdhani/LDIxapCSOBg7S-QT7p4HM-Y.woff2 HTTP/1.1" 200 14976 "-" "Mozilla/5.0 AppleWebKit/537.36 (KHTML, like Gecko; compatible; bingbot/2.0; +http://www.bing.com/bingbot.htm) Chrome/100.0.4896.127 Safari/537.36"
203.161.56.247 - - [07/Oct/2025:20:03:30 +0000] "POST /wp-cron.php?doing_wp_cron=1759867410.1378839015960693359375 HTTP/1.1" 200 - "-" "WordPress/6.8.3; https://massageb2bkl.com"
14.185.132.195 - - [07/Oct/2025:20:03:28 +0000] "GET / HTTP/1.1" 200 17205 "-" "Mozilla/5.0 (Windows NT 10.0; Win64; x64; rv:114.0) Gecko/20100101 Firefox/114.0"
14.185.132.195 - - [07/Oct/2025:20:03:33 +0000] "GET /xmlrpc.php HTTP/1.1" 405 60 "http://massageb2bkl.com" "Mozilla/5.0 (Windows NT 10.0; Win64; x64; rv:114.0) Gecko/20100101 Firefox/114.0"
14.185.132.195 - - [07/Oct/2025:20:03:49 +0000] "GET /{{%20data.social.googleplus%20}} HTTP/1.1" 301 - "http://massageb2bkl.com" "Mozilla/5.0 (Windows NT 10.0; Win64; x64; rv:114.0) Gecko/20100101 Firefox/114.0"
14.185.132.195 - - [07/Oct/2025:20:03:51 +0000] "GET /%20data.social.googleplus HTTP/1.1" 404 14653 "http://massageb2bkl.com/{{%20data.social.googleplus%20}}" "Mozilla/5.0 (Windows NT 10.0; Win64; x64; rv:114.0) Gecko/20100101 Firefox/114.0"
14.185.132.195 - - [07/Oct/2025:20:03:54 +0000] "GET /{{%20data.social.twitter%20}} HTTP/1.1" 301 - "http://massageb2bkl.com" "Mozilla/5.0 (Windows NT 10.0; Win64; x64; rv:114.0) Gecko/20100101 Firefox/114.0"
203.161.56.247 - - [07/Oct/2025:20:03:56 +0000] "POST /wp-cron.php?doing_wp_cron=1759867436.1498420238494873046875 HTTP/1.1" 200 - "-" "WordPress/6.8.3; https://massageb2bkl.com"
14.185.132.195 - - [07/Oct/2025:20:03:55 +0000] "GET /%20data.social.twitter HTTP/1.1" 404 14656 "http://massageb2bkl.com/{{%20data.social.twitter%20}}" "Mozilla/5.0 (Windows NT 10.0; Win64; x64; rv:114.0) Gecko/20100101 Firefox/114.0"
14.185.132.195 - - [07/Oct/2025:20:03:59 +0000] "GET /{{%20data.social.pinterest%20}} HTTP/1.1" 301 - "http://massageb2bkl.com" "Mozilla/5.0 (Windows NT 10.0; Win64; x64; rv:114.0) Gecko/20100101 Firefox/114.0"
14.185.132.195 - - [07/Oct/2025:20:04:00 +0000] "GET /%20data.social.pinterest HTTP/1.1" 404 14655 "http://massageb2bkl.com/{{%20data.social.pinterest%20}}" "Mozilla/5.0 (Windows NT 10.0; Win64; x64; rv:114.0) Gecko/20100101 Firefox/114.0"
14.185.132.195 - - [07/Oct/2025:20:04:03 +0000] "GET /{{%20data.social.facebook%20}} HTTP/1.1" 301 - "http://massageb2bkl.com" "Mozilla/5.0 (Windows NT 10.0; Win64; x64; rv:114.0) Gecko/20100101 Firefox/114.0"
14.185.132.195 - - [07/Oct/2025:20:04:05 +0000] "GET /%20data.social.facebook HTTP/1.1" 404 14656 "http://massageb2bkl.com/{{%20data.social.facebook%20}}" "Mozilla/5.0 (Windows NT 10.0; Win64; x64; rv:114.0) Gecko/20100101 Firefox/114.0"
14.185.132.195 - - [07/Oct/2025:20:04:08 +0000] "GET /{{%20data.url%20}} HTTP/1.1" 301 - "http://massageb2bkl.com" "Mozilla/5.0 (Windows NT 10.0; Win64; x64; rv:114.0) Gecko/20100101 Firefox/114.0"
14.185.132.195 - - [07/Oct/2025:20:04:10 +0000] "GET /%20data.url HTTP/1.1" 404 14647 "http://massageb2bkl.com/{{%20data.url%20}}" "Mozilla/5.0 (Windows NT 10.0; Win64; x64; rv:114.0) Gecko/20100101 Firefox/114.0"
14.185.132.195 - - [07/Oct/2025:20:04:13 +0000] "GET /{{%20data.images.large.url%20}} HTTP/1.1" 301 - "http://massageb2bkl.com" "Mozilla/5.0 (Windows NT 10.0; Win64; x64; rv:114.0) Gecko/20100101 Firefox/114.0"
14.185.132.195 - - [07/Oct/2025:20:04:14 +0000] "GET /%20data.images.large.url HTTP/1.1" 404 14656 "http://massageb2bkl.com/{{%20data.images.large.url%20}}" "Mozilla/5.0 (Windows NT 10.0; Win64; x64; rv:114.0) Gecko/20100101 Firefox/114.0"
14.185.132.195 - - [07/Oct/2025:20:04:18 +0000] "GET / HTTP/1.1" 200 17217 "http://massageb2bkl.com" "Mozilla/5.0 (Windows NT 10.0; Win64; x64; rv:114.0) Gecko/20100101 Firefox/114.0"
203.161.56.247 - - [07/Oct/2025:20:15:26 +0000] "POST /wp-cron.php?doing_wp_cron=1759868126.1675519943237304687500 HTTP/1.1" 200 - "-" "WordPress/6.8.3; https://massageb2bkl.com"
104.196.3.127 - - [07/Oct/2025:20:15:24 +0000] "HEAD /new HTTP/1.1" 404 - "-" "Mozilla/5.0 (Android 13; Mobile; rv:124.0) Gecko/124.0 Firefox/124.0"
104.196.3.127 - - [07/Oct/2025:20:15:26 +0000] "HEAD /backup HTTP/1.1" 404 - "-" "Mozilla/5.0 (Macintosh; Intel Mac OS X 14_3) AppleWebKit/537.36 (KHTML, like Gecko) Chrome/125.0.6422.60 Safari/537.36 Edg/125.0.2535.51"
104.196.3.127 - - [07/Oct/2025:20:15:27 +0000] "HEAD /main HTTP/1.1" 404 - "-" "Mozilla/5.0 (X11; Ubuntu; Linux x86_64; rv:124.0) Gecko/20100101 Firefox/124.0"
104.196.3.127 - - [07/Oct/2025:20:15:28 +0000] "HEAD /old HTTP/1.1" 404 - "-" "Mozilla/5.0 (iPad; CPU OS 17_0 like Mac OS X) AppleWebKit/605.1.15 (KHTML, like Gecko) CriOS/123.0.6312.52 Mobile/15E148 Safari/604.1"
104.196.3.127 - - [07/Oct/2025:20:15:29 +0000] "HEAD /bk HTTP/1.1" 404 - "-" "Mozilla/5.0 (iPhone; CPU iPhone OS 17_2 like Mac OS X) AppleWebKit/605.1.15 (KHTML, like Gecko) CriOS/124.0.6367.56 Mobile/15E148 Safari/604.1"
104.196.3.127 - - [07/Oct/2025:20:15:30 +0000] "HEAD / HTTP/1.1" 200 - "-" "Mozilla/5.0 (iPad; CPU OS 16_6 like Mac OS X) AppleWebKit/605.1.15 (KHTML, like Gecko) Version/16.6 Mobile/15E148 Safari/604.1"
104.196.3.127 - - [07/Oct/2025:20:15:31 +0000] "HEAD /wp HTTP/1.1" 404 - "-" "Mozilla/5.0 (Windows NT 6.1; Win64; x64; rv:115.0) Gecko/20100101 Firefox/115.0"
104.196.3.127 - - [07/Oct/2025:20:15:32 +0000] "HEAD /home HTTP/1.1" 404 - "-" "Mozilla/5.0 (Windows NT 10.0; Win64; x64) AppleWebKit/537.36 (KHTML, like Gecko) Chrome/123.0.6312.86 Safari/537.36"
104.196.3.127 - - [07/Oct/2025:20:15:33 +0000] "HEAD /wordpress HTTP/1.1" 404 - "-" "Mozilla/5.0 (Windows NT 6.1; Win64; x64) AppleWebKit/537.36 (KHTML, like Gecko) Chrome/109.0.5414.120 Safari/537.36"
104.196.3.127 - - [07/Oct/2025:20:15:34 +0000] "HEAD /bc HTTP/1.1" 404 - "-" "Mozilla/5.0 (Windows NT 10.0; Win64; x64) AppleWebKit/537.36 (KHTML, like Gecko) Chrome/122.0.0.0 Safari/537.36 Edg/122.0.2365.66"
203.161.56.247 - - [07/Oct/2025:20:17:32 +0000] "POST /wp-cron.php?doing_wp_cron=1759868252.3740079402923583984375 HTTP/1.1" 200 - "-" "WordPress/6.8.3; https://massageb2bkl.com"
201.188.117.229 - - [07/Oct/2025:20:17:31 +0000] "GET /wp-json/wp/v2/posts HTTP/1.1" 200 1799 "-" "Mozilla/5.0 (Windows NT 10.0; Win64; x64) AppleWebKit/537.36 (KHTML, like Gecko) Chrome/120.0.0.0 Safari/537.36"
203.161.56.247 - - [07/Oct/2025:20:56:49 +0000] "POST /wp-cron.php?doing_wp_cron=1759870609.8552799224853515625000 HTTP/1.1" 200 - "-" "WordPress/6.8.3; https://massageb2bkl.com"
212.59.105.229 - - [07/Oct/2025:20:56:48 +0000] "GET /wp-content/plugins/wp-automatic/css/style.css HTTP/1.1" 404 50325 "-" "curl/8.12.1"
34.232.77.21 - - [07/Oct/2025:20:59:42 +0000] "GET / HTTP/1.1" 200 17205 "-" "Mozilla/5.0 (BB10; Touch) AppleWebKit/537.10+ (KHTML, like Gecko) Version/10.1.0.2342 Mobile Safari/537.10+"
203.161.56.247 - - [07/Oct/2025:21:24:50 +0000] "POST /wp-cron.php?doing_wp_cron=1759872290.3557429313659667968750 HTTP/1.1" 200 - "-" "WordPress/6.8.3; https://massageb2bkl.com"
216.244.66.242 - - [07/Oct/2025:21:24:49 +0000] "GET /robots.txt HTTP/1.1" 200 165 "-" "Mozilla/5.0 (compatible; DotBot/1.2; +https://opensiteexplorer.org/dotbot; help@moz.com)"
216.244.66.242 - - [07/Oct/2025:21:38:24 +0000] "GET /wp-content/uploads/2024/02/M22.jpg HTTP/1.1" 200 108819 "-" "Mozilla/5.0 (compatible; DotBot/1.2; +https://opensiteexplorer.org/dotbot; help@moz.com)"
203.161.56.247 - - [07/Oct/2025:21:50:19 +0000] "POST /wp-cron.php?doing_wp_cron=1759873819.5902259349822998046875 HTTP/1.1" 200 - "-" "WordPress/6.8.3; https://massageb2bkl.com"
146.59.10.171 - - [07/Oct/2025:21:50:18 +0000] "POST /ALFA_DATA/alfacgiapi/perl.alfa HTTP/1.1" 404 50188 "www.google.com" "Mozlila/5.0 (Linux; Android 7.0; SM-G892A Bulid/NRD90M; wv) AppleWebKit/537.36 (KHTML, like Gecko) Version/4.0 Chrome/60.0.3112.107 Moblie Safari/537.36"
146.59.10.171 - - [07/Oct/2025:21:50:18 +0000] "GET /wp-content/themes/seotheme/db.php?u HTTP/1.1" 404 50300 "www.google.com" "Mozlila/5.0 (Linux; Android 7.0; SM-G892A Bulid/NRD90M; wv) AppleWebKit/537.36 (KHTML, like Gecko) Version/4.0 Chrome/60.0.3112.107 Moblie Safari/537.36"
146.59.10.171 - - [07/Oct/2025:21:50:18 +0000] "POST /wp-plain.php HTTP/1.1" 404 50025 "www.google.com" "Mozilla/5.0 (Linux; Android 7.0; SM-G892A Bulid/NRD90M; wv) AppleWebKit/537.36 (KHTML, like Gecko) Version/4.0 Chrome/60.0.3112.107 Moblie Safari/537.36"
146.59.10.171 - - [07/Oct/2025:21:50:18 +0000] "GET / HTTP/1.1" 200 99926 "-" "Mozlila/5.0 (Linux; Android 7.0; SM-G892A Bulid/NRD90M; wv) AppleWebKit/537.36 (KHTML, like Gecko) Version/4.0 Chrome/60.0.3112.107 Moblie Safari/537.36"
146.59.10.171 - - [07/Oct/2025:21:50:20 +0000] "POST /alfacgiapi/perl.alfa HTTP/1.1" 404 50100 "www.google.com" "Mozlila/5.0 (Linux; Android 7.0; SM-G892A Bulid/NRD90M; wv) AppleWebKit/537.36 (KHTML, like Gecko) Version/4.0 Chrome/60.0.3112.107 Moblie Safari/537.36"
146.59.10.171 - - [07/Oct/2025:21:50:20 +0000] "GET /btjslfie.php?Fox=d3wL7 HTTP/1.1" 404 50110 "www.google.com" "Mozilla/5.0 (Linux; Android 7.0; SM-G892A Bulid/NRD90M; wv) AppleWebKit/537.36 (KHTML, like Gecko) Version/4.0 Chrome/60.0.3112.107 Moblie Safari/537.36"
146.59.10.171 - - [07/Oct/2025:21:50:20 +0000] "GET /wp-content/plugins/apikey/apikey.php?test=hello HTTP/1.1" 404 50265 "-" "Mozlila/5.0 (Linux; Android 7.0; SM-G892A Bulid/NRD90M; wv) AppleWebKit/537.36 (KHTML, like Gecko) Version/4.0 Chrome/60.0.3112.107 Moblie Safari/537.36"
146.59.10.171 - - [07/Oct/2025:21:50:21 +0000] "GET /plugins/content/apismtp/apismtp.php?test=hello HTTP/1.1" 404 50258 "-" "Mozlila/5.0 (Linux; Android 7.0; SM-G892A Bulid/NRD90M; wv) AppleWebKit/537.36 (KHTML, like Gecko) Version/4.0 Chrome/60.0.3112.107 Moblie Safari/537.36"
146.59.10.171 - - [07/Oct/2025:21:50:22 +0000] "GET /wp-content/plugins/apikey/apikey.php.suspected?test=hello HTTP/1.1" 404 50335 "-" "Mozlila/5.0 (Linux; Android 7.0; SM-G892A Bulid/NRD90M; wv) AppleWebKit/537.36 (KHTML, like Gecko) Version/4.0 Chrome/60.0.3112.107 Moblie Safari/537.36"
146.59.10.171 - - [07/Oct/2025:21:50:23 +0000] "GET /plugins/content/apismtp/apismtp.php.suspected?test=hello HTTP/1.1" 404 50328 "-" "Mozlila/5.0 (Linux; Android 7.0; SM-G892A Bulid/NRD90M; wv) AppleWebKit/537.36 (KHTML, like Gecko) Version/4.0 Chrome/60.0.3112.107 Moblie Safari/537.36"
203.161.56.247 - - [07/Oct/2025:22:49:25 +0000] "POST /wp-cron.php?doing_wp_cron=1759877365.3157730102539062500000 HTTP/1.1" 200 - "-" "WordPress/6.8.3; https://massageb2bkl.com"
110.166.71.39 - - [07/Oct/2025:22:49:24 +0000] "GET / HTTP/1.1" 200 17206 "-" "Mozilla/5.0 (iPhone; CPU iPhone OS 13_2_3 like Mac OS X) AppleWebKit/605.1.15 (KHTML, like Gecko) Version/13.0.3 Mobile/15E148 Safari/604.1"
203.161.56.247 - - [08/Oct/2025:00:13:08 +0000] "POST /wp-cron.php?doing_wp_cron=1759882388.7234039306640625000000 HTTP/1.1" 200 - "-" "WordPress/6.8.3; https://massageb2bkl.com"
216.244.66.242 - - [08/Oct/2025:00:13:08 +0000] "GET /robots.txt HTTP/1.1" 200 165 "-" "Mozilla/5.0 (compatible; DotBot/1.2; +https://opensiteexplorer.org/dotbot; help@moz.com)"
203.161.56.247 - - [08/Oct/2025:00:58:12 +0000] "POST /wp-cron.php?doing_wp_cron=1759885091.9931890964508056640625 HTTP/1.1" 200 - "-" "WordPress/6.8.3; https://massageb2bkl.com"
93.158.90.12 - - [08/Oct/2025:00:58:10 +0000] "GET /robots.txt HTTP/1.1" 200 121 "-" "Mozilla/5.0 (Windows NT 6.1; Win64; x64; rv:109.0) Gecko/20100101 Firefox/115"
93.158.90.40 - - [08/Oct/2025:00:58:12 +0000] "GET / HTTP/1.1" 200 17205 "-" "Mozilla/5.0 (Windows NT 6.1; Win64; x64; rv:109.0) Gecko/20100101 Firefox/115"
203.161.56.247 - - [08/Oct/2025:00:59:47 +0000] "POST /wp-cron.php?doing_wp_cron=1759885187.4100079536437988281250 HTTP/1.1" 200 - "-" "WordPress/6.8.3; https://massageb2bkl.com"
216.244.66.242 - - [08/Oct/2025:00:59:46 +0000] "GET /massage_b2b_kl/v72/feed/ HTTP/1.1" 200 814 "-" "Mozilla/5.0 (compatible; DotBot/1.2; +https://opensiteexplorer.org/dotbot; help@moz.com)"
203.161.56.247 - - [08/Oct/2025:01:29:00 +0000] "POST /wp-cron.php?doing_wp_cron=1759886940.8259699344635009765625 HTTP/1.1" 200 - "-" "WordPress/6.8.3; https://massageb2bkl.com"
20.191.45.212 - - [08/Oct/2025:01:29:00 +0000] "GET / HTTP/1.1" 200 17216 "http://massageb2bkl.com/" "DuckDuckBot/1.1; (+http://duckduckgo.com/duckduckbot.html)"
203.161.56.247 - - [08/Oct/2025:01:35:35 +0000] "POST /wp-cron.php?doing_wp_cron=1759887335.9571549892425537109375 HTTP/1.1" 200 - "-" "WordPress/6.8.3; https://massageb2bkl.com"
216.244.66.242 - - [08/Oct/2025:01:35:34 +0000] "GET /robots.txt HTTP/1.1" 200 165 "-" "Mozilla/5.0 (compatible; DotBot/1.2; +https://opensiteexplorer.org/dotbot; help@moz.com)"
203.161.56.247 - - [08/Oct/2025:01:51:04 +0000] "POST /wp-cron.php?doing_wp_cron=1759888264.2595601081848144531250 HTTP/1.1" 200 - "-" "WordPress/6.8.3; https://massageb2bkl.com"
84.247.60.210 - - [08/Oct/2025:01:51:03 +0000] "GET / HTTP/1.1" 200 17205 "-" "Mozilla/5.0+(compatible;+Googlebot/2.1;++http://www.google.com/bot.html)"
84.247.60.210 - - [08/Oct/2025:01:51:06 +0000] "GET / HTTP/1.1" 200 17205 "-" "Mozilla/5.0 (Windows NT 10.0; Win64; x64) AppleWebKit/537.36 (KHTML, like Gecko) Chrome/132.0.0.0 Safari/537.36"
203.161.56.247 - - [08/Oct/2025:02:00:35 +0000] "POST /wp-cron.php?doing_wp_cron=1759888835.3292729854583740234375 HTTP/1.1" 200 - "-" "WordPress/6.8.3; https://massageb2bkl.com"
176.119.112.60 - - [08/Oct/2025:02:00:34 +0000] "GET /wp-content/plugins/wp-automatic/css/style.css HTTP/1.1" 404 50325 "-" "curl/8.12.1"
203.161.56.247 - - [08/Oct/2025:02:01:59 +0000] "POST /wp-cron.php?doing_wp_cron=1759888919.3209729194641113281250 HTTP/1.1" 200 - "-" "WordPress/6.8.3; https://massageb2bkl.com"
216.244.66.242 - - [08/Oct/2025:02:01:58 +0000] "GET /massage_b2b_kl/category/petaling-jaya/feed/ HTTP/1.1" 200 17729 "-" "Mozilla/5.0 (compatible; DotBot/1.2; +https://opensiteexplorer.org/dotbot; help@moz.com)"
203.161.56.247 - - [08/Oct/2025:02:29:33 +0000] "POST /wp-cron.php?doing_wp_cron=1759890573.5549740791320800781250 HTTP/1.1" 200 - "-" "WordPress/6.8.3; https://massageb2bkl.com"
216.244.66.242 - - [08/Oct/2025:02:29:32 +0000] "GET /robots.txt HTTP/1.1" 200 165 "-" "Mozilla/5.0 (compatible; DotBot/1.2; +https://opensiteexplorer.org/dotbot; help@moz.com)"
203.161.56.247 - - [08/Oct/2025:02:35:58 +0000] "POST /wp-cron.php?doing_wp_cron=1759890958.8814311027526855468750 HTTP/1.1" 200 - "-" "WordPress/6.8.3; https://massageb2bkl.com"
185.241.208.111 - - [08/Oct/2025:02:35:57 +0000] "GET / HTTP/1.1" 200 99926 "-" "Mozlila/5.0 (Linux; Android 7.0; SM-G892A Bulid/NRD90M; wv) AppleWebKit/537.36 (KHTML, like Gecko) Version/4.0 Chrome/60.0.3112.107 Moblie Safari/537.36"
185.241.208.111 - - [08/Oct/2025:02:35:57 +0000] "POST /wp-plain.php HTTP/1.1" 404 50025 "www.google.com" "Mozilla/5.0 (Linux; Android 7.0; SM-G892A Bulid/NRD90M; wv) AppleWebKit/537.36 (KHTML, like Gecko) Version/4.0 Chrome/60.0.3112.107 Moblie Safari/537.36"
185.241.208.111 - - [08/Oct/2025:02:35:57 +0000] "GET /wp-content/themes/seotheme/db.php?u HTTP/1.1" 404 50300 "www.google.com" "Mozlila/5.0 (Linux; Android 7.0; SM-G892A Bulid/NRD90M; wv) AppleWebKit/537.36 (KHTML, like Gecko) Version/4.0 Chrome/60.0.3112.107 Moblie Safari/537.36"
185.241.208.111 - - [08/Oct/2025:02:35:58 +0000] "POST /ALFA_DATA/alfacgiapi/perl.alfa HTTP/1.1" 404 50188 "www.google.com" "Mozlila/5.0 (Linux; Android 7.0; SM-G892A Bulid/NRD90M; wv) AppleWebKit/537.36 (KHTML, like Gecko) Version/4.0 Chrome/60.0.3112.107 Moblie Safari/537.36"
185.241.208.111 - - [08/Oct/2025:02:35:58 +0000] "GET /wp-content/plugins/fix/up.php HTTP/1.1" 404 50206 "-" "Mozilla/5.0 (Windows NT 10.0; Win64; x64) AppleWebKit/537.36 (KHTML, like Gecko) Chrome/85.0.4183.102 Safari/537.36"
185.241.208.111 - - [08/Oct/2025:02:36:00 +0000] "GET /arhzunza.php?Fox=d3wL7 HTTP/1.1" 404 50110 "www.google.com" "Mozilla/5.0 (Linux; Android 7.0; SM-G892A Bulid/NRD90M; wv) AppleWebKit/537.36 (KHTML, like Gecko) Version/4.0 Chrome/60.0.3112.107 Moblie Safari/537.36"
185.241.208.111 - - [08/Oct/2025:02:36:02 +0000] "GET /wp-content/plugins/apikey/apikey.php?test=hello HTTP/1.1" 404 50265 "-" "Mozlila/5.0 (Linux; Android 7.0; SM-G892A Bulid/NRD90M; wv) AppleWebKit/537.36 (KHTML, like Gecko) Version/4.0 Chrome/60.0.3112.107 Moblie Safari/537.36"
185.241.208.111 - - [08/Oct/2025:02:36:03 +0000] "POST /alfacgiapi/perl.alfa HTTP/1.1" 404 50100 "www.google.com" "Mozlila/5.0 (Linux; Android 7.0; SM-G892A Bulid/NRD90M; wv) AppleWebKit/537.36 (KHTML, like Gecko) Version/4.0 Chrome/60.0.3112.107 Moblie Safari/537.36"
185.241.208.111 - - [08/Oct/2025:02:36:05 +0000] "GET /plugins/content/apismtp/apismtp.php?test=hello HTTP/1.1" 404 50258 "-" "Mozlila/5.0 (Linux; Android 7.0; SM-G892A Bulid/NRD90M; wv) AppleWebKit/537.36 (KHTML, like Gecko) Version/4.0 Chrome/60.0.3112.107 Moblie Safari/537.36"
185.241.208.111 - - [08/Oct/2025:02:36:08 +0000] "GET /wp-content/plugins/apikey/apikey.php.suspected?test=hello HTTP/1.1" 404 50335 "-" "Mozlila/5.0 (Linux; Android 7.0; SM-G892A Bulid/NRD90M; wv) AppleWebKit/537.36 (KHTML, like Gecko) Version/4.0 Chrome/60.0.3112.107 Moblie Safari/537.36"
185.241.208.111 - - [08/Oct/2025:02:36:12 +0000] "GET /plugins/content/apismtp/apismtp.php.suspected?test=hello HTTP/1.1" 404 50328 "-" "Mozlila/5.0 (Linux; Android 7.0; SM-G892A Bulid/NRD90M; wv) AppleWebKit/537.36 (KHTML, like Gecko) Version/4.0 Chrome/60.0.3112.107 Moblie Safari/537.36"
203.161.56.247 - - [08/Oct/2025:02:38:49 +0000] "POST /wp-cron.php?doing_wp_cron=1759891129.0987999439239501953125 HTTP/1.1" 200 - "-" "WordPress/6.8.3; https://massageb2bkl.com"
49.232.151.112 - - [08/Oct/2025:02:38:47 +0000] "GET / HTTP/1.1" 301 - "-" "Mozilla/5.0 (iPhone; CPU iPhone OS 13_2_3 like Mac OS X) AppleWebKit/605.1.15 (KHTML, like Gecko) Version/13.0.3 Mobile/15E148 Safari/604.1"
49.232.151.112 - - [08/Oct/2025:02:38:50 +0000] "GET / HTTP/1.1" 200 17205 "http://www.massageb2bkl.com" "Mozilla/5.0 (iPhone; CPU iPhone OS 13_2_3 like Mac OS X) AppleWebKit/605.1.15 (KHTML, like Gecko) Version/13.0.3 Mobile/15E148 Safari/604.1"
203.161.56.247 - - [08/Oct/2025:02:44:32 +0000] "POST /wp-cron.php?doing_wp_cron=1759891472.3169240951538085937500 HTTP/1.1" 200 - "-" "WordPress/6.8.3; https://massageb2bkl.com"
185.9.17.124 - - [08/Oct/2025:02:44:29 +0000] "GET /wp-content/plugins/fix/up.php HTTP/1.1" 404 50206 "-" "Mozilla/5.0 (Windows NT 10.0; Win64; x64) AppleWebKit/537.36 (KHTML, like Gecko) Chrome/85.0.4183.102 Safari/537.36"
185.9.17.124 - - [08/Oct/2025:02:44:28 +0000] "GET /wp-content/themes/seotheme/db.php?u HTTP/1.1" 404 50300 "www.google.com" "Mozlila/5.0 (Linux; Android 7.0; SM-G892A Bulid/NRD90M; wv) AppleWebKit/537.36 (KHTML, like Gecko) Version/4.0 Chrome/60.0.3112.107 Moblie Safari/537.36"
185.9.17.124 - - [08/Oct/2025:02:44:29 +0000] "POST /wp-plain.php HTTP/1.1" 404 50025 "www.google.com" "Mozilla/5.0 (Linux; Android 7.0; SM-G892A Bulid/NRD90M; wv) AppleWebKit/537.36 (KHTML, like Gecko) Version/4.0 Chrome/60.0.3112.107 Moblie Safari/537.36"
185.9.17.124 - - [08/Oct/2025:02:44:28 +0000] "POST /wp-plain.php HTTP/1.1" 404 50025 "www.google.com" "Mozilla/5.0 (Linux; Android 7.0; SM-G892A Bulid/NRD90M; wv) AppleWebKit/537.36 (KHTML, like Gecko) Version/4.0 Chrome/60.0.3112.107 Moblie Safari/537.36"
185.9.17.124 - - [08/Oct/2025:02:44:29 +0000] "GET /wp-content/themes/seotheme/db.php?u HTTP/1.1" 404 50300 "www.google.com" "Mozlila/5.0 (Linux; Android 7.0; SM-G892A Bulid/NRD90M; wv) AppleWebKit/537.36 (KHTML, like Gecko) Version/4.0 Chrome/60.0.3112.107 Moblie Safari/537.36"
185.9.17.124 - - [08/Oct/2025:02:44:28 +0000] "POST /ALFA_DATA/alfacgiapi/perl.alfa HTTP/1.1" 404 50188 "www.google.com" "Mozlila/5.0 (Linux; Android 7.0; SM-G892A Bulid/NRD90M; wv) AppleWebKit/537.36 (KHTML, like Gecko) Version/4.0 Chrome/60.0.3112.107 Moblie Safari/537.36"
185.9.17.124 - - [08/Oct/2025:02:44:30 +0000] "GET /wp-content/plugins/fix/up.php HTTP/1.1" 404 50206 "-" "Mozilla/5.0 (Windows NT 10.0; Win64; x64) AppleWebKit/537.36 (KHTML, like Gecko) Chrome/85.0.4183.102 Safari/537.36"
185.9.17.124 - - [08/Oct/2025:02:44:28 +0000] "GET / HTTP/1.1" 200 99926 "-" "Mozlila/5.0 (Linux; Android 7.0; SM-G892A Bulid/NRD90M; wv) AppleWebKit/537.36 (KHTML, like Gecko) Version/4.0 Chrome/60.0.3112.107 Moblie Safari/537.36"
185.9.17.124 - - [08/Oct/2025:02:44:29 +0000] "GET / HTTP/1.1" 200 99926 "-" "Mozlila/5.0 (Linux; Android 7.0; SM-G892A Bulid/NRD90M; wv) AppleWebKit/537.36 (KHTML, like Gecko) Version/4.0 Chrome/60.0.3112.107 Moblie Safari/537.36"
185.9.17.124 - - [08/Oct/2025:02:44:30 +0000] "GET / HTTP/1.1" 200 99926 "-" "Mozlila/5.0 (Linux; Android 7.0; SM-G892A Bulid/NRD90M; wv) AppleWebKit/537.36 (KHTML, like Gecko) Version/4.0 Chrome/60.0.3112.107 Moblie Safari/537.36"
196.251.86.13 - - [08/Oct/2025:02:51:25 +0000] "GET /sites/all/modules/plupload/examples/upload.php HTTP/1.1" 404 50339 "-" "ALittle Client"
203.161.56.247 - - [08/Oct/2025:03:00:08 +0000] "POST /wp-cron.php?doing_wp_cron=1759892408.3157629966735839843750 HTTP/1.1" 200 - "-" "WordPress/6.8.3; https://massageb2bkl.com"
216.244.66.242 - - [08/Oct/2025:03:00:07 +0000] "GET /massage_b2b_kl/tag/massage-outcall-kl/feed/ HTTP/1.1" 200 17739 "-" "Mozilla/5.0 (compatible; DotBot/1.2; +https://opensiteexplorer.org/dotbot; help@moz.com)"
203.161.56.247 - - [08/Oct/2025:03:24:36 +0000] "POST /wp-cron.php?doing_wp_cron=1759893876.5574429035186767578125 HTTP/1.1" 200 - "-" "WordPress/6.8.3; https://massageb2bkl.com"
216.244.66.242 - - [08/Oct/2025:03:24:35 +0000] "GET /robots.txt HTTP/1.1" 200 165 "-" "Mozilla/5.0 (compatible; DotBot/1.2; +https://opensiteexplorer.org/dotbot; help@moz.com)"
203.161.56.247 - - [08/Oct/2025:03:30:52 +0000] "POST /wp-cron.php?doing_wp_cron=1759894252.2223799228668212890625 HTTP/1.1" 200 - "-" "WordPress/6.8.3; https://massageb2bkl.com"
110.77.241.31 - - [08/Oct/2025:03:30:51 +0000] "GET /wp-json/wp/v2/posts HTTP/1.1" 200 1799 "-" "Mozilla/5.0 (Windows NT 10.0; Win64; x64) AppleWebKit/537.36 (KHTML, like Gecko) Chrome/120.0.0.0 Safari/537.36"
203.161.56.247 - - [08/Oct/2025:04:04:20 +0000] "POST /wp-cron.php?doing_wp_cron=1759896260.1999180316925048828125 HTTP/1.1" 200 - "-" "WordPress/6.8.3; https://massageb2bkl.com"
216.244.66.242 - - [08/Oct/2025:04:04:19 +0000] "GET /massage_b2b_kl/m-22/feed/ HTTP/1.1" 200 818 "-" "Mozilla/5.0 (compatible; DotBot/1.2; +https://opensiteexplorer.org/dotbot; help@moz.com)"
203.161.56.247 - - [08/Oct/2025:04:36:33 +0000] "POST /wp-cron.php?doing_wp_cron=1759898193.9355568885803222656250 HTTP/1.1" 200 - "-" "WordPress/6.8.3; https://massageb2bkl.com"
170.106.161.78 - - [08/Oct/2025:04:36:32 +0000] "GET / HTTP/1.1" 301 - "-" "Mozilla/5.0 (iPhone; CPU iPhone OS 13_2_3 like Mac OS X) AppleWebKit/605.1.15 (KHTML, like Gecko) Version/13.0.3 Mobile/15E148 Safari/604.1"
170.106.161.78 - - [08/Oct/2025:04:36:35 +0000] "GET / HTTP/1.1" 200 17205 "http://www.massageb2bkl.com" "Mozilla/5.0 (iPhone; CPU iPhone OS 13_2_3 like Mac OS X) AppleWebKit/605.1.15 (KHTML, like Gecko) Version/13.0.3 Mobile/15E148 Safari/604.1"
185.36.192.16 - - [08/Oct/2025:05:09:16 +0000] "GET / HTTP/1.1" 200 17205 "http://www.openurls.com.cn/" "mrs_show_ke"
185.36.192.16 - - [08/Oct/2025:05:09:18 +0000] "GET /wp-content/plugins/click-to-chat-for-whatsapp/new/inc/assets/css/main.css?ver=4.28 HTTP/1.1" 200 736 "http://massageb2bkl.com/" "Mozilla/5.0 (Windows NT 10.0; Win64; x64) AppleWebKit/537.36 (KHTML, like Gecko) Chrome/120.0.0.0 Safari/537.36"
185.36.192.16 - - [08/Oct/2025:05:09:19 +0000] "GET /wp-includes/css/dist/block-library/style.min.css?ver=6.8.3 HTTP/1.1" 200 15315 "http://massageb2bkl.com/" "Mozilla/5.0 (Windows NT 10.0; Win64; x64) AppleWebKit/537.36 (KHTML, like Gecko) Chrome/120.0.0.0 Safari/537.36"
185.36.192.16 - - [08/Oct/2025:05:09:20 +0000] "GET /wp-content/plugins/wp-call-button/assets/block/build/index.css?ver=085f82fba130fc4cf3057de5e2dcc820 HTTP/1.1" 200 334 "http://massageb2bkl.com/" "Mozilla/5.0 (Windows NT 10.0; Win64; x64) AppleWebKit/537.36 (KHTML, like Gecko) Chrome/120.0.0.0 Safari/537.36"
185.36.192.16 - - [08/Oct/2025:05:09:21 +0000] "GET /wp-content/themes/photomania/third-party/font-awesome/css/all.min.css?ver=6.7.2 HTTP/1.1" 200 21501 "http://massageb2bkl.com/" "Mozilla/5.0 (Windows NT 10.0; Win64; x64) AppleWebKit/537.36 (KHTML, like Gecko) Chrome/120.0.0.0 Safari/537.36"
185.36.192.16 - - [08/Oct/2025:05:09:23 +0000] "GET /wp-content/fonts/e7ae47b6986d44eff2efb35ef0ef73a5.css HTTP/1.1" 200 685 "http://massageb2bkl.com/" "Mozilla/5.0 (Windows NT 10.0; Win64; x64) AppleWebKit/537.36 (KHTML, like Gecko) Chrome/120.0.0.0 Safari/537.36"
185.36.192.16 - - [08/Oct/2025:05:09:23 +0000] "GET /wp-content/themes/photomania/third-party/sidr/css/jquery.sidr.dark.min.css?ver=2.2.1 HTTP/1.1" 200 1305 "http://massageb2bkl.com/" "Mozilla/5.0 (Windows NT 10.0; Win64; x64) AppleWebKit/537.36 (KHTML, like Gecko) Chrome/120.0.0.0 Safari/537.36"
185.36.192.16 - - [08/Oct/2025:05:09:24 +0000] "GET /wp-content/themes/photomania/third-party/magnific-popup/css/magnific-popup.min.css?ver=1.1.0 HTTP/1.1" 200 1586 "http://massageb2bkl.com/" "Mozilla/5.0 (Windows NT 10.0; Win64; x64) AppleWebKit/537.36 (KHTML, like Gecko) Chrome/120.0.0.0 Safari/537.36"
185.36.192.16 - - [08/Oct/2025:05:09:25 +0000] "GET /wp-content/themes/photomania/style.css?ver=20250702-173701 HTTP/1.1" 200 18906 "http://massageb2bkl.com/" "Mozilla/5.0 (Windows NT 10.0; Win64; x64) AppleWebKit/537.36 (KHTML, like Gecko) Chrome/120.0.0.0 Safari/537.36"
185.36.192.16 - - [08/Oct/2025:05:09:26 +0000] "GET /wp-content/themes/photomania/css/blocks.css?ver=20250702-173701 HTTP/1.1" 200 2738 "http://massageb2bkl.com/" "Mozilla/5.0 (Windows NT 10.0; Win64; x64) AppleWebKit/537.36 (KHTML, like Gecko) Chrome/120.0.0.0 Safari/537.36"
185.36.192.16 - - [08/Oct/2025:05:09:44 +0000] "GET /wp-includes/js/jquery/jquery.min.js?ver=3.7.1 HTTP/1.1" 200 30368 "http://massageb2bkl.com/" "Mozilla/5.0 (Windows NT 10.0; Win64; x64) AppleWebKit/537.36 (KHTML, like Gecko) Chrome/120.0.0.0 Safari/537.36"
185.36.192.16 - - [08/Oct/2025:05:09:45 +0000] "GET /wp-includes/js/jquery/jquery-migrate.min.js?ver=3.4.1 HTTP/1.1" 200 4872 "http://massageb2bkl.com/" "Mozilla/5.0 (Windows NT 10.0; Win64; x64) AppleWebKit/537.36 (KHTML, like Gecko) Chrome/120.0.0.0 Safari/537.36"
185.36.192.16 - - [08/Oct/2025:05:09:52 +0000] "GET /wp-content/themes/photomania/js/skip-link-focus-fix.min.js?ver=20130115 HTTP/1.1" 200 281 "http://massageb2bkl.com/" "Mozilla/5.0 (Windows NT 10.0; Win64; x64) AppleWebKit/537.36 (KHTML, like Gecko) Chrome/120.0.0.0 Safari/537.36"
185.36.192.16 - - [08/Oct/2025:05:10:01 +0000] "GET /wp-content/themes/photomania/third-party/cycle2/js/jquery.cycle2.min.js?ver=2.1.6 HTTP/1.1" 200 6730 "http://massageb2bkl.com/" "Mozilla/5.0 (Windows NT 10.0; Win64; x64) AppleWebKit/537.36 (KHTML, like Gecko) Chrome/120.0.0.0 Safari/537.36"
185.36.192.16 - - [08/Oct/2025:05:10:01 +0000] "GET /wp-content/themes/photomania/third-party/sidr/js/jquery.sidr.min.js?ver=2.2.1 HTTP/1.1" 200 2478 "http://massageb2bkl.com/" "Mozilla/5.0 (Windows NT 10.0; Win64; x64) AppleWebKit/537.36 (KHTML, like Gecko) Chrome/120.0.0.0 Safari/537.36"
185.36.192.16 - - [08/Oct/2025:05:10:01 +0000] "GET /wp-content/themes/photomania/third-party/magnific-popup/js/jquery.magnific-popup.min.js?ver=1.1.0 HTTP/1.1" 200 7182 "http://massageb2bkl.com/" "Mozilla/5.0 (Windows NT 10.0; Win64; x64) AppleWebKit/537.36 (KHTML, like Gecko) Chrome/120.0.0.0 Safari/537.36"
185.36.192.16 - - [08/Oct/2025:05:10:02 +0000] "GET /wp-includes/js/wp-util.min.js?ver=6.8.3 HTTP/1.1" 200 756 "http://massageb2bkl.com/" "Mozilla/5.0 (Windows NT 10.0; Win64; x64) AppleWebKit/537.36 (KHTML, like Gecko) Chrome/120.0.0.0 Safari/537.36"
185.36.192.16 - - [08/Oct/2025:05:10:02 +0000] "GET /wp-includes/js/underscore.min.js?ver=1.13.7 HTTP/1.1" 200 7317 "http://massageb2bkl.com/" "Mozilla/5.0 (Windows NT 10.0; Win64; x64) AppleWebKit/537.36 (KHTML, like Gecko) Chrome/120.0.0.0 Safari/537.36"
185.36.192.16 - - [08/Oct/2025:05:10:03 +0000] "GET /wp-includes/js/imagesloaded.min.js?ver=5.0.0 HTTP/1.1" 200 1803 "http://massageb2bkl.com/" "Mozilla/5.0 (Windows NT 10.0; Win64; x64) AppleWebKit/537.36 (KHTML, like Gecko) Chrome/120.0.0.0 Safari/537.36"
185.36.192.16 - - [08/Oct/2025:05:10:03 +0000] "GET /wp-includes/js/masonry.min.js?ver=4.2.2 HTTP/1.1" 200 7382 "http://massageb2bkl.com/" "Mozilla/5.0 (Windows NT 10.0; Win64; x64) AppleWebKit/537.36 (KHTML, like Gecko) Chrome/120.0.0.0 Safari/537.36"
185.36.192.16 - - [08/Oct/2025:05:10:03 +0000] "GET /wp-content/themes/photomania/js/custom.min.js?ver=1.0.0 HTTP/1.1" 200 806 "http://massageb2bkl.com/" "Mozilla/5.0 (Windows NT 10.0; Win64; x64) AppleWebKit/537.36 (KHTML, like Gecko) Chrome/120.0.0.0 Safari/537.36"
185.36.192.16 - - [08/Oct/2025:05:10:05 +0000] "GET /wp-content/plugins/google-analytics-for-wordpress/assets/js/frontend-gtag.min.js?ver=9.8.0 HTTP/1.1" 200 3277 "http://massageb2bkl.com/" "Mozilla/5.0 (Windows NT 10.0; Win64; x64) AppleWebKit/537.36 (KHTML, like Gecko) Chrome/120.0.0.0 Safari/537.36"
185.36.192.16 - - [08/Oct/2025:05:10:18 +0000] "GET /wp-content/plugins/click-to-chat-for-whatsapp/new/inc/assets/js/app.js?ver=4.28 HTTP/1.1" 200 3560 "http://massageb2bkl.com/" "Mozilla/5.0 (Windows NT 10.0; Win64; x64) AppleWebKit/537.36 (KHTML, like Gecko) Chrome/120.0.0.0 Safari/537.36"
185.36.192.16 - - [08/Oct/2025:05:10:19 +0000] "GET /wp-content/fonts/rajdhani/LDIxapCSOBg7S-QT7p4HM-Y.woff2 HTTP/1.1" 200 14999 "http://massageb2bkl.com/wp-content/fonts/e7ae47b6986d44eff2efb35ef0ef73a5.css" "Mozilla/5.0 (Windows NT 10.0; Win64; x64) AppleWebKit/537.36 (KHTML, like Gecko) Chrome/120.0.0.0 Safari/537.36"
185.36.192.16 - - [08/Oct/2025:05:10:19 +0000] "GET /wp-content/fonts/rajdhani/LDI2apCSOBg7S-QT7pa8FvOreec.woff2 HTTP/1.1" 200 15711 "http://massageb2bkl.com/wp-content/fonts/e7ae47b6986d44eff2efb35ef0ef73a5.css" "Mozilla/5.0 (Windows NT 10.0; Win64; x64) AppleWebKit/537.36 (KHTML, like Gecko) Chrome/120.0.0.0 Safari/537.36"
185.36.192.16 - - [08/Oct/2025:05:10:19 +0000] "GET /wp-includes/js/wp-emoji-release.min.js?ver=6.8.3 HTTP/1.1" 200 5163 "http://massageb2bkl.com/" "Mozilla/5.0 (Windows NT 10.0; Win64; x64) AppleWebKit/537.36 (KHTML, like Gecko) Chrome/120.0.0.0 Safari/537.36"
185.36.192.16 - - [08/Oct/2025:05:10:19 +0000] "GET /wp-content/fonts/rajdhani/LDI2apCSOBg7S-QT7pb0EPOreec.woff2 HTTP/1.1" 200 15107 "http://massageb2bkl.com/wp-content/fonts/e7ae47b6986d44eff2efb35ef0ef73a5.css" "Mozilla/5.0 (Windows NT 10.0; Win64; x64) AppleWebKit/537.36 (KHTML, like Gecko) Chrome/120.0.0.0 Safari/537.36"
185.36.192.16 - - [08/Oct/2025:05:10:20 +0000] "GET /wp-content/themes/photomania/third-party/font-awesome/webfonts/fa-brands-400.woff2 HTTP/1.1" 200 118686 "http://massageb2bkl.com/wp-content/themes/photomania/third-party/font-awesome/css/all.min.css?ver=6.7.2" "Mozilla/5.0 (Windows NT 10.0; Win64; x64) AppleWebKit/537.36 (KHTML, like Gecko) Chrome/120.0.0.0 Safari/537.36"
185.36.192.16 - - [08/Oct/2025:05:10:20 +0000] "GET /wp-content/themes/photomania/third-party/font-awesome/webfonts/fa-solid-900.woff2 HTTP/1.1" 200 158263 "http://massageb2bkl.com/wp-content/themes/photomania/third-party/font-awesome/css/all.min.css?ver=6.7.2" "Mozilla/5.0 (Windows NT 10.0; Win64; x64) AppleWebKit/537.36 (KHTML, like Gecko) Chrome/120.0.0.0 Safari/537.36"
203.161.56.247 - - [08/Oct/2025:05:53:15 +0000] "POST /wp-cron.php?doing_wp_cron=1759902795.8501970767974853515625 HTTP/1.1" 200 - "-" "WordPress/6.8.3; https://massageb2bkl.com"
45.141.215.55 - - [08/Oct/2025:05:53:14 +0000] "GET /style.php HTTP/1.1" 404 14630 "-" "Go-http-client/1.1"
45.141.215.55 - - [08/Oct/2025:05:53:16 +0000] "GET /wp-content/style.php HTTP/1.1" 404 14633 "-" "Go-http-client/1.1"
45.141.215.55 - - [08/Oct/2025:05:53:19 +0000] "GET /wp-content/themes/style.php HTTP/1.1" 404 14638 "-" "Go-http-client/1.1"
45.141.215.55 - - [08/Oct/2025:05:53:22 +0000] "GET /wp-admin/style.php HTTP/1.1" 404 14639 "-" "Go-http-client/1.1"
45.141.215.55 - - [08/Oct/2025:05:53:25 +0000] "GET /wp-includes/style.php HTTP/1.1" 404 14633 "-" "Go-http-client/1.1"
45.141.215.55 - - [08/Oct/2025:05:53:28 +0000] "GET /chosen.php?p= HTTP/1.1" 301 - "-" "Go-http-client/1.1"
45.141.215.55 - - [08/Oct/2025:05:53:32 +0000] "GET /chosen.php HTTP/1.1" 404 14648 "http://massageb2bkl.com/chosen.php?p=" "Go-http-client/1.1"
45.141.215.55 - - [08/Oct/2025:05:53:35 +0000] "GET /file.php HTTP/1.1" 404 14631 "-" "Go-http-client/1.1"
45.141.215.55 - - [08/Oct/2025:05:53:37 +0000] "GET /flower.php HTTP/1.1" 404 14634 "-" "Go-http-client/1.1"
45.141.215.55 - - [08/Oct/2025:05:53:39 +0000] "GET /gifclass.php HTTP/1.1" 404 14634 "-" "Go-http-client/1.1"
45.141.215.55 - - [08/Oct/2025:05:53:41 +0000] "GET /bless.php HTTP/1.1" 404 14632 "-" "Go-http-client/1.1"
45.141.215.55 - - [08/Oct/2025:05:53:43 +0000] "GET /class-t.api.php HTTP/1.1" 404 14637 "-" "Go-http-client/1.1"
45.141.215.55 - - [08/Oct/2025:05:53:46 +0000] "GET /blurbs.php HTTP/1.1" 404 14634 "-" "Go-http-client/1.1"
45.141.215.55 - - [08/Oct/2025:05:53:48 +0000] "GET /akcc.php HTTP/1.1" 404 14632 "-" "Go-http-client/1.1"
45.141.215.55 - - [08/Oct/2025:05:53:49 +0000] "GET /abcd.php HTTP/1.1" 404 14632 "-" "Go-http-client/1.1"
45.141.215.55 - - [08/Oct/2025:05:53:50 +0000] "GET /flex.php HTTP/1.1" 404 14632 "-" "Go-http-client/1.1"
45.141.215.55 - - [08/Oct/2025:05:53:52 +0000] "GET /doc.php HTTP/1.1" 404 14630 "-" "Go-http-client/1.1"
45.141.215.55 - - [08/Oct/2025:05:53:53 +0000] "GET /wp-includes/js/thickbox/thickbox.php HTTP/1.1" 404 14645 "-" "Go-http-client/1.1"
203.161.56.247 - - [08/Oct/2025:05:53:57 +0000] "POST /wp-cron.php?doing_wp_cron=1759902837.0201721191406250000000 HTTP/1.1" 200 - "-" "WordPress/6.8.3; https://massageb2bkl.com"
45.141.215.55 - - [08/Oct/2025:05:53:56 +0000] "GET /akc.php HTTP/1.1" 404 14631 "-" "Go-http-client/1.1"
45.141.215.55 - - [08/Oct/2025:05:53:57 +0000] "GET /zoo.php HTTP/1.1" 404 14632 "-" "Go-http-client/1.1"
45.141.215.55 - - [08/Oct/2025:05:53:59 +0000] "GET //zwso.php HTTP/1.1" 301 - "-" "Go-http-client/1.1"
45.141.215.55 - - [08/Oct/2025:05:54:00 +0000] "GET /zwso.php HTTP/1.1" 404 14647 "http://massageb2bkl.com//zwso.php" "Go-http-client/1.1"
45.141.215.55 - - [08/Oct/2025:05:54:02 +0000] "GET /wp-content/plugins/hellopress/wp_mna.php HTTP/1.1" 404 14652 "-" "Go-http-client/1.1"
45.141.215.55 - - [08/Oct/2025:05:54:03 +0000] "GET /bolt.php HTTP/1.1" 404 14632 "-" "Go-http-client/1.1"
45.141.215.55 - - [08/Oct/2025:05:54:06 +0000] "GET /shlo.php HTTP/1.1" 404 14631 "-" "Go-http-client/1.1"
45.141.215.55 - - [08/Oct/2025:05:54:07 +0000] "GET /files.php HTTP/1.1" 404 14632 "-" "Go-http-client/1.1"
45.141.215.55 - - [08/Oct/2025:05:54:10 +0000] "GET /wp-editor.php HTTP/1.1" 404 14637 "-" "Go-http-client/1.1"
203.161.56.247 - - [08/Oct/2025:06:05:18 +0000] "POST /wp-cron.php?doing_wp_cron=1759903518.0040440559387207031250 HTTP/1.1" 200 - "-" "WordPress/6.8.3; https://massageb2bkl.com"
85.172.100.70 - - [08/Oct/2025:06:05:16 +0000] "GET /wp-content/plugins/wp-automatic/css/style.css HTTP/1.1" 404 50325 "-" "curl/8.12.1"
216.244.66.242 - - [08/Oct/2025:06:12:26 +0000] "GET /robots.txt HTTP/1.1" 200 165 "-" "Mozilla/5.0 (compatible; DotBot/1.2; +https://opensiteexplorer.org/dotbot; help@moz.com)"