/home/klesmriw/access-logs/b2bmassagekl.klescortgirldirectory.com-ssl_log
203.161.56.247 - - [07/Oct/2025:12:07:20 +0000] "POST /wp-cron.php?doing_wp_cron=1759838840.0959680080413818359375 HTTP/1.1" 200 - "-" "WordPress/6.8.3; https://b2bmassagekl.net"
112.208.178.100 - - [07/Oct/2025:12:07:18 +0000] "POST /xmlrpc.php HTTP/1.1" 200 403 "-" "Mozilla/5.0 (X11; Ubuntu; Linux x86_64; arm64) AppleWebKit/537.36 (KHTML, like Gecko) Chrome/103.0.0.0 Safari/537.36"
216.73.216.105 - - [07/Oct/2025:12:07:20 +0000] "GET /video-sitemap.xml HTTP/1.1" 404 267 "-" "Mozilla/5.0 AppleWebKit/537.36 (KHTML, like Gecko; compatible; ClaudeBot/1.0; +claudebot@anthropic.com)"
203.161.56.247 - - [07/Oct/2025:12:08:23 +0000] "POST /wp-cron.php?doing_wp_cron=1759838903.2154619693756103515625 HTTP/1.1" 200 - "-" "WordPress/6.8.3; https://b2bmassagekl.net"
216.73.216.105 - - [07/Oct/2025:12:08:21 +0000] "GET /sitemap.rss HTTP/1.1" 200 1189 "-" "Mozilla/5.0 AppleWebKit/537.36 (KHTML, like Gecko; compatible; ClaudeBot/1.0; +claudebot@anthropic.com)"
112.208.178.100 - - [07/Oct/2025:12:08:38 +0000] "POST /xmlrpc.php HTTP/1.1" 200 403 "-" "Mozilla/5.0 (Linux; Android 10; x86) AppleWebKit/537.36 (KHTML, like Gecko) Firefox/85.0.0.0 Safari/537.36"
203.161.56.247 - - [07/Oct/2025:12:09:48 +0000] "POST /wp-cron.php?doing_wp_cron=1759838988.7544019222259521484375 HTTP/1.1" 200 - "-" "WordPress/6.8.3; https://b2bmassagekl.net"
52.167.144.161 - - [07/Oct/2025:12:09:47 +0000] "GET /sitemap.xml HTTP/1.1" 200 394 "-" "Mozilla/5.0 AppleWebKit/537.36 (KHTML, like Gecko; compatible; bingbot/2.0; +http://www.bing.com/bingbot.htm) Chrome/116.0.1938.76 Safari/537.36"
112.208.178.100 - - [07/Oct/2025:12:09:50 +0000] "POST /xmlrpc.php HTTP/1.1" 200 403 "-" "Mozilla/5.0 (Windows NT 6.2; x64) AppleWebKit/537.36 (KHTML, like Gecko) Safari/15.0.0.0 Safari/537.36"
203.161.56.247 - - [07/Oct/2025:12:11:11 +0000] "POST /wp-cron.php?doing_wp_cron=1759839071.6990981101989746093750 HTTP/1.1" 200 - "-" "WordPress/6.8.3; https://b2bmassagekl.net"
112.208.178.100 - - [07/Oct/2025:12:11:10 +0000] "POST /xmlrpc.php HTTP/1.1" 200 403 "-" "Mozilla/5.0 (X11; Ubuntu; Linux x86_64; x64) AppleWebKit/537.36 (KHTML, like Gecko) Chrome/87.0.0.0 Safari/537.36"
203.161.56.247 - - [07/Oct/2025:12:12:22 +0000] "POST /wp-cron.php?doing_wp_cron=1759839142.1098439693450927734375 HTTP/1.1" 200 - "-" "WordPress/6.8.3; https://b2bmassagekl.net"
112.208.178.100 - - [07/Oct/2025:12:12:20 +0000] "POST /xmlrpc.php HTTP/1.1" 200 403 "-" "Mozilla/5.0 (X11; Ubuntu; Linux x86_64; x86) AppleWebKit/537.36 (KHTML, like Gecko) Chrome/96.0.0.0 Safari/537.36"
203.161.56.247 - - [07/Oct/2025:12:13:48 +0000] "POST /wp-cron.php?doing_wp_cron=1759839228.8931860923767089843750 HTTP/1.1" 200 - "-" "WordPress/6.8.3; https://b2bmassagekl.net"
112.208.178.100 - - [07/Oct/2025:12:13:47 +0000] "POST /xmlrpc.php HTTP/1.1" 200 403 "-" "Mozilla/5.0 (Windows NT 6.3; arm64) AppleWebKit/537.36 (KHTML, like Gecko) Firefox/98.0.0.0 Safari/537.36"
203.161.56.247 - - [07/Oct/2025:12:15:11 +0000] "POST /wp-cron.php?doing_wp_cron=1759839311.1336390972137451171875 HTTP/1.1" 200 - "-" "WordPress/6.8.3; https://b2bmassagekl.net"
112.208.178.100 - - [07/Oct/2025:12:15:08 +0000] "POST /xmlrpc.php HTTP/1.1" 200 403 "-" "Mozilla/5.0 (X11; Ubuntu; Linux x86_64; x64) AppleWebKit/537.36 (KHTML, like Gecko) Firefox/97.0.0.0 Safari/537.36"
203.161.56.247 - - [07/Oct/2025:12:16:25 +0000] "POST /wp-cron.php?doing_wp_cron=1759839385.9829349517822265625000 HTTP/1.1" 200 - "-" "WordPress/6.8.3; https://b2bmassagekl.net"
112.208.178.100 - - [07/Oct/2025:12:16:24 +0000] "POST /xmlrpc.php HTTP/1.1" 200 403 "-" "Mozilla/5.0 (Windows NT 10.0; x64) AppleWebKit/537.36 (KHTML, like Gecko) Edge/87.0.0.0 Safari/537.36"
203.161.56.247 - - [07/Oct/2025:12:17:31 +0000] "POST /wp-cron.php?doing_wp_cron=1759839451.4800410270690917968750 HTTP/1.1" 200 - "-" "WordPress/6.8.3; https://b2bmassagekl.net"
112.208.178.100 - - [07/Oct/2025:12:17:29 +0000] "POST /xmlrpc.php HTTP/1.1" 200 403 "-" "Mozilla/5.0 (Windows NT 10.0; x64) AppleWebKit/537.36 (KHTML, like Gecko) Edge/91.0.0.0 Safari/537.36"
203.161.56.247 - - [07/Oct/2025:12:18:36 +0000] "POST /wp-cron.php?doing_wp_cron=1759839516.9798030853271484375000 HTTP/1.1" 200 - "-" "WordPress/6.8.3; https://b2bmassagekl.net"
112.208.178.100 - - [07/Oct/2025:12:18:35 +0000] "POST /xmlrpc.php HTTP/1.1" 200 403 "-" "Mozilla/5.0 (Windows NT 6.3; x64) AppleWebKit/537.36 (KHTML, like Gecko) Chrome/110.0.0.0 Safari/537.36"
203.161.56.247 - - [07/Oct/2025:12:19:42 +0000] "POST /wp-cron.php?doing_wp_cron=1759839582.4534969329833984375000 HTTP/1.1" 200 - "-" "WordPress/6.8.3; https://b2bmassagekl.net"
112.208.178.100 - - [07/Oct/2025:12:19:40 +0000] "POST /xmlrpc.php HTTP/1.1" 200 403 "-" "Mozilla/5.0 (Windows NT 10.0; x64) AppleWebKit/537.36 (KHTML, like Gecko) Opera/72.0.0.0 Safari/537.36"
203.161.56.247 - - [07/Oct/2025:12:20:43 +0000] "POST /wp-cron.php?doing_wp_cron=1759839643.9221079349517822265625 HTTP/1.1" 200 - "-" "WordPress/6.8.3; https://b2bmassagekl.net"
112.208.178.100 - - [07/Oct/2025:12:20:42 +0000] "POST /xmlrpc.php HTTP/1.1" 200 403 "-" "Mozilla/5.0 (Windows NT 6.2; x64) AppleWebKit/537.36 (KHTML, like Gecko) Edge/96.0.0.0 Safari/537.36"
203.161.56.247 - - [07/Oct/2025:12:21:50 +0000] "POST /wp-cron.php?doing_wp_cron=1759839710.7051858901977539062500 HTTP/1.1" 200 - "-" "WordPress/6.8.3; https://b2bmassagekl.net"
112.208.178.100 - - [07/Oct/2025:12:21:49 +0000] "POST /xmlrpc.php HTTP/1.1" 200 403 "-" "Mozilla/5.0 (Macintosh; Intel Mac OS X 10_15_7; x64) AppleWebKit/537.36 (KHTML, like Gecko) Safari/12.0.0.0 Safari/537.36"
203.161.56.247 - - [07/Oct/2025:12:22:46 +0000] "POST /wp-cron.php?doing_wp_cron=1759839766.6167349815368652343750 HTTP/1.1" 200 - "-" "WordPress/6.8.3; https://b2bmassagekl.net"
112.208.178.100 - - [07/Oct/2025:12:22:45 +0000] "POST /xmlrpc.php HTTP/1.1" 200 403 "-" "Mozilla/5.0 (Windows NT 6.2; x86) AppleWebKit/537.36 (KHTML, like Gecko) Opera/74.0.0.0 Safari/537.36"
203.161.56.247 - - [07/Oct/2025:12:23:52 +0000] "POST /wp-cron.php?doing_wp_cron=1759839832.1641190052032470703125 HTTP/1.1" 200 - "-" "WordPress/6.8.3; https://b2bmassagekl.net"
112.208.178.100 - - [07/Oct/2025:12:23:50 +0000] "POST /xmlrpc.php HTTP/1.1" 200 403 "-" "Mozilla/5.0 (Windows NT 10.0; x64) AppleWebKit/537.36 (KHTML, like Gecko) Opera/65.0.0.0 Safari/537.36"
203.161.56.247 - - [07/Oct/2025:12:24:46 +0000] "POST /wp-cron.php?doing_wp_cron=1759839886.7340900897979736328125 HTTP/1.1" 200 - "-" "WordPress/6.8.3; https://b2bmassagekl.net"
112.208.178.100 - - [07/Oct/2025:12:24:45 +0000] "POST /xmlrpc.php HTTP/1.1" 200 403 "-" "Mozilla/5.0 (Windows NT 6.2; x64) AppleWebKit/537.36 (KHTML, like Gecko) Chrome/100.0.0.0 Safari/537.36"
203.161.56.247 - - [07/Oct/2025:12:25:49 +0000] "POST /wp-cron.php?doing_wp_cron=1759839949.2379670143127441406250 HTTP/1.1" 200 - "-" "WordPress/6.8.3; https://b2bmassagekl.net"
112.208.178.100 - - [07/Oct/2025:12:25:47 +0000] "POST /xmlrpc.php HTTP/1.1" 200 403 "-" "Mozilla/5.0 (Windows NT 10.0; arm64) AppleWebKit/537.36 (KHTML, like Gecko) Opera/78.0.0.0 Safari/537.36"
203.161.56.247 - - [07/Oct/2025:12:26:51 +0000] "POST /wp-cron.php?doing_wp_cron=1759840011.9365830421447753906250 HTTP/1.1" 200 - "-" "WordPress/6.8.3; https://b2bmassagekl.net"
112.208.178.100 - - [07/Oct/2025:12:26:50 +0000] "POST /xmlrpc.php HTTP/1.1" 200 403 "-" "Mozilla/5.0 (Windows NT 6.3; arm64) AppleWebKit/537.36 (KHTML, like Gecko) Safari/14.0.0.0 Safari/537.36"
203.161.56.247 - - [07/Oct/2025:12:27:48 +0000] "POST /wp-cron.php?doing_wp_cron=1759840068.9309570789337158203125 HTTP/1.1" 200 - "-" "WordPress/6.8.3; https://b2bmassagekl.net"
112.208.178.100 - - [07/Oct/2025:12:27:47 +0000] "POST /xmlrpc.php HTTP/1.1" 200 403 "-" "Mozilla/5.0 (Windows NT 10.0; arm64) AppleWebKit/537.36 (KHTML, like Gecko) Firefox/80.0.0.0 Safari/537.36"
203.161.56.247 - - [07/Oct/2025:12:29:13 +0000] "POST /wp-cron.php?doing_wp_cron=1759840153.6556448936462402343750 HTTP/1.1" 200 - "-" "WordPress/6.8.3; https://b2bmassagekl.net"
112.208.178.100 - - [07/Oct/2025:12:29:12 +0000] "POST /xmlrpc.php HTTP/1.1" 200 403 "-" "Mozilla/5.0 (Macintosh; Intel Mac OS X 10_15_7; x64) AppleWebKit/537.36 (KHTML, like Gecko) Chrome/88.0.0.0 Safari/537.36"
203.161.56.247 - - [07/Oct/2025:12:30:19 +0000] "POST /wp-cron.php?doing_wp_cron=1759840219.4494669437408447265625 HTTP/1.1" 200 - "-" "WordPress/6.8.3; https://b2bmassagekl.net"
112.208.178.100 - - [07/Oct/2025:12:30:16 +0000] "POST /xmlrpc.php HTTP/1.1" 200 403 "-" "Mozilla/5.0 (X11; Ubuntu; Linux x86_64; x64) AppleWebKit/537.36 (KHTML, like Gecko) Opera/67.0.0.0 Safari/537.36"
95.27.41.40 - - [07/Oct/2025:12:30:33 +0000] "GET / HTTP/1.0" 200 153436 "https://b2bmassagekl.net/" "Mozilla/5.0 (Windows NT 6.3; Win64; x64) AppleWebKit/537.36 (KHTML, like Gecko) Chrome/103.0.5060.66 Safari/537.36"
203.161.56.247 - - [07/Oct/2025:12:31:15 +0000] "POST /wp-cron.php?doing_wp_cron=1759840275.7865879535675048828125 HTTP/1.1" 200 - "-" "WordPress/6.8.3; https://b2bmassagekl.net"
112.208.178.100 - - [07/Oct/2025:12:31:14 +0000] "POST /xmlrpc.php HTTP/1.1" 200 403 "-" "Mozilla/5.0 (Windows NT 6.3; x86) AppleWebKit/537.36 (KHTML, like Gecko) Firefox/89.0.0.0 Safari/537.36"
203.161.56.247 - - [07/Oct/2025:12:37:59 +0000] "POST /wp-cron.php?doing_wp_cron=1759840679.5964190959930419921875 HTTP/1.1" 200 - "-" "WordPress/6.8.3; https://b2bmassagekl.net"
37.139.53.214 - - [07/Oct/2025:12:37:58 +0000] "GET / HTTP/1.0" 200 153429 "https://b2bmassagekl.net/" "Mozilla/5.0 (Windows NT 10.0; Win64; x64) AppleWebKit/537.36 (KHTML, like Gecko) Chrome/131.0.0.0 Safari/537.36 Avast/131.0.0.0"
203.161.56.247 - - [07/Oct/2025:12:39:35 +0000] "POST /wp-cron.php?doing_wp_cron=1759840775.6778230667114257812500 HTTP/1.1" 200 - "-" "WordPress/6.8.3; https://b2bmassagekl.net"
67.205.159.76 - - [07/Oct/2025:12:39:34 +0000] "POST /xmlrpc.php HTTP/1.1" 200 225 "-" "Mozilla/5.0 (X11; Ubuntu; Linux x86_64; rv:85.0) Gecko/20100101 Firefox/91.0"
203.161.56.247 - - [07/Oct/2025:12:49:17 +0000] "POST /wp-cron.php?doing_wp_cron=1759841357.8147571086883544921875 HTTP/1.1" 200 - "-" "WordPress/6.8.3; https://b2bmassagekl.net"
185.121.235.192 - - [07/Oct/2025:12:49:15 +0000] "GET /top-rated-escort-agency-in-kuala-lumpur/ HTTP/1.0" 404 43051 "https://b2bmassagekl.net/top-rated-escort-agency-in-kuala-lumpur/" "Mozilla/5.0 (Windows NT 10.0; Win64; x64) AppleWebKit/537.36 (KHTML, like Gecko) Chrome/131.0.0.0 Safari/537.36 Avast/131.0.0.0"
205.210.31.66 - - [07/Oct/2025:12:49:21 +0000] "GET / HTTP/1.1" 301 - "-" "Hello from Palo Alto Networks, find out more about our scans in https://docs-cortex.paloaltonetworks.com/r/1/Cortex-Xpanse/Scanning-activity"
203.161.56.247 - - [07/Oct/2025:12:53:41 +0000] "POST /wp-cron.php?doing_wp_cron=1759841621.4793310165405273437500 HTTP/1.1" 200 - "-" "WordPress/6.8.3; https://b2bmassagekl.net"
216.73.216.105 - - [07/Oct/2025:12:53:40 +0000] "GET /robots.txt HTTP/1.1" 200 135 "-" "Mozilla/5.0 AppleWebKit/537.36 (KHTML, like Gecko; compatible; ClaudeBot/1.0; +claudebot@anthropic.com)"
216.73.216.105 - - [07/Oct/2025:12:53:41 +0000] "GET /news-sitemap.xml HTTP/1.1" 404 285 "-" "Mozilla/5.0 AppleWebKit/537.36 (KHTML, like Gecko; compatible; ClaudeBot/1.0; +claudebot@anthropic.com)"
203.161.56.247 - - [07/Oct/2025:12:57:44 +0000] "POST /wp-cron.php?doing_wp_cron=1759841864.4983260631561279296875 HTTP/1.1" 200 - "-" "WordPress/6.8.3; https://b2bmassagekl.net"
62.113.118.168 - - [07/Oct/2025:12:57:42 +0000] "GET /book-an-escort-at-kl-escort-model/ HTTP/1.0" 404 43027 "https://b2bmassagekl.net/book-an-escort-at-kl-escort-model/#comment-18693" "Mozilla/5.0 (Windows NT 10.0; Win64; x64) AppleWebKit/537.36 (KHTML, like Gecko) Chrome/131.0.0.0 Safari/537.36 Avast/131.0.0.0"
203.161.56.247 - - [07/Oct/2025:13:01:37 +0000] "POST /wp-cron.php?doing_wp_cron=1759842097.9092140197753906250000 HTTP/1.1" 200 - "-" "WordPress/6.8.3; https://b2bmassagekl.net"
216.73.216.105 - - [07/Oct/2025:13:01:36 +0000] "GET /sitemap.rss HTTP/1.1" 200 1189 "-" "Mozilla/5.0 AppleWebKit/537.36 (KHTML, like Gecko; compatible; ClaudeBot/1.0; +claudebot@anthropic.com)"
203.161.56.247 - - [07/Oct/2025:13:03:40 +0000] "POST /wp-cron.php?doing_wp_cron=1759842220.5213971138000488281250 HTTP/1.1" 200 - "-" "WordPress/6.8.3; https://b2bmassagekl.net"
198.244.240.199 - - [07/Oct/2025:13:03:38 +0000] "GET /category/myr-450-1h/page/2/ HTTP/1.1" 200 12237 "-" "Mozilla/5.0 (compatible; AhrefsBot/7.0; +http://ahrefs.com/robot/)"
203.161.56.247 - - [07/Oct/2025:13:10:36 +0000] "POST /wp-cron.php?doing_wp_cron=1759842636.6286840438842773437500 HTTP/1.1" 200 - "-" "WordPress/6.8.3; https://b2bmassagekl.net"
89.110.104.136 - - [07/Oct/2025:13:10:35 +0000] "GET /top-rated-escort-agency-in-kuala-lumpur/ HTTP/1.0" 404 43051 "https://b2bmassagekl.net/top-rated-escort-agency-in-kuala-lumpur/" "Mozilla/5.0 (Windows NT 10.0; Win64; x64) AppleWebKit/537.36 (KHTML, like Gecko) Chrome/131.0.0.0 Safari/537.36 Avast/131.0.0.0"
52.167.144.19 - - [07/Oct/2025:13:10:54 +0000] "GET /016-2/ HTTP/1.1" 200 14754 "-" "Mozilla/5.0 AppleWebKit/537.36 (KHTML, like Gecko; compatible; bingbot/2.0; +http://www.bing.com/bingbot.htm) Chrome/116.0.1938.76 Safari/537.36"
203.161.56.247 - - [07/Oct/2025:13:11:54 +0000] "POST /wp-cron.php?doing_wp_cron=1759842714.4862411022186279296875 HTTP/1.1" 200 - "-" "WordPress/6.8.3; https://b2bmassagekl.net"
45.61.186.218 - - [07/Oct/2025:13:11:53 +0000] "GET /wp-login.php HTTP/1.1" 200 1994 "-" "Mozilla/5.0 (X11; Linux x86_64) AppleWebKit/537.36 (KHTML, like Gecko) Chrome/36.0.1985.125 Safari/537.36"
45.61.186.218 - - [07/Oct/2025:13:11:54 +0000] "POST /wp-login.php HTTP/1.1" 200 2095 "-" "Mozilla/5.0 (X11; Linux x86_64) AppleWebKit/537.36 (KHTML, like Gecko) Chrome/36.0.1985.125 Safari/537.36"
216.73.216.105 - - [07/Oct/2025:13:12:01 +0000] "GET /sitemap.rss HTTP/1.1" 200 1189 "-" "Mozilla/5.0 AppleWebKit/537.36 (KHTML, like Gecko; compatible; ClaudeBot/1.0; +claudebot@anthropic.com)"
203.161.56.247 - - [07/Oct/2025:13:22:35 +0000] "POST /wp-cron.php?doing_wp_cron=1759843355.8493840694427490234375 HTTP/1.1" 200 - "-" "WordPress/6.8.3; https://b2bmassagekl.net"
52.167.144.23 - - [07/Oct/2025:13:22:34 +0000] "GET /news-sitemap.xml HTTP/1.1" 404 285 "-" "Mozilla/5.0 AppleWebKit/537.36 (KHTML, like Gecko; compatible; bingbot/2.0; +http://www.bing.com/bingbot.htm) Chrome/116.0.1938.76 Safari/537.36"
203.161.56.247 - - [07/Oct/2025:13:27:49 +0000] "POST /wp-cron.php?doing_wp_cron=1759843669.7834379673004150390625 HTTP/1.1" 200 - "-" "WordPress/6.8.3; https://b2bmassagekl.net"
216.73.216.105 - - [07/Oct/2025:13:27:48 +0000] "GET /news-sitemap.xml HTTP/1.1" 404 285 "-" "Mozilla/5.0 AppleWebKit/537.36 (KHTML, like Gecko; compatible; ClaudeBot/1.0; +claudebot@anthropic.com)"
123.187.240.242 - - [07/Oct/2025:13:31:02 +0000] "GET / HTTP/1.1" 200 24335 "http://b2bmassagekl.net" "Mozilla/5.0 (iPhone; CPU iPhone OS 13_2_3 like Mac OS X) AppleWebKit/605.1.15 (KHTML, like Gecko) Version/13.0.3 Mobile/15E148 Safari/604.1"
203.161.56.247 - - [07/Oct/2025:13:37:36 +0000] "POST /wp-cron.php?doing_wp_cron=1759844256.8975870609283447265625 HTTP/1.1" 200 - "-" "WordPress/6.8.3; https://b2bmassagekl.net"
216.73.216.105 - - [07/Oct/2025:13:37:35 +0000] "GET /sitemap.xml HTTP/1.1" 200 394 "-" "Mozilla/5.0 AppleWebKit/537.36 (KHTML, like Gecko; compatible; ClaudeBot/1.0; +claudebot@anthropic.com)"
203.161.56.247 - - [07/Oct/2025:13:39:21 +0000] "POST /wp-cron.php?doing_wp_cron=1759844361.7095329761505126953125 HTTP/1.1" 200 - "-" "WordPress/6.8.3; https://b2bmassagekl.net"
216.73.216.105 - - [07/Oct/2025:13:39:20 +0000] "GET /video-sitemap.xml HTTP/1.1" 404 267 "-" "Mozilla/5.0 AppleWebKit/537.36 (KHTML, like Gecko; compatible; ClaudeBot/1.0; +claudebot@anthropic.com)"
167.71.190.13 - - [07/Oct/2025:13:43:37 +0000] "GET / HTTP/1.1" 200 24345 "-" "Mozilla/5.0 (X11; Linux x86_64; rv:139.0) Gecko/20100101 Firefox/139.0"
167.71.190.13 - - [07/Oct/2025:13:43:40 +0000] "GET /favicon.ico HTTP/1.1" 302 - "https://b2bmassagekl.net/" "Mozilla/5.0 (X11; Linux x86_64; rv:139.0) Gecko/20100101 Firefox/139.0"
203.161.56.247 - - [07/Oct/2025:13:46:16 +0000] "POST /wp-cron.php?doing_wp_cron=1759844776.7327499389648437500000 HTTP/1.1" 200 - "-" "WordPress/6.8.3; https://b2bmassagekl.net"
199.45.154.141 - - [07/Oct/2025:13:46:15 +0000] "GET / HTTP/1.1" 200 24357 "-" "Mozilla/5.0 (compatible; CensysInspect/1.1; +https://about.censys.io/)"
203.161.56.247 - - [07/Oct/2025:13:46:28 +0000] "POST /wp-cron.php?doing_wp_cron=1759844788.1962130069732666015625 HTTP/1.1" 200 - "-" "WordPress/6.8.3; https://b2bmassagekl.net"
199.45.154.141 - - [07/Oct/2025:13:46:26 +0000] "GET /favicon.ico HTTP/1.1" 302 - "-" "Mozilla/5.0 (compatible; CensysInspect/1.1; +https://about.censys.io/)"
199.45.154.141 - - [07/Oct/2025:13:46:31 +0000] "GET /wp-includes/images/w-logo-blue-white-bg.png HTTP/1.1" 200 4119 "https://b2bmassagekl.net/favicon.ico" "Mozilla/5.0 (compatible; CensysInspect/1.1; +https://about.censys.io/)"
199.45.154.141 - - [07/Oct/2025:13:46:49 +0000] "GET / HTTP/1.1" 421 322 "-" "Mozilla/5.0 (compatible; CensysInspect/1.1; +https://about.censys.io/)"
203.161.56.247 - - [07/Oct/2025:14:01:55 +0000] "POST /wp-cron.php?doing_wp_cron=1759845715.4532949924468994140625 HTTP/1.1" 200 - "-" "WordPress/6.8.3; https://b2bmassagekl.net"
216.73.216.105 - - [07/Oct/2025:14:01:53 +0000] "GET /robots.txt HTTP/1.1" 200 135 "-" "Mozilla/5.0 AppleWebKit/537.36 (KHTML, like Gecko; compatible; ClaudeBot/1.0; +claudebot@anthropic.com)"
216.73.216.105 - - [07/Oct/2025:14:01:55 +0000] "GET /sitemap.rss HTTP/1.1" 200 1189 "-" "Mozilla/5.0 AppleWebKit/537.36 (KHTML, like Gecko; compatible; ClaudeBot/1.0; +claudebot@anthropic.com)"
203.161.56.247 - - [07/Oct/2025:14:11:30 +0000] "POST /wp-cron.php?doing_wp_cron=1759846290.4354588985443115234375 HTTP/1.1" 200 - "-" "WordPress/6.8.3; https://b2bmassagekl.net"
106.222.197.211 - - [07/Oct/2025:14:11:28 +0000] "POST /xmlrpc.php HTTP/1.1" 200 403 "-" "Mozilla/5.0 (Linux; Android 10; arm64) AppleWebKit/537.36 (KHTML, like Gecko) Safari/12.0.0.0 Safari/537.36"
203.161.56.247 - - [07/Oct/2025:14:12:29 +0000] "POST /wp-cron.php?doing_wp_cron=1759846349.6959528923034667968750 HTTP/1.1" 200 - "-" "WordPress/6.8.3; https://b2bmassagekl.net"
198.244.183.9 - - [07/Oct/2025:14:12:28 +0000] "GET /category/myr-450-1h/feed/ HTTP/1.1" 200 12357 "-" "Mozilla/5.0 (compatible; AhrefsBot/7.0; +http://ahrefs.com/robot/)"
203.161.56.247 - - [07/Oct/2025:14:17:12 +0000] "POST /wp-cron.php?doing_wp_cron=1759846632.9671730995178222656250 HTTP/1.1" 200 - "-" "WordPress/6.8.3; https://b2bmassagekl.net"
106.222.197.211 - - [07/Oct/2025:14:17:11 +0000] "POST /xmlrpc.php HTTP/1.1" 200 403 "-" "Mozilla/5.0 (Windows NT 6.3; arm64) AppleWebKit/537.36 (KHTML, like Gecko) Edge/87.0.0.0 Safari/537.36"
203.161.56.247 - - [07/Oct/2025:14:24:53 +0000] "POST /wp-cron.php?doing_wp_cron=1759847093.2158730030059814453125 HTTP/1.1" 200 - "-" "WordPress/6.8.3; https://b2bmassagekl.net"
216.73.216.105 - - [07/Oct/2025:14:24:51 +0000] "GET /news-sitemap.xml HTTP/1.1" 404 285 "-" "Mozilla/5.0 AppleWebKit/537.36 (KHTML, like Gecko; compatible; ClaudeBot/1.0; +claudebot@anthropic.com)"
203.161.56.247 - - [07/Oct/2025:14:25:31 +0000] "POST /wp-cron.php?doing_wp_cron=1759847131.7189640998840332031250 HTTP/1.1" 200 - "-" "WordPress/6.8.3; https://b2bmassagekl.net"
106.222.197.211 - - [07/Oct/2025:14:25:28 +0000] "POST /xmlrpc.php HTTP/1.1" 200 403 "-" "Mozilla/5.0 (Linux; Android 10; arm64) AppleWebKit/537.36 (KHTML, like Gecko) Firefox/72.0.0.0 Safari/537.36"
203.161.56.247 - - [07/Oct/2025:14:29:13 +0000] "POST /wp-cron.php?doing_wp_cron=1759847353.2927711009979248046875 HTTP/1.1" 200 - "-" "WordPress/6.8.3; https://b2bmassagekl.net"
106.222.197.211 - - [07/Oct/2025:14:29:11 +0000] "POST /xmlrpc.php HTTP/1.1" 200 403 "-" "Mozilla/5.0 (Windows NT 10.0; x86) AppleWebKit/537.36 (KHTML, like Gecko) Opera/74.0.0.0 Safari/537.36"
89.110.104.136 - - [07/Oct/2025:14:29:11 +0000] "GET /top-rated-escort-agency-in-kuala-lumpur/ HTTP/1.0" 404 43051 "https://b2bmassagekl.net/top-rated-escort-agency-in-kuala-lumpur/" "Mozilla/5.0 (Windows NT 10.0; Win64; x64) AppleWebKit/537.36 (KHTML, like Gecko) Chrome/130.0.0.0 Safari/537.36 CCleaner/130.0.0.0"
203.161.56.247 - - [07/Oct/2025:14:32:13 +0000] "POST /wp-cron.php?doing_wp_cron=1759847533.4539179801940917968750 HTTP/1.1" 200 - "-" "WordPress/6.8.3; https://b2bmassagekl.net"
185.121.235.192 - - [07/Oct/2025:14:32:11 +0000] "GET /top-rated-escort-agency-in-kuala-lumpur/ HTTP/1.0" 404 43051 "https://b2bmassagekl.net/top-rated-escort-agency-in-kuala-lumpur/" "Mozilla/5.0 (Windows NT 10.0; Win64; x64) AppleWebKit/537.36 (KHTML, like Gecko) Chrome/131.0.0.0 Safari/537.36"
203.161.56.247 - - [07/Oct/2025:14:35:37 +0000] "POST /wp-cron.php?doing_wp_cron=1759847737.4247310161590576171875 HTTP/1.1" 200 - "-" "WordPress/6.8.3; https://b2bmassagekl.net"
106.222.197.211 - - [07/Oct/2025:14:35:35 +0000] "POST /xmlrpc.php HTTP/1.1" 200 403 "-" "Mozilla/5.0 (Windows NT 6.3; x64) AppleWebKit/537.36 (KHTML, like Gecko) Opera/66.0.0.0 Safari/537.36"
203.161.56.247 - - [07/Oct/2025:14:36:31 +0000] "POST /wp-cron.php?doing_wp_cron=1759847791.5257730484008789062500 HTTP/1.1" 200 - "-" "WordPress/6.8.3; https://b2bmassagekl.net"
185.92.139.198 - - [07/Oct/2025:14:36:30 +0000] "GET /becoming-kuala-lumpur-escort-getting-bookings/ HTTP/1.0" 404 43075 "https://b2bmassagekl.net/becoming-kuala-lumpur-escort-getting-bookings/" "Mozilla/5.0 (Windows NT 10.0; Win64; x64) AppleWebKit/537.36 (KHTML, like Gecko) Chrome/130.0.0.0 Safari/537.36"
203.161.56.247 - - [07/Oct/2025:14:40:05 +0000] "POST /wp-cron.php?doing_wp_cron=1759848005.9559030532836914062500 HTTP/1.1" 200 - "-" "WordPress/6.8.3; https://b2bmassagekl.net"
95.164.151.216 - - [07/Oct/2025:14:40:03 +0000] "GET /wp-login.php HTTP/1.1" 200 1994 "-" "Mozilla/5.0 (Windows NT 10.0; Win64; x64) AppleWebKit/537.36 (KHTML, like Gecko) Chrome/115.0.0.0 Safari/537.36 Edg/115.0.1901.203"
95.164.151.216 - - [07/Oct/2025:14:40:07 +0000] "POST /wp-login.php HTTP/1.1" 200 2096 "https://b2bmassagekl.net/wp-login.php" "Mozilla/5.0 (Windows NT 10.0; Win64; x64) AppleWebKit/537.36 (KHTML, like Gecko) Chrome/115.0.0.0 Safari/537.36 Edg/115.0.1901.203"
203.161.56.247 - - [07/Oct/2025:14:42:03 +0000] "POST /wp-cron.php?doing_wp_cron=1759848123.4759008884429931640625 HTTP/1.1" 200 - "-" "WordPress/6.8.3; https://b2bmassagekl.net"
106.222.197.211 - - [07/Oct/2025:14:42:01 +0000] "POST /xmlrpc.php HTTP/1.1" 200 403 "-" "Mozilla/5.0 (Windows NT 6.3; x64) AppleWebKit/537.36 (KHTML, like Gecko) Firefox/71.0.0.0 Safari/537.36"
203.161.56.247 - - [07/Oct/2025:14:44:15 +0000] "POST /wp-cron.php?doing_wp_cron=1759848255.9725379943847656250000 HTTP/1.1" 200 - "-" "WordPress/6.8.3; https://b2bmassagekl.net"
216.73.216.105 - - [07/Oct/2025:14:44:14 +0000] "GET /sitemap.rss HTTP/1.1" 200 1189 "-" "Mozilla/5.0 AppleWebKit/537.36 (KHTML, like Gecko; compatible; ClaudeBot/1.0; +claudebot@anthropic.com)"
203.161.56.247 - - [07/Oct/2025:14:48:20 +0000] "POST /wp-cron.php?doing_wp_cron=1759848500.0172629356384277343750 HTTP/1.1" 200 - "-" "WordPress/6.8.3; https://b2bmassagekl.net"
66.249.65.202 - - [07/Oct/2025:14:48:18 +0000] "GET /022-2/ HTTP/1.1" 200 14898 "-" "Mozilla/5.0 (Linux; Android 6.0.1; Nexus 5X Build/MMB29P) AppleWebKit/537.36 (KHTML, like Gecko) Chrome/140.0.7339.207 Mobile Safari/537.36 (compatible; Googlebot/2.1; +http://www.google.com/bot.html)"
66.249.65.202 - - [07/Oct/2025:14:48:23 +0000] "GET /wp-content/themes/dt-the7/css/main.min.css?ver=10.9.1 HTTP/1.1" 200 41455 "https://b2bmassagekl.net/022-2/" "Mozilla/5.0 (Linux; Android 6.0.1; Nexus 5X Build/MMB29P) AppleWebKit/537.36 (KHTML, like Gecko) Chrome/139.0.7258.127 Mobile Safari/537.36 (compatible; Googlebot/2.1; +http://www.google.com/bot.html)"
66.249.65.201 - - [07/Oct/2025:14:48:24 +0000] "GET /wp-content/themes/dt-the7/js/main.min.js?ver=10.9.1 HTTP/1.1" 200 85004 "https://b2bmassagekl.net/022-2/" "Mozilla/5.0 (Linux; Android 6.0.1; Nexus 5X Build/MMB29P) AppleWebKit/537.36 (KHTML, like Gecko) Chrome/139.0.7258.127 Mobile Safari/537.36 (compatible; Googlebot/2.1; +http://www.google.com/bot.html)"
66.249.65.202 - - [07/Oct/2025:14:48:25 +0000] "GET /wp-content/plugins/revslider/public/assets/js/rbtools.min.js?ver=6.5.18 HTTP/1.1" 200 48780 "https://b2bmassagekl.net/022-2/" "Mozilla/5.0 (Linux; Android 6.0.1; Nexus 5X Build/MMB29P) AppleWebKit/537.36 (KHTML, like Gecko) Chrome/139.0.7258.127 Mobile Safari/537.36 (compatible; Googlebot/2.1; +http://www.google.com/bot.html)"
203.161.56.247 - - [07/Oct/2025:14:49:58 +0000] "POST /wp-cron.php?doing_wp_cron=1759848598.7210829257965087890625 HTTP/1.1" 200 - "-" "WordPress/6.8.3; https://b2bmassagekl.net"
106.222.197.211 - - [07/Oct/2025:14:49:57 +0000] "POST /xmlrpc.php HTTP/1.1" 200 403 "-" "Mozilla/5.0 (Linux; Android 10; x64) AppleWebKit/537.36 (KHTML, like Gecko) Edge/91.0.0.0 Safari/537.36"
203.161.56.247 - - [07/Oct/2025:14:53:48 +0000] "POST /wp-cron.php?doing_wp_cron=1759848828.1454200744628906250000 HTTP/1.1" 200 - "-" "WordPress/6.8.3; https://b2bmassagekl.net"
106.222.197.211 - - [07/Oct/2025:14:53:46 +0000] "POST /xmlrpc.php HTTP/1.1" 200 403 "-" "Mozilla/5.0 (Windows NT 6.3; x86) AppleWebKit/537.36 (KHTML, like Gecko) Safari/11.0.0.0 Safari/537.36"
203.161.56.247 - - [07/Oct/2025:14:57:41 +0000] "POST /wp-cron.php?doing_wp_cron=1759849060.9647920131683349609375 HTTP/1.1" 200 - "-" "WordPress/6.8.3; https://b2bmassagekl.net"
106.222.197.211 - - [07/Oct/2025:14:57:39 +0000] "POST /xmlrpc.php HTTP/1.1" 200 403 "-" "Mozilla/5.0 (Windows NT 6.2; arm64) AppleWebKit/537.36 (KHTML, like Gecko) Chrome/98.0.0.0 Safari/537.36"
203.161.56.247 - - [07/Oct/2025:15:07:16 +0000] "POST /wp-cron.php?doing_wp_cron=1759849636.2643370628356933593750 HTTP/1.1" 200 - "-" "WordPress/6.8.3; https://b2bmassagekl.net"
91.84.115.213 - - [07/Oct/2025:15:07:14 +0000] "GET /book-an-escort-at-kl-escort-model/ HTTP/1.0" 404 43027 "https://b2bmassagekl.net/book-an-escort-at-kl-escort-model/#comment-18693" "Mozilla/5.0 (Windows NT 10.0; Win64; x64) AppleWebKit/537.36 (KHTML, like Gecko) Chrome/131.0.0.0 Safari/537.36 Avast/131.0.0.0"
203.161.56.247 - - [07/Oct/2025:15:07:27 +0000] "POST /wp-cron.php?doing_wp_cron=1759849647.2961099147796630859375 HTTP/1.1" 200 - "-" "WordPress/6.8.3; https://b2bmassagekl.net"
106.222.197.211 - - [07/Oct/2025:15:07:26 +0000] "POST /xmlrpc.php HTTP/1.1" 200 403 "-" "Mozilla/5.0 (Windows NT 10.0; arm64) AppleWebKit/537.36 (KHTML, like Gecko) Firefox/84.0.0.0 Safari/537.36"
203.161.56.247 - - [07/Oct/2025:15:10:04 +0000] "POST /wp-cron.php?doing_wp_cron=1759849804.2240030765533447265625 HTTP/1.1" 200 - "-" "WordPress/6.8.3; https://b2bmassagekl.net"
106.222.197.211 - - [07/Oct/2025:15:10:02 +0000] "POST /xmlrpc.php HTTP/1.1" 200 403 "-" "Mozilla/5.0 (Linux; Android 10; x64) AppleWebKit/537.36 (KHTML, like Gecko) Edge/82.0.0.0 Safari/537.36"
203.161.56.247 - - [07/Oct/2025:15:10:29 +0000] "POST /wp-cron.php?doing_wp_cron=1759849829.8446528911590576171875 HTTP/1.1" 200 - "-" "WordPress/6.8.3; https://b2bmassagekl.net"
216.73.216.105 - - [07/Oct/2025:15:10:28 +0000] "GET /robots.txt HTTP/1.1" 200 135 "-" "Mozilla/5.0 AppleWebKit/537.36 (KHTML, like Gecko; compatible; ClaudeBot/1.0; +claudebot@anthropic.com)"
216.73.216.105 - - [07/Oct/2025:15:10:30 +0000] "GET /sitemap.rss HTTP/1.1" 200 1189 "-" "Mozilla/5.0 AppleWebKit/537.36 (KHTML, like Gecko; compatible; ClaudeBot/1.0; +claudebot@anthropic.com)"
203.161.56.247 - - [07/Oct/2025:15:11:21 +0000] "POST /wp-cron.php?doing_wp_cron=1759849881.3480219841003417968750 HTTP/1.1" 200 - "-" "WordPress/6.8.3; https://b2bmassagekl.net"
216.73.216.105 - - [07/Oct/2025:15:11:19 +0000] "GET /news-sitemap.xml HTTP/1.1" 404 285 "-" "Mozilla/5.0 AppleWebKit/537.36 (KHTML, like Gecko; compatible; ClaudeBot/1.0; +claudebot@anthropic.com)"
203.161.56.247 - - [07/Oct/2025:15:12:27 +0000] "POST /wp-cron.php?doing_wp_cron=1759849947.4352068901062011718750 HTTP/1.1" 200 - "-" "WordPress/6.8.3; https://b2bmassagekl.net"
220.158.232.162 - - [07/Oct/2025:15:12:25 +0000] "GET /wp-login.php HTTP/1.1" 200 1994 "-" "Mozilla/5.0 (Windows NT 10.0; Win64; x64) AppleWebKit/537.36 (KHTML, like Gecko) Chrome/120.0.0.0 Safari/537.36"
220.158.232.162 - - [07/Oct/2025:15:12:27 +0000] "POST /wp-login.php HTTP/1.1" 200 2096 "https://b2bmassagekl.net/wp-login.php" "Mozilla/5.0 (Windows NT 10.0; Win64; x64) AppleWebKit/537.36 (KHTML, like Gecko) Chrome/120.0.0.0 Safari/537.36"
143.198.208.127 - - [07/Oct/2025:15:12:31 +0000] "POST /wp-login.php HTTP/1.1" 200 2089 "https://b2bmassagekl.net/wp-admin/" "Mozilla/5.0 (Windows NT 10.0; Win64; x64) AppleWebKit/537.36 (KHTML, like Gecko) Chrome/90.0.4430.85 Safari/537.36"
143.198.208.127 - - [07/Oct/2025:15:12:32 +0000] "GET /wp-admin/ HTTP/1.1" 302 - "https://www.google.com" "Mozilla/5.0 (Windows NT 10.0; Win64; x64) AppleWebKit/537.36 (KHTML, like Gecko) Chrome/90.0.4430.85 Safari/537.36"
143.198.208.127 - - [07/Oct/2025:15:12:35 +0000] "GET /wp-login.php?redirect_to=https%3A%2F%2Fb2bmassagekl.net%2Fwp-admin%2F&reauth=1 HTTP/1.1" 200 1994 "https://www.google.com" "Mozilla/5.0 (Windows NT 10.0; Win64; x64) AppleWebKit/537.36 (KHTML, like Gecko) Chrome/90.0.4430.85 Safari/537.36"
203.161.56.247 - - [07/Oct/2025:15:16:15 +0000] "POST /wp-cron.php?doing_wp_cron=1759850175.3661720752716064453125 HTTP/1.1" 200 - "-" "WordPress/6.8.3; https://b2bmassagekl.net"
162.241.174.216 - - [07/Oct/2025:15:16:13 +0000] "POST /xmlrpc.php HTTP/1.1" 200 225 "-" "Mozilla/5.0 (X11; Ubuntu; Linux x86_64; rv:85.0) Gecko/20100101 Firefox/91.0"
203.161.56.247 - - [07/Oct/2025:15:19:53 +0000] "POST /wp-cron.php?doing_wp_cron=1759850393.3582949638366699218750 HTTP/1.1" 200 - "-" "WordPress/6.8.3; https://b2bmassagekl.net"
106.222.197.211 - - [07/Oct/2025:15:19:51 +0000] "POST /xmlrpc.php HTTP/1.1" 200 403 "-" "Mozilla/5.0 (Windows NT 10.0; x86) AppleWebKit/537.36 (KHTML, like Gecko) Safari/14.0.0.0 Safari/537.36"
203.161.56.247 - - [07/Oct/2025:15:23:57 +0000] "POST /wp-cron.php?doing_wp_cron=1759850637.3404960632324218750000 HTTP/1.1" 200 - "-" "WordPress/6.8.3; https://b2bmassagekl.net"
106.222.197.211 - - [07/Oct/2025:15:23:55 +0000] "POST /xmlrpc.php HTTP/1.1" 200 403 "-" "Mozilla/5.0 (Windows NT 10.0; x64) AppleWebKit/537.36 (KHTML, like Gecko) Safari/12.0.0.0 Safari/537.36"
203.161.56.247 - - [07/Oct/2025:15:29:06 +0000] "POST /wp-cron.php?doing_wp_cron=1759850946.4633769989013671875000 HTTP/1.1" 200 - "-" "WordPress/6.8.3; https://b2bmassagekl.net"
216.73.216.105 - - [07/Oct/2025:15:29:04 +0000] "GET /news-sitemap.xml HTTP/1.1" 404 285 "-" "Mozilla/5.0 AppleWebKit/537.36 (KHTML, like Gecko; compatible; ClaudeBot/1.0; +claudebot@anthropic.com)"
203.161.56.247 - - [07/Oct/2025:15:30:22 +0000] "POST /wp-cron.php?doing_wp_cron=1759851022.8390159606933593750000 HTTP/1.1" 200 - "-" "WordPress/6.8.3; https://b2bmassagekl.net"
216.73.216.105 - - [07/Oct/2025:15:30:21 +0000] "GET /sitemap.rss HTTP/1.1" 200 1189 "-" "Mozilla/5.0 AppleWebKit/537.36 (KHTML, like Gecko; compatible; ClaudeBot/1.0; +claudebot@anthropic.com)"
203.161.56.247 - - [07/Oct/2025:15:31:30 +0000] "POST /wp-cron.php?doing_wp_cron=1759851090.5190188884735107421875 HTTP/1.1" 200 - "-" "WordPress/6.8.3; https://b2bmassagekl.net"
216.73.216.105 - - [07/Oct/2025:15:31:29 +0000] "GET /sitemap.xml HTTP/1.1" 200 394 "-" "Mozilla/5.0 AppleWebKit/537.36 (KHTML, like Gecko; compatible; ClaudeBot/1.0; +claudebot@anthropic.com)"
203.161.56.247 - - [07/Oct/2025:15:32:11 +0000] "POST /wp-cron.php?doing_wp_cron=1759851131.5212481021881103515625 HTTP/1.1" 200 - "-" "WordPress/6.8.3; https://b2bmassagekl.net"
106.222.197.211 - - [07/Oct/2025:15:32:10 +0000] "POST /xmlrpc.php HTTP/1.1" 200 403 "-" "Mozilla/5.0 (Windows NT 10.0; arm64) AppleWebKit/537.36 (KHTML, like Gecko) Opera/67.0.0.0 Safari/537.36"
203.161.56.247 - - [07/Oct/2025:15:36:56 +0000] "POST /wp-cron.php?doing_wp_cron=1759851416.7540159225463867187500 HTTP/1.1" 200 - "-" "WordPress/6.8.3; https://b2bmassagekl.net"
91.230.225.137 - - [07/Oct/2025:15:36:55 +0000] "GET /book-an-escort-at-kl-escort-model/ HTTP/1.0" 404 43027 "https://b2bmassagekl.net/book-an-escort-at-kl-escort-model/" "Mozilla/5.0 (Windows NT 10.0; Win64; x64) AppleWebKit/537.36 (KHTML, like Gecko) Chrome/130.0.0.0 Safari/537.36 CCleaner/130.0.0.0"
203.161.56.247 - - [07/Oct/2025:15:46:54 +0000] "POST /wp-cron.php?doing_wp_cron=1759852014.2933149337768554687500 HTTP/1.1" 200 - "-" "WordPress/6.8.3; https://b2bmassagekl.net"
89.110.104.136 - - [07/Oct/2025:15:46:52 +0000] "GET /top-rated-escort-agency-in-kuala-lumpur/ HTTP/1.0" 404 43051 "https://b2bmassagekl.net/top-rated-escort-agency-in-kuala-lumpur/" "Mozilla/5.0 (Windows NT 10.0; Win64; x64) AppleWebKit/537.36 (KHTML, like Gecko) Chrome/129.0.0.0 Safari/537.36"
203.161.56.247 - - [07/Oct/2025:15:55:33 +0000] "POST /wp-cron.php?doing_wp_cron=1759852533.6501729488372802734375 HTTP/1.1" 200 - "-" "WordPress/6.8.3; https://b2bmassagekl.net"
66.249.65.203 - - [07/Oct/2025:15:55:32 +0000] "GET / HTTP/1.1" 200 24364 "-" "Mozilla/5.0 (Linux; Android 6.0.1; Nexus 5X Build/MMB29P) AppleWebKit/537.36 (KHTML, like Gecko) Chrome/99.0.4844.84 Mobile Safari/537.36 (compatible; Googlebot/2.1; +http://www.google.com/bot.html)"
66.249.65.202 - - [07/Oct/2025:15:55:34 +0000] "GET / HTTP/1.1" 200 24353 "-" "Mozilla/5.0 (compatible; Googlebot/2.1; +http://www.google.com/bot.html)"
66.249.65.202 - - [07/Oct/2025:15:55:36 +0000] "GET /wp-content/plugins/Ultimate_VC_Addons/assets/min-css/headings.min.css?ver=3.21.1 HTTP/1.1" 200 415 "https://b2bmassagekl.net/" "Mozilla/5.0 (Linux; Android 6.0.1; Nexus 5X Build/MMB29P) AppleWebKit/537.36 (KHTML, like Gecko) Chrome/139.0.7258.127 Mobile Safari/537.36 (compatible; Googlebot/2.1; +http://www.google.com/bot.html)"
66.249.65.202 - - [07/Oct/2025:15:55:36 +0000] "GET /wp-content/plugins/Ultimate_VC_Addons/assets/min-js/ultimate-params.min.js?ver=3.21.1 HTTP/1.1" 200 527 "https://b2bmassagekl.net/" "Mozilla/5.0 (Linux; Android 6.0.1; Nexus 5X Build/MMB29P) AppleWebKit/537.36 (KHTML, like Gecko) Chrome/139.0.7258.127 Mobile Safari/537.36 (compatible; Googlebot/2.1; +http://www.google.com/bot.html)"
66.249.65.201 - - [07/Oct/2025:15:55:38 +0000] "GET /wp-content/plugins/Ultimate_VC_Addons/assets/min-css/style.min.css?ver=3.21.1 HTTP/1.1" 200 2786 "https://b2bmassagekl.net/" "Mozilla/5.0 (Linux; Android 6.0.1; Nexus 5X Build/MMB29P) AppleWebKit/537.36 (KHTML, like Gecko) Chrome/139.0.7258.127 Mobile Safari/537.36 (compatible; Googlebot/2.1; +http://www.google.com/bot.html)"
66.249.65.201 - - [07/Oct/2025:15:55:38 +0000] "GET /wp-content/plugins/Ultimate_VC_Addons/assets/min-js/headings.min.js?ver=3.21.1 HTTP/1.1" 200 857 "https://b2bmassagekl.net/" "Mozilla/5.0 (Linux; Android 6.0.1; Nexus 5X Build/MMB29P) AppleWebKit/537.36 (KHTML, like Gecko) Chrome/139.0.7258.127 Mobile Safari/537.36 (compatible; Googlebot/2.1; +http://www.google.com/bot.html)"
66.249.65.201 - - [07/Oct/2025:15:55:39 +0000] "GET /wp-content/plugins/Ultimate_VC_Addons/assets/min-css/advanced-buttons.min.css?ver=3.21.1 HTTP/1.1" 200 3390 "https://b2bmassagekl.net/" "Mozilla/5.0 (Linux; Android 6.0.1; Nexus 5X Build/MMB29P) AppleWebKit/537.36 (KHTML, like Gecko) Chrome/139.0.7258.127 Mobile Safari/537.36 (compatible; Googlebot/2.1; +http://www.google.com/bot.html)"
66.249.65.201 - - [07/Oct/2025:15:55:40 +0000] "GET /wp-content/plugins/Ultimate_VC_Addons/assets/min-css/advanced-buttons.min.css?ver=3.21.1 HTTP/1.1" 200 3390 "https://b2bmassagekl.net/" "Mozilla/5.0 AppleWebKit/537.36 (KHTML, like Gecko; compatible; Googlebot/2.1; +http://www.google.com/bot.html) Chrome/139.0.7258.127 Safari/537.36"
66.249.65.201 - - [07/Oct/2025:15:55:40 +0000] "GET /wp-content/plugins/Ultimate_VC_Addons/assets/min-js/ultimate-params.min.js?ver=3.21.1 HTTP/1.1" 200 527 "https://b2bmassagekl.net/" "Mozilla/5.0 AppleWebKit/537.36 (KHTML, like Gecko; compatible; Googlebot/2.1; +http://www.google.com/bot.html) Chrome/139.0.7258.127 Safari/537.36"
66.249.65.201 - - [07/Oct/2025:15:55:41 +0000] "GET /wp-content/plugins/Ultimate_VC_Addons/assets/min-js/headings.min.js?ver=3.21.1 HTTP/1.1" 200 857 "https://b2bmassagekl.net/" "Mozilla/5.0 AppleWebKit/537.36 (KHTML, like Gecko; compatible; Googlebot/2.1; +http://www.google.com/bot.html) Chrome/139.0.7258.127 Safari/537.36"
66.249.65.201 - - [07/Oct/2025:15:55:41 +0000] "GET /wp-content/plugins/Ultimate_VC_Addons/assets/min-css/headings.min.css?ver=3.21.1 HTTP/1.1" 200 415 "https://b2bmassagekl.net/" "Mozilla/5.0 AppleWebKit/537.36 (KHTML, like Gecko; compatible; Googlebot/2.1; +http://www.google.com/bot.html) Chrome/139.0.7258.127 Safari/537.36"
66.249.65.201 - - [07/Oct/2025:15:55:42 +0000] "GET /wp-content/plugins/Ultimate_VC_Addons/assets/min-css/style.min.css?ver=3.21.1 HTTP/1.1" 200 2786 "https://b2bmassagekl.net/" "Mozilla/5.0 AppleWebKit/537.36 (KHTML, like Gecko; compatible; Googlebot/2.1; +http://www.google.com/bot.html) Chrome/139.0.7258.127 Safari/537.36"
66.249.65.201 - - [07/Oct/2025:15:55:42 +0000] "GET /wp-content/plugins/revslider/public/assets/js/rs6.min.js?ver=6.5.19 HTTP/1.1" 200 100818 "https://b2bmassagekl.net/" "Mozilla/5.0 (Linux; Android 6.0.1; Nexus 5X Build/MMB29P) AppleWebKit/537.36 (KHTML, like Gecko) Chrome/139.0.7258.127 Mobile Safari/537.36 (compatible; Googlebot/2.1; +http://www.google.com/bot.html)"
66.249.65.201 - - [07/Oct/2025:15:55:43 +0000] "GET /wp-content/plugins/revslider/public/assets/js/rs6.min.js?ver=6.5.19 HTTP/1.1" 200 100818 "https://b2bmassagekl.net/" "Mozilla/5.0 AppleWebKit/537.36 (KHTML, like Gecko; compatible; Googlebot/2.1; +http://www.google.com/bot.html) Chrome/139.0.7258.127 Safari/537.36"
203.161.56.247 - - [07/Oct/2025:15:56:42 +0000] "POST /wp-cron.php?doing_wp_cron=1759852602.4206550121307373046875 HTTP/1.1" 200 - "-" "WordPress/6.8.3; https://b2bmassagekl.net"
216.73.216.151 - - [07/Oct/2025:15:56:40 +0000] "GET /video-sitemap.xml HTTP/1.1" 404 267 "-" "Mozilla/5.0 AppleWebKit/537.36 (KHTML, like Gecko; compatible; ClaudeBot/1.0; +claudebot@anthropic.com)"
203.161.56.247 - - [07/Oct/2025:15:58:41 +0000] "POST /wp-cron.php?doing_wp_cron=1759852721.3674640655517578125000 HTTP/1.1" 200 - "-" "WordPress/6.8.3; https://b2bmassagekl.net"
212.30.36.98 - - [07/Oct/2025:15:58:39 +0000] "GET /book-an-escort-at-kl-escort-model/ HTTP/1.0" 404 43027 "https://b2bmassagekl.net/book-an-escort-at-kl-escort-model/" "Mozilla/5.0 (Windows NT 10.0; Win64; x64) AppleWebKit/537.36 (KHTML, like Gecko) Chrome/131.0.0.0 Safari/537.36 Avast/131.0.0.0"
203.161.56.247 - - [07/Oct/2025:16:07:27 +0000] "POST /wp-cron.php?doing_wp_cron=1759853247.9442410469055175781250 HTTP/1.1" 200 - "-" "WordPress/6.8.3; https://b2bmassagekl.net"
216.73.216.151 - - [07/Oct/2025:16:07:26 +0000] "GET /video-sitemap.xml HTTP/1.1" 404 267 "-" "Mozilla/5.0 AppleWebKit/537.36 (KHTML, like Gecko; compatible; ClaudeBot/1.0; +claudebot@anthropic.com)"
203.161.56.247 - - [07/Oct/2025:16:13:42 +0000] "POST /wp-cron.php?doing_wp_cron=1759853622.3302450180053710937500 HTTP/1.1" 200 - "-" "WordPress/6.8.3; https://b2bmassagekl.net"
185.121.235.192 - - [07/Oct/2025:16:13:40 +0000] "GET /top-rated-escort-agency-in-kuala-lumpur/ HTTP/1.0" 404 43051 "https://b2bmassagekl.net/top-rated-escort-agency-in-kuala-lumpur/" "Mozilla/5.0 (Windows NT 10.0; Win64; x64) AppleWebKit/537.36 (KHTML, like Gecko) Chrome/130.0.0.0 Safari/537.36 CCleaner/130.0.0.0"
216.73.216.151 - - [07/Oct/2025:16:14:03 +0000] "GET /robots.txt HTTP/1.1" 200 135 "-" "Mozilla/5.0 AppleWebKit/537.36 (KHTML, like Gecko; compatible; ClaudeBot/1.0; +claudebot@anthropic.com)"
216.73.216.151 - - [07/Oct/2025:16:14:04 +0000] "GET /sitemap.rss HTTP/1.1" 200 1189 "-" "Mozilla/5.0 AppleWebKit/537.36 (KHTML, like Gecko; compatible; ClaudeBot/1.0; +claudebot@anthropic.com)"
213.202.253.4 - - [07/Oct/2025:16:21:25 +0000] "GET /about.php?action=p&api=p&path=p&token= HTTP/1.1" 404 11349 "www.google.com" "Mozlila/5.0 (Linux; Android 7.0; SM-G892A Bulid/NRD90M; wv) AppleWebKit/537.36 (KHTML, like Gecko) Version/4.0 Chrome/60.0.3112.107 Moblie Safari/537.36"
213.202.253.4 - - [07/Oct/2025:16:21:30 +0000] "GET /admin.php?action=p&api=p&path=p&token= HTTP/1.1" 404 11345 "www.google.com" "Mozlila/5.0 (Linux; Android 7.0; SM-G892A Bulid/NRD90M; wv) AppleWebKit/537.36 (KHTML, like Gecko) Version/4.0 Chrome/60.0.3112.107 Moblie Safari/537.36"
213.202.253.4 - - [07/Oct/2025:16:21:35 +0000] "GET /admin.php?action=p&api=p&path=p&token= HTTP/1.1" 404 11346 "www.google.com" "Mozlila/5.0 (Linux; Android 7.0; SM-G892A Bulid/NRD90M; wv) AppleWebKit/537.36 (KHTML, like Gecko) Version/4.0 Chrome/60.0.3112.107 Moblie Safari/537.36"
203.161.56.247 - - [07/Oct/2025:16:24:10 +0000] "POST /wp-cron.php?doing_wp_cron=1759854250.2244770526885986328125 HTTP/1.1" 200 - "-" "WordPress/6.8.3; https://b2bmassagekl.net"
216.73.216.151 - - [07/Oct/2025:16:24:08 +0000] "GET /sitemap.rss HTTP/1.1" 200 1189 "-" "Mozilla/5.0 AppleWebKit/537.36 (KHTML, like Gecko; compatible; ClaudeBot/1.0; +claudebot@anthropic.com)"
212.30.36.86 - - [07/Oct/2025:16:27:29 +0000] "GET / HTTP/1.0" 200 153419 "https://b2bmassagekl.net/" "Mozilla/5.0 (Windows NT 10.0; Win64; x64) AppleWebKit/537.36 (KHTML, like Gecko) Chrome/130.0.0.0 Safari/537.36"
89.243.82.79 - - [07/Oct/2025:16:30:53 +0000] "GET /wp-content/uploads/2023/09/b2b-kl-massage-007a.jpg HTTP/1.1" 200 150345 "https://www.bing.com/" "Mozilla/5.0 (Linux; Android 9; KFMAWI) AppleWebKit/537.36 (KHTML, like Gecko) Silk/138.6.2 like Chrome/138.0.7204.244 Safari/537.36"
203.161.56.247 - - [07/Oct/2025:16:37:09 +0000] "POST /wp-cron.php?doing_wp_cron=1759855029.7923250198364257812500 HTTP/1.1" 200 - "-" "WordPress/6.8.3; https://b2bmassagekl.net"
220.158.232.245 - - [07/Oct/2025:16:37:08 +0000] "GET /wp-login.php HTTP/1.1" 200 1994 "-" "Mozilla/5.0 (Windows NT 10.0; Win64; x64) AppleWebKit/537.36 (KHTML, like Gecko) Chrome/120.0.0.0 Safari/537.36"
220.158.232.245 - - [07/Oct/2025:16:37:10 +0000] "POST /wp-login.php HTTP/1.1" 200 2096 "https://b2bmassagekl.net/wp-login.php" "Mozilla/5.0 (Windows NT 10.0; Win64; x64) AppleWebKit/537.36 (KHTML, like Gecko) Chrome/120.0.0.0 Safari/537.36"
203.161.56.247 - - [07/Oct/2025:16:42:44 +0000] "POST /wp-cron.php?doing_wp_cron=1759855364.5226581096649169921875 HTTP/1.1" 200 - "-" "WordPress/6.8.3; https://b2bmassagekl.net"
216.73.216.151 - - [07/Oct/2025:16:42:42 +0000] "GET /news-sitemap.xml HTTP/1.1" 404 285 "-" "Mozilla/5.0 AppleWebKit/537.36 (KHTML, like Gecko; compatible; ClaudeBot/1.0; +claudebot@anthropic.com)"
203.161.56.247 - - [07/Oct/2025:16:49:41 +0000] "POST /wp-cron.php?doing_wp_cron=1759855781.4586110115051269531250 HTTP/1.1" 200 - "-" "WordPress/6.8.3; https://b2bmassagekl.net"
216.73.216.151 - - [07/Oct/2025:16:49:38 +0000] "GET /sitemap.rss HTTP/1.1" 200 1189 "-" "Mozilla/5.0 AppleWebKit/537.36 (KHTML, like Gecko; compatible; ClaudeBot/1.0; +claudebot@anthropic.com)"
43.135.144.126 - - [07/Oct/2025:16:52:54 +0000] "GET / HTTP/1.1" 200 24335 "http://www.b2bmassagekl.net" "Mozilla/5.0 (iPhone; CPU iPhone OS 13_2_3 like Mac OS X) AppleWebKit/605.1.15 (KHTML, like Gecko) Version/13.0.3 Mobile/15E148 Safari/604.1"
203.161.56.247 - - [07/Oct/2025:17:03:15 +0000] "POST /wp-cron.php?doing_wp_cron=1759856595.4214758872985839843750 HTTP/1.1" 200 - "-" "WordPress/6.8.3; https://b2bmassagekl.net"
205.209.114.190 - - [07/Oct/2025:17:03:13 +0000] "POST /xmlrpc.php HTTP/1.1" 200 225 "-" "Mozilla/5.0 (X11; Ubuntu; Linux x86_64; rv:85.0) Gecko/20100101 Firefox/91.0"
203.161.56.247 - - [07/Oct/2025:17:05:41 +0000] "POST /wp-cron.php?doing_wp_cron=1759856741.9407749176025390625000 HTTP/1.1" 200 - "-" "WordPress/6.8.3; https://b2bmassagekl.net"
89.110.104.136 - - [07/Oct/2025:17:05:40 +0000] "GET /top-rated-escort-agency-in-kuala-lumpur/ HTTP/1.0" 404 43051 "https://b2bmassagekl.net/top-rated-escort-agency-in-kuala-lumpur/" "Mozilla/5.0 (Windows NT 10.0; Win64; x64) AppleWebKit/537.36 (KHTML, like Gecko) Chrome/131.0.0.0 Safari/537.36"
203.161.56.247 - - [07/Oct/2025:17:10:00 +0000] "POST /wp-cron.php?doing_wp_cron=1759857000.3115739822387695312500 HTTP/1.1" 200 - "-" "WordPress/6.8.3; https://b2bmassagekl.net"
43.131.243.61 - - [07/Oct/2025:17:09:58 +0000] "GET /016-2/ HTTP/1.1" 200 14751 "-" "Mozilla/5.0 (iPhone; CPU iPhone OS 13_2_3 like Mac OS X) AppleWebKit/605.1.15 (KHTML, like Gecko) Version/13.0.3 Mobile/15E148 Safari/604.1"
203.161.56.247 - - [07/Oct/2025:17:17:55 +0000] "POST /wp-cron.php?doing_wp_cron=1759857475.6974139213562011718750 HTTP/1.1" 200 - "-" "WordPress/6.8.3; https://b2bmassagekl.net"
43.173.177.4 - - [07/Oct/2025:17:17:54 +0000] "GET /v73/ HTTP/1.1" 200 13382 "-" "Mozilla/5.0 (Windows NT 10.0; Win64; x64) AppleWebKit/537.36 (KHTML, like Gecko) Chrome/133.0.0.0 Safari/537.36"
101.33.81.73 - - [07/Oct/2025:17:18:01 +0000] "GET /wp-json/ HTTP/1.1" 200 17920 "-" "Mozilla/5.0 (iPhone; CPU iPhone OS 13_2_3 like Mac OS X) AppleWebKit/605.1.15 (KHTML, like Gecko) Version/13.0.3 Mobile/15E148 Safari/604.1"
43.173.179.164 - - [07/Oct/2025:17:18:04 +0000] "GET / HTTP/1.1" 200 24351 "http://b2bmassagekl.net" "Mozilla/5.0 (Windows NT 10.0; Win64; x64) AppleWebKit/537.36 (KHTML, like Gecko) Chrome/133.0.0.0 Safari/537.36"
83.94.221.10 - - [07/Oct/2025:17:24:29 +0000] "GET /wp-content/uploads/2023/09/b2b-kl-massage-007a.jpg HTTP/1.1" 200 150345 "https://www.bing.com/" "Mozilla/5.0 (Windows NT 6.3; Win64; x64) AppleWebKit/537.36 (KHTML, like Gecko) Chrome/109.0.0.0 Safari/537.36 Edg/109.0.1518.140"
203.161.56.247 - - [07/Oct/2025:17:26:48 +0000] "POST /wp-cron.php?doing_wp_cron=1759858008.4395399093627929687500 HTTP/1.1" 200 - "-" "WordPress/6.8.3; https://b2bmassagekl.net"
43.173.180.146 - - [07/Oct/2025:17:26:46 +0000] "GET /c93/ HTTP/1.1" 200 13425 "-" "Mozilla/5.0 (Windows NT 6.1; Win64; x64) AppleWebKit/537.36 (KHTML, like Gecko) Chrome/126.0.6478.114 Safari/537.36"
43.173.178.44 - - [07/Oct/2025:17:26:51 +0000] "GET /wp-content/uploads/the7-css/custom.css?ver=308c53a524a0 HTTP/1.1" 200 30470 "https://b2bmassagekl.net/c93/" "Mozilla/5.0 (Windows NT 6.1; Win64; x64) AppleWebKit/537.36 (KHTML, like Gecko) Chrome/126.0.6478.114 Safari/537.36"
43.173.179.201 - - [07/Oct/2025:17:26:52 +0000] "GET /wp-includes/css/dist/block-library/style.min.css?ver=6.8.3 HTTP/1.1" 200 15315 "https://b2bmassagekl.net/c93/" "Mozilla/5.0 (Windows NT 6.1; Win64; x64) AppleWebKit/537.36 (KHTML, like Gecko) Chrome/126.0.6478.114 Safari/537.36"
43.173.179.237 - - [07/Oct/2025:17:26:52 +0000] "GET /wp-content/themes/dt-the7/fonts/icomoon-the7-font/icomoon-the7-font.min.css?ver=10.9.1 HTTP/1.1" 200 3014 "https://b2bmassagekl.net/c93/" "Mozilla/5.0 (Windows NT 6.1; Win64; x64) AppleWebKit/537.36 (KHTML, like Gecko) Chrome/126.0.6478.114 Safari/537.36"
43.173.177.134 - - [07/Oct/2025:17:26:52 +0000] "GET /wp-content/themes/dt-the7/js/above-the-fold.min.js?ver=10.9.1 HTTP/1.1" 200 4758 "https://b2bmassagekl.net/c93/" "Mozilla/5.0 (Windows NT 6.1; Win64; x64) AppleWebKit/537.36 (KHTML, like Gecko) Chrome/126.0.6478.114 Safari/537.36"
43.173.181.147 - - [07/Oct/2025:17:26:52 +0000] "GET /wp-content/themes/dt-the7/js/main.min.js?ver=10.9.1 HTTP/1.1" 200 85004 "https://b2bmassagekl.net/c93/" "Mozilla/5.0 (Windows NT 6.1; Win64; x64) AppleWebKit/537.36 (KHTML, like Gecko) Chrome/126.0.6478.114 Safari/537.36"
43.173.180.46 - - [07/Oct/2025:17:26:52 +0000] "GET /wp-content/uploads/the7-css/post-type-dynamic.css?ver=308c53a524a0 HTTP/1.1" 200 1298 "https://b2bmassagekl.net/c93/" "Mozilla/5.0 (Windows NT 6.1; Win64; x64) AppleWebKit/537.36 (KHTML, like Gecko) Chrome/126.0.6478.114 Safari/537.36"
43.173.176.80 - - [07/Oct/2025:17:26:53 +0000] "GET /wp-content/uploads/the7-css/media.css?ver=308c53a524a0 HTTP/1.1" 200 10062 "https://b2bmassagekl.net/c93/" "Mozilla/5.0 (Windows NT 6.1; Win64; x64) AppleWebKit/537.36 (KHTML, like Gecko) Chrome/126.0.6478.114 Safari/537.36"
43.173.182.128 - - [07/Oct/2025:17:26:53 +0000] "GET /wp-includes/js/jquery/jquery.min.js?ver=3.7.1 HTTP/1.1" 200 30368 "https://b2bmassagekl.net/c93/" "Mozilla/5.0 (Windows NT 6.1; Win64; x64) AppleWebKit/537.36 (KHTML, like Gecko) Chrome/126.0.6478.114 Safari/537.36"
43.173.181.85 - - [07/Oct/2025:17:26:57 +0000] "GET /wp-content/plugins/revslider/public/assets/css/rs6.css?ver=6.5.19 HTTP/1.1" 200 12348 "https://b2bmassagekl.net/c93/" "Mozilla/5.0 (Windows NT 6.1; Win64; x64) AppleWebKit/537.36 (KHTML, like Gecko) Chrome/126.0.6478.114 Safari/537.36"
43.173.180.235 - - [07/Oct/2025:17:26:57 +0000] "GET /wp-includes/js/dist/hooks.min.js?ver=4d63a3d491d11ffd8ac6 HTTP/1.1" 200 1648 "https://b2bmassagekl.net/c93/" "Mozilla/5.0 (Windows NT 6.1; Win64; x64) AppleWebKit/537.36 (KHTML, like Gecko) Chrome/126.0.6478.114 Safari/537.36"
43.173.174.21 - - [07/Oct/2025:17:26:57 +0000] "GET /wp-content/themes/dt-the7/style.css?ver=10.9.1 HTTP/1.1" 200 814 "https://b2bmassagekl.net/c93/" "Mozilla/5.0 (Windows NT 6.1; Win64; x64) AppleWebKit/537.36 (KHTML, like Gecko) Chrome/126.0.6478.114 Safari/537.36"
43.173.179.90 - - [07/Oct/2025:17:27:00 +0000] "GET /wp-content/plugins/contact-form-7/includes/swv/js/index.js?ver=6.1.1 HTTP/1.1" 200 3503 "https://b2bmassagekl.net/c93/" "Mozilla/5.0 (Windows NT 6.1; Win64; x64) AppleWebKit/537.36 (KHTML, like Gecko) Chrome/126.0.6478.114 Safari/537.36"
43.173.176.80 - - [07/Oct/2025:17:27:05 +0000] "GET /wp-content/plugins/dt-the7-core/assets/js/post-type.min.js?ver=2.6.0 HTTP/1.1" 200 5072 "https://b2bmassagekl.net/c93/" "Mozilla/5.0 (Windows NT 6.1; Win64; x64) AppleWebKit/537.36 (KHTML, like Gecko) Chrome/126.0.6478.114 Safari/537.36"
43.173.176.143 - - [07/Oct/2025:17:27:07 +0000] "GET /wp-content/plugins/js_composer/assets/js/dist/js_composer_front.min.js?ver=8.6.1 HTTP/1.1" 200 5223 "https://b2bmassagekl.net/c93/" "Mozilla/5.0 (Windows NT 6.1; Win64; x64) AppleWebKit/537.36 (KHTML, like Gecko) Chrome/126.0.6478.114 Safari/537.36"
