66.249.65.201 - - [07/Oct/2025:22:06:35 +0000] "GET /robots.txt HTTP/1.1" 200 135 "-" "Mozilla/5.0 (compatible; Googlebot/2.1; +http://www.google.com/bot.html)"
66.249.65.201 - - [07/Oct/2025:22:06:37 +0000] "GET /2023/08/ HTTP/1.1" 200 11691 "-" "Mozilla/5.0 (Linux; Android 6.0.1; Nexus 5X Build/MMB29P) AppleWebKit/537.36 (KHTML, like Gecko) Chrome/140.0.7339.207 Mobile Safari/537.36 (compatible; Googlebot/2.1; +http://www.google.com/bot.html)"
203.161.56.247 - - [07/Oct/2025:22:12:25 +0000] "POST /wp-cron.php?doing_wp_cron=1759875145.6166689395904541015625 HTTP/1.1" 200 - "-" "WordPress/6.8.3; https://b2bmassagekl.net"
216.73.216.151 - - [07/Oct/2025:22:12:23 +0000] "GET /robots.txt HTTP/1.1" 200 135 "-" "Mozilla/5.0 AppleWebKit/537.36 (KHTML, like Gecko; compatible; ClaudeBot/1.0; +claudebot@anthropic.com)"
216.73.216.151 - - [07/Oct/2025:22:12:25 +0000] "GET /video-sitemap.xml HTTP/1.1" 404 267 "-" "Mozilla/5.0 AppleWebKit/537.36 (KHTML, like Gecko; compatible; ClaudeBot/1.0; +claudebot@anthropic.com)"
216.73.216.151 - - [07/Oct/2025:22:12:26 +0000] "GET /news-sitemap.xml HTTP/1.1" 404 285 "-" "Mozilla/5.0 AppleWebKit/537.36 (KHTML, like Gecko; compatible; ClaudeBot/1.0; +claudebot@anthropic.com)"
203.161.56.247 - - [07/Oct/2025:22:15:28 +0000] "POST /wp-cron.php?doing_wp_cron=1759875328.4144051074981689453125 HTTP/1.1" 200 - "-" "WordPress/6.8.3; https://b2bmassagekl.net"
52.167.144.147 - - [07/Oct/2025:22:15:26 +0000] "GET / HTTP/1.1" 200 24350 "-" "Mozilla/5.0 AppleWebKit/537.36 (KHTML, like Gecko; compatible; bingbot/2.0; +http://www.bing.com/bingbot.htm) Chrome/116.0.1938.76 Safari/537.36"
203.161.56.247 - - [07/Oct/2025:22:17:56 +0000] "POST /wp-cron.php?doing_wp_cron=1759875476.6024661064147949218750 HTTP/1.1" 200 - "-" "WordPress/6.8.3; https://b2bmassagekl.net"
89.110.104.136 - - [07/Oct/2025:22:17:55 +0000] "GET /top-rated-escort-agency-in-kuala-lumpur/ HTTP/1.0" 404 43051 "https://b2bmassagekl.net/top-rated-escort-agency-in-kuala-lumpur/" "Mozilla/5.0 (Windows NT 10.0; Win64; x64) AppleWebKit/537.36 (KHTML, like Gecko) Chrome/129.0.0.0 Safari/537.36"
203.161.56.247 - - [07/Oct/2025:22:18:11 +0000] "POST /wp-cron.php?doing_wp_cron=1759875491.2198090553283691406250 HTTP/1.1" 200 - "-" "WordPress/6.8.3; https://b2bmassagekl.net"
198.244.226.161 - - [07/Oct/2025:22:18:10 +0000] "GET /author/sweet-b2b-massage/feed/ HTTP/1.1" 200 12406 "-" "Mozilla/5.0 (compatible; AhrefsBot/7.0; +http://ahrefs.com/robot/)"
43.173.182.220 - - [07/Oct/2025:22:18:34 +0000] "GET / HTTP/1.1" 200 24363 "http://b2bmassagekl.net/" "Mozilla/5.0 (Windows NT 6.1; Win64; x64) AppleWebKit/537.36 (KHTML, like Gecko) Chrome/126.0.6478.114 Safari/537.36"
91.84.115.213 - - [07/Oct/2025:22:18:43 +0000] "GET /book-an-escort-at-kl-escort-model/ HTTP/1.0" 404 43027 "https://b2bmassagekl.net/book-an-escort-at-kl-escort-model/#comment-18693" "Mozilla/5.0 (Windows NT 10.0; Win64; x64) AppleWebKit/537.36 (KHTML, like Gecko) Chrome/129.0.0.0 Safari/537.36"
203.161.56.247 - - [07/Oct/2025:22:24:09 +0000] "POST /wp-cron.php?doing_wp_cron=1759875849.3963029384613037109375 HTTP/1.1" 200 - "-" "WordPress/6.8.3; https://b2bmassagekl.net"
40.77.167.62 - - [07/Oct/2025:22:24:07 +0000] "GET /009-2/ HTTP/1.1" 200 14813 "-" "Mozilla/5.0 AppleWebKit/537.36 (KHTML, like Gecko; compatible; bingbot/2.0; +http://www.bing.com/bingbot.htm) Chrome/116.0.1938.76 Safari/537.36"
114.79.0.3 - - [07/Oct/2025:22:30:14 +0000] "GET /app_porfirioloredanabattistiyezCakc.php HTTP/1.1" 200 1856 "-" "Mozilla/5.0 (Windows NT 10.0; Win64; x64) AppleWebKit/537.36 (KHTML, like Gecko) HeadlessChrome/136.0.7103.25 Safari/537.36"
203.161.56.247 - - [07/Oct/2025:22:30:41 +0000] "POST /wp-cron.php?doing_wp_cron=1759876241.2560598850250244140625 HTTP/1.1" 200 - "-" "WordPress/6.8.3; https://b2bmassagekl.net"
216.73.216.151 - - [07/Oct/2025:22:30:40 +0000] "GET /video-sitemap.xml HTTP/1.1" 404 267 "-" "Mozilla/5.0 AppleWebKit/537.36 (KHTML, like Gecko; compatible; ClaudeBot/1.0; +claudebot@anthropic.com)"
203.161.56.247 - - [07/Oct/2025:22:41:43 +0000] "POST /wp-cron.php?doing_wp_cron=1759876903.3402249813079833984375 HTTP/1.1" 200 - "-" "WordPress/6.8.3; https://b2bmassagekl.net"
189.34.145.184 - - [07/Oct/2025:22:41:41 +0000] "GET /wp-json/wp/v2/users HTTP/1.1" 200 778 "-" "Mozilla/4.0 (compatible; Win32; WinHttp.WinHttpRequest.5)"
40.77.167.23 - - [07/Oct/2025:22:42:00 +0000] "GET /product/pom-vibrator/ HTTP/1.1" 301 - "-" "Mozilla/5.0 AppleWebKit/537.36 (KHTML, like Gecko; compatible; bingbot/2.0; +http://www.bing.com/bingbot.htm) Chrome/116.0.1938.76 Safari/537.36"
203.161.56.247 - - [07/Oct/2025:22:50:37 +0000] "POST /wp-cron.php?doing_wp_cron=1759877437.6789319515228271484375 HTTP/1.1" 200 - "-" "WordPress/6.8.3; https://b2bmassagekl.net"
216.73.216.151 - - [07/Oct/2025:22:50:36 +0000] "GET /news-sitemap.xml HTTP/1.1" 404 285 "-" "Mozilla/5.0 AppleWebKit/537.36 (KHTML, like Gecko; compatible; ClaudeBot/1.0; +claudebot@anthropic.com)"
203.161.56.247 - - [07/Oct/2025:22:58:36 +0000] "POST /wp-cron.php?doing_wp_cron=1759877916.7736909389495849609375 HTTP/1.1" 200 - "-" "WordPress/6.8.3; https://b2bmassagekl.net"
185.92.139.198 - - [07/Oct/2025:22:58:35 +0000] "GET /top-rated-escort-agency-in-kuala-lumpur/ HTTP/1.0" 404 43051 "https://b2bmassagekl.net/top-rated-escort-agency-in-kuala-lumpur/" "Mozilla/5.0 (Windows NT 10.0; Win64; x64) AppleWebKit/537.36 (KHTML, like Gecko) Chrome/131.0.0.0 Safari/537.36 Avast/131.0.0.0"
203.161.56.247 - - [07/Oct/2025:23:02:43 +0000] "POST /wp-cron.php?doing_wp_cron=1759878163.1272659301757812500000 HTTP/1.1" 200 - "-" "WordPress/6.8.3; https://b2bmassagekl.net"
185.121.235.192 - - [07/Oct/2025:23:02:41 +0000] "GET /top-rated-escort-agency-in-kuala-lumpur/ HTTP/1.0" 404 43051 "https://b2bmassagekl.net/top-rated-escort-agency-in-kuala-lumpur/" "Mozilla/5.0 (Windows NT 10.0; Win64; x64) AppleWebKit/537.36 (KHTML, like Gecko) Chrome/130.0.0.0 Safari/537.36 CCleaner/130.0.0.0"
203.161.56.247 - - [07/Oct/2025:23:03:18 +0000] "POST /wp-cron.php?doing_wp_cron=1759878198.8404200077056884765625 HTTP/1.1" 200 - "-" "WordPress/6.8.3; https://b2bmassagekl.net"
220.158.232.245 - - [07/Oct/2025:23:03:17 +0000] "GET /wp-login.php HTTP/1.1" 200 1994 "-" "Mozilla/5.0 (Windows NT 10.0; Win64; x64) AppleWebKit/537.36 (KHTML, like Gecko) Chrome/120.0.0.0 Safari/537.36"
220.158.232.245 - - [07/Oct/2025:23:03:19 +0000] "POST /wp-login.php HTTP/1.1" 200 2095 "https://b2bmassagekl.net/wp-login.php" "Mozilla/5.0 (Windows NT 10.0; Win64; x64) AppleWebKit/537.36 (KHTML, like Gecko) Chrome/120.0.0.0 Safari/537.36"
93.158.70.111 - - [07/Oct/2025:23:13:40 +0000] "GET / HTTP/1.1" 200 24354 "http://b2bmassagekl.net/" "Mozilla/5.0 (Macintosh; Intel Mac OS X 10_15_7) AppleWebKit/605.1.15 (KHTML, like Gecko) Version/17.3.1 Safari/605.1.1"
203.161.56.247 - - [07/Oct/2025:23:30:17 +0000] "POST /wp-cron.php?doing_wp_cron=1759879816.9885089397430419921875 HTTP/1.1" 200 - "-" "WordPress/6.8.3; https://b2bmassagekl.net"
89.110.104.136 - - [07/Oct/2025:23:30:15 +0000] "GET /top-rated-escort-agency-in-kuala-lumpur/ HTTP/1.0" 404 43051 "https://b2bmassagekl.net/top-rated-escort-agency-in-kuala-lumpur/" "Mozilla/5.0 (Windows NT 10.0; Win64; x64) AppleWebKit/537.36 (KHTML, like Gecko) Chrome/131.0.0.0 Safari/537.36 Avast/131.0.0.0"
203.161.56.247 - - [07/Oct/2025:23:52:59 +0000] "POST /wp-cron.php?doing_wp_cron=1759881179.5390450954437255859375 HTTP/1.1" 200 - "-" "WordPress/6.8.3; https://b2bmassagekl.net"
151.80.19.225 - - [07/Oct/2025:23:52:57 +0000] "GET /wp-login.php HTTP/1.1" 200 1994 "-" "Mozilla/5.0 (Windows NT 10.0; Win64; x64) AppleWebKit/537.36 (KHTML, like Gecko) Chrome/130.0.0.0 Safari/537.36"
151.80.19.225 - - [07/Oct/2025:23:53:02 +0000] "POST /wp-login.php HTTP/1.1" 200 2089 "https://b2bmassagekl.net/wp-login.php" "Mozilla/5.0 (Windows NT 10.0; Win64; x64) AppleWebKit/537.36 (KHTML, like Gecko) Chrome/130.0.0.0 Safari/537.36"
203.161.56.247 - - [07/Oct/2025:23:53:33 +0000] "POST /wp-cron.php?doing_wp_cron=1759881213.0623850822448730468750 HTTP/1.1" 200 - "-" "WordPress/6.8.3; https://b2bmassagekl.net"
89.45.94.150 - - [07/Oct/2025:23:53:32 +0000] "GET /wp-login.php HTTP/1.1" 200 1994 "-" "Mozilla/5.0 (Windows NT 10.0; Win64; x64) AppleWebKit/537.36 (KHTML, like Gecko) Chrome/130.0.0.0 Safari/537.36"
89.45.94.150 - - [07/Oct/2025:23:53:35 +0000] "POST /wp-login.php HTTP/1.1" 200 2089 "https://b2bmassagekl.net/wp-login.php" "Mozilla/5.0 (Windows NT 10.0; Win64; x64) AppleWebKit/537.36 (KHTML, like Gecko) Chrome/130.0.0.0 Safari/537.36"
203.161.56.247 - - [08/Oct/2025:00:00:53 +0000] "POST /wp-cron.php?doing_wp_cron=1759881653.4166300296783447265625 HTTP/1.1" 200 - "-" "WordPress/6.8.3; https://b2bmassagekl.net"
62.113.118.168 - - [08/Oct/2025:00:00:51 +0000] "GET /book-an-escort-at-kl-escort-model/ HTTP/1.0" 404 43027 "https://b2bmassagekl.net/book-an-escort-at-kl-escort-model/#comment-18693" "Mozilla/5.0 (Windows NT 10.0; Win64; x64) AppleWebKit/537.36 (KHTML, like Gecko) Chrome/131.0.0.0 Safari/537.36"
203.161.56.247 - - [08/Oct/2025:00:05:05 +0000] "POST /wp-cron.php?doing_wp_cron=1759881905.2697920799255371093750 HTTP/1.1" 200 - "-" "WordPress/6.8.3; https://b2bmassagekl.net"
216.73.216.151 - - [08/Oct/2025:00:05:03 +0000] "GET /robots.txt HTTP/1.1" 200 135 "-" "Mozilla/5.0 AppleWebKit/537.36 (KHTML, like Gecko; compatible; ClaudeBot/1.0; +claudebot@anthropic.com)"
216.73.216.151 - - [08/Oct/2025:00:05:05 +0000] "GET /sitemap.xml HTTP/1.1" 200 394 "-" "Mozilla/5.0 AppleWebKit/537.36 (KHTML, like Gecko; compatible; ClaudeBot/1.0; +claudebot@anthropic.com)"
203.161.56.247 - - [08/Oct/2025:00:09:06 +0000] "POST /wp-cron.php?doing_wp_cron=1759882145.8357191085815429687500 HTTP/1.1" 200 - "-" "WordPress/6.8.3; https://b2bmassagekl.net"
216.73.216.151 - - [08/Oct/2025:00:09:02 +0000] "GET /video-sitemap.xml HTTP/1.1" 404 267 "-" "Mozilla/5.0 AppleWebKit/537.36 (KHTML, like Gecko; compatible; ClaudeBot/1.0; +claudebot@anthropic.com)"
203.161.56.247 - - [08/Oct/2025:00:11:07 +0000] "POST /wp-cron.php?doing_wp_cron=1759882267.5356750488281250000000 HTTP/1.1" 200 - "-" "WordPress/6.8.3; https://b2bmassagekl.net"
162.144.37.46 - - [08/Oct/2025:00:11:05 +0000] "GET /wp-login.php HTTP/1.1" 200 1993 "-" "Mozilla/5.0 (Windows NT 10.0; Win64; x64) AppleWebKit/537.36 (KHTML, like Gecko) Chrome/130.0.0.0 Safari/537.36"
162.144.37.46 - - [08/Oct/2025:00:11:08 +0000] "POST /wp-login.php HTTP/1.1" 200 2088 "https://b2bmassagekl.net/wp-login.php" "Mozilla/5.0 (Windows NT 10.0; Win64; x64) AppleWebKit/537.36 (KHTML, like Gecko) Chrome/130.0.0.0 Safari/537.36"
203.161.56.247 - - [08/Oct/2025:00:11:31 +0000] "POST /wp-cron.php?doing_wp_cron=1759882291.4563860893249511718750 HTTP/1.1" 200 - "-" "WordPress/6.8.3; https://b2bmassagekl.net"
216.73.216.151 - - [08/Oct/2025:00:11:30 +0000] "GET /sitemap.rss HTTP/1.1" 200 1189 "-" "Mozilla/5.0 AppleWebKit/537.36 (KHTML, like Gecko; compatible; ClaudeBot/1.0; +claudebot@anthropic.com)"
203.161.56.247 - - [08/Oct/2025:00:15:06 +0000] "POST /wp-cron.php?doing_wp_cron=1759882506.8701610565185546875000 HTTP/1.1" 200 - "-" "WordPress/6.8.3; https://b2bmassagekl.net"
46.182.4.125 - - [08/Oct/2025:00:15:04 +0000] "GET /wp-login.php HTTP/1.1" 200 1993 "-" "Mozilla/5.0 (Windows NT 10.0; Win64; x64) AppleWebKit/537.36 (KHTML, like Gecko) Chrome/130.0.0.0 Safari/537.36"
46.182.4.125 - - [08/Oct/2025:00:15:08 +0000] "POST /wp-login.php HTTP/1.1" 200 2088 "https://b2bmassagekl.net/wp-login.php" "Mozilla/5.0 (Windows NT 10.0; Win64; x64) AppleWebKit/537.36 (KHTML, like Gecko) Chrome/130.0.0.0 Safari/537.36"
203.161.56.247 - - [08/Oct/2025:00:16:26 +0000] "POST /wp-cron.php?doing_wp_cron=1759882586.1741750240325927734375 HTTP/1.1" 200 - "-" "WordPress/6.8.3; https://b2bmassagekl.net"
216.73.216.151 - - [08/Oct/2025:00:16:24 +0000] "GET /sitemap.xml HTTP/1.1" 200 394 "-" "Mozilla/5.0 AppleWebKit/537.36 (KHTML, like Gecko; compatible; ClaudeBot/1.0; +claudebot@anthropic.com)"
203.161.56.247 - - [08/Oct/2025:00:19:34 +0000] "POST /wp-cron.php?doing_wp_cron=1759882774.3658959865570068359375 HTTP/1.1" 200 - "-" "WordPress/6.8.3; https://b2bmassagekl.net"
104.244.76.157 - - [08/Oct/2025:00:19:32 +0000] "GET /wp-login.php HTTP/1.1" 200 1993 "-" "Mozilla/5.0 (Macintosh; Intel Mac OS X 10_9_2) AppleWebKit/537.36 (KHTML, like Gecko) Chrome/35.0.1916.153 Safari/537.36"
104.244.76.157 - - [08/Oct/2025:00:19:34 +0000] "POST /wp-login.php HTTP/1.1" 200 2094 "-" "Mozilla/5.0 (Macintosh; Intel Mac OS X 10_9_2) AppleWebKit/537.36 (KHTML, like Gecko) Chrome/35.0.1916.153 Safari/537.36"
203.161.56.247 - - [08/Oct/2025:00:23:40 +0000] "POST /wp-cron.php?doing_wp_cron=1759883020.3313438892364501953125 HTTP/1.1" 200 - "-" "WordPress/6.8.3; https://b2bmassagekl.net"
216.73.216.151 - - [08/Oct/2025:00:23:38 +0000] "GET /video-sitemap.xml HTTP/1.1" 404 267 "-" "Mozilla/5.0 AppleWebKit/537.36 (KHTML, like Gecko; compatible; ClaudeBot/1.0; +claudebot@anthropic.com)"
203.161.56.247 - - [08/Oct/2025:00:28:40 +0000] "POST /wp-cron.php?doing_wp_cron=1759883320.7839369773864746093750 HTTP/1.1" 200 - "-" "WordPress/6.8.3; https://b2bmassagekl.net"
108.141.61.37 - - [08/Oct/2025:00:28:39 +0000] "GET /wp-login.php HTTP/1.1" 200 1993 "-" "Mozilla/5.0 (Windows NT 10.0; Win64; x64) AppleWebKit/537.36 (KHTML, like Gecko) Chrome/130.0.0.0 Safari/537.36"
108.141.61.37 - - [08/Oct/2025:00:28:42 +0000] "POST /wp-login.php HTTP/1.1" 200 2088 "https://b2bmassagekl.net/wp-login.php" "Mozilla/5.0 (Windows NT 10.0; Win64; x64) AppleWebKit/537.36 (KHTML, like Gecko) Chrome/130.0.0.0 Safari/537.36"
203.161.56.247 - - [08/Oct/2025:00:29:56 +0000] "POST /wp-cron.php?doing_wp_cron=1759883396.9455080032348632812500 HTTP/1.1" 200 - "-" "WordPress/6.8.3; https://b2bmassagekl.net"
185.220.101.175 - - [08/Oct/2025:00:29:55 +0000] "POST /xmlrpc.php HTTP/1.1" 200 206 "-" "Mozilla/5.0 (Windows NT 10.0; Win64; x64; rv:124.0) Gecko/20100101 Firefox/124.0"
149.202.79.101 - - [08/Oct/2025:00:29:59 +0000] "POST /xmlrpc.php HTTP/1.1" 200 206 "-" "Mozilla/5.0 (Windows NT 10.0; Win64; x64; rv:124.0) Gecko/20100101 Firefox/124.0"
203.161.56.247 - - [08/Oct/2025:00:30:44 +0000] "POST /wp-cron.php?doing_wp_cron=1759883444.7701499462127685546875 HTTP/1.1" 200 - "-" "WordPress/6.8.3; https://b2bmassagekl.net"
185.92.139.198 - - [08/Oct/2025:00:30:43 +0000] "GET /becoming-kuala-lumpur-escort-getting-bookings/ HTTP/1.0" 404 43075 "https://b2bmassagekl.net/becoming-kuala-lumpur-escort-getting-bookings/" "Mozilla/5.0 (Windows NT 10.0; Win64; x64) AppleWebKit/537.36 (KHTML, like Gecko) Chrome/130.0.0.0 Safari/537.36"
203.161.56.247 - - [08/Oct/2025:00:32:20 +0000] "POST /wp-cron.php?doing_wp_cron=1759883540.4306969642639160156250 HTTP/1.1" 200 - "-" "WordPress/6.8.3; https://b2bmassagekl.net"
82.100.220.47 - - [08/Oct/2025:00:32:19 +0000] "GET /wp-login.php HTTP/1.1" 200 1993 "-" "Mozilla/5.0 (Windows NT 10.0; Win64; x64) AppleWebKit/537.36 (KHTML, like Gecko) Chrome/130.0.0.0 Safari/537.36"
203.161.56.247 - - [08/Oct/2025:00:32:23 +0000] "POST /wp-cron.php?doing_wp_cron=1759883543.5791769027709960937500 HTTP/1.1" 200 - "-" "WordPress/6.8.3; https://b2bmassagekl.net"
82.100.220.47 - - [08/Oct/2025:00:32:22 +0000] "POST /wp-login.php HTTP/1.1" 200 2088 "https://b2bmassagekl.net/wp-login.php" "Mozilla/5.0 (Windows NT 10.0; Win64; x64) AppleWebKit/537.36 (KHTML, like Gecko) Chrome/130.0.0.0 Safari/537.36"
104.207.53.174 - - [08/Oct/2025:00:32:27 +0000] "GET / HTTP/1.1" 200 24341 "-" "Mozilla/5.0 (Windows NT 10.0; Win64; x64) AppleWebKit/537.36 (KHTML, like Gecko) Chrome/79.0.2424.147 Safari/537.36"
104.207.53.174 - - [08/Oct/2025:00:32:29 +0000] "POST /wp-login.php HTTP/1.1" 200 2088 "-" "Mozilla/5.0 (Windows NT 10.0; Win64; x64) AppleWebKit/537.36 (KHTML, like Gecko) Chrome/79.0.2424.147 Safari/537.36"
104.207.53.174 - - [08/Oct/2025:00:32:30 +0000] "POST /xmlrpc.php HTTP/1.1" 200 206 "-" "Mozilla/5.0 (Windows NT 10.0; Win64; x64) AppleWebKit/537.36 (KHTML, like Gecko) Chrome/79.0.2424.147 Safari/537.36"
209.50.188.161 - - [08/Oct/2025:00:32:32 +0000] "GET / HTTP/1.1" 200 24356 "-" "Mozilla/5.0 (Windows NT 6.1; WOW64; rv:74.0) Gecko/20100101 Firefox/74.0"
209.50.188.161 - - [08/Oct/2025:00:32:35 +0000] "GET / HTTP/1.1" 200 24334 "-" "Mozilla/5.0 (Windows NT 6.1; WOW64; rv:74.0) Gecko/20100101 Firefox/74.0"
209.50.188.161 - - [08/Oct/2025:00:32:37 +0000] "GET /wp-login.php HTTP/1.1" 200 1993 "-" "Mozilla/5.0 (Windows NT 6.1; WOW64; rv:74.0) Gecko/20100101 Firefox/74.0"
209.50.188.161 - - [08/Oct/2025:00:32:38 +0000] "POST /wp-login.php HTTP/1.1" 200 2088 "-" "Mozilla/5.0 (Windows NT 6.1; WOW64; rv:74.0) Gecko/20100101 Firefox/74.0"
203.161.56.247 - - [08/Oct/2025:00:33:26 +0000] "POST /wp-cron.php?doing_wp_cron=1759883606.7454400062561035156250 HTTP/1.1" 200 - "-" "WordPress/6.8.3; https://b2bmassagekl.net"
47.84.46.227 - - [08/Oct/2025:00:33:25 +0000] "GET /wp-login.php HTTP/1.1" 200 1993 "-" "python-requests/2.32.4"
47.84.46.227 - - [08/Oct/2025:00:33:26 +0000] "POST /wp-login.php HTTP/1.1" 200 2095 "-" "Mozilla/5.0 (Linux; Android 11; Redmi Note 9 Pro Build/RKQ1.200826.002; wv) AppleWebKit/5310.36 (KHTML, like Gecko) Version/4.0 Chrome/90.0.4430.210 Mobile Safari/5310.36"
47.84.46.227 - - [08/Oct/2025:00:33:28 +0000] "GET /wp-admin HTTP/1.1" 301 242 "-" "Mozilla/5.0 (Linux; Android 11; Redmi Note 9 Pro Build/RKQ1.200826.002; wv) AppleWebKit/5310.36 (KHTML, like Gecko) Version/4.0 Chrome/90.0.4430.210 Mobile Safari/5310.36"
47.84.46.227 - - [08/Oct/2025:00:33:28 +0000] "GET /wp-admin/ HTTP/1.1" 302 - "-" "Mozilla/5.0 (Linux; Android 11; Redmi Note 9 Pro Build/RKQ1.200826.002; wv) AppleWebKit/5310.36 (KHTML, like Gecko) Version/4.0 Chrome/90.0.4430.210 Mobile Safari/5310.36"
47.84.46.227 - - [08/Oct/2025:00:33:31 +0000] "GET /wp-login.php?redirect_to=https%3A%2F%2Fb2bmassagekl.net%2Fwp-admin%2F&reauth=1 HTTP/1.1" 200 1993 "-" "Mozilla/5.0 (Linux; Android 11; Redmi Note 9 Pro Build/RKQ1.200826.002; wv) AppleWebKit/5310.36 (KHTML, like Gecko) Version/4.0 Chrome/90.0.4430.210 Mobile Safari/5310.36"
203.161.56.247 - - [08/Oct/2025:00:33:30 +0000] "POST /wp-admin/admin-ajax.php?action=as_async_request_queue_runner&nonce=69c71254fd HTTP/1.1" 200 - "-" "WordPress/6.8.3; https://b2bmassagekl.net"
47.84.46.227 - - [08/Oct/2025:00:33:35 +0000] "GET /administrator/index.php HTTP/1.1" 301 - "-" "Mozilla/5.0 (Linux; Android 11; Redmi Note 9 Pro Build/RKQ1.200826.002; wv) AppleWebKit/5310.36 (KHTML, like Gecko) Version/4.0 Chrome/90.0.4430.210 Mobile Safari/5310.36"
47.84.46.227 - - [08/Oct/2025:00:33:36 +0000] "GET /administrator/ HTTP/1.1" 404 11350 "-" "Mozilla/5.0 (Linux; Android 11; Redmi Note 9 Pro Build/RKQ1.200826.002; wv) AppleWebKit/5310.36 (KHTML, like Gecko) Version/4.0 Chrome/90.0.4430.210 Mobile Safari/5310.36"
47.84.46.227 - - [08/Oct/2025:00:33:39 +0000] "POST /admin/index.php HTTP/1.1" 404 11299 "-" "Mozilla/5.0 (Linux; Android 11; Redmi Note 9 Pro Build/RKQ1.200826.002; wv) AppleWebKit/5310.36 (KHTML, like Gecko) Version/4.0 Chrome/90.0.4430.210 Mobile Safari/5310.36"
216.73.216.151 - - [08/Oct/2025:00:34:04 +0000] "GET /news-sitemap.xml HTTP/1.1" 404 285 "-" "Mozilla/5.0 AppleWebKit/537.36 (KHTML, like Gecko; compatible; ClaudeBot/1.0; +claudebot@anthropic.com)"
203.161.56.247 - - [08/Oct/2025:00:40:19 +0000] "POST /wp-cron.php?doing_wp_cron=1759884019.0099821090698242187500 HTTP/1.1" 200 - "-" "WordPress/6.8.3; https://b2bmassagekl.net"
185.121.235.192 - - [08/Oct/2025:00:40:17 +0000] "GET /top-rated-escort-agency-in-kuala-lumpur/ HTTP/1.0" 404 43051 "https://b2bmassagekl.net/top-rated-escort-agency-in-kuala-lumpur/" "Mozilla/5.0 (Windows NT 10.0; Win64; x64) AppleWebKit/537.36 (KHTML, like Gecko) Chrome/131.0.0.0 Safari/537.36 Avast/131.0.0.0"
203.161.56.247 - - [08/Oct/2025:00:43:43 +0000] "POST /wp-cron.php?doing_wp_cron=1759884223.3502979278564453125000 HTTP/1.1" 200 - "-" "WordPress/6.8.3; https://b2bmassagekl.net"
89.110.104.136 - - [08/Oct/2025:00:43:41 +0000] "GET /top-rated-escort-agency-in-kuala-lumpur/ HTTP/1.0" 404 43051 "https://b2bmassagekl.net/top-rated-escort-agency-in-kuala-lumpur/" "Mozilla/5.0 (Windows NT 10.0; Win64; x64) AppleWebKit/537.36 (KHTML, like Gecko) Chrome/129.0.0.0 Safari/537.36"
203.161.56.247 - - [08/Oct/2025:00:48:36 +0000] "POST /wp-cron.php?doing_wp_cron=1759884516.3345429897308349609375 HTTP/1.1" 200 - "-" "WordPress/6.8.3; https://b2bmassagekl.net"
192.169.172.190 - - [08/Oct/2025:00:48:34 +0000] "GET /wp-login.php HTTP/1.1" 200 1993 "-" "Mozilla/5.0 (Windows NT 10.0; Win64; x64) AppleWebKit/537.36 (KHTML, like Gecko) Chrome/130.0.0.0 Safari/537.36"
192.169.172.190 - - [08/Oct/2025:00:48:38 +0000] "POST /wp-login.php HTTP/1.1" 200 2088 "https://b2bmassagekl.net/wp-login.php" "Mozilla/5.0 (Windows NT 10.0; Win64; x64) AppleWebKit/537.36 (KHTML, like Gecko) Chrome/130.0.0.0 Safari/537.36"
203.161.56.247 - - [08/Oct/2025:00:51:06 +0000] "POST /wp-cron.php?doing_wp_cron=1759884666.4405059814453125000000 HTTP/1.1" 200 - "-" "WordPress/6.8.3; https://b2bmassagekl.net"
216.73.216.151 - - [08/Oct/2025:00:51:04 +0000] "GET /sitemap.rss HTTP/1.1" 200 1189 "-" "Mozilla/5.0 AppleWebKit/537.36 (KHTML, like Gecko; compatible; ClaudeBot/1.0; +claudebot@anthropic.com)"
203.161.56.247 - - [08/Oct/2025:00:51:46 +0000] "POST /wp-cron.php?doing_wp_cron=1759884706.9344999790191650390625 HTTP/1.1" 200 - "-" "WordPress/6.8.3; https://b2bmassagekl.net"
216.73.216.151 - - [08/Oct/2025:00:51:45 +0000] "GET /sitemap.xml HTTP/1.1" 200 394 "-" "Mozilla/5.0 AppleWebKit/537.36 (KHTML, like Gecko; compatible; ClaudeBot/1.0; +claudebot@anthropic.com)"
203.161.56.247 - - [08/Oct/2025:00:59:56 +0000] "POST /wp-cron.php?doing_wp_cron=1759885196.1303019523620605468750 HTTP/1.1" 200 - "-" "WordPress/6.8.3; https://b2bmassagekl.net"
178.33.43.96 - - [08/Oct/2025:00:59:54 +0000] "GET /wp-login.php HTTP/1.1" 200 1993 "-" "Mozilla/5.0 (Windows NT 10.0; Win64; x64) AppleWebKit/537.36 (KHTML, like Gecko) Chrome/130.0.0.0 Safari/537.36"
178.33.43.96 - - [08/Oct/2025:00:59:59 +0000] "POST /wp-login.php HTTP/1.1" 200 2088 "https://b2bmassagekl.net/wp-login.php" "Mozilla/5.0 (Windows NT 10.0; Win64; x64) AppleWebKit/537.36 (KHTML, like Gecko) Chrome/130.0.0.0 Safari/537.36"
49.232.151.112 - - [08/Oct/2025:01:00:20 +0000] "GET / HTTP/1.1" 200 24370 "http://www.b2bmassagekl.net" "Mozilla/5.0 (iPhone; CPU iPhone OS 13_2_3 like Mac OS X) AppleWebKit/605.1.15 (KHTML, like Gecko) Version/13.0.3 Mobile/15E148 Safari/604.1"
203.161.56.247 - - [08/Oct/2025:01:03:30 +0000] "POST /wp-cron.php?doing_wp_cron=1759885410.3701779842376708984375 HTTP/1.1" 200 - "-" "WordPress/6.8.3; https://b2bmassagekl.net"
132.148.78.150 - - [08/Oct/2025:01:03:28 +0000] "GET /wp-login.php HTTP/1.1" 200 1993 "-" "Mozilla/5.0 (Windows NT 10.0; Win64; x64) AppleWebKit/537.36 (KHTML, like Gecko) Chrome/130.0.0.0 Safari/537.36"
132.148.78.150 - - [08/Oct/2025:01:03:32 +0000] "POST /wp-login.php HTTP/1.1" 200 2087 "https://b2bmassagekl.net/wp-login.php" "Mozilla/5.0 (Windows NT 10.0; Win64; x64) AppleWebKit/537.36 (KHTML, like Gecko) Chrome/130.0.0.0 Safari/537.36"
203.161.56.247 - - [08/Oct/2025:01:05:15 +0000] "POST /wp-cron.php?doing_wp_cron=1759885515.4156539440155029296875 HTTP/1.1" 200 - "-" "WordPress/6.8.3; https://b2bmassagekl.net"
149.104.77.206 - - [08/Oct/2025:01:04:59 +0000] "POST /wp-login.php HTTP/1.1" 200 2087 "https://b2bmassagekl.net/wp-admin/" "Mozilla/5.0 (Windows NT 10.0; Win64; x64) AppleWebKit/537.36 (KHTML, like Gecko) Chrome/90.0.4430.85 Safari/537.36"
149.104.77.206 - - [08/Oct/2025:01:05:16 +0000] "GET /wp-admin/ HTTP/1.1" 302 - "www.google.com" "Mozilla/5.0 (Windows NT 10.0; Win64; x64) AppleWebKit/537.36 (KHTML, like Gecko) Chrome/90.0.4430.85 Safari/537.36"
149.104.77.206 - - [08/Oct/2025:01:05:25 +0000] "GET /wp-login.php?redirect_to=https%3A%2F%2Fb2bmassagekl.net%2Fwp-admin%2F&reauth=1 HTTP/1.1" 200 1993 "www.google.com" "Mozilla/5.0 (Windows NT 10.0; Win64; x64) AppleWebKit/537.36 (KHTML, like Gecko) Chrome/90.0.4430.85 Safari/537.36"
203.161.56.247 - - [08/Oct/2025:01:08:26 +0000] "POST /wp-cron.php?doing_wp_cron=1759885706.5285789966583251953125 HTTP/1.1" 200 - "-" "WordPress/6.8.3; https://b2bmassagekl.net"
134.19.178.186 - - [08/Oct/2025:01:08:24 +0000] "GET /wp-login.php HTTP/1.1" 200 1993 "-" "Mozilla/5.0 (Windows NT 10.0; Win64; x64) AppleWebKit/537.36 (KHTML, like Gecko) Chrome/130.0.0.0 Safari/537.36"
134.19.178.186 - - [08/Oct/2025:01:08:29 +0000] "POST /wp-login.php HTTP/1.1" 200 2088 "https://b2bmassagekl.net/wp-login.php" "Mozilla/5.0 (Windows NT 10.0; Win64; x64) AppleWebKit/537.36 (KHTML, like Gecko) Chrome/130.0.0.0 Safari/537.36"
203.161.56.247 - - [08/Oct/2025:01:16:22 +0000] "POST /wp-cron.php?doing_wp_cron=1759886182.9599709510803222656250 HTTP/1.1" 200 - "-" "WordPress/6.8.3; https://b2bmassagekl.net"
216.73.216.151 - - [08/Oct/2025:01:16:21 +0000] "GET /robots.txt HTTP/1.1" 200 135 "-" "Mozilla/5.0 AppleWebKit/537.36 (KHTML, like Gecko; compatible; ClaudeBot/1.0; +claudebot@anthropic.com)"
216.73.216.151 - - [08/Oct/2025:01:16:23 +0000] "GET /sitemap.rss HTTP/1.1" 200 1189 "-" "Mozilla/5.0 AppleWebKit/537.36 (KHTML, like Gecko; compatible; ClaudeBot/1.0; +claudebot@anthropic.com)"
203.161.56.247 - - [08/Oct/2025:01:36:29 +0000] "POST /wp-cron.php?doing_wp_cron=1759887389.0279068946838378906250 HTTP/1.1" 200 - "-" "WordPress/6.8.3; https://b2bmassagekl.net"
104.244.78.191 - - [08/Oct/2025:01:36:27 +0000] "GET /wp-login.php HTTP/1.1" 200 6221 "-" "Mozilla/5.0 (Windows NT 6.1; WOW64) AppleWebKit/537.36 (KHTML, like Gecko) Chrome/36.0.1985.143 Safari/537.36"
104.244.78.191 - - [08/Oct/2025:01:36:29 +0000] "POST /wp-login.php HTTP/1.1" 200 6477 "-" "Mozilla/5.0 (Windows NT 6.1; WOW64) AppleWebKit/537.36 (KHTML, like Gecko) Chrome/36.0.1985.143 Safari/537.36"
203.161.56.247 - - [08/Oct/2025:01:40:55 +0000] "POST /wp-cron.php?doing_wp_cron=1759887655.0472300052642822265625 HTTP/1.1" 200 - "-" "WordPress/6.8.3; https://b2bmassagekl.net"
134.19.178.186 - - [08/Oct/2025:01:40:53 +0000] "GET /wp-login.php HTTP/1.1" 200 1993 "-" "Mozilla/5.0 (Windows NT 10.0; Win64; x64) AppleWebKit/537.36 (KHTML, like Gecko) Chrome/130.0.0.0 Safari/537.36"
134.19.178.186 - - [08/Oct/2025:01:40:58 +0000] "POST /wp-login.php HTTP/1.1" 200 2087 "https://b2bmassagekl.net/wp-login.php" "Mozilla/5.0 (Windows NT 10.0; Win64; x64) AppleWebKit/537.36 (KHTML, like Gecko) Chrome/130.0.0.0 Safari/537.36"
204.12.231.186 - - [08/Oct/2025:01:40:58 +0000] "GET / HTTP/1.1" 200 153428 "-" "Java/14.0.2"
147.136.85.55 - - [08/Oct/2025:01:50:29 +0000] "GET / HTTP/1.1" 200 153421 "-" "Mozilla/5.0+(compatible;+Googlebot/2.1;++http://www.google.com/bot.html)"
147.136.85.55 - - [08/Oct/2025:01:50:34 +0000] "GET / HTTP/1.1" 200 153420 "-" "Mozilla/5.0 (Windows NT 10.0; Win64; x64) AppleWebKit/537.36 (KHTML, like Gecko) Chrome/132.0.0.0 Safari/537.36"
203.161.56.247 - - [08/Oct/2025:01:52:49 +0000] "POST /wp-cron.php?doing_wp_cron=1759888369.7266960144042968750000 HTTP/1.1" 200 - "-" "WordPress/6.8.3; https://b2bmassagekl.net"
185.121.235.192 - - [08/Oct/2025:01:52:48 +0000] "GET /top-rated-escort-agency-in-kuala-lumpur/ HTTP/1.0" 404 43051 "https://b2bmassagekl.net/top-rated-escort-agency-in-kuala-lumpur/" "Mozilla/5.0 (Windows NT 10.0; Win64; x64) AppleWebKit/537.36 (KHTML, like Gecko) Chrome/130.0.0.0 Safari/537.36"
203.161.56.247 - - [08/Oct/2025:01:53:16 +0000] "POST /wp-cron.php?doing_wp_cron=1759888396.7472579479217529296875 HTTP/1.1" 200 - "-" "WordPress/6.8.3; https://b2bmassagekl.net"
198.244.240.182 - - [08/Oct/2025:01:53:15 +0000] "GET /2023/09/page/2/ HTTP/1.1" 200 11867 "-" "Mozilla/5.0 (compatible; AhrefsBot/7.0; +http://ahrefs.com/robot/)"
203.161.56.247 - - [08/Oct/2025:01:56:47 +0000] "POST /wp-cron.php?doing_wp_cron=1759888607.7515470981597900390625 HTTP/1.1" 200 - "-" "WordPress/6.8.3; https://b2bmassagekl.net"
89.110.104.136 - - [08/Oct/2025:01:56:46 +0000] "GET /top-rated-escort-agency-in-kuala-lumpur/ HTTP/1.0" 404 43051 "https://b2bmassagekl.net/top-rated-escort-agency-in-kuala-lumpur/" "Mozilla/5.0 (Windows NT 10.0; Win64; x64) AppleWebKit/537.36 (KHTML, like Gecko) Chrome/131.0.0.0 Safari/537.36"
203.161.56.247 - - [08/Oct/2025:02:09:54 +0000] "POST /wp-cron.php?doing_wp_cron=1759889394.6359870433807373046875 HTTP/1.1" 200 - "-" "WordPress/6.8.3; https://b2bmassagekl.net"
8.138.122.187 - - [08/Oct/2025:02:09:52 +0000] "GET /wp-login.php HTTP/1.1" 200 1993 "-" "Mozilla/5.0 (Windows NT 10.0; Win64; x64) AppleWebKit/537.36 (KHTML, like Gecko) Chrome/130.0.0.0 Safari/537.36"
8.138.122.187 - - [08/Oct/2025:02:09:58 +0000] "POST /wp-login.php HTTP/1.1" 200 2088 "https://b2bmassagekl.net/wp-login.php" "Mozilla/5.0 (Windows NT 10.0; Win64; x64) AppleWebKit/537.36 (KHTML, like Gecko) Chrome/130.0.0.0 Safari/537.36"
91.124.17.210 - - [08/Oct/2025:02:11:07 +0000] "GET / HTTP/1.1" 200 24353 "http://b2bmassagekl.net" "Mozilla/5.0 (Windows NT 10.0; Win64; x64) AppleWebKit/537.36 (KHTML, like Gecko) Chrome/114.0.0.0 Safari/537.36 Edg/114.0.1264.71"
203.161.56.247 - - [08/Oct/2025:02:20:16 +0000] "POST /wp-cron.php?doing_wp_cron=1759890016.8086149692535400390625 HTTP/1.1" 200 - "-" "WordPress/6.8.3; https://b2bmassagekl.net"
162.144.234.153 - - [08/Oct/2025:02:20:15 +0000] "GET /wp-login.php HTTP/1.1" 200 1993 "-" "Mozilla/5.0 (Windows NT 10.0; Win64; x64) AppleWebKit/537.36 (KHTML, like Gecko) Chrome/130.0.0.0 Safari/537.36"
162.144.234.153 - - [08/Oct/2025:02:20:17 +0000] "POST /wp-login.php HTTP/1.1" 200 2088 "https://b2bmassagekl.net/wp-login.php" "Mozilla/5.0 (Windows NT 10.0; Win64; x64) AppleWebKit/537.36 (KHTML, like Gecko) Chrome/130.0.0.0 Safari/537.36"
92.205.20.105 - - [08/Oct/2025:02:20:20 +0000] "GET /wp-login.php HTTP/1.1" 200 1993 "-" "Mozilla/5.0 (Windows NT 10.0; Win64; x64) AppleWebKit/537.36 (KHTML, like Gecko) Chrome/130.0.0.0 Safari/537.36"
92.205.20.105 - - [08/Oct/2025:02:20:21 +0000] "POST /wp-login.php HTTP/1.1" 200 2088 "https://b2bmassagekl.net/wp-login.php" "Mozilla/5.0 (Windows NT 10.0; Win64; x64) AppleWebKit/537.36 (KHTML, like Gecko) Chrome/130.0.0.0 Safari/537.36"
203.161.56.247 - - [08/Oct/2025:02:20:45 +0000] "POST /wp-cron.php?doing_wp_cron=1759890045.1591260433197021484375 HTTP/1.1" 200 - "-" "WordPress/6.8.3; https://b2bmassagekl.net"
154.53.40.248 - - [08/Oct/2025:02:20:44 +0000] "GET /wp-login.php HTTP/1.1" 200 1993 "-" "Mozilla/5.0 (Windows NT 10.0; Win64; x64) AppleWebKit/537.36 (KHTML, like Gecko) Chrome/130.0.0.0 Safari/537.36"
154.53.40.248 - - [08/Oct/2025:02:20:45 +0000] "POST /wp-login.php HTTP/1.1" 200 2088 "https://b2bmassagekl.net/wp-login.php" "Mozilla/5.0 (Windows NT 10.0; Win64; x64) AppleWebKit/537.36 (KHTML, like Gecko) Chrome/130.0.0.0 Safari/537.36"
203.161.56.247 - - [08/Oct/2025:02:22:37 +0000] "POST /wp-cron.php?doing_wp_cron=1759890157.7730131149291992187500 HTTP/1.1" 200 - "-" "WordPress/6.8.3; https://b2bmassagekl.net"
103.255.134.61 - - [08/Oct/2025:02:22:36 +0000] "GET /wp-login.php HTTP/1.1" 200 1993 "-" "Mozilla/5.0 (Windows NT 10.0; Win64; x64) AppleWebKit/537.36 (KHTML, like Gecko) Chrome/130.0.0.0 Safari/537.36"
103.255.134.61 - - [08/Oct/2025:02:22:40 +0000] "POST /wp-login.php HTTP/1.1" 200 2088 "https://b2bmassagekl.net/wp-login.php" "Mozilla/5.0 (Windows NT 10.0; Win64; x64) AppleWebKit/537.36 (KHTML, like Gecko) Chrome/130.0.0.0 Safari/537.36"
103.11.101.130 - - [08/Oct/2025:02:22:45 +0000] "GET /wp-login.php HTTP/1.1" 200 1993 "-" "Mozilla/5.0 (Windows NT 10.0; Win64; x64) AppleWebKit/537.36 (KHTML, like Gecko) Chrome/130.0.0.0 Safari/537.36"
103.11.101.130 - - [08/Oct/2025:02:22:47 +0000] "POST /wp-login.php HTTP/1.1" 200 2087 "https://b2bmassagekl.net/wp-login.php" "Mozilla/5.0 (Windows NT 10.0; Win64; x64) AppleWebKit/537.36 (KHTML, like Gecko) Chrome/130.0.0.0 Safari/537.36"
162.241.61.250 - - [08/Oct/2025:02:22:50 +0000] "GET /wp-login.php HTTP/1.1" 200 1993 "-" "Mozilla/5.0 (Windows NT 10.0; Win64; x64) AppleWebKit/537.36 (KHTML, like Gecko) Chrome/130.0.0.0 Safari/537.36"
162.241.61.250 - - [08/Oct/2025:02:22:51 +0000] "POST /wp-login.php HTTP/1.1" 200 2088 "https://b2bmassagekl.net/wp-login.php" "Mozilla/5.0 (Windows NT 10.0; Win64; x64) AppleWebKit/537.36 (KHTML, like Gecko) Chrome/130.0.0.0 Safari/537.36"
82.100.220.47 - - [08/Oct/2025:02:22:54 +0000] "GET /wp-login.php HTTP/1.1" 200 1993 "-" "Mozilla/5.0 (Windows NT 10.0; Win64; x64) AppleWebKit/537.36 (KHTML, like Gecko) Chrome/130.0.0.0 Safari/537.36"
82.100.220.47 - - [08/Oct/2025:02:22:55 +0000] "POST /wp-login.php HTTP/1.1" 200 2087 "https://b2bmassagekl.net/wp-login.php" "Mozilla/5.0 (Windows NT 10.0; Win64; x64) AppleWebKit/537.36 (KHTML, like Gecko) Chrome/130.0.0.0 Safari/537.36"
148.72.247.255 - - [08/Oct/2025:02:23:02 +0000] "GET /wp-login.php HTTP/1.1" 200 1993 "-" "Mozilla/5.0 (Windows NT 10.0; Win64; x64) AppleWebKit/537.36 (KHTML, like Gecko) Chrome/130.0.0.0 Safari/537.36"
203.161.56.247 - - [08/Oct/2025:02:23:06 +0000] "POST /wp-cron.php?doing_wp_cron=1759890186.7225620746612548828125 HTTP/1.1" 200 - "-" "WordPress/6.8.3; https://b2bmassagekl.net"
148.72.247.255 - - [08/Oct/2025:02:23:05 +0000] "POST /wp-login.php HTTP/1.1" 200 2088 "https://b2bmassagekl.net/wp-login.php" "Mozilla/5.0 (Windows NT 10.0; Win64; x64) AppleWebKit/537.36 (KHTML, like Gecko) Chrome/130.0.0.0 Safari/537.36"
13.232.160.37 - - [08/Oct/2025:02:23:10 +0000] "GET /wp-login.php HTTP/1.1" 200 1993 "-" "Mozilla/5.0 (Windows NT 10.0; Win64; x64) AppleWebKit/537.36 (KHTML, like Gecko) Chrome/130.0.0.0 Safari/537.36"
13.232.160.37 - - [08/Oct/2025:02:23:12 +0000] "POST /wp-login.php HTTP/1.1" 200 2088 "https://b2bmassagekl.net/wp-login.php" "Mozilla/5.0 (Windows NT 10.0; Win64; x64) AppleWebKit/537.36 (KHTML, like Gecko) Chrome/130.0.0.0 Safari/537.36"
203.161.56.247 - - [08/Oct/2025:02:23:28 +0000] "POST /wp-cron.php?doing_wp_cron=1759890208.0345358848571777343750 HTTP/1.1" 200 - "-" "WordPress/6.8.3; https://b2bmassagekl.net"
148.72.211.168 - - [08/Oct/2025:02:23:27 +0000] "GET /wp-login.php HTTP/1.1" 200 1993 "-" "Mozilla/5.0 (Windows NT 10.0; Win64; x64) AppleWebKit/537.36 (KHTML, like Gecko) Chrome/130.0.0.0 Safari/537.36"
148.72.211.168 - - [08/Oct/2025:02:23:30 +0000] "POST /wp-login.php HTTP/1.1" 200 2088 "https://b2bmassagekl.net/wp-login.php" "Mozilla/5.0 (Windows NT 10.0; Win64; x64) AppleWebKit/537.36 (KHTML, like Gecko) Chrome/130.0.0.0 Safari/537.36"
192.185.83.230 - - [08/Oct/2025:02:23:35 +0000] "GET /wp-login.php HTTP/1.1" 200 1993 "-" "Mozilla/5.0 (Windows NT 10.0; Win64; x64) AppleWebKit/537.36 (KHTML, like Gecko) Chrome/130.0.0.0 Safari/537.36"
192.185.83.230 - - [08/Oct/2025:02:23:36 +0000] "POST /wp-login.php HTTP/1.1" 200 2088 "https://b2bmassagekl.net/wp-login.php" "Mozilla/5.0 (Windows NT 10.0; Win64; x64) AppleWebKit/537.36 (KHTML, like Gecko) Chrome/130.0.0.0 Safari/537.36"
162.241.203.77 - - [08/Oct/2025:02:23:38 +0000] "GET /wp-login.php HTTP/1.1" 200 1993 "-" "Mozilla/5.0 (Windows NT 10.0; Win64; x64) AppleWebKit/537.36 (KHTML, like Gecko) Chrome/130.0.0.0 Safari/537.36"
162.241.203.77 - - [08/Oct/2025:02:23:39 +0000] "POST /wp-login.php HTTP/1.1" 200 2088 "https://b2bmassagekl.net/wp-login.php" "Mozilla/5.0 (Windows NT 10.0; Win64; x64) AppleWebKit/537.36 (KHTML, like Gecko) Chrome/130.0.0.0 Safari/537.36"
50.87.144.92 - - [08/Oct/2025:02:23:42 +0000] "GET /wp-login.php HTTP/1.1" 200 1993 "-" "Mozilla/5.0 (Windows NT 10.0; Win64; x64) AppleWebKit/537.36 (KHTML, like Gecko) Chrome/130.0.0.0 Safari/537.36"
50.87.144.92 - - [08/Oct/2025:02:23:43 +0000] "POST /wp-login.php HTTP/1.1" 200 2088 "https://b2bmassagekl.net/wp-login.php" "Mozilla/5.0 (Windows NT 10.0; Win64; x64) AppleWebKit/537.36 (KHTML, like Gecko) Chrome/130.0.0.0 Safari/537.36"
211.21.61.244 - - [08/Oct/2025:02:24:03 +0000] "GET /wp-login.php HTTP/1.1" 200 1993 "-" "Mozilla/5.0 (Windows NT 10.0; Win64; x64) AppleWebKit/537.36 (KHTML, like Gecko) Chrome/130.0.0.0 Safari/537.36"
203.161.56.247 - - [08/Oct/2025:02:24:16 +0000] "POST /wp-cron.php?doing_wp_cron=1759890256.6499609947204589843750 HTTP/1.1" 200 - "-" "WordPress/6.8.3; https://b2bmassagekl.net"
13.232.160.37 - - [08/Oct/2025:02:24:15 +0000] "GET /wp-login.php HTTP/1.1" 200 1993 "-" "Mozilla/5.0 (Windows NT 10.0; Win64; x64) AppleWebKit/537.36 (KHTML, like Gecko) Chrome/130.0.0.0 Safari/537.36"
13.232.160.37 - - [08/Oct/2025:02:24:17 +0000] "POST /wp-login.php HTTP/1.1" 200 2087 "https://b2bmassagekl.net/wp-login.php" "Mozilla/5.0 (Windows NT 10.0; Win64; x64) AppleWebKit/537.36 (KHTML, like Gecko) Chrome/130.0.0.0 Safari/537.36"
203.161.56.247 - - [08/Oct/2025:02:24:35 +0000] "POST /wp-cron.php?doing_wp_cron=1759890275.1995189189910888671875 HTTP/1.1" 200 - "-" "WordPress/6.8.3; https://b2bmassagekl.net"
162.144.191.122 - - [08/Oct/2025:02:24:34 +0000] "GET /wp-login.php HTTP/1.1" 200 1993 "-" "Mozilla/5.0 (Windows NT 10.0; Win64; x64) AppleWebKit/537.36 (KHTML, like Gecko) Chrome/130.0.0.0 Safari/537.36"
162.144.191.122 - - [08/Oct/2025:02:24:39 +0000] "POST /wp-login.php HTTP/1.1" 200 2088 "https://b2bmassagekl.net/wp-login.php" "Mozilla/5.0 (Windows NT 10.0; Win64; x64) AppleWebKit/537.36 (KHTML, like Gecko) Chrome/130.0.0.0 Safari/537.36"
203.161.56.247 - - [08/Oct/2025:02:25:30 +0000] "POST /wp-cron.php?doing_wp_cron=1759890330.3726549148559570312500 HTTP/1.1" 200 - "-" "WordPress/6.8.3; https://b2bmassagekl.net"
51.178.211.196 - - [08/Oct/2025:02:25:28 +0000] "GET /wp-login.php HTTP/1.1" 200 1993 "-" "Mozilla/5.0 (Windows NT 10.0; Win64; x64) AppleWebKit/537.36 (KHTML, like Gecko) Chrome/130.0.0.0 Safari/537.36"
51.178.211.196 - - [08/Oct/2025:02:25:30 +0000] "POST /wp-login.php HTTP/1.1" 200 2088 "https://b2bmassagekl.net/wp-login.php" "Mozilla/5.0 (Windows NT 10.0; Win64; x64) AppleWebKit/537.36 (KHTML, like Gecko) Chrome/130.0.0.0 Safari/537.36"
220.158.233.124 - - [08/Oct/2025:02:25:38 +0000] "GET /wp-login.php HTTP/1.1" 200 1993 "-" "Mozilla/5.0 (Windows NT 10.0; Win64; x64) AppleWebKit/537.36 (KHTML, like Gecko) Chrome/130.0.0.0 Safari/537.36"
220.158.233.124 - - [08/Oct/2025:02:25:41 +0000] "POST /wp-login.php HTTP/1.1" 200 2088 "https://b2bmassagekl.net/wp-login.php" "Mozilla/5.0 (Windows NT 10.0; Win64; x64) AppleWebKit/537.36 (KHTML, like Gecko) Chrome/130.0.0.0 Safari/537.36"
116.202.113.26 - - [08/Oct/2025:02:25:55 +0000] "GET /wp-login.php HTTP/1.1" 200 1993 "-" "Mozilla/5.0 (Windows NT 10.0; Win64; x64) AppleWebKit/537.36 (KHTML, like Gecko) Chrome/130.0.0.0 Safari/537.36"
116.202.113.26 - - [08/Oct/2025:02:25:59 +0000] "POST /wp-login.php HTTP/1.1" 200 2088 "https://b2bmassagekl.net/wp-login.php" "Mozilla/5.0 (Windows NT 10.0; Win64; x64) AppleWebKit/537.36 (KHTML, like Gecko) Chrome/130.0.0.0 Safari/537.36"
162.241.224.125 - - [08/Oct/2025:02:26:03 +0000] "GET /wp-login.php HTTP/1.1" 200 1993 "-" "Mozilla/5.0 (Windows NT 10.0; Win64; x64) AppleWebKit/537.36 (KHTML, like Gecko) Chrome/130.0.0.0 Safari/537.36"
162.241.224.125 - - [08/Oct/2025:02:26:04 +0000] "POST /wp-login.php HTTP/1.1" 200 2088 "https://b2bmassagekl.net/wp-login.php" "Mozilla/5.0 (Windows NT 10.0; Win64; x64) AppleWebKit/537.36 (KHTML, like Gecko) Chrome/130.0.0.0 Safari/537.36"
203.161.56.247 - - [08/Oct/2025:02:26:08 +0000] "POST /wp-cron.php?doing_wp_cron=1759890368.3594849109649658203125 HTTP/1.1" 200 - "-" "WordPress/6.8.3; https://b2bmassagekl.net"
50.116.87.160 - - [08/Oct/2025:02:26:07 +0000] "GET /wp-login.php HTTP/1.1" 200 1993 "-" "Mozilla/5.0 (Windows NT 10.0; Win64; x64) AppleWebKit/537.36 (KHTML, like Gecko) Chrome/130.0.0.0 Safari/537.36"
50.116.87.160 - - [08/Oct/2025:02:26:08 +0000] "POST /wp-login.php HTTP/1.1" 200 2088 "https://b2bmassagekl.net/wp-login.php" "Mozilla/5.0 (Windows NT 10.0; Win64; x64) AppleWebKit/537.36 (KHTML, like Gecko) Chrome/130.0.0.0 Safari/537.36"
108.179.193.170 - - [08/Oct/2025:02:26:11 +0000] "GET /wp-login.php HTTP/1.1" 200 1993 "-" "Mozilla/5.0 (Windows NT 10.0; Win64; x64) AppleWebKit/537.36 (KHTML, like Gecko) Chrome/130.0.0.0 Safari/537.36"
108.179.193.170 - - [08/Oct/2025:02:26:12 +0000] "POST /wp-login.php HTTP/1.1" 200 2088 "https://b2bmassagekl.net/wp-login.php" "Mozilla/5.0 (Windows NT 10.0; Win64; x64) AppleWebKit/537.36 (KHTML, like Gecko) Chrome/130.0.0.0 Safari/537.36"
85.10.206.80 - - [08/Oct/2025:02:26:15 +0000] "GET /wp-login.php HTTP/1.1" 200 1993 "-" "Mozilla/5.0 (Windows NT 10.0; Win64; x64) AppleWebKit/537.36 (KHTML, like Gecko) Chrome/130.0.0.0 Safari/537.36"
85.10.206.80 - - [08/Oct/2025:02:26:16 +0000] "POST /wp-login.php HTTP/1.1" 200 2088 "https://b2bmassagekl.net/wp-login.php" "Mozilla/5.0 (Windows NT 10.0; Win64; x64) AppleWebKit/537.36 (KHTML, like Gecko) Chrome/130.0.0.0 Safari/537.36"
203.161.56.247 - - [08/Oct/2025:02:26:34 +0000] "POST /wp-cron.php?doing_wp_cron=1759890394.8175399303436279296875 HTTP/1.1" 200 - "-" "WordPress/6.8.3; https://b2bmassagekl.net"
116.202.113.26 - - [08/Oct/2025:02:26:33 +0000] "GET /wp-login.php HTTP/1.1" 200 1993 "-" "Mozilla/5.0 (Windows NT 10.0; Win64; x64) AppleWebKit/537.36 (KHTML, like Gecko) Chrome/130.0.0.0 Safari/537.36"
116.202.113.26 - - [08/Oct/2025:02:26:38 +0000] "POST /wp-login.php HTTP/1.1" 200 2087 "https://b2bmassagekl.net/wp-login.php" "Mozilla/5.0 (Windows NT 10.0; Win64; x64) AppleWebKit/537.36 (KHTML, like Gecko) Chrome/130.0.0.0 Safari/537.36"
203.161.56.247 - - [08/Oct/2025:02:28:23 +0000] "POST /wp-cron.php?doing_wp_cron=1759890503.4326150417327880859375 HTTP/1.1" 200 - "-" "WordPress/6.8.3; https://b2bmassagekl.net"
46.51.151.249 - - [08/Oct/2025:02:28:21 +0000] "GET /wp-login.php HTTP/1.1" 200 1993 "-" "Mozilla/5.0 (Windows NT 10.0; Win64; x64) AppleWebKit/537.36 (KHTML, like Gecko) Chrome/130.0.0.0 Safari/537.36"
46.51.151.249 - - [08/Oct/2025:02:28:25 +0000] "POST /wp-login.php HTTP/1.1" 200 2088 "https://b2bmassagekl.net/wp-login.php" "Mozilla/5.0 (Windows NT 10.0; Win64; x64) AppleWebKit/537.36 (KHTML, like Gecko) Chrome/130.0.0.0 Safari/537.36"
203.161.56.247 - - [08/Oct/2025:02:29:18 +0000] "POST /wp-cron.php?doing_wp_cron=1759890558.0546839237213134765625 HTTP/1.1" 200 - "-" "WordPress/6.8.3; https://b2bmassagekl.net"
164.90.154.67 - - [08/Oct/2025:02:29:16 +0000] "GET /wp-login.php HTTP/1.1" 200 1993 "-" "Mozilla/5.0 (Windows NT 10.0; Win64; x64) AppleWebKit/537.36 (KHTML, like Gecko) Chrome/130.0.0.0 Safari/537.36"
164.90.154.67 - - [08/Oct/2025:02:29:20 +0000] "POST /wp-login.php HTTP/1.1" 200 2088 "https://b2bmassagekl.net/wp-login.php" "Mozilla/5.0 (Windows NT 10.0; Win64; x64) AppleWebKit/537.36 (KHTML, like Gecko) Chrome/130.0.0.0 Safari/537.36"
203.161.56.247 - - [08/Oct/2025:02:29:34 +0000] "POST /wp-cron.php?doing_wp_cron=1759890574.8977251052856445312500 HTTP/1.1" 200 - "-" "WordPress/6.8.3; https://b2bmassagekl.net"
192.185.81.238 - - [08/Oct/2025:02:29:33 +0000] "GET /wp-login.php HTTP/1.1" 200 1993 "-" "Mozilla/5.0 (Windows NT 10.0; Win64; x64) AppleWebKit/537.36 (KHTML, like Gecko) Chrome/130.0.0.0 Safari/537.36"
192.185.81.238 - - [08/Oct/2025:02:29:38 +0000] "POST /wp-login.php HTTP/1.1" 200 2088 "https://b2bmassagekl.net/wp-login.php" "Mozilla/5.0 (Windows NT 10.0; Win64; x64) AppleWebKit/537.36 (KHTML, like Gecko) Chrome/130.0.0.0 Safari/537.36"
203.161.56.247 - - [08/Oct/2025:02:30:27 +0000] "POST /wp-cron.php?doing_wp_cron=1759890627.4107758998870849609375 HTTP/1.1" 200 - "-" "WordPress/6.8.3; https://b2bmassagekl.net"
51.178.211.196 - - [08/Oct/2025:02:30:25 +0000] "GET /wp-login.php HTTP/1.1" 200 1993 "-" "Mozilla/5.0 (Windows NT 10.0; Win64; x64) AppleWebKit/537.36 (KHTML, like Gecko) Chrome/130.0.0.0 Safari/537.36"
51.178.211.196 - - [08/Oct/2025:02:30:28 +0000] "POST /wp-login.php HTTP/1.1" 200 2087 "https://b2bmassagekl.net/wp-login.php" "Mozilla/5.0 (Windows NT 10.0; Win64; x64) AppleWebKit/537.36 (KHTML, like Gecko) Chrome/130.0.0.0 Safari/537.36"
211.21.61.244 - - [08/Oct/2025:02:30:53 +0000] "GET /wp-login.php HTTP/1.1" 200 1993 "-" "Mozilla/5.0 (Windows NT 10.0; Win64; x64) AppleWebKit/537.36 (KHTML, like Gecko) Chrome/130.0.0.0 Safari/537.36"
211.21.61.244 - - [08/Oct/2025:02:30:57 +0000] "POST /wp-login.php HTTP/1.1" 200 2088 "https://b2bmassagekl.net/wp-login.php" "Mozilla/5.0 (Windows NT 10.0; Win64; x64) AppleWebKit/537.36 (KHTML, like Gecko) Chrome/130.0.0.0 Safari/537.36"
203.161.56.247 - - [08/Oct/2025:02:31:21 +0000] "POST /wp-cron.php?doing_wp_cron=1759890681.9801790714263916015625 HTTP/1.1" 200 - "-" "WordPress/6.8.3; https://b2bmassagekl.net"
208.109.34.85 - - [08/Oct/2025:02:31:20 +0000] "GET /wp-login.php HTTP/1.1" 200 1993 "-" "Mozilla/5.0 (Windows NT 10.0; Win64; x64) AppleWebKit/537.36 (KHTML, like Gecko) Chrome/130.0.0.0 Safari/537.36"
203.161.56.247 - - [08/Oct/2025:02:31:24 +0000] "POST /wp-cron.php?doing_wp_cron=1759890684.4024500846862792968750 HTTP/1.1" 200 - "-" "WordPress/6.8.3; https://b2bmassagekl.net"
208.109.34.85 - - [08/Oct/2025:02:31:23 +0000] "POST /wp-login.php HTTP/1.1" 200 2088 "https://b2bmassagekl.net/wp-login.php" "Mozilla/5.0 (Windows NT 10.0; Win64; x64) AppleWebKit/537.36 (KHTML, like Gecko) Chrome/130.0.0.0 Safari/537.36"
162.240.155.58 - - [08/Oct/2025:02:31:34 +0000] "GET /wp-login.php HTTP/1.1" 200 1993 "-" "Mozilla/5.0 (Windows NT 10.0; Win64; x64) AppleWebKit/537.36 (KHTML, like Gecko) Chrome/130.0.0.0 Safari/537.36"
162.240.155.58 - - [08/Oct/2025:02:31:35 +0000] "POST /wp-login.php HTTP/1.1" 200 2088 "https://b2bmassagekl.net/wp-login.php" "Mozilla/5.0 (Windows NT 10.0; Win64; x64) AppleWebKit/537.36 (KHTML, like Gecko) Chrome/130.0.0.0 Safari/537.36"
192.185.83.230 - - [08/Oct/2025:02:31:38 +0000] "GET /wp-login.php HTTP/1.1" 200 1993 "-" "Mozilla/5.0 (Windows NT 10.0; Win64; x64) AppleWebKit/537.36 (KHTML, like Gecko) Chrome/130.0.0.0 Safari/537.36"
192.185.83.230 - - [08/Oct/2025:02:31:39 +0000] "POST /wp-login.php HTTP/1.1" 200 2087 "https://b2bmassagekl.net/wp-login.php" "Mozilla/5.0 (Windows NT 10.0; Win64; x64) AppleWebKit/537.36 (KHTML, like Gecko) Chrome/130.0.0.0 Safari/537.36"
50.87.144.92 - - [08/Oct/2025:02:31:50 +0000] "GET /wp-login.php HTTP/1.1" 200 1993 "-" "Mozilla/5.0 (Windows NT 10.0; Win64; x64) AppleWebKit/537.36 (KHTML, like Gecko) Chrome/130.0.0.0 Safari/537.36"
50.87.144.92 - - [08/Oct/2025:02:31:54 +0000] "POST /wp-login.php HTTP/1.1" 200 2087 "https://b2bmassagekl.net/wp-login.php" "Mozilla/5.0 (Windows NT 10.0; Win64; x64) AppleWebKit/537.36 (KHTML, like Gecko) Chrome/130.0.0.0 Safari/537.36"
203.161.56.247 - - [08/Oct/2025:02:32:10 +0000] "POST /wp-cron.php?doing_wp_cron=1759890730.6166388988494873046875 HTTP/1.1" 200 - "-" "WordPress/6.8.3; https://b2bmassagekl.net"
103.11.103.4 - - [08/Oct/2025:02:32:09 +0000] "GET /wp-login.php HTTP/1.1" 200 1993 "-" "Mozilla/5.0 (Windows NT 10.0; Win64; x64) AppleWebKit/537.36 (KHTML, like Gecko) Chrome/130.0.0.0 Safari/537.36"
103.11.103.4 - - [08/Oct/2025:02:32:13 +0000] "POST /wp-login.php HTTP/1.1" 200 2088 "https://b2bmassagekl.net/wp-login.php" "Mozilla/5.0 (Windows NT 10.0; Win64; x64) AppleWebKit/537.36 (KHTML, like Gecko) Chrome/130.0.0.0 Safari/537.36"
203.161.56.247 - - [08/Oct/2025:02:32:33 +0000] "POST /wp-cron.php?doing_wp_cron=1759890753.5168120861053466796875 HTTP/1.1" 200 - "-" "WordPress/6.8.3; https://b2bmassagekl.net"
46.51.151.249 - - [08/Oct/2025:02:32:32 +0000] "GET /wp-login.php HTTP/1.1" 200 1993 "-" "Mozilla/5.0 (Windows NT 10.0; Win64; x64) AppleWebKit/537.36 (KHTML, like Gecko) Chrome/130.0.0.0 Safari/537.36"
46.51.151.249 - - [08/Oct/2025:02:32:33 +0000] "POST /wp-login.php HTTP/1.1" 200 2087 "https://b2bmassagekl.net/wp-login.php" "Mozilla/5.0 (Windows NT 10.0; Win64; x64) AppleWebKit/537.36 (KHTML, like Gecko) Chrome/130.0.0.0 Safari/537.36"
203.161.56.247 - - [08/Oct/2025:02:33:53 +0000] "POST /wp-cron.php?doing_wp_cron=1759890833.0036790370941162109375 HTTP/1.1" 200 - "-" "WordPress/6.8.3; https://b2bmassagekl.net"
203.112.72.51 - - [08/Oct/2025:02:33:51 +0000] "GET /wp-login.php HTTP/1.1" 200 1993 "-" "Mozilla/5.0 (Windows NT 10.0; Win64; x64) AppleWebKit/537.36 (KHTML, like Gecko) Chrome/130.0.0.0 Safari/537.36"
203.161.56.247 - - [08/Oct/2025:02:34:07 +0000] "POST /wp-cron.php?doing_wp_cron=1759890847.1517090797424316406250 HTTP/1.1" 200 - "-" "WordPress/6.8.3; https://b2bmassagekl.net"
193.233.113.67 - - [08/Oct/2025:02:34:05 +0000] "GET /wp-login.php?wpaas-standard-login=1 HTTP/1.1" 200 1993 "-" "Mozilla/5.0 (Windows NT 10.0; Win64; x64) AppleWebKit/537.36 (KHTML, like Gecko) Chrome/80.0.3987.149 Safari/537.36"
193.233.113.67 - - [08/Oct/2025:02:34:09 +0000] "POST /wp-login.php?wpaas-standard-login=1 HTTP/1.1" 200 2088 "https://b2bmassagekl.net/wp-login.php" "Mozilla/5.0 (Windows NT 10.0; Win64; x64; rv:143.0) Gecko/20100101 Firefox/143.0"
203.161.56.247 - - [08/Oct/2025:02:34:38 +0000] "POST /wp-cron.php?doing_wp_cron=1759890878.9705319404602050781250 HTTP/1.1" 200 - "-" "WordPress/6.8.3; https://b2bmassagekl.net"
162.241.224.125 - - [08/Oct/2025:02:34:38 +0000] "GET /wp-login.php HTTP/1.1" 200 1993 "-" "Mozilla/5.0 (Windows NT 10.0; Win64; x64) AppleWebKit/537.36 (KHTML, like Gecko) Chrome/130.0.0.0 Safari/537.36"
162.241.224.125 - - [08/Oct/2025:02:34:41 +0000] "POST /wp-login.php HTTP/1.1" 200 2087 "https://b2bmassagekl.net/wp-login.php" "Mozilla/5.0 (Windows NT 10.0; Win64; x64) AppleWebKit/537.36 (KHTML, like Gecko) Chrome/130.0.0.0 Safari/537.36"
107.155.65.188 - - [08/Oct/2025:02:35:29 +0000] "GET /wp-login.php HTTP/1.1" 200 1993 "-" "Mozilla/5.0 (Windows NT 10.0; Win64; x64) AppleWebKit/537.36 (KHTML, like Gecko) Chrome/130.0.0.0 Safari/537.36"
107.155.65.188 - - [08/Oct/2025:02:35:52 +0000] "POST /wp-login.php HTTP/1.1" 200 2088 "https://b2bmassagekl.net/wp-login.php" "Mozilla/5.0 (Windows NT 10.0; Win64; x64) AppleWebKit/537.36 (KHTML, like Gecko) Chrome/130.0.0.0 Safari/537.36"
203.161.56.247 - - [08/Oct/2025:02:36:10 +0000] "POST /wp-cron.php?doing_wp_cron=1759890970.6752099990844726562500 HTTP/1.1" 200 - "-" "WordPress/6.8.3; https://b2bmassagekl.net"
220.158.233.221 - - [08/Oct/2025:02:36:09 +0000] "GET /wp-login.php HTTP/1.1" 200 1993 "-" "Mozilla/5.0 (Windows NT 10.0; Win64; x64) AppleWebKit/537.36 (KHTML, like Gecko) Chrome/130.0.0.0 Safari/537.36"
