43.173.177.229 - - [07/Oct/2025:17:27:09 +0000] "GET /wp-content/plugins/mpc-massive/assets/js/mpc-scripts.min.js?ver=2.4.8 HTTP/1.1" 200 18041 "https://b2bmassagekl.net/c93/" "Mozilla/5.0 (Windows NT 6.1; Win64; x64) AppleWebKit/537.36 (KHTML, like Gecko) Chrome/126.0.6478.114 Safari/537.36"
203.161.56.247 - - [07/Oct/2025:17:27:55 +0000] "POST /wp-cron.php?doing_wp_cron=1759858075.7359290122985839843750 HTTP/1.1" 200 - "-" "WordPress/6.8.3; https://b2bmassagekl.net"
43.130.71.237 - - [07/Oct/2025:17:27:54 +0000] "GET /category/myr-450-1h/ HTTP/1.1" 200 12860 "-" "Mozilla/5.0 (iPhone; CPU iPhone OS 13_2_3 like Mac OS X) AppleWebKit/605.1.15 (KHTML, like Gecko) Version/13.0.3 Mobile/15E148 Safari/604.1"
203.161.56.247 - - [07/Oct/2025:17:28:44 +0000] "POST /wp-cron.php?doing_wp_cron=1759858124.2248950004577636718750 HTTP/1.1" 200 - "-" "WordPress/6.8.3; https://b2bmassagekl.net"
216.73.216.151 - - [07/Oct/2025:17:28:42 +0000] "GET /robots.txt HTTP/1.1" 200 135 "-" "Mozilla/5.0 AppleWebKit/537.36 (KHTML, like Gecko; compatible; ClaudeBot/1.0; +claudebot@anthropic.com)"
216.73.216.151 - - [07/Oct/2025:17:28:44 +0000] "GET /sitemap.rss HTTP/1.1" 200 1189 "-" "Mozilla/5.0 AppleWebKit/537.36 (KHTML, like Gecko; compatible; ClaudeBot/1.0; +claudebot@anthropic.com)"
203.161.56.247 - - [07/Oct/2025:17:29:22 +0000] "POST /wp-cron.php?doing_wp_cron=1759858162.2134931087493896484375 HTTP/1.1" 200 - "-" "WordPress/6.8.3; https://b2bmassagekl.net"
216.73.216.151 - - [07/Oct/2025:17:29:21 +0000] "GET /video-sitemap.xml HTTP/1.1" 404 267 "-" "Mozilla/5.0 AppleWebKit/537.36 (KHTML, like Gecko; compatible; ClaudeBot/1.0; +claudebot@anthropic.com)"
203.161.56.247 - - [07/Oct/2025:17:32:09 +0000] "POST /wp-cron.php?doing_wp_cron=1759858329.8961560726165771484375 HTTP/1.1" 200 - "-" "WordPress/6.8.3; https://b2bmassagekl.net"
216.73.216.151 - - [07/Oct/2025:17:32:08 +0000] "GET /sitemap.xml HTTP/1.1" 200 394 "-" "Mozilla/5.0 AppleWebKit/537.36 (KHTML, like Gecko; compatible; ClaudeBot/1.0; +claudebot@anthropic.com)"
203.161.56.247 - - [07/Oct/2025:17:33:03 +0000] "POST /wp-cron.php?doing_wp_cron=1759858383.2308449745178222656250 HTTP/1.1" 200 - "-" "WordPress/6.8.3; https://b2bmassagekl.net"
20.212.233.157 - - [07/Oct/2025:17:33:01 +0000] "GET /wp-login.php HTTP/1.1" 200 1994 "-" "Mozilla/5.0 (Windows NT 6.3; Win64; x64) AppleWebKit/537.36 (KHTML, like Gecko) Chrome/107.0.5304.62 Safari/537.36"
20.212.233.157 - - [07/Oct/2025:17:33:03 +0000] "POST /wp-login.php HTTP/1.1" 200 2089 "https://b2bmassagekl.net/wp-login.php" "Mozilla/5.0 (Windows NT 6.3; Win64; x64) AppleWebKit/537.36 (KHTML, like Gecko) Chrome/107.0.5304.62 Safari/537.36"
203.161.56.247 - - [07/Oct/2025:17:33:06 +0000] "POST /wp-cron.php?doing_wp_cron=1759858386.7849791049957275390625 HTTP/1.1" 200 - "-" "WordPress/6.8.3; https://b2bmassagekl.net"
20.212.233.157 - - [07/Oct/2025:17:33:05 +0000] "GET /wp-login.php HTTP/1.1" 200 1994 "-" "Mozilla/5.0 (Windows NT 6.3; Win64; x64) AppleWebKit/537.36 (KHTML, like Gecko) Chrome/106.0.5249.70 Safari/537.36"
20.212.233.157 - - [07/Oct/2025:17:33:07 +0000] "POST /wp-login.php HTTP/1.1" 200 2088 "https://b2bmassagekl.net/wp-login.php" "Mozilla/5.0 (Windows NT 6.3; Win64; x64) AppleWebKit/537.36 (KHTML, like Gecko) Chrome/106.0.5249.70 Safari/537.36"
20.212.233.157 - - [07/Oct/2025:17:33:09 +0000] "GET /wp-login.php HTTP/1.1" 200 1994 "-" "Mozilla/5.0 (Windows NT 6.1; Win64; x64) AppleWebKit/537.36 (KHTML, like Gecko) Chrome/107.0.5304.63 Safari/537.36"
20.212.233.157 - - [07/Oct/2025:17:33:10 +0000] "POST /wp-login.php HTTP/1.1" 200 2089 "https://b2bmassagekl.net/wp-login.php" "Mozilla/5.0 (Windows NT 6.1; Win64; x64) AppleWebKit/537.36 (KHTML, like Gecko) Chrome/107.0.5304.63 Safari/537.36"
203.161.56.247 - - [07/Oct/2025:17:37:21 +0000] "POST /wp-cron.php?doing_wp_cron=1759858641.6790030002593994140625 HTTP/1.1" 200 - "-" "WordPress/6.8.3; https://b2bmassagekl.net"
43.128.149.102 - - [07/Oct/2025:17:37:20 +0000] "GET /016-2/ HTTP/1.1" 200 14753 "-" "Mozilla/5.0 (iPhone; CPU iPhone OS 13_2_3 like Mac OS X) AppleWebKit/605.1.15 (KHTML, like Gecko) Version/13.0.3 Mobile/15E148 Safari/604.1"
203.161.56.247 - - [07/Oct/2025:17:40:15 +0000] "POST /wp-cron.php?doing_wp_cron=1759858815.1046919822692871093750 HTTP/1.1" 200 - "-" "WordPress/6.8.3; https://b2bmassagekl.net"
43.173.182.220 - - [07/Oct/2025:17:40:13 +0000] "GET /t98/ HTTP/1.1" 200 13417 "-" "Mozilla/5.0 (Windows NT 6.1; Win64; x64) AppleWebKit/537.36 (KHTML, like Gecko) Chrome/126.0.6478.114 Safari/537.36"
43.173.173.209 - - [07/Oct/2025:17:40:17 +0000] "GET /wp-includes/js/dist/i18n.min.js?ver=5e580eb46a90c2b997e6 HTTP/1.1" 200 3667 "https://b2bmassagekl.net/t98/" "Mozilla/5.0 (Windows NT 6.1; Win64; x64) AppleWebKit/537.36 (KHTML, like Gecko) Chrome/126.0.6478.114 Safari/537.36"
43.173.179.241 - - [07/Oct/2025:17:40:19 +0000] "GET /wp-content/plugins/revslider/public/assets/js/rs6.min.js?ver=6.5.19 HTTP/1.1" 200 100818 "https://b2bmassagekl.net/t98/" "Mozilla/5.0 (Windows NT 6.1; Win64; x64) AppleWebKit/537.36 (KHTML, like Gecko) Chrome/126.0.6478.114 Safari/537.36"
203.161.56.247 - - [07/Oct/2025:17:40:35 +0000] "POST /wp-cron.php?doing_wp_cron=1759858835.3113811016082763671875 HTTP/1.1" 200 - "-" "WordPress/6.8.3; https://b2bmassagekl.net"
216.73.216.151 - - [07/Oct/2025:17:40:34 +0000] "GET /video-sitemap.xml HTTP/1.1" 404 267 "-" "Mozilla/5.0 AppleWebKit/537.36 (KHTML, like Gecko; compatible; ClaudeBot/1.0; +claudebot@anthropic.com)"
203.161.56.247 - - [07/Oct/2025:17:49:28 +0000] "POST /wp-cron.php?doing_wp_cron=1759859368.8761548995971679687500 HTTP/1.1" 200 - "-" "WordPress/6.8.3; https://b2bmassagekl.net"
43.130.111.40 - - [07/Oct/2025:17:49:27 +0000] "GET /wp-json/wp/v2/posts/2195 HTTP/1.1" 200 2546 "-" "Mozilla/5.0 (iPhone; CPU iPhone OS 13_2_3 like Mac OS X) AppleWebKit/605.1.15 (KHTML, like Gecko) Version/13.0.3 Mobile/15E148 Safari/604.1"
216.73.216.151 - - [07/Oct/2025:17:49:45 +0000] "GET /sitemap.rss HTTP/1.1" 200 1189 "-" "Mozilla/5.0 AppleWebKit/537.36 (KHTML, like Gecko; compatible; ClaudeBot/1.0; +claudebot@anthropic.com)"
203.161.56.247 - - [07/Oct/2025:17:50:10 +0000] "POST /wp-cron.php?doing_wp_cron=1759859410.5993480682373046875000 HTTP/1.1" 200 - "-" "WordPress/6.8.3; https://b2bmassagekl.net"
37.139.53.214 - - [07/Oct/2025:17:50:09 +0000] "GET / HTTP/1.0" 200 153428 "https://b2bmassagekl.net/" "Mozilla/5.0 (Windows NT 10.0; Win64; x64) AppleWebKit/537.36 (KHTML, like Gecko) Chrome/130.0.0.0 Safari/537.36"
203.161.56.247 - - [07/Oct/2025:17:56:25 +0000] "POST /wp-cron.php?doing_wp_cron=1759859785.3426680564880371093750 HTTP/1.1" 200 - "-" "WordPress/6.8.3; https://b2bmassagekl.net"
185.121.235.192 - - [07/Oct/2025:17:56:23 +0000] "GET /top-rated-escort-agency-in-kuala-lumpur/ HTTP/1.0" 404 43051 "https://b2bmassagekl.net/top-rated-escort-agency-in-kuala-lumpur/" "Mozilla/5.0 (Windows NT 10.0; Win64; x64) AppleWebKit/537.36 (KHTML, like Gecko) Chrome/129.0.0.0 Safari/537.36"
203.161.56.247 - - [07/Oct/2025:17:59:05 +0000] "POST /wp-cron.php?doing_wp_cron=1759859945.6839919090270996093750 HTTP/1.1" 200 - "-" "WordPress/6.8.3; https://b2bmassagekl.net"
216.73.216.151 - - [07/Oct/2025:17:59:04 +0000] "GET /sitemap.rss HTTP/1.1" 200 1189 "-" "Mozilla/5.0 AppleWebKit/537.36 (KHTML, like Gecko; compatible; ClaudeBot/1.0; +claudebot@anthropic.com)"
203.161.56.247 - - [07/Oct/2025:18:00:18 +0000] "POST /wp-cron.php?doing_wp_cron=1759860018.8799579143524169921875 HTTP/1.1" 200 - "-" "WordPress/6.8.3; https://b2bmassagekl.net"
43.130.67.33 - - [07/Oct/2025:18:00:16 +0000] "GET /?p=2195 HTTP/1.1" 301 - "-" "Mozilla/5.0 (iPhone; CPU iPhone OS 13_2_3 like Mac OS X) AppleWebKit/605.1.15 (KHTML, like Gecko) Version/13.0.3 Mobile/15E148 Safari/604.1"
203.161.56.247 - - [07/Oct/2025:18:00:25 +0000] "POST /wp-cron.php?doing_wp_cron=1759860025.2694029808044433593750 HTTP/1.1" 200 - "-" "WordPress/6.8.3; https://b2bmassagekl.net"
43.130.67.33 - - [07/Oct/2025:18:00:23 +0000] "GET /016-2/ HTTP/1.1" 200 14755 "https://b2bmassagekl.net/?p=2195" "Mozilla/5.0 (iPhone; CPU iPhone OS 13_2_3 like Mac OS X) AppleWebKit/605.1.15 (KHTML, like Gecko) Version/13.0.3 Mobile/15E148 Safari/604.1"
203.161.56.247 - - [07/Oct/2025:18:10:39 +0000] "POST /wp-cron.php?doing_wp_cron=1759860639.8520410060882568359375 HTTP/1.1" 200 - "-" "WordPress/6.8.3; https://b2bmassagekl.net"
43.173.180.106 - - [07/Oct/2025:18:10:38 +0000] "GET /author/sweet-b2b-massage/ HTTP/1.1" 200 12787 "-" "Mozilla/5.0 (Windows NT 10.0; Win64; x64) AppleWebKit/537.36 (KHTML, like Gecko) Chrome/131.0.0.0 Safari/537.36"
203.161.56.247 - - [07/Oct/2025:18:12:58 +0000] "POST /wp-cron.php?doing_wp_cron=1759860778.2222559452056884765625 HTTP/1.1" 200 - "-" "WordPress/6.8.3; https://b2bmassagekl.net"
43.153.73.200 - - [07/Oct/2025:18:12:56 +0000] "GET /wp-json/oembed/1.0/embed?url=https%3A%2F%2Fb2bmassagekl.net%2F016-2%2F HTTP/1.1" 200 1077 "-" "Mozilla/5.0 (iPhone; CPU iPhone OS 13_2_3 like Mac OS X) AppleWebKit/605.1.15 (KHTML, like Gecko) Version/13.0.3 Mobile/15E148 Safari/604.1"
203.161.56.247 - - [07/Oct/2025:18:16:43 +0000] "POST /wp-cron.php?doing_wp_cron=1759861003.5085880756378173828125 HTTP/1.1" 200 - "-" "WordPress/6.8.3; https://b2bmassagekl.net"
216.73.216.151 - - [07/Oct/2025:18:16:41 +0000] "GET /sitemap.rss HTTP/1.1" 200 1189 "-" "Mozilla/5.0 AppleWebKit/537.36 (KHTML, like Gecko; compatible; ClaudeBot/1.0; +claudebot@anthropic.com)"
203.161.56.247 - - [07/Oct/2025:18:18:18 +0000] "POST /wp-cron.php?doing_wp_cron=1759861098.2733340263366699218750 HTTP/1.1" 200 - "-" "WordPress/6.8.3; https://b2bmassagekl.net"
43.130.139.136 - - [07/Oct/2025:18:18:16 +0000] "GET /005-2/ HTTP/1.1" 200 14806 "-" "Mozilla/5.0 (iPhone; CPU iPhone OS 13_2_3 like Mac OS X) AppleWebKit/605.1.15 (KHTML, like Gecko) Version/13.0.3 Mobile/15E148 Safari/604.1"
203.161.56.247 - - [07/Oct/2025:18:21:19 +0000] "POST /wp-cron.php?doing_wp_cron=1759861279.1078128814697265625000 HTTP/1.1" 200 - "-" "WordPress/6.8.3; https://b2bmassagekl.net"
132.148.78.150 - - [07/Oct/2025:18:21:17 +0000] "GET /wp-login.php HTTP/1.1" 200 1994 "-" "Mozilla/5.0 (Windows NT 10.0; Win64; x64) AppleWebKit/537.36 (KHTML, like Gecko) Chrome/120.0.0.0 Safari/537.36"
132.148.78.150 - - [07/Oct/2025:18:21:19 +0000] "POST /wp-login.php HTTP/1.1" 200 2096 "https://b2bmassagekl.net/wp-login.php" "Mozilla/5.0 (Windows NT 10.0; Win64; x64) AppleWebKit/537.36 (KHTML, like Gecko) Chrome/120.0.0.0 Safari/537.36"
203.161.56.247 - - [07/Oct/2025:18:24:00 +0000] "POST /wp-cron.php?doing_wp_cron=1759861440.3410010337829589843750 HTTP/1.1" 200 - "-" "WordPress/6.8.3; https://b2bmassagekl.net"
89.110.104.136 - - [07/Oct/2025:18:23:58 +0000] "GET /top-rated-escort-agency-in-kuala-lumpur/ HTTP/1.0" 404 43051 "https://b2bmassagekl.net/top-rated-escort-agency-in-kuala-lumpur/" "Mozilla/5.0 (Windows NT 10.0; Win64; x64) AppleWebKit/537.36 (KHTML, like Gecko) Chrome/131.0.0.0 Safari/537.36 Avast/131.0.0.0"
203.161.56.247 - - [07/Oct/2025:18:27:54 +0000] "POST /wp-cron.php?doing_wp_cron=1759861674.1509048938751220703125 HTTP/1.1" 200 - "-" "WordPress/6.8.3; https://b2bmassagekl.net"
107.189.7.63 - - [07/Oct/2025:18:27:52 +0000] "GET /wp-login.php HTTP/1.1" 200 1994 "-" "Mozilla/5.0 (Windows NT 6.3; WOW64) AppleWebKit/537.36 (KHTML, like Gecko) Chrome/36.0.1985.143 Safari/537.36"
107.189.7.63 - - [07/Oct/2025:18:27:54 +0000] "POST /wp-login.php HTTP/1.1" 200 2096 "-" "Mozilla/5.0 (Windows NT 6.3; WOW64) AppleWebKit/537.36 (KHTML, like Gecko) Chrome/36.0.1985.143 Safari/537.36"
203.161.56.247 - - [07/Oct/2025:18:29:46 +0000] "POST /wp-cron.php?doing_wp_cron=1759861786.6474640369415283203125 HTTP/1.1" 200 - "-" "WordPress/6.8.3; https://b2bmassagekl.net"
43.166.255.102 - - [07/Oct/2025:18:29:45 +0000] "GET /category/myr-450-1h/feed/ HTTP/1.1" 200 12381 "-" "Mozilla/5.0 (iPhone; CPU iPhone OS 13_2_3 like Mac OS X) AppleWebKit/605.1.15 (KHTML, like Gecko) Version/13.0.3 Mobile/15E148 Safari/604.1"
203.161.56.247 - - [07/Oct/2025:18:32:47 +0000] "POST /wp-cron.php?doing_wp_cron=1759861967.1242198944091796875000 HTTP/1.1" 200 - "-" "WordPress/6.8.3; https://b2bmassagekl.net"
216.73.216.151 - - [07/Oct/2025:18:32:45 +0000] "GET /robots.txt HTTP/1.1" 200 135 "-" "Mozilla/5.0 AppleWebKit/537.36 (KHTML, like Gecko; compatible; ClaudeBot/1.0; +claudebot@anthropic.com)"
216.73.216.151 - - [07/Oct/2025:18:32:47 +0000] "GET /news-sitemap.xml HTTP/1.1" 404 285 "-" "Mozilla/5.0 AppleWebKit/537.36 (KHTML, like Gecko; compatible; ClaudeBot/1.0; +claudebot@anthropic.com)"
203.161.56.247 - - [07/Oct/2025:18:40:11 +0000] "POST /wp-cron.php?doing_wp_cron=1759862411.4941470623016357421875 HTTP/1.1" 200 - "-" "WordPress/6.8.3; https://b2bmassagekl.net"
43.130.9.111 - - [07/Oct/2025:18:40:09 +0000] "GET /wp-json/oembed/1.0/embed?url=https%3A%2F%2Fb2bmassagekl.net%2F016-2%2F&format=xml HTTP/1.1" 200 1113 "-" "Mozilla/5.0 (iPhone; CPU iPhone OS 13_2_3 like Mac OS X) AppleWebKit/605.1.15 (KHTML, like Gecko) Version/13.0.3 Mobile/15E148 Safari/604.1"
203.161.56.247 - - [07/Oct/2025:18:40:26 +0000] "POST /wp-cron.php?doing_wp_cron=1759862426.9409160614013671875000 HTTP/1.1" 200 - "-" "WordPress/6.8.3; https://b2bmassagekl.net"
120.138.19.65 - - [07/Oct/2025:18:40:25 +0000] "POST /xmlrpc.php HTTP/1.1" 200 225 "-" "Mozilla/5.0 (X11; Ubuntu; Linux x86_64; rv:85.0) Gecko/20100101 Firefox/91.0"
43.166.255.122 - - [07/Oct/2025:18:41:43 +0000] "GET / HTTP/1.1" 200 24358 "http://b2bmassagekl.net" "Mozilla/5.0 (iPhone; CPU iPhone OS 13_2_3 like Mac OS X) AppleWebKit/605.1.15 (KHTML, like Gecko) Version/13.0.3 Mobile/15E148 Safari/604.1"
206.189.134.252 - - [07/Oct/2025:18:51:15 +0000] "GET /wp-admin/network/index.php HTTP/1.1" 302 - "-" "Mozlila/5.0 (Linux; Android 7.0; SM-G892A Bulid/NRD90M; wv) AppleWebKit/537.36 (KHTML, like Gecko) Version/4.0 Chrome/60.0.3112.107 Moblie Safari/537.36"
206.189.134.252 - - [07/Oct/2025:18:51:17 +0000] "GET /wp-login.php?redirect_to=https%3A%2F%2Fb2bmassagekl.net%2Fwp-admin%2Fnetwork%2Findex.php&reauth=1 HTTP/1.1" 200 2002 "-" "Mozlila/5.0 (Linux; Android 7.0; SM-G892A Bulid/NRD90M; wv) AppleWebKit/537.36 (KHTML, like Gecko) Version/4.0 Chrome/60.0.3112.107 Moblie Safari/537.36"
216.73.216.151 - - [07/Oct/2025:18:51:43 +0000] "GET /sitemap.rss HTTP/1.1" 200 1189 "-" "Mozilla/5.0 AppleWebKit/537.36 (KHTML, like Gecko; compatible; ClaudeBot/1.0; +claudebot@anthropic.com)"
203.161.56.247 - - [07/Oct/2025:18:53:32 +0000] "POST /wp-cron.php?doing_wp_cron=1759863212.2120270729064941406250 HTTP/1.1" 200 - "-" "WordPress/6.8.3; https://b2bmassagekl.net"
216.73.216.151 - - [07/Oct/2025:18:53:30 +0000] "GET /video-sitemap.xml HTTP/1.1" 404 267 "-" "Mozilla/5.0 AppleWebKit/537.36 (KHTML, like Gecko; compatible; ClaudeBot/1.0; +claudebot@anthropic.com)"
216.73.216.151 - - [07/Oct/2025:18:53:30 +0000] "GET /news-sitemap.xml HTTP/1.1" 404 285 "-" "Mozilla/5.0 AppleWebKit/537.36 (KHTML, like Gecko; compatible; ClaudeBot/1.0; +claudebot@anthropic.com)"
203.161.56.247 - - [07/Oct/2025:19:18:54 +0000] "POST /wp-cron.php?doing_wp_cron=1759864734.7311799526214599609375 HTTP/1.1" 200 - "-" "WordPress/6.8.3; https://b2bmassagekl.net"
216.73.216.151 - - [07/Oct/2025:19:18:53 +0000] "GET /news-sitemap.xml HTTP/1.1" 404 285 "-" "Mozilla/5.0 AppleWebKit/537.36 (KHTML, like Gecko; compatible; ClaudeBot/1.0; +claudebot@anthropic.com)"
203.161.56.247 - - [07/Oct/2025:19:21:39 +0000] "POST /wp-cron.php?doing_wp_cron=1759864899.2657759189605712890625 HTTP/1.1" 200 - "-" "WordPress/6.8.3; https://b2bmassagekl.net"
216.73.216.151 - - [07/Oct/2025:19:21:37 +0000] "GET /video-sitemap.xml HTTP/1.1" 404 267 "-" "Mozilla/5.0 AppleWebKit/537.36 (KHTML, like Gecko; compatible; ClaudeBot/1.0; +claudebot@anthropic.com)"
203.161.56.247 - - [07/Oct/2025:19:35:12 +0000] "POST /wp-cron.php?doing_wp_cron=1759865711.9842929840087890625000 HTTP/1.1" 200 - "-" "WordPress/6.8.3; https://b2bmassagekl.net"
104.210.140.137 - - [07/Oct/2025:19:35:09 +0000] "GET /robots.txt HTTP/1.1" 200 135 "-" "Mozilla/5.0 (Macintosh; Intel Mac OS X 10_15_7) AppleWebKit/537.36 (KHTML, like Gecko) Chrome/131.0.0.0 Safari/537.36; compatible; OAI-SearchBot/1.0; +https://openai.com/searchbot"
203.161.56.247 - - [07/Oct/2025:19:39:06 +0000] "POST /wp-cron.php?doing_wp_cron=1759865946.4204180240631103515625 HTTP/1.1" 200 - "-" "WordPress/6.8.3; https://b2bmassagekl.net"
91.230.225.149 - - [07/Oct/2025:19:39:04 +0000] "GET /book-a-kuala-lumpur-escort-model/ HTTP/1.0" 404 43023 "https://b2bmassagekl.net/book-a-kuala-lumpur-escort-model/#comment-21840" "Mozilla/5.0 (Windows NT 10.0; Win64; x64) AppleWebKit/537.36 (KHTML, like Gecko) Chrome/131.0.0.0 Safari/537.36 Avast/131.0.0.0"
185.121.235.192 - - [07/Oct/2025:19:39:18 +0000] "GET /top-rated-escort-agency-in-kuala-lumpur/ HTTP/1.0" 404 43051 "https://b2bmassagekl.net/top-rated-escort-agency-in-kuala-lumpur/" "Mozilla/5.0 (Windows NT 10.0; Win64; x64) AppleWebKit/537.36 (KHTML, like Gecko) Chrome/130.0.0.0 Safari/537.36 CCleaner/130.0.0.0"
203.161.56.247 - - [07/Oct/2025:19:42:16 +0000] "POST /wp-cron.php?doing_wp_cron=1759866136.3090898990631103515625 HTTP/1.1" 200 - "-" "WordPress/6.8.3; https://b2bmassagekl.net"
89.110.104.136 - - [07/Oct/2025:19:42:14 +0000] "GET /top-rated-escort-agency-in-kuala-lumpur/ HTTP/1.0" 404 43051 "https://b2bmassagekl.net/top-rated-escort-agency-in-kuala-lumpur/" "Mozilla/5.0 (Windows NT 10.0; Win64; x64) AppleWebKit/537.36 (KHTML, like Gecko) Chrome/130.0.0.0 Safari/537.36 CCleaner/130.0.0.0"
203.161.56.247 - - [07/Oct/2025:19:44:02 +0000] "POST /wp-cron.php?doing_wp_cron=1759866242.7036490440368652343750 HTTP/1.1" 200 - "-" "WordPress/6.8.3; https://b2bmassagekl.net"
216.73.216.151 - - [07/Oct/2025:19:44:01 +0000] "GET /robots.txt HTTP/1.1" 200 135 "-" "Mozilla/5.0 AppleWebKit/537.36 (KHTML, like Gecko; compatible; ClaudeBot/1.0; +claudebot@anthropic.com)"
216.73.216.151 - - [07/Oct/2025:19:44:02 +0000] "GET /news-sitemap.xml HTTP/1.1" 404 285 "-" "Mozilla/5.0 AppleWebKit/537.36 (KHTML, like Gecko; compatible; ClaudeBot/1.0; +claudebot@anthropic.com)"
203.161.56.247 - - [07/Oct/2025:19:46:36 +0000] "POST /wp-cron.php?doing_wp_cron=1759866395.9924170970916748046875 HTTP/1.1" 200 - "-" "WordPress/6.8.3; https://b2bmassagekl.net"
45.61.185.156 - - [07/Oct/2025:19:46:34 +0000] "GET /wp-login.php HTTP/1.1" 200 1994 "-" "Mozilla/5.0 (Windows NT 6.1; WOW64; rv:30.0) Gecko/20100101 Firefox/30.0"
45.61.185.156 - - [07/Oct/2025:19:46:36 +0000] "POST /wp-login.php HTTP/1.1" 200 2096 "-" "Mozilla/5.0 (Windows NT 6.1; WOW64; rv:30.0) Gecko/20100101 Firefox/30.0"
203.161.56.247 - - [07/Oct/2025:19:58:18 +0000] "POST /wp-cron.php?doing_wp_cron=1759867098.9197669029235839843750 HTTP/1.1" 200 - "-" "WordPress/6.8.3; https://b2bmassagekl.net"
141.95.243.199 - - [07/Oct/2025:19:58:16 +0000] "GET /wp-login.php HTTP/1.1" 200 1994 "-" "Mozilla/5.0 (Windows NT 10.0; Win64; x64) AppleWebKit/537.36 (KHTML, like Gecko) Chrome/120.0.0.0 Safari/537.36"
141.95.243.199 - - [07/Oct/2025:19:58:19 +0000] "POST /wp-login.php HTTP/1.1" 200 2096 "https://b2bmassagekl.net/wp-login.php" "Mozilla/5.0 (Windows NT 10.0; Win64; x64) AppleWebKit/537.36 (KHTML, like Gecko) Chrome/120.0.0.0 Safari/537.36"
203.161.56.247 - - [07/Oct/2025:19:58:45 +0000] "POST /wp-cron.php?doing_wp_cron=1759867125.3518080711364746093750 HTTP/1.1" 200 - "-" "WordPress/6.8.3; https://b2bmassagekl.net"
45.61.184.47 - - [07/Oct/2025:19:58:44 +0000] "GET /wp-login.php HTTP/1.1" 200 1994 "-" "Mozilla/5.0 (Macintosh; Intel Mac OS X 10_9_3) AppleWebKit/537.75.14 (KHTML, like Gecko) Version/7.0.3 Safari/537.75.14"
45.61.184.47 - - [07/Oct/2025:19:58:45 +0000] "POST /wp-login.php HTTP/1.1" 200 2096 "-" "Mozilla/5.0 (Macintosh; Intel Mac OS X 10_9_3) AppleWebKit/537.75.14 (KHTML, like Gecko) Version/7.0.3 Safari/537.75.14"
216.73.216.151 - - [07/Oct/2025:20:04:37 +0000] "GET /news-sitemap.xml HTTP/1.1" 404 285 "-" "Mozilla/5.0 AppleWebKit/537.36 (KHTML, like Gecko; compatible; ClaudeBot/1.0; +claudebot@anthropic.com)"
203.161.56.247 - - [07/Oct/2025:20:07:00 +0000] "POST /wp-cron.php?doing_wp_cron=1759867620.3600099086761474609375 HTTP/1.1" 200 - "-" "WordPress/6.8.3; https://b2bmassagekl.net"
216.73.216.151 - - [07/Oct/2025:20:06:58 +0000] "GET /video-sitemap.xml HTTP/1.1" 404 267 "-" "Mozilla/5.0 AppleWebKit/537.36 (KHTML, like Gecko; compatible; ClaudeBot/1.0; +claudebot@anthropic.com)"
203.161.56.247 - - [07/Oct/2025:20:09:02 +0000] "POST /wp-cron.php?doing_wp_cron=1759867742.1696031093597412109375 HTTP/1.1" 200 - "-" "WordPress/6.8.3; https://b2bmassagekl.net"
185.75.143.243 - - [07/Oct/2025:20:09:00 +0000] "POST /xmlrpc.php HTTP/1.1" 200 225 "-" "Mozilla/5.0 (X11; U; Linux i686; en-US; rv:96.0) Gecko/20071914 Firefox/96.0"
34.148.112.78 - - [07/Oct/2025:20:10:32 +0000] "HEAD / HTTP/1.1" 200 - "http://b2bmassagekl.net/" "Mozilla/5.0 (Windows NT 10.0; Win64; x64) AppleWebKit/537.36 (KHTML, like Gecko) Chrome/121.0.6167.140 Safari/537.36 Vivaldi/6.4.3160.47"
34.148.112.78 - - [07/Oct/2025:20:10:34 +0000] "HEAD / HTTP/1.1" 200 - "http://b2bmassagekl.net/home" "Mozilla/5.0 (Windows NT 11.0; Win64; x64; rv:126.0) Gecko/20100101 Firefox/126.0"
203.161.56.247 - - [07/Oct/2025:20:26:29 +0000] "POST /wp-cron.php?doing_wp_cron=1759868789.4165930747985839843750 HTTP/1.1" 200 - "-" "WordPress/6.8.3; https://b2bmassagekl.net"
66.249.65.202 - - [07/Oct/2025:20:26:27 +0000] "GET /009-2/?utm_source=rss&utm_medium=rss&utm_campaign=009-2 HTTP/1.1" 200 14817 "-" "Mozilla/5.0 (Linux; Android 6.0.1; Nexus 5X Build/MMB29P) AppleWebKit/537.36 (KHTML, like Gecko) Chrome/140.0.7339.207 Mobile Safari/537.36 (compatible; Googlebot/2.1; +http://www.google.com/bot.html)"
203.161.56.247 - - [07/Oct/2025:20:32:47 +0000] "POST /wp-cron.php?doing_wp_cron=1759869167.8616371154785156250000 HTTP/1.1" 200 - "-" "WordPress/6.8.3; https://b2bmassagekl.net"
138.117.222.255 - - [07/Oct/2025:20:32:46 +0000] "POST /xmlrpc.php HTTP/1.1" 200 403 "-" "Mozilla/5.0 (Windows NT 6.2; arm64) AppleWebKit/537.36 (KHTML, like Gecko) Firefox/97.0.0.0 Safari/537.36"
203.161.56.247 - - [07/Oct/2025:20:33:09 +0000] "POST /wp-cron.php?doing_wp_cron=1759869189.4939720630645751953125 HTTP/1.1" 200 - "-" "WordPress/6.8.3; https://b2bmassagekl.net"
189.34.145.184 - - [07/Oct/2025:20:33:07 +0000] "POST /xmlrpc.php HTTP/1.1" 200 403 "-" "Mozilla/5.0 (Macintosh; Intel Mac OS X 10_15_7; x86) AppleWebKit/537.36 (KHTML, like Gecko) Opera/78.0.0.0 Safari/537.36"
187.122.227.99 - - [07/Oct/2025:20:33:08 +0000] "POST /xmlrpc.php HTTP/1.1" 200 403 "-" "Mozilla/5.0 (X11; Ubuntu; Linux x86_64; arm64) AppleWebKit/537.36 (KHTML, like Gecko) Firefox/87.0.0.0 Safari/537.36"
203.161.56.247 - - [07/Oct/2025:20:35:34 +0000] "POST /wp-cron.php?doing_wp_cron=1759869334.1978869438171386718750 HTTP/1.1" 200 - "-" "WordPress/6.8.3; https://b2bmassagekl.net"
163.171.167.182 - - [07/Oct/2025:20:35:32 +0000] "POST /wp-login.php HTTP/1.1" 200 2096 "-" "Mozilla"
109.199.106.62 - - [07/Oct/2025:20:35:38 +0000] "GET / HTTP/1.1" 200 24350 "-" "Mozilla/5.0 (Macintosh; Intel Mac OS X 10_15_7) AppleWebKit/605.1.15 (KHTML, like Gecko) Version/15.6 Safari/605.1.15"
203.161.56.247 - - [07/Oct/2025:20:36:41 +0000] "POST /wp-cron.php?doing_wp_cron=1759869401.2107319831848144531250 HTTP/1.1" 200 - "-" "WordPress/6.8.3; https://b2bmassagekl.net"
216.73.216.151 - - [07/Oct/2025:20:36:39 +0000] "GET /video-sitemap.xml HTTP/1.1" 404 267 "-" "Mozilla/5.0 AppleWebKit/537.36 (KHTML, like Gecko; compatible; ClaudeBot/1.0; +claudebot@anthropic.com)"
203.161.56.247 - - [07/Oct/2025:20:38:11 +0000] "POST /wp-cron.php?doing_wp_cron=1759869491.3979480266571044921875 HTTP/1.1" 200 - "-" "WordPress/6.8.3; https://b2bmassagekl.net"
216.73.216.151 - - [07/Oct/2025:20:38:09 +0000] "GET /news-sitemap.xml HTTP/1.1" 404 285 "-" "Mozilla/5.0 AppleWebKit/537.36 (KHTML, like Gecko; compatible; ClaudeBot/1.0; +claudebot@anthropic.com)"
203.161.56.247 - - [07/Oct/2025:20:54:18 +0000] "POST /wp-cron.php?doing_wp_cron=1759870458.6083309650421142578125 HTTP/1.1" 200 - "-" "WordPress/6.8.3; https://b2bmassagekl.net"
216.73.216.151 - - [07/Oct/2025:20:54:15 +0000] "GET /robots.txt HTTP/1.1" 200 135 "-" "Mozilla/5.0 AppleWebKit/537.36 (KHTML, like Gecko; compatible; ClaudeBot/1.0; +claudebot@anthropic.com)"
216.73.216.151 - - [07/Oct/2025:20:54:18 +0000] "GET /sitemap.xml HTTP/1.1" 200 394 "-" "Mozilla/5.0 AppleWebKit/537.36 (KHTML, like Gecko; compatible; ClaudeBot/1.0; +claudebot@anthropic.com)"
203.161.56.247 - - [07/Oct/2025:20:56:52 +0000] "POST /wp-cron.php?doing_wp_cron=1759870612.0107901096343994140625 HTTP/1.1" 200 - "-" "WordPress/6.8.3; https://b2bmassagekl.net"
216.73.216.151 - - [07/Oct/2025:20:56:50 +0000] "GET /news-sitemap.xml HTTP/1.1" 404 285 "-" "Mozilla/5.0 AppleWebKit/537.36 (KHTML, like Gecko; compatible; ClaudeBot/1.0; +claudebot@anthropic.com)"
203.161.56.247 - - [07/Oct/2025:21:00:51 +0000] "POST /wp-cron.php?doing_wp_cron=1759870851.5942049026489257812500 HTTP/1.1" 200 - "-" "WordPress/6.8.3; https://b2bmassagekl.net"
89.110.104.136 - - [07/Oct/2025:21:00:49 +0000] "GET /top-rated-escort-agency-in-kuala-lumpur/ HTTP/1.0" 404 43051 "https://b2bmassagekl.net/top-rated-escort-agency-in-kuala-lumpur/" "Mozilla/5.0 (Windows NT 10.0; Win64; x64) AppleWebKit/537.36 (KHTML, like Gecko) Chrome/130.0.0.0 Safari/537.36"
203.161.56.247 - - [07/Oct/2025:21:01:23 +0000] "POST /wp-cron.php?doing_wp_cron=1759870883.6404519081115722656250 HTTP/1.1" 200 - "-" "WordPress/6.8.3; https://b2bmassagekl.net"
216.73.216.151 - - [07/Oct/2025:21:01:22 +0000] "GET /video-sitemap.xml HTTP/1.1" 404 267 "-" "Mozilla/5.0 AppleWebKit/537.36 (KHTML, like Gecko; compatible; ClaudeBot/1.0; +claudebot@anthropic.com)"
203.161.56.247 - - [07/Oct/2025:21:04:06 +0000] "POST /wp-cron.php?doing_wp_cron=1759871046.6972529888153076171875 HTTP/1.1" 200 - "-" "WordPress/6.8.3; https://b2bmassagekl.net"
209.141.33.200 - - [07/Oct/2025:21:04:05 +0000] "GET /wp-login.php HTTP/1.1" 200 1994 "-" "Mozilla/5.0 (Windows NT 6.1; WOW64; Trident/7.0; rv:11.0) like Gecko"
203.161.56.247 - - [07/Oct/2025:21:06:43 +0000] "POST /wp-cron.php?doing_wp_cron=1759871203.5387530326843261718750 HTTP/1.1" 200 - "-" "WordPress/6.8.3; https://b2bmassagekl.net"
209.141.33.200 - - [07/Oct/2025:21:06:41 +0000] "POST /wp-login.php HTTP/1.1" 200 2096 "-" "Mozilla/5.0 (Windows NT 6.1; WOW64; Trident/7.0; rv:11.0) like Gecko"
125.94.144.102 - - [07/Oct/2025:21:12:39 +0000] "GET / HTTP/1.1" 200 24357 "http://b2bmassagekl.net" "Mozilla/5.0 (iPhone; CPU iPhone OS 13_2_3 like Mac OS X) AppleWebKit/605.1.15 (KHTML, like Gecko) Version/13.0.3 Mobile/15E148 Safari/604.1"
203.161.56.247 - - [07/Oct/2025:21:21:53 +0000] "POST /wp-cron.php?doing_wp_cron=1759872113.9444499015808105468750 HTTP/1.1" 200 - "-" "WordPress/6.8.3; https://b2bmassagekl.net"
185.121.235.192 - - [07/Oct/2025:21:21:52 +0000] "GET /top-rated-escort-agency-in-kuala-lumpur/ HTTP/1.0" 404 43051 "https://b2bmassagekl.net/top-rated-escort-agency-in-kuala-lumpur/" "Mozilla/5.0 (Windows NT 10.0; Win64; x64) AppleWebKit/537.36 (KHTML, like Gecko) Chrome/129.0.0.0 Safari/537.36"
203.161.56.247 - - [07/Oct/2025:21:24:12 +0000] "POST /wp-cron.php?doing_wp_cron=1759872252.2597250938415527343750 HTTP/1.1" 200 - "-" "WordPress/6.8.3; https://b2bmassagekl.net"
216.73.216.151 - - [07/Oct/2025:21:24:10 +0000] "GET /video-sitemap.xml HTTP/1.1" 404 267 "-" "Mozilla/5.0 AppleWebKit/537.36 (KHTML, like Gecko; compatible; ClaudeBot/1.0; +claudebot@anthropic.com)"
203.161.56.247 - - [07/Oct/2025:21:27:32 +0000] "POST /wp-cron.php?doing_wp_cron=1759872452.8168170452117919921875 HTTP/1.1" 200 - "-" "WordPress/6.8.3; https://b2bmassagekl.net"
51.75.236.128 - - [07/Oct/2025:21:27:31 +0000] "GET /robots.txt HTTP/1.1" 200 135 "-" "Mozilla/5.0 (compatible; AhrefsBot/7.0; +http://ahrefs.com/robot/)"
51.89.129.67 - - [07/Oct/2025:21:27:38 +0000] "GET /author/sweet-b2b-massage/page/2/ HTTP/1.1" 200 13891 "-" "Mozilla/5.0 (compatible; AhrefsBot/7.0; +http://ahrefs.com/robot/)"
203.161.56.247 - - [07/Oct/2025:21:31:17 +0000] "POST /wp-cron.php?doing_wp_cron=1759872677.7305679321289062500000 HTTP/1.1" 200 - "-" "WordPress/6.8.3; https://b2bmassagekl.net"
103.11.101.130 - - [07/Oct/2025:21:31:16 +0000] "GET /wp-login.php HTTP/1.1" 200 1994 "-" "Mozilla/5.0 (Windows NT 10.0; Win64; x64) AppleWebKit/537.36 (KHTML, like Gecko) Chrome/120.0.0.0 Safari/537.36"
103.11.101.130 - - [07/Oct/2025:21:31:17 +0000] "POST /wp-login.php HTTP/1.1" 200 2096 "https://b2bmassagekl.net/wp-login.php" "Mozilla/5.0 (Windows NT 10.0; Win64; x64) AppleWebKit/537.36 (KHTML, like Gecko) Chrome/120.0.0.0 Safari/537.36"
203.161.56.247 - - [07/Oct/2025:21:34:42 +0000] "POST /wp-cron.php?doing_wp_cron=1759872882.0139369964599609375000 HTTP/1.1" 200 - "-" "WordPress/6.8.3; https://b2bmassagekl.net"
86.48.12.66 - - [07/Oct/2025:21:34:40 +0000] "GET / HTTP/1.1" 200 24363 "https://www.google.com/" "Mozilla/5.0 (Linux; Android 10; K) AppleWebKit/537.36 (KHTML, like Gecko) Chrome/141.0.0.0 Mobile Safari/537.36"
86.48.12.66 - - [07/Oct/2025:21:34:42 +0000] "GET /wp-includes/css/dist/block-library/style.min.css?ver=6.8.3 HTTP/1.1" 200 15315 "https://b2bmassagekl.net/" "Mozilla/5.0 (Linux; Android 10; K) AppleWebKit/537.36 (KHTML, like Gecko) Chrome/141.0.0.0 Mobile Safari/537.36"
86.48.12.66 - - [07/Oct/2025:21:34:42 +0000] "GET /wp-content/plugins/contact-form-7/includes/css/styles.css?ver=6.1.1 HTTP/1.1" 200 1031 "https://b2bmassagekl.net/" "Mozilla/5.0 (Linux; Android 10; K) AppleWebKit/537.36 (KHTML, like Gecko) Chrome/141.0.0.0 Mobile Safari/537.36"
86.48.12.66 - - [07/Oct/2025:21:34:43 +0000] "GET /wp-content/uploads/smile_fonts/icomoon-font-awesome-14x14/icomoon-font-awesome-14x14.css?ver=6.8.3 HTTP/1.1" 200 6599 "https://b2bmassagekl.net/" "Mozilla/5.0 (Linux; Android 10; K) AppleWebKit/537.36 (KHTML, like Gecko) Chrome/141.0.0.0 Mobile Safari/537.36"
86.48.12.66 - - [07/Oct/2025:21:34:43 +0000] "GET /wp-content/plugins/js_composer/assets/css/js_composer.min.css?ver=8.6.1 HTTP/1.1" 200 45657 "https://b2bmassagekl.net/" "Mozilla/5.0 (Linux; Android 10; K) AppleWebKit/537.36 (KHTML, like Gecko) Chrome/141.0.0.0 Mobile Safari/537.36"
86.48.12.66 - - [07/Oct/2025:21:34:43 +0000] "GET /wp-content/uploads/js_composer/custom.css?ver=8.6.1 HTTP/1.1" 200 102 "https://b2bmassagekl.net/" "Mozilla/5.0 (Linux; Android 10; K) AppleWebKit/537.36 (KHTML, like Gecko) Chrome/141.0.0.0 Mobile Safari/537.36"
86.48.12.66 - - [07/Oct/2025:21:34:43 +0000] "GET /wp-content/themes/dt-the7/css/main.min.css?ver=10.9.1 HTTP/1.1" 200 41455 "https://b2bmassagekl.net/" "Mozilla/5.0 (Linux; Android 10; K) AppleWebKit/537.36 (KHTML, like Gecko) Chrome/141.0.0.0 Mobile Safari/537.36"
86.48.12.66 - - [07/Oct/2025:21:34:43 +0000] "GET /wp-content/themes/dt-the7/fonts/icomoon-the7-font/icomoon-the7-font.min.css?ver=10.9.1 HTTP/1.1" 200 3014 "https://b2bmassagekl.net/" "Mozilla/5.0 (Linux; Android 10; K) AppleWebKit/537.36 (KHTML, like Gecko) Chrome/141.0.0.0 Mobile Safari/537.36"
86.48.12.66 - - [07/Oct/2025:21:34:43 +0000] "GET /wp-content/themes/dt-the7/fonts/FontAwesome/css/all.min.css?ver=10.9.1 HTTP/1.1" 200 12843 "https://b2bmassagekl.net/" "Mozilla/5.0 (Linux; Android 10; K) AppleWebKit/537.36 (KHTML, like Gecko) Chrome/141.0.0.0 Mobile Safari/537.36"
86.48.12.66 - - [07/Oct/2025:21:34:43 +0000] "GET /wp-content/themes/dt-the7/fonts/FontAwesome/back-compat.min.css?ver=10.9.1 HTTP/1.1" 200 4073 "https://b2bmassagekl.net/" "Mozilla/5.0 (Linux; Android 10; K) AppleWebKit/537.36 (KHTML, like Gecko) Chrome/141.0.0.0 Mobile Safari/537.36"
86.48.12.66 - - [07/Oct/2025:21:34:43 +0000] "GET /wp-content/themes/dt-the7/lib/custom-scrollbar/custom-scrollbar.min.css?ver=10.9.1 HTTP/1.1" 200 1522 "https://b2bmassagekl.net/" "Mozilla/5.0 (Linux; Android 10; K) AppleWebKit/537.36 (KHTML, like Gecko) Chrome/141.0.0.0 Mobile Safari/537.36"
86.48.12.66 - - [07/Oct/2025:21:34:43 +0000] "GET /wp-content/themes/dt-the7/css/wpbakery.min.css?ver=10.9.1 HTTP/1.1" 200 4366 "https://b2bmassagekl.net/" "Mozilla/5.0 (Linux; Android 10; K) AppleWebKit/537.36 (KHTML, like Gecko) Chrome/141.0.0.0 Mobile Safari/537.36"
86.48.12.66 - - [07/Oct/2025:21:34:43 +0000] "GET /wp-content/uploads/the7-css/css-vars.css?ver=308c53a524a0 HTTP/1.1" 200 4379 "https://b2bmassagekl.net/" "Mozilla/5.0 (Linux; Android 10; K) AppleWebKit/537.36 (KHTML, like Gecko) Chrome/141.0.0.0 Mobile Safari/537.36"
86.48.12.66 - - [07/Oct/2025:21:34:43 +0000] "GET /wp-content/plugins/dt-the7-core/assets/css/post-type.min.css?ver=2.6.0 HTTP/1.1" 200 6295 "https://b2bmassagekl.net/" "Mozilla/5.0 (Linux; Android 10; K) AppleWebKit/537.36 (KHTML, like Gecko) Chrome/141.0.0.0 Mobile Safari/537.36"
86.48.12.66 - - [07/Oct/2025:21:34:43 +0000] "GET /wp-content/uploads/the7-css/media.css?ver=308c53a524a0 HTTP/1.1" 200 10062 "https://b2bmassagekl.net/" "Mozilla/5.0 (Linux; Android 10; K) AppleWebKit/537.36 (KHTML, like Gecko) Chrome/141.0.0.0 Mobile Safari/537.36"
86.48.12.66 - - [07/Oct/2025:21:34:43 +0000] "GET /wp-content/uploads/the7-css/custom.css?ver=308c53a524a0 HTTP/1.1" 200 30470 "https://b2bmassagekl.net/" "Mozilla/5.0 (Linux; Android 10; K) AppleWebKit/537.36 (KHTML, like Gecko) Chrome/141.0.0.0 Mobile Safari/537.36"
86.48.12.66 - - [07/Oct/2025:21:34:43 +0000] "GET /wp-content/uploads/the7-css/mega-menu.css?ver=308c53a524a0 HTTP/1.1" 200 2894 "https://b2bmassagekl.net/" "Mozilla/5.0 (Linux; Android 10; K) AppleWebKit/537.36 (KHTML, like Gecko) Chrome/141.0.0.0 Mobile Safari/537.36"
86.48.12.66 - - [07/Oct/2025:21:34:43 +0000] "GET /wp-content/uploads/the7-css/the7-elements-albums-portfolio.css?ver=308c53a524a0 HTTP/1.1" 200 2663 "https://b2bmassagekl.net/" "Mozilla/5.0 (Linux; Android 10; K) AppleWebKit/537.36 (KHTML, like Gecko) Chrome/141.0.0.0 Mobile Safari/537.36"
86.48.12.66 - - [07/Oct/2025:21:34:43 +0000] "GET /wp-content/uploads/the7-css/post-type-dynamic.css?ver=308c53a524a0 HTTP/1.1" 200 1298 "https://b2bmassagekl.net/" "Mozilla/5.0 (Linux; Android 10; K) AppleWebKit/537.36 (KHTML, like Gecko) Chrome/141.0.0.0 Mobile Safari/537.36"
86.48.12.66 - - [07/Oct/2025:21:34:43 +0000] "GET /wp-content/plugins/Ultimate_VC_Addons/assets/min-css/style.min.css?ver=3.21.1 HTTP/1.1" 200 2786 "https://b2bmassagekl.net/" "Mozilla/5.0 (Linux; Android 10; K) AppleWebKit/537.36 (KHTML, like Gecko) Chrome/141.0.0.0 Mobile Safari/537.36"
86.48.12.66 - - [07/Oct/2025:21:34:43 +0000] "GET /wp-content/themes/dt-the7/style.css?ver=10.9.1 HTTP/1.1" 200 814 "https://b2bmassagekl.net/" "Mozilla/5.0 (Linux; Android 10; K) AppleWebKit/537.36 (KHTML, like Gecko) Chrome/141.0.0.0 Mobile Safari/537.36"
86.48.12.66 - - [07/Oct/2025:21:34:43 +0000] "GET /wp-content/plugins/Ultimate_VC_Addons/assets/min-css/advanced-buttons.min.css?ver=3.21.1 HTTP/1.1" 200 3390 "https://b2bmassagekl.net/" "Mozilla/5.0 (Linux; Android 10; K) AppleWebKit/537.36 (KHTML, like Gecko) Chrome/141.0.0.0 Mobile Safari/537.36"
86.48.12.66 - - [07/Oct/2025:21:34:43 +0000] "GET /wp-content/plugins/Ultimate_VC_Addons/assets/min-css/headings.min.css?ver=3.21.1 HTTP/1.1" 200 415 "https://b2bmassagekl.net/" "Mozilla/5.0 (Linux; Android 10; K) AppleWebKit/537.36 (KHTML, like Gecko) Chrome/141.0.0.0 Mobile Safari/537.36"
86.48.12.66 - - [07/Oct/2025:21:34:43 +0000] "GET /wp-content/plugins/mpc-massive/assets/css/mpc-styles.css?ver=2.4.8 HTTP/1.1" 200 27886 "https://b2bmassagekl.net/" "Mozilla/5.0 (Linux; Android 10; K) AppleWebKit/537.36 (KHTML, like Gecko) Chrome/141.0.0.0 Mobile Safari/537.36"
86.48.12.66 - - [07/Oct/2025:21:34:43 +0000] "GET /wp-includes/js/jquery/jquery.min.js?ver=3.7.1 HTTP/1.1" 200 30368 "https://b2bmassagekl.net/" "Mozilla/5.0 (Linux; Android 10; K) AppleWebKit/537.36 (KHTML, like Gecko) Chrome/141.0.0.0 Mobile Safari/537.36"
86.48.12.66 - - [07/Oct/2025:21:34:43 +0000] "GET /wp-includes/js/jquery/jquery-migrate.min.js?ver=3.4.1 HTTP/1.1" 200 4872 "https://b2bmassagekl.net/" "Mozilla/5.0 (Linux; Android 10; K) AppleWebKit/537.36 (KHTML, like Gecko) Chrome/141.0.0.0 Mobile Safari/537.36"
86.48.12.66 - - [07/Oct/2025:21:34:44 +0000] "GET /wp-content/themes/dt-the7/js/above-the-fold.min.js?ver=10.9.1 HTTP/1.1" 200 4758 "https://b2bmassagekl.net/" "Mozilla/5.0 (Linux; Android 10; K) AppleWebKit/537.36 (KHTML, like Gecko) Chrome/141.0.0.0 Mobile Safari/537.36"
86.48.12.66 - - [07/Oct/2025:21:34:44 +0000] "GET /wp-content/plugins/Ultimate_VC_Addons/assets/min-js/custom.min.js?ver=3.21.1 HTTP/1.1" 200 4719 "https://b2bmassagekl.net/" "Mozilla/5.0 (Linux; Android 10; K) AppleWebKit/537.36 (KHTML, like Gecko) Chrome/141.0.0.0 Mobile Safari/537.36"
86.48.12.66 - - [07/Oct/2025:21:34:44 +0000] "GET /wp-content/plugins/Ultimate_VC_Addons/assets/min-js/ultimate-params.min.js?ver=3.21.1 HTTP/1.1" 200 527 "https://b2bmassagekl.net/" "Mozilla/5.0 (Linux; Android 10; K) AppleWebKit/537.36 (KHTML, like Gecko) Chrome/141.0.0.0 Mobile Safari/537.36"
86.48.12.66 - - [07/Oct/2025:21:34:44 +0000] "GET /wp-content/plugins/Ultimate_VC_Addons/assets/min-js/headings.min.js?ver=3.21.1 HTTP/1.1" 200 857 "https://b2bmassagekl.net/" "Mozilla/5.0 (Linux; Android 10; K) AppleWebKit/537.36 (KHTML, like Gecko) Chrome/141.0.0.0 Mobile Safari/537.36"
86.48.12.66 - - [07/Oct/2025:21:34:44 +0000] "GET /wp-content/plugins/revslider/public/assets/fonts/revicons/revicons.woff?5510888 HTTP/1.1" 200 7491 "https://b2bmassagekl.net/" "Mozilla/5.0 (Linux; Android 10; K) AppleWebKit/537.36 (KHTML, like Gecko) Chrome/141.0.0.0 Mobile Safari/537.36"
86.48.12.66 - - [07/Oct/2025:21:34:44 +0000] "GET /wp-content/plugins/revslider/public/assets/assets/dummy.png HTTP/1.1" 200 68 "https://b2bmassagekl.net/" "Mozilla/5.0 (Linux; Android 10; K) AppleWebKit/537.36 (KHTML, like Gecko) Chrome/141.0.0.0 Mobile Safari/537.36"
86.48.12.66 - - [07/Oct/2025:21:34:44 +0000] "GET /wp-content/plugins/Ultimate_VC_Addons/assets/min-css/background-style.min.css?ver=3.21.1 HTTP/1.1" 200 1761 "https://b2bmassagekl.net/" "Mozilla/5.0 (Linux; Android 10; K) AppleWebKit/537.36 (KHTML, like Gecko) Chrome/141.0.0.0 Mobile Safari/537.36"
86.48.12.66 - - [07/Oct/2025:21:34:44 +0000] "GET /wp-content/plugins/revslider/public/assets/css/rs6.css?ver=6.5.19 HTTP/1.1" 200 12348 "https://b2bmassagekl.net/" "Mozilla/5.0 (Linux; Android 10; K) AppleWebKit/537.36 (KHTML, like Gecko) Chrome/141.0.0.0 Mobile Safari/537.36"
86.48.12.66 - - [07/Oct/2025:21:34:44 +0000] "GET /wp-includes/js/dist/hooks.min.js?ver=4d63a3d491d11ffd8ac6 HTTP/1.1" 200 1648 "https://b2bmassagekl.net/" "Mozilla/5.0 (Linux; Android 10; K) AppleWebKit/537.36 (KHTML, like Gecko) Chrome/141.0.0.0 Mobile Safari/537.36"
86.48.12.66 - - [07/Oct/2025:21:34:44 +0000] "GET /wp-content/themes/dt-the7/fonts/icomoon-the7-font/icomoon-the7-font.ttf?wi57p5 HTTP/1.1" 200 24309 "https://b2bmassagekl.net/wp-content/themes/dt-the7/fonts/icomoon-the7-font/icomoon-the7-font.min.css?ver=10.9.1" "Mozilla/5.0 (Linux; Android 10; K) AppleWebKit/537.36 (KHTML, like Gecko) Chrome/141.0.0.0 Mobile Safari/537.36"
86.48.12.66 - - [07/Oct/2025:21:34:44 +0000] "GET /wp-content/themes/dt-the7/images/backgrounds/patterns/full/crisp_paper_ruffles.jpg HTTP/1.1" 200 25714 "https://b2bmassagekl.net/wp-content/uploads/the7-css/custom.css?ver=308c53a524a0" "Mozilla/5.0 (Linux; Android 10; K) AppleWebKit/537.36 (KHTML, like Gecko) Chrome/141.0.0.0 Mobile Safari/537.36"
86.48.12.66 - - [07/Oct/2025:21:34:44 +0000] "GET /wp-includes/js/dist/i18n.min.js?ver=5e580eb46a90c2b997e6 HTTP/1.1" 200 3667 "https://b2bmassagekl.net/" "Mozilla/5.0 (Linux; Android 10; K) AppleWebKit/537.36 (KHTML, like Gecko) Chrome/141.0.0.0 Mobile Safari/537.36"
86.48.12.66 - - [07/Oct/2025:21:34:44 +0000] "GET /wp-content/themes/dt-the7/js/main.min.js?ver=10.9.1 HTTP/1.1" 200 85004 "https://b2bmassagekl.net/" "Mozilla/5.0 (Linux; Android 10; K) AppleWebKit/537.36 (KHTML, like Gecko) Chrome/141.0.0.0 Mobile Safari/537.36"
86.48.12.66 - - [07/Oct/2025:21:34:44 +0000] "GET /wp-content/plugins/contact-form-7/includes/swv/js/index.js?ver=6.1.1 HTTP/1.1" 200 3503 "https://b2bmassagekl.net/" "Mozilla/5.0 (Linux; Android 10; K) AppleWebKit/537.36 (KHTML, like Gecko) Chrome/141.0.0.0 Mobile Safari/537.36"
86.48.12.66 - - [07/Oct/2025:21:34:44 +0000] "GET /wp-content/plugins/contact-form-7/includes/js/index.js?ver=6.1.1 HTTP/1.1" 200 4265 "https://b2bmassagekl.net/" "Mozilla/5.0 (Linux; Android 10; K) AppleWebKit/537.36 (KHTML, like Gecko) Chrome/141.0.0.0 Mobile Safari/537.36"
86.48.12.66 - - [07/Oct/2025:21:34:44 +0000] "GET /wp-content/themes/dt-the7/js/legacy.min.js?ver=10.9.1 HTTP/1.1" 200 582 "https://b2bmassagekl.net/" "Mozilla/5.0 (Linux; Android 10; K) AppleWebKit/537.36 (KHTML, like Gecko) Chrome/141.0.0.0 Mobile Safari/537.36"
86.48.12.66 - - [07/Oct/2025:21:34:44 +0000] "GET /wp-content/themes/dt-the7/lib/jquery-mousewheel/jquery-mousewheel.min.js?ver=10.9.1 HTTP/1.1" 200 1184 "https://b2bmassagekl.net/" "Mozilla/5.0 (Linux; Android 10; K) AppleWebKit/537.36 (KHTML, like Gecko) Chrome/141.0.0.0 Mobile Safari/537.36"
86.48.12.66 - - [07/Oct/2025:21:34:44 +0000] "GET /wp-content/themes/dt-the7/lib/custom-scrollbar/custom-scrollbar.min.js?ver=10.9.1 HTTP/1.1" 200 11972 "https://b2bmassagekl.net/" "Mozilla/5.0 (Linux; Android 10; K) AppleWebKit/537.36 (KHTML, like Gecko) Chrome/141.0.0.0 Mobile Safari/537.36"
86.48.12.66 - - [07/Oct/2025:21:34:44 +0000] "GET /wp-content/plugins/dt-the7-core/assets/js/post-type.min.js?ver=2.6.0 HTTP/1.1" 200 5072 "https://b2bmassagekl.net/" "Mozilla/5.0 (Linux; Android 10; K) AppleWebKit/537.36 (KHTML, like Gecko) Chrome/141.0.0.0 Mobile Safari/537.36"
86.48.12.66 - - [07/Oct/2025:21:34:44 +0000] "GET /wp-content/plugins/mpc-massive/assets/js/mpc-vendor.min.js?ver=2.4.8 HTTP/1.1" 200 25659 "https://b2bmassagekl.net/" "Mozilla/5.0 (Linux; Android 10; K) AppleWebKit/537.36 (KHTML, like Gecko) Chrome/141.0.0.0 Mobile Safari/537.36"
86.48.12.66 - - [07/Oct/2025:21:34:44 +0000] "GET /wp-content/plugins/mpc-massive/assets/js/mpc-scripts.min.js?ver=2.4.8 HTTP/1.1" 200 18041 "https://b2bmassagekl.net/" "Mozilla/5.0 (Linux; Android 10; K) AppleWebKit/537.36 (KHTML, like Gecko) Chrome/141.0.0.0 Mobile Safari/537.36"
86.48.12.66 - - [07/Oct/2025:21:34:44 +0000] "GET /wp-content/plugins/js_composer/assets/js/dist/js_composer_front.min.js?ver=8.6.1 HTTP/1.1" 200 5223 "https://b2bmassagekl.net/" "Mozilla/5.0 (Linux; Android 10; K) AppleWebKit/537.36 (KHTML, like Gecko) Chrome/141.0.0.0 Mobile Safari/537.36"
86.48.12.66 - - [07/Oct/2025:21:34:44 +0000] "GET /wp-content/plugins/Ultimate_VC_Addons/assets/min-js/jquery-appear.min.js?ver=3.21.1 HTTP/1.1" 200 620 "https://b2bmassagekl.net/" "Mozilla/5.0 (Linux; Android 10; K) AppleWebKit/537.36 (KHTML, like Gecko) Chrome/141.0.0.0 Mobile Safari/537.36"
86.48.12.66 - - [07/Oct/2025:21:34:45 +0000] "GET /wp-content/plugins/Ultimate_VC_Addons/assets/min-js/ultimate_bg.min.js?ver=3.21.1 HTTP/1.1" 200 9485 "https://b2bmassagekl.net/" "Mozilla/5.0 (Linux; Android 10; K) AppleWebKit/537.36 (KHTML, like Gecko) Chrome/141.0.0.0 Mobile Safari/537.36"
86.48.12.66 - - [07/Oct/2025:21:34:45 +0000] "GET /wp-content/plugins/revslider/public/assets/js/rbtools.min.js?ver=6.5.18 HTTP/1.1" 200 48780 "https://b2bmassagekl.net/" "Mozilla/5.0 (Linux; Android 10; K) AppleWebKit/537.36 (KHTML, like Gecko) Chrome/141.0.0.0 Mobile Safari/537.36"
86.48.12.66 - - [07/Oct/2025:21:34:45 +0000] "GET /wp-content/plugins/revslider/public/assets/js/rs6.min.js?ver=6.5.19 HTTP/1.1" 200 100818 "https://b2bmassagekl.net/" "Mozilla/5.0 (Linux; Android 10; K) AppleWebKit/537.36 (KHTML, like Gecko) Chrome/141.0.0.0 Mobile Safari/537.36"
86.48.12.66 - - [07/Oct/2025:21:34:45 +0000] "GET /wp-includes/js/wp-emoji-release.min.js?ver=6.8.3 HTTP/1.1" 200 5163 "https://b2bmassagekl.net/" "Mozilla/5.0 (Linux; Android 10; K) AppleWebKit/537.36 (KHTML, like Gecko) Chrome/141.0.0.0 Mobile Safari/537.36"
86.48.12.66 - - [07/Oct/2025:21:34:45 +0000] "GET /wp-content/uploads/2022/08/sweet-b2b-massage-Slide-01.jpg HTTP/1.1" 200 83382 "https://b2bmassagekl.net/" "Mozilla/5.0 (Linux; Android 10; K) AppleWebKit/537.36 (KHTML, like Gecko) Chrome/141.0.0.0 Mobile Safari/537.36"
86.48.12.66 - - [07/Oct/2025:21:34:45 +0000] "GET /wp-content/uploads/2022/08/sweet-b2b-massage-Slide-01-200x200.jpg HTTP/1.1" 200 14924 "https://b2bmassagekl.net/" "Mozilla/5.0 (Linux; Android 10; K) AppleWebKit/537.36 (KHTML, like Gecko) Chrome/141.0.0.0 Mobile Safari/537.36"
86.48.12.66 - - [07/Oct/2025:21:34:45 +0000] "GET /wp-content/uploads/2022/08/sweet-b2b-massage-Slide-02-200x200.jpg HTTP/1.1" 200 21587 "https://b2bmassagekl.net/" "Mozilla/5.0 (Linux; Android 10; K) AppleWebKit/537.36 (KHTML, like Gecko) Chrome/141.0.0.0 Mobile Safari/537.36"
86.48.12.66 - - [07/Oct/2025:21:34:46 +0000] "GET /wp-content/uploads/2022/08/sweet-b2b-massage-Slide-02.jpg HTTP/1.1" 200 184256 "https://b2bmassagekl.net/" "Mozilla/5.0 (Linux; Android 10; K) AppleWebKit/537.36 (KHTML, like Gecko) Chrome/141.0.0.0 Mobile Safari/537.36"
86.48.12.66 - - [07/Oct/2025:21:34:46 +0000] "GET /favicon.ico HTTP/1.1" 302 - "https://b2bmassagekl.net/" "Mozilla/5.0 (Linux; Android 10; K) AppleWebKit/537.36 (KHTML, like Gecko) Chrome/141.0.0.0 Mobile Safari/537.36"
86.48.12.66 - - [07/Oct/2025:21:34:47 +0000] "GET /wp-includes/images/w-logo-blue-white-bg.png HTTP/1.1" 200 4119 "https://b2bmassagekl.net/" "Mozilla/5.0 (Linux; Android 10; K) AppleWebKit/537.36 (KHTML, like Gecko) Chrome/141.0.0.0 Mobile Safari/537.36"
86.48.12.66 - - [07/Oct/2025:21:34:51 +0000] "GET /wp-content/uploads/2023/09/b2b-kl-massage-019a-852x1161.jpg HTTP/1.1" 200 99565 "https://b2bmassagekl.net/" "Mozilla/5.0 (Linux; Android 10; K) AppleWebKit/537.36 (KHTML, like Gecko) Chrome/141.0.0.0 Mobile Safari/537.36"
86.48.12.66 - - [07/Oct/2025:21:34:52 +0000] "GET /wp-content/uploads/2023/09/b2b-kl-massage-020a-849x1136.jpg HTTP/1.1" 200 127710 "https://b2bmassagekl.net/" "Mozilla/5.0 (Linux; Android 10; K) AppleWebKit/537.36 (KHTML, like Gecko) Chrome/141.0.0.0 Mobile Safari/537.36"
86.48.12.66 - - [07/Oct/2025:21:34:52 +0000] "GET / HTTP/1.1" 200 24361 "https://b2bmassagekl.net/" "Mozilla/5.0 (Linux; Android 10; K) AppleWebKit/537.36 (KHTML, like Gecko) Chrome/141.0.0.0 Mobile Safari/537.36"
86.48.12.66 - - [07/Oct/2025:21:34:53 +0000] "GET /019-2/ HTTP/1.1" 200 11284 "https://b2bmassagekl.net/" "Mozilla/5.0 (Linux; Android 10; K) AppleWebKit/537.36 (KHTML, like Gecko) Chrome/141.0.0.0 Mobile Safari/537.36"
86.48.12.66 - - [07/Oct/2025:21:34:54 +0000] "GET /wp-content/uploads/2023/09/b2b-kl-massage-019a.jpg HTTP/1.1" 200 109637 "https://b2bmassagekl.net/019-2/" "Mozilla/5.0 (Linux; Android 10; K) AppleWebKit/537.36 (KHTML, like Gecko) Chrome/141.0.0.0 Mobile Safari/537.36"
86.48.12.66 - - [07/Oct/2025:21:34:54 +0000] "GET /wp-content/uploads/2023/09/b2b-kl-massage-019a-569x957.jpg HTTP/1.1" 200 68484 "https://b2bmassagekl.net/019-2/" "Mozilla/5.0 (Linux; Android 10; K) AppleWebKit/537.36 (KHTML, like Gecko) Chrome/141.0.0.0 Mobile Safari/537.36"
86.48.12.66 - - [07/Oct/2025:21:34:55 +0000] "GET /wp-content/uploads/2023/09/b2b-kl-massage-019c-569x830.jpg HTTP/1.1" 200 73859 "https://b2bmassagekl.net/019-2/" "Mozilla/5.0 (Linux; Android 10; K) AppleWebKit/537.36 (KHTML, like Gecko) Chrome/141.0.0.0 Mobile Safari/537.36"
86.48.12.66 - - [07/Oct/2025:21:34:55 +0000] "GET /wp-content/uploads/2023/09/b2b-kl-massage-019d-569x756.jpg HTTP/1.1" 200 66838 "https://b2bmassagekl.net/019-2/" "Mozilla/5.0 (Linux; Android 10; K) AppleWebKit/537.36 (KHTML, like Gecko) Chrome/141.0.0.0 Mobile Safari/537.36"
86.48.12.66 - - [07/Oct/2025:21:34:55 +0000] "GET /wp-content/uploads/2023/09/b2b-kl-massage-019b-569x1011.jpg HTTP/1.1" 200 93283 "https://b2bmassagekl.net/019-2/" "Mozilla/5.0 (Linux; Android 10; K) AppleWebKit/537.36 (KHTML, like Gecko) Chrome/141.0.0.0 Mobile Safari/537.36"
86.48.12.66 - - [07/Oct/2025:21:34:54 +0000] "GET /019-2/ HTTP/1.1" 200 11290 "https://b2bmassagekl.net/" "Mozilla/5.0 (Linux; Android 10; K) AppleWebKit/537.36 (KHTML, like Gecko) Chrome/141.0.0.0 Mobile Safari/537.36"
86.48.12.66 - - [07/Oct/2025:21:34:55 +0000] "GET /favicon.ico HTTP/1.1" 302 - "https://b2bmassagekl.net/019-2/" "Mozilla/5.0 (Linux; Android 10; K) AppleWebKit/537.36 (KHTML, like Gecko) Chrome/141.0.0.0 Mobile Safari/537.36"
86.48.12.66 - - [07/Oct/2025:21:34:56 +0000] "GET /favicon.ico HTTP/1.1" 302 - "https://b2bmassagekl.net/" "Mozilla/5.0 (Linux; Android 10; K) AppleWebKit/537.36 (KHTML, like Gecko) Chrome/141.0.0.0 Mobile Safari/537.36"
203.161.56.247 - - [07/Oct/2025:21:46:29 +0000] "POST /wp-cron.php?doing_wp_cron=1759873589.4328799247741699218750 HTTP/1.1" 200 - "-" "WordPress/6.8.3; https://b2bmassagekl.net"
216.73.216.151 - - [07/Oct/2025:21:46:27 +0000] "GET /sitemap.xml HTTP/1.1" 200 394 "-" "Mozilla/5.0 AppleWebKit/537.36 (KHTML, like Gecko; compatible; ClaudeBot/1.0; +claudebot@anthropic.com)"
216.73.216.151 - - [07/Oct/2025:21:46:46 +0000] "GET /video-sitemap.xml HTTP/1.1" 404 267 "-" "Mozilla/5.0 AppleWebKit/537.36 (KHTML, like Gecko; compatible; ClaudeBot/1.0; +claudebot@anthropic.com)"
203.161.56.247 - - [07/Oct/2025:22:00:05 +0000] "POST /wp-cron.php?doing_wp_cron=1759874405.5466549396514892578125 HTTP/1.1" 200 - "-" "WordPress/6.8.3; https://b2bmassagekl.net"
185.92.139.198 - - [07/Oct/2025:22:00:02 +0000] "GET /becoming-kuala-lumpur-escort-getting-bookings/ HTTP/1.0" 404 43075 "https://b2bmassagekl.net/becoming-kuala-lumpur-escort-getting-bookings/" "Mozilla/5.0 (Windows NT 10.0; Win64; x64) AppleWebKit/537.36 (KHTML, like Gecko) Chrome/129.0.0.0 Safari/537.36"
203.161.56.247 - - [07/Oct/2025:22:01:22 +0000] "POST /wp-cron.php?doing_wp_cron=1759874482.3833420276641845703125 HTTP/1.1" 200 - "-" "WordPress/6.8.3; https://b2bmassagekl.net"
116.193.190.94 - - [07/Oct/2025:22:01:20 +0000] "POST /xmlrpc.php HTTP/1.1" 200 225 "-" "Mozilla/5.0 (X11; Ubuntu; Linux x86_64; rv:85.0) Gecko/20100101 Firefox/91.0"
203.161.56.247 - - [07/Oct/2025:22:06:37 +0000] "POST /wp-cron.php?doing_wp_cron=1759874797.1658530235290527343750 HTTP/1.1" 200 - "-" "WordPress/6.8.3; https://b2bmassagekl.net"
