192.185.176.237 - - [08/Oct/2025:05:00:46 +0000] "POST /wp-login.php HTTP/1.1" 200 2088 "https://b2bmassagekl.net/wp-login.php" "Mozilla/5.0 (Windows NT 10.0; Win64; x64) AppleWebKit/537.36 (KHTML, like Gecko) Chrome/130.0.0.0 Safari/537.36"
203.161.56.247 - - [08/Oct/2025:05:01:11 +0000] "POST /wp-cron.php?doing_wp_cron=1759899671.0281670093536376953125 HTTP/1.1" 200 - "-" "WordPress/6.8.3; https://b2bmassagekl.net"
50.116.87.50 - - [08/Oct/2025:05:01:09 +0000] "GET /wp-login.php HTTP/1.1" 200 1993 "-" "Mozilla/5.0 (Windows NT 10.0; Win64; x64) AppleWebKit/537.36 (KHTML, like Gecko) Chrome/130.0.0.0 Safari/537.36"
50.116.87.50 - - [08/Oct/2025:05:01:11 +0000] "POST /wp-login.php HTTP/1.1" 200 2087 "https://b2bmassagekl.net/wp-login.php" "Mozilla/5.0 (Windows NT 10.0; Win64; x64) AppleWebKit/537.36 (KHTML, like Gecko) Chrome/130.0.0.0 Safari/537.36"
192.185.176.191 - - [08/Oct/2025:05:01:15 +0000] "GET /wp-login.php HTTP/1.1" 200 1993 "-" "Mozilla/5.0 (Windows NT 10.0; Win64; x64) AppleWebKit/537.36 (KHTML, like Gecko) Chrome/130.0.0.0 Safari/537.36"
192.185.176.191 - - [08/Oct/2025:05:01:17 +0000] "POST /wp-login.php HTTP/1.1" 200 2087 "https://b2bmassagekl.net/wp-login.php" "Mozilla/5.0 (Windows NT 10.0; Win64; x64) AppleWebKit/537.36 (KHTML, like Gecko) Chrome/130.0.0.0 Safari/537.36"
162.241.24.224 - - [08/Oct/2025:05:01:20 +0000] "GET /wp-login.php HTTP/1.1" 200 1993 "-" "Mozilla/5.0 (Windows NT 10.0; Win64; x64) AppleWebKit/537.36 (KHTML, like Gecko) Chrome/130.0.0.0 Safari/537.36"
162.241.24.224 - - [08/Oct/2025:05:01:21 +0000] "POST /wp-login.php HTTP/1.1" 200 2088 "https://b2bmassagekl.net/wp-login.php" "Mozilla/5.0 (Windows NT 10.0; Win64; x64) AppleWebKit/537.36 (KHTML, like Gecko) Chrome/130.0.0.0 Safari/537.36"
203.161.56.247 - - [08/Oct/2025:05:01:41 +0000] "POST /wp-cron.php?doing_wp_cron=1759899701.6713240146636962890625 HTTP/1.1" 200 - "-" "WordPress/6.8.3; https://b2bmassagekl.net"
91.134.248.253 - - [08/Oct/2025:05:01:40 +0000] "GET /wp-login.php HTTP/1.1" 200 2078 "-" "Mozilla/5.0 (Windows NT 10.0; Win64; x64) AppleWebKit/537.36 (KHTML, like Gecko) Chrome/130.0.0.0 Safari/537.36"
91.134.248.253 - - [08/Oct/2025:05:01:45 +0000] "POST /wp-login.php HTTP/1.1" 200 2078 "https://b2bmassagekl.net/wp-login.php" "Mozilla/5.0 (Windows NT 10.0; Win64; x64) AppleWebKit/537.36 (KHTML, like Gecko) Chrome/130.0.0.0 Safari/537.36"
194.32.229.61 - - [08/Oct/2025:05:01:57 +0000] "GET /becoming-kuala-lumpur-escort-getting-bookings HTTP/1.0" 404 43075 "https://b2bmassagekl.net/becoming-kuala-lumpur-escort-getting-bookings" "Mozilla/5.0 (Windows NT 10.0; Win64; x64) AppleWebKit/537.36 (KHTML, like Gecko) Chrome/130.0.0.0 Safari/537.36"
93.90.73.29 - - [08/Oct/2025:05:02:05 +0000] "GET /wp-login.php HTTP/1.1" 200 1993 "-" "Mozilla/5.0 (Windows NT 10.0; Win64; x64) AppleWebKit/537.36 (KHTML, like Gecko) Chrome/130.0.0.0 Safari/537.36"
203.161.56.247 - - [08/Oct/2025:05:02:10 +0000] "POST /wp-cron.php?doing_wp_cron=1759899730.0542109012603759765625 HTTP/1.1" 200 - "-" "WordPress/6.8.3; https://b2bmassagekl.net"
93.90.73.29 - - [08/Oct/2025:05:02:09 +0000] "POST /wp-login.php HTTP/1.1" 200 2088 "https://b2bmassagekl.net/wp-login.php" "Mozilla/5.0 (Windows NT 10.0; Win64; x64) AppleWebKit/537.36 (KHTML, like Gecko) Chrome/130.0.0.0 Safari/537.36"
148.72.211.168 - - [08/Oct/2025:05:02:15 +0000] "GET /wp-login.php HTTP/1.1" 200 1993 "-" "Mozilla/5.0 (Windows NT 10.0; Win64; x64) AppleWebKit/537.36 (KHTML, like Gecko) Chrome/130.0.0.0 Safari/537.36"
148.72.211.168 - - [08/Oct/2025:05:02:16 +0000] "POST /wp-login.php HTTP/1.1" 200 2088 "https://b2bmassagekl.net/wp-login.php" "Mozilla/5.0 (Windows NT 10.0; Win64; x64) AppleWebKit/537.36 (KHTML, like Gecko) Chrome/130.0.0.0 Safari/537.36"
203.161.56.247 - - [08/Oct/2025:05:02:35 +0000] "POST /wp-cron.php?doing_wp_cron=1759899755.1044158935546875000000 HTTP/1.1" 200 - "-" "WordPress/6.8.3; https://b2bmassagekl.net"
162.240.38.165 - - [08/Oct/2025:05:02:34 +0000] "GET /wp-login.php HTTP/1.1" 200 1993 "-" "Mozilla/5.0 (Windows NT 10.0; Win64; x64) AppleWebKit/537.36 (KHTML, like Gecko) Chrome/130.0.0.0 Safari/537.36"
162.240.38.165 - - [08/Oct/2025:05:02:36 +0000] "POST /wp-login.php HTTP/1.1" 200 2088 "https://b2bmassagekl.net/wp-login.php" "Mozilla/5.0 (Windows NT 10.0; Win64; x64) AppleWebKit/537.36 (KHTML, like Gecko) Chrome/130.0.0.0 Safari/537.36"
50.116.86.85 - - [08/Oct/2025:05:02:55 +0000] "GET /wp-login.php HTTP/1.1" 200 1993 "-" "Mozilla/5.0 (Windows NT 10.0; Win64; x64) AppleWebKit/537.36 (KHTML, like Gecko) Chrome/130.0.0.0 Safari/537.36"
50.116.86.85 - - [08/Oct/2025:05:02:57 +0000] "POST /wp-login.php HTTP/1.1" 200 2088 "https://b2bmassagekl.net/wp-login.php" "Mozilla/5.0 (Windows NT 10.0; Win64; x64) AppleWebKit/537.36 (KHTML, like Gecko) Chrome/130.0.0.0 Safari/537.36"
203.161.56.247 - - [08/Oct/2025:05:03:48 +0000] "POST /wp-cron.php?doing_wp_cron=1759899828.5442209243774414062500 HTTP/1.1" 200 - "-" "WordPress/6.8.3; https://b2bmassagekl.net"
202.28.78.81 - - [08/Oct/2025:05:03:47 +0000] "GET /wp-login.php HTTP/1.1" 200 1993 "-" "Mozilla/5.0 (Windows NT 10.0; Win64; x64) AppleWebKit/537.36 (KHTML, like Gecko) Chrome/130.0.0.0 Safari/537.36"
202.28.78.81 - - [08/Oct/2025:05:03:50 +0000] "POST /wp-login.php HTTP/1.1" 200 2088 "https://b2bmassagekl.net/wp-login.php" "Mozilla/5.0 (Windows NT 10.0; Win64; x64) AppleWebKit/537.36 (KHTML, like Gecko) Chrome/130.0.0.0 Safari/537.36"
203.161.56.247 - - [08/Oct/2025:05:06:26 +0000] "POST /wp-cron.php?doing_wp_cron=1759899986.5055179595947265625000 HTTP/1.1" 200 - "-" "WordPress/6.8.3; https://b2bmassagekl.net"
162.241.2.240 - - [08/Oct/2025:05:06:24 +0000] "GET /wp-login.php HTTP/1.1" 200 1993 "-" "Mozilla/5.0 (Windows NT 10.0; Win64; x64) AppleWebKit/537.36 (KHTML, like Gecko) Chrome/130.0.0.0 Safari/537.36"
162.241.2.240 - - [08/Oct/2025:05:06:26 +0000] "POST /wp-login.php HTTP/1.1" 200 2088 "https://b2bmassagekl.net/wp-login.php" "Mozilla/5.0 (Windows NT 10.0; Win64; x64) AppleWebKit/537.36 (KHTML, like Gecko) Chrome/130.0.0.0 Safari/537.36"
203.161.56.247 - - [08/Oct/2025:05:08:01 +0000] "POST /wp-cron.php?doing_wp_cron=1759900081.1112649440765380859375 HTTP/1.1" 200 - "-" "WordPress/6.8.3; https://b2bmassagekl.net"
103.11.101.130 - - [08/Oct/2025:05:07:59 +0000] "GET /wp-login.php HTTP/1.1" 200 1993 "-" "Mozilla/5.0 (Windows NT 10.0; Win64; x64) AppleWebKit/537.36 (KHTML, like Gecko) Chrome/130.0.0.0 Safari/537.36"
103.11.101.130 - - [08/Oct/2025:05:08:04 +0000] "POST /wp-login.php HTTP/1.1" 200 2087 "https://b2bmassagekl.net/wp-login.php" "Mozilla/5.0 (Windows NT 10.0; Win64; x64) AppleWebKit/537.36 (KHTML, like Gecko) Chrome/130.0.0.0 Safari/537.36"
203.161.56.247 - - [08/Oct/2025:05:08:18 +0000] "POST /wp-cron.php?doing_wp_cron=1759900098.9555048942565917968750 HTTP/1.1" 200 - "-" "WordPress/6.8.3; https://b2bmassagekl.net"
41.73.194.134 - - [08/Oct/2025:05:08:18 +0000] "GET /wp-login.php HTTP/1.1" 200 1993 "-" "Mozilla/5.0 (Windows NT 10.0; Win64; x64) AppleWebKit/537.36 (KHTML, like Gecko) Chrome/130.0.0.0 Safari/537.36"
41.73.194.134 - - [08/Oct/2025:05:08:20 +0000] "POST /wp-login.php HTTP/1.1" 200 2087 "https://b2bmassagekl.net/wp-login.php" "Mozilla/5.0 (Windows NT 10.0; Win64; x64) AppleWebKit/537.36 (KHTML, like Gecko) Chrome/130.0.0.0 Safari/537.36"
203.161.56.247 - - [08/Oct/2025:05:09:02 +0000] "POST /wp-cron.php?doing_wp_cron=1759900142.4533839225769042968750 HTTP/1.1" 200 - "-" "WordPress/6.8.3; https://b2bmassagekl.net"
51.178.211.196 - - [08/Oct/2025:05:09:00 +0000] "GET /wp-login.php HTTP/1.1" 200 1993 "-" "Mozilla/5.0 (Windows NT 10.0; Win64; x64) AppleWebKit/537.36 (KHTML, like Gecko) Chrome/130.0.0.0 Safari/537.36"
203.161.56.247 - - [08/Oct/2025:05:09:06 +0000] "POST /wp-cron.php?doing_wp_cron=1759900146.0226230621337890625000 HTTP/1.1" 200 - "-" "WordPress/6.8.3; https://b2bmassagekl.net"
216.73.216.151 - - [08/Oct/2025:05:09:04 +0000] "GET /robots.txt HTTP/1.1" 200 135 "-" "Mozilla/5.0 AppleWebKit/537.36 (KHTML, like Gecko; compatible; ClaudeBot/1.0; +claudebot@anthropic.com)"
203.161.56.247 - - [08/Oct/2025:05:09:07 +0000] "POST /wp-cron.php?doing_wp_cron=1759900147.5243129730224609375000 HTTP/1.1" 200 - "-" "WordPress/6.8.3; https://b2bmassagekl.net"
51.178.211.196 - - [08/Oct/2025:05:09:05 +0000] "POST /wp-login.php HTTP/1.1" 200 2088 "https://b2bmassagekl.net/wp-login.php" "Mozilla/5.0 (Windows NT 10.0; Win64; x64) AppleWebKit/537.36 (KHTML, like Gecko) Chrome/130.0.0.0 Safari/537.36"
216.73.216.151 - - [08/Oct/2025:05:09:06 +0000] "GET /video-sitemap.xml HTTP/1.1" 404 267 "-" "Mozilla/5.0 AppleWebKit/537.36 (KHTML, like Gecko; compatible; ClaudeBot/1.0; +claudebot@anthropic.com)"
162.240.155.58 - - [08/Oct/2025:05:09:16 +0000] "GET /wp-login.php HTTP/1.1" 200 1993 "-" "Mozilla/5.0 (Windows NT 10.0; Win64; x64) AppleWebKit/537.36 (KHTML, like Gecko) Chrome/130.0.0.0 Safari/537.36"
162.240.155.58 - - [08/Oct/2025:05:09:18 +0000] "POST /wp-login.php HTTP/1.1" 200 2087 "https://b2bmassagekl.net/wp-login.php" "Mozilla/5.0 (Windows NT 10.0; Win64; x64) AppleWebKit/537.36 (KHTML, like Gecko) Chrome/130.0.0.0 Safari/537.36"
162.241.253.240 - - [08/Oct/2025:05:09:30 +0000] "GET /wp-login.php HTTP/1.1" 200 1993 "-" "Mozilla/5.0 (Windows NT 10.0; Win64; x64) AppleWebKit/537.36 (KHTML, like Gecko) Chrome/130.0.0.0 Safari/537.36"
162.241.253.240 - - [08/Oct/2025:05:09:32 +0000] "POST /wp-login.php HTTP/1.1" 200 2087 "https://b2bmassagekl.net/wp-login.php" "Mozilla/5.0 (Windows NT 10.0; Win64; x64) AppleWebKit/537.36 (KHTML, like Gecko) Chrome/130.0.0.0 Safari/537.36"
45.56.222.60 - - [08/Oct/2025:05:09:47 +0000] "GET /wp-login.php HTTP/1.1" 200 1993 "-" "Mozilla/5.0 (Windows NT 10.0; Win64; x64) AppleWebKit/537.36 (KHTML, like Gecko) Chrome/130.0.0.0 Safari/537.36"
45.56.222.60 - - [08/Oct/2025:05:09:52 +0000] "POST /wp-login.php HTTP/1.1" 200 2088 "https://b2bmassagekl.net/wp-login.php" "Mozilla/5.0 (Windows NT 10.0; Win64; x64) AppleWebKit/537.36 (KHTML, like Gecko) Chrome/130.0.0.0 Safari/537.36"
203.161.56.247 - - [08/Oct/2025:05:10:07 +0000] "POST /wp-cron.php?doing_wp_cron=1759900207.9260790348052978515625 HTTP/1.1" 200 - "-" "WordPress/6.8.3; https://b2bmassagekl.net"
119.59.125.53 - - [08/Oct/2025:05:10:06 +0000] "GET /wp-login.php HTTP/1.1" 200 1993 "-" "Mozilla/5.0 (Windows NT 10.0; Win64; x64) AppleWebKit/537.36 (KHTML, like Gecko) Chrome/130.0.0.0 Safari/537.36"
119.59.125.53 - - [08/Oct/2025:05:10:10 +0000] "POST /wp-login.php HTTP/1.1" 200 2087 "https://b2bmassagekl.net/wp-login.php" "Mozilla/5.0 (Windows NT 10.0; Win64; x64) AppleWebKit/537.36 (KHTML, like Gecko) Chrome/130.0.0.0 Safari/537.36"
185.200.240.65 - - [08/Oct/2025:05:10:15 +0000] "GET /wp-login.php HTTP/1.1" 200 1993 "-" "Mozilla/5.0 (Windows NT 10.0; Win64; x64) AppleWebKit/537.36 (KHTML, like Gecko) Chrome/130.0.0.0 Safari/537.36"
185.200.240.65 - - [08/Oct/2025:05:10:16 +0000] "POST /wp-login.php HTTP/1.1" 200 2088 "https://b2bmassagekl.net/wp-login.php" "Mozilla/5.0 (Windows NT 10.0; Win64; x64) AppleWebKit/537.36 (KHTML, like Gecko) Chrome/130.0.0.0 Safari/537.36"
203.161.56.247 - - [08/Oct/2025:05:10:40 +0000] "POST /wp-cron.php?doing_wp_cron=1759900240.8047890663146972656250 HTTP/1.1" 200 - "-" "WordPress/6.8.3; https://b2bmassagekl.net"
205.196.217.56 - - [08/Oct/2025:05:10:39 +0000] "GET /wp-login.php HTTP/1.1" 200 1993 "-" "Mozilla/5.0 (Windows NT 10.0; Win64; x64) AppleWebKit/537.36 (KHTML, like Gecko) Chrome/130.0.0.0 Safari/537.36"
205.196.217.56 - - [08/Oct/2025:05:10:43 +0000] "POST /wp-login.php HTTP/1.1" 200 2087 "https://b2bmassagekl.net/wp-login.php" "Mozilla/5.0 (Windows NT 10.0; Win64; x64) AppleWebKit/537.36 (KHTML, like Gecko) Chrome/130.0.0.0 Safari/537.36"
203.161.56.247 - - [08/Oct/2025:05:11:10 +0000] "POST /wp-cron.php?doing_wp_cron=1759900270.4602448940277099609375 HTTP/1.1" 200 - "-" "WordPress/6.8.3; https://b2bmassagekl.net"
108.167.188.125 - - [08/Oct/2025:05:11:09 +0000] "GET /wp-login.php HTTP/1.1" 200 1993 "-" "Mozilla/5.0 (Windows NT 10.0; Win64; x64) AppleWebKit/537.36 (KHTML, like Gecko) Chrome/130.0.0.0 Safari/537.36"
108.167.188.125 - - [08/Oct/2025:05:11:10 +0000] "POST /wp-login.php HTTP/1.1" 200 2087 "https://b2bmassagekl.net/wp-login.php" "Mozilla/5.0 (Windows NT 10.0; Win64; x64) AppleWebKit/537.36 (KHTML, like Gecko) Chrome/130.0.0.0 Safari/537.36"
203.161.56.247 - - [08/Oct/2025:05:11:23 +0000] "POST /wp-cron.php?doing_wp_cron=1759900283.4505081176757812500000 HTTP/1.1" 200 - "-" "WordPress/6.8.3; https://b2bmassagekl.net"
92.205.20.105 - - [08/Oct/2025:05:11:22 +0000] "GET /wp-login.php HTTP/1.1" 200 1993 "-" "Mozilla/5.0 (Windows NT 10.0; Win64; x64) AppleWebKit/537.36 (KHTML, like Gecko) Chrome/130.0.0.0 Safari/537.36"
92.205.20.105 - - [08/Oct/2025:05:11:25 +0000] "POST /wp-login.php HTTP/1.1" 200 2088 "https://b2bmassagekl.net/wp-login.php" "Mozilla/5.0 (Windows NT 10.0; Win64; x64) AppleWebKit/537.36 (KHTML, like Gecko) Chrome/130.0.0.0 Safari/537.36"
67.20.76.217 - - [08/Oct/2025:05:11:31 +0000] "GET /wp-login.php HTTP/1.1" 200 1993 "-" "Mozilla/5.0 (Windows NT 10.0; Win64; x64) AppleWebKit/537.36 (KHTML, like Gecko) Chrome/130.0.0.0 Safari/537.36"
67.20.76.217 - - [08/Oct/2025:05:11:32 +0000] "POST /wp-login.php HTTP/1.1" 200 2088 "https://b2bmassagekl.net/wp-login.php" "Mozilla/5.0 (Windows NT 10.0; Win64; x64) AppleWebKit/537.36 (KHTML, like Gecko) Chrome/130.0.0.0 Safari/537.36"
41.73.194.134 - - [08/Oct/2025:05:11:36 +0000] "GET /wp-login.php HTTP/1.1" 200 1993 "-" "Mozilla/5.0 (Windows NT 10.0; Win64; x64) AppleWebKit/537.36 (KHTML, like Gecko) Chrome/130.0.0.0 Safari/537.36"
41.73.194.134 - - [08/Oct/2025:05:11:37 +0000] "POST /wp-login.php HTTP/1.1" 200 2088 "https://b2bmassagekl.net/wp-login.php" "Mozilla/5.0 (Windows NT 10.0; Win64; x64) AppleWebKit/537.36 (KHTML, like Gecko) Chrome/130.0.0.0 Safari/537.36"
185.200.240.65 - - [08/Oct/2025:05:11:52 +0000] "GET /wp-login.php HTTP/1.1" 200 2078 "-" "Mozilla/5.0 (Windows NT 10.0; Win64; x64) AppleWebKit/537.36 (KHTML, like Gecko) Chrome/130.0.0.0 Safari/537.36"
185.200.240.65 - - [08/Oct/2025:05:11:54 +0000] "POST /wp-login.php HTTP/1.1" 200 2078 "https://b2bmassagekl.net/wp-login.php" "Mozilla/5.0 (Windows NT 10.0; Win64; x64) AppleWebKit/537.36 (KHTML, like Gecko) Chrome/130.0.0.0 Safari/537.36"
203.161.56.247 - - [08/Oct/2025:05:12:29 +0000] "POST /wp-cron.php?doing_wp_cron=1759900349.7647531032562255859375 HTTP/1.1" 200 - "-" "WordPress/6.8.3; https://b2bmassagekl.net"
185.200.240.65 - - [08/Oct/2025:05:12:28 +0000] "GET /wp-login.php HTTP/1.1" 200 2078 "-" "Mozilla/5.0 (Windows NT 10.0; Win64; x64) AppleWebKit/537.36 (KHTML, like Gecko) Chrome/130.0.0.0 Safari/537.36"
185.200.240.65 - - [08/Oct/2025:05:12:30 +0000] "POST /wp-login.php HTTP/1.1" 200 2078 "https://b2bmassagekl.net/wp-login.php" "Mozilla/5.0 (Windows NT 10.0; Win64; x64) AppleWebKit/537.36 (KHTML, like Gecko) Chrome/130.0.0.0 Safari/537.36"
203.161.56.247 - - [08/Oct/2025:05:31:11 +0000] "POST /wp-cron.php?doing_wp_cron=1759901471.2166790962219238281250 HTTP/1.1" 200 - "-" "WordPress/6.8.3; https://b2bmassagekl.net"
69.163.178.127 - - [08/Oct/2025:05:31:09 +0000] "GET /wp-login.php HTTP/1.1" 200 1993 "-" "Mozilla/5.0 (Windows NT 10.0; Win64; x64) AppleWebKit/537.36 (KHTML, like Gecko) Chrome/130.0.0.0 Safari/537.36"
69.163.178.127 - - [08/Oct/2025:05:31:13 +0000] "POST /wp-login.php HTTP/1.1" 200 2087 "https://b2bmassagekl.net/wp-login.php" "Mozilla/5.0 (Windows NT 10.0; Win64; x64) AppleWebKit/537.36 (KHTML, like Gecko) Chrome/130.0.0.0 Safari/537.36"
203.161.56.247 - - [08/Oct/2025:05:31:27 +0000] "POST /wp-cron.php?doing_wp_cron=1759901487.9186320304870605468750 HTTP/1.1" 200 - "-" "WordPress/6.8.3; https://b2bmassagekl.net"
162.241.203.52 - - [08/Oct/2025:05:31:26 +0000] "GET /wp-login.php HTTP/1.1" 200 1993 "-" "Mozilla/5.0 (Windows NT 10.0; Win64; x64) AppleWebKit/537.36 (KHTML, like Gecko) Chrome/130.0.0.0 Safari/537.36"
162.241.203.52 - - [08/Oct/2025:05:31:30 +0000] "POST /wp-login.php HTTP/1.1" 200 2088 "https://b2bmassagekl.net/wp-login.php" "Mozilla/5.0 (Windows NT 10.0; Win64; x64) AppleWebKit/537.36 (KHTML, like Gecko) Chrome/130.0.0.0 Safari/537.36"
185.194.216.152 - - [08/Oct/2025:05:31:37 +0000] "GET /wp-login.php HTTP/1.1" 200 1993 "-" "Mozilla/5.0 (Windows NT 10.0; Win64; x64) AppleWebKit/537.36 (KHTML, like Gecko) Chrome/130.0.0.0 Safari/537.36"
185.194.216.152 - - [08/Oct/2025:05:31:39 +0000] "POST /wp-login.php HTTP/1.1" 200 2088 "https://b2bmassagekl.net/wp-login.php" "Mozilla/5.0 (Windows NT 10.0; Win64; x64) AppleWebKit/537.36 (KHTML, like Gecko) Chrome/130.0.0.0 Safari/537.36"
162.241.173.251 - - [08/Oct/2025:05:31:53 +0000] "GET /wp-login.php HTTP/1.1" 200 1993 "-" "Mozilla/5.0 (Windows NT 10.0; Win64; x64) AppleWebKit/537.36 (KHTML, like Gecko) Chrome/130.0.0.0 Safari/537.36"
162.241.173.251 - - [08/Oct/2025:05:31:57 +0000] "POST /wp-login.php HTTP/1.1" 200 2088 "https://b2bmassagekl.net/wp-login.php" "Mozilla/5.0 (Windows NT 10.0; Win64; x64) AppleWebKit/537.36 (KHTML, like Gecko) Chrome/130.0.0.0 Safari/537.36"
203.161.56.247 - - [08/Oct/2025:05:32:31 +0000] "POST /wp-cron.php?doing_wp_cron=1759901551.9447441101074218750000 HTTP/1.1" 200 - "-" "WordPress/6.8.3; https://b2bmassagekl.net"
203.162.166.162 - - [08/Oct/2025:05:32:30 +0000] "GET /wp-login.php HTTP/1.1" 200 1993 "-" "Mozilla/5.0 (Windows NT 10.0; Win64; x64) AppleWebKit/537.36 (KHTML, like Gecko) Chrome/130.0.0.0 Safari/537.36"
185.36.195.182 - - [08/Oct/2025:05:32:35 +0000] "GET / HTTP/1.1" 200 24370 "http://b2bmassagekl.net" "Mozilla/5.0 (Windows NT 10.0; Win64; x64) AppleWebKit/537.36 (KHTML, like Gecko) Chrome/90.0.4430.212 Safari/537.36"
185.36.195.178 - - [08/Oct/2025:05:32:56 +0000] "GET / HTTP/1.1" 200 24356 "http://b2bmassagekl.net" "Mozilla/5.0+(compatible;+Googlebot/2.1;++http://www.google.com/bot.html)"
213.32.114.85 - - [08/Oct/2025:05:33:03 +0000] "GET /wp-login.php HTTP/1.1" 200 1993 "-" "Mozilla/5.0 (Windows NT 10.0; Win64; x64) AppleWebKit/537.36 (KHTML, like Gecko) Chrome/130.0.0.0 Safari/537.36"
203.161.56.247 - - [08/Oct/2025:05:33:08 +0000] "POST /wp-cron.php?doing_wp_cron=1759901588.1121621131896972656250 HTTP/1.1" 200 - "-" "WordPress/6.8.3; https://b2bmassagekl.net"
213.32.114.85 - - [08/Oct/2025:05:33:07 +0000] "POST /wp-login.php HTTP/1.1" 200 2088 "https://b2bmassagekl.net/wp-login.php" "Mozilla/5.0 (Windows NT 10.0; Win64; x64) AppleWebKit/537.36 (KHTML, like Gecko) Chrome/130.0.0.0 Safari/537.36"
203.161.56.247 - - [08/Oct/2025:05:33:28 +0000] "POST /wp-cron.php?doing_wp_cron=1759901608.6251831054687500000000 HTTP/1.1" 200 - "-" "WordPress/6.8.3; https://b2bmassagekl.net"
185.59.17.234 - - [08/Oct/2025:05:33:27 +0000] "GET /wp-login.php HTTP/1.1" 200 1993 "-" "Mozilla/5.0 (Windows NT 10.0; Win64; x64) AppleWebKit/537.36 (KHTML, like Gecko) Chrome/130.0.0.0 Safari/537.36"
185.59.17.234 - - [08/Oct/2025:05:33:29 +0000] "POST /wp-login.php HTTP/1.1" 200 2088 "https://b2bmassagekl.net/wp-login.php" "Mozilla/5.0 (Windows NT 10.0; Win64; x64) AppleWebKit/537.36 (KHTML, like Gecko) Chrome/130.0.0.0 Safari/537.36"
203.161.56.247 - - [08/Oct/2025:05:34:19 +0000] "POST /wp-cron.php?doing_wp_cron=1759901659.1855909824371337890625 HTTP/1.1" 200 - "-" "WordPress/6.8.3; https://b2bmassagekl.net"
162.241.203.97 - - [08/Oct/2025:05:34:17 +0000] "GET /wp-login.php HTTP/1.1" 200 1993 "-" "Mozilla/5.0 (Windows NT 10.0; Win64; x64) AppleWebKit/537.36 (KHTML, like Gecko) Chrome/130.0.0.0 Safari/537.36"
162.241.203.97 - - [08/Oct/2025:05:34:21 +0000] "POST /wp-login.php HTTP/1.1" 200 2087 "https://b2bmassagekl.net/wp-login.php" "Mozilla/5.0 (Windows NT 10.0; Win64; x64) AppleWebKit/537.36 (KHTML, like Gecko) Chrome/130.0.0.0 Safari/537.36"
203.161.56.247 - - [08/Oct/2025:05:34:37 +0000] "POST /wp-cron.php?doing_wp_cron=1759901677.5531709194183349609375 HTTP/1.1" 200 - "-" "WordPress/6.8.3; https://b2bmassagekl.net"
205.196.217.56 - - [08/Oct/2025:05:34:36 +0000] "GET /wp-login.php HTTP/1.1" 200 1993 "-" "Mozilla/5.0 (Windows NT 10.0; Win64; x64) AppleWebKit/537.36 (KHTML, like Gecko) Chrome/130.0.0.0 Safari/537.36"
205.196.217.56 - - [08/Oct/2025:05:34:41 +0000] "POST /wp-login.php HTTP/1.1" 200 2088 "https://b2bmassagekl.net/wp-login.php" "Mozilla/5.0 (Windows NT 10.0; Win64; x64) AppleWebKit/537.36 (KHTML, like Gecko) Chrome/130.0.0.0 Safari/537.36"
185.121.235.192 - - [08/Oct/2025:05:34:57 +0000] "GET /top-rated-escort-agency-in-kuala-lumpur/ HTTP/1.0" 404 43051 "https://b2bmassagekl.net/top-rated-escort-agency-in-kuala-lumpur/" "Mozilla/5.0 (Windows NT 10.0; Win64; x64) AppleWebKit/537.36 (KHTML, like Gecko) Chrome/131.0.0.0 Safari/537.36 Avast/131.0.0.0"
203.161.56.247 - - [08/Oct/2025:05:35:30 +0000] "POST /wp-cron.php?doing_wp_cron=1759901730.6336410045623779296875 HTTP/1.1" 200 - "-" "WordPress/6.8.3; https://b2bmassagekl.net"
162.241.224.125 - - [08/Oct/2025:05:35:29 +0000] "GET /wp-login.php HTTP/1.1" 200 1993 "-" "Mozilla/5.0 (Windows NT 10.0; Win64; x64) AppleWebKit/537.36 (KHTML, like Gecko) Chrome/130.0.0.0 Safari/537.36"
162.241.224.125 - - [08/Oct/2025:05:35:32 +0000] "POST /wp-login.php HTTP/1.1" 200 2088 "https://b2bmassagekl.net/wp-login.php" "Mozilla/5.0 (Windows NT 10.0; Win64; x64) AppleWebKit/537.36 (KHTML, like Gecko) Chrome/130.0.0.0 Safari/537.36"
185.193.19.102 - - [08/Oct/2025:05:35:39 +0000] "GET /wp-login.php HTTP/1.1" 200 1993 "-" "Mozilla/5.0 (Windows NT 10.0; Win64; x64) AppleWebKit/537.36 (KHTML, like Gecko) Chrome/130.0.0.0 Safari/537.36"
185.193.19.102 - - [08/Oct/2025:05:35:42 +0000] "POST /wp-login.php HTTP/1.1" 200 2088 "https://b2bmassagekl.net/wp-login.php" "Mozilla/5.0 (Windows NT 10.0; Win64; x64) AppleWebKit/537.36 (KHTML, like Gecko) Chrome/130.0.0.0 Safari/537.36"
203.161.56.247 - - [08/Oct/2025:05:37:08 +0000] "POST /wp-cron.php?doing_wp_cron=1759901828.1304719448089599609375 HTTP/1.1" 200 - "-" "WordPress/6.8.3; https://b2bmassagekl.net"
82.167.183.46 - - [08/Oct/2025:05:37:06 +0000] "GET /wp-login.php HTTP/1.1" 200 1993 "-" "Mozilla/5.0 (Windows NT 10.0; Win64; x64) AppleWebKit/537.36 (KHTML, like Gecko) Chrome/130.0.0.0 Safari/537.36"
82.167.183.46 - - [08/Oct/2025:05:37:09 +0000] "POST /wp-login.php HTTP/1.1" 200 2088 "https://b2bmassagekl.net/wp-login.php" "Mozilla/5.0 (Windows NT 10.0; Win64; x64) AppleWebKit/537.36 (KHTML, like Gecko) Chrome/130.0.0.0 Safari/537.36"
202.28.78.81 - - [08/Oct/2025:05:37:19 +0000] "GET /wp-login.php HTTP/1.1" 200 1993 "-" "Mozilla/5.0 (Windows NT 10.0; Win64; x64) AppleWebKit/537.36 (KHTML, like Gecko) Chrome/130.0.0.0 Safari/537.36"
203.161.56.247 - - [08/Oct/2025:05:37:23 +0000] "POST /wp-cron.php?doing_wp_cron=1759901843.4620149135589599609375 HTTP/1.1" 200 - "-" "WordPress/6.8.3; https://b2bmassagekl.net"
202.28.78.81 - - [08/Oct/2025:05:37:22 +0000] "POST /wp-login.php HTTP/1.1" 200 2088 "https://b2bmassagekl.net/wp-login.php" "Mozilla/5.0 (Windows NT 10.0; Win64; x64) AppleWebKit/537.36 (KHTML, like Gecko) Chrome/130.0.0.0 Safari/537.36"
162.241.203.77 - - [08/Oct/2025:05:37:43 +0000] "GET /wp-login.php HTTP/1.1" 200 1993 "-" "Mozilla/5.0 (Windows NT 10.0; Win64; x64) AppleWebKit/537.36 (KHTML, like Gecko) Chrome/130.0.0.0 Safari/537.36"
162.241.203.77 - - [08/Oct/2025:05:37:46 +0000] "POST /wp-login.php HTTP/1.1" 200 2087 "https://b2bmassagekl.net/wp-login.php" "Mozilla/5.0 (Windows NT 10.0; Win64; x64) AppleWebKit/537.36 (KHTML, like Gecko) Chrome/130.0.0.0 Safari/537.36"
162.241.225.30 - - [08/Oct/2025:05:37:51 +0000] "GET /wp-login.php HTTP/1.1" 200 1993 "-" "Mozilla/5.0 (Windows NT 10.0; Win64; x64) AppleWebKit/537.36 (KHTML, like Gecko) Chrome/130.0.0.0 Safari/537.36"
162.241.225.30 - - [08/Oct/2025:05:37:52 +0000] "POST /wp-login.php HTTP/1.1" 200 2087 "https://b2bmassagekl.net/wp-login.php" "Mozilla/5.0 (Windows NT 10.0; Win64; x64) AppleWebKit/537.36 (KHTML, like Gecko) Chrome/130.0.0.0 Safari/537.36"
203.161.56.247 - - [08/Oct/2025:05:38:18 +0000] "POST /wp-cron.php?doing_wp_cron=1759901898.1466529369354248046875 HTTP/1.1" 200 - "-" "WordPress/6.8.3; https://b2bmassagekl.net"
162.240.155.58 - - [08/Oct/2025:05:38:17 +0000] "GET /wp-login.php HTTP/1.1" 200 1993 "-" "Mozilla/5.0 (Windows NT 10.0; Win64; x64) AppleWebKit/537.36 (KHTML, like Gecko) Chrome/130.0.0.0 Safari/537.36"
162.240.155.58 - - [08/Oct/2025:05:38:18 +0000] "POST /wp-login.php HTTP/1.1" 200 2088 "https://b2bmassagekl.net/wp-login.php" "Mozilla/5.0 (Windows NT 10.0; Win64; x64) AppleWebKit/537.36 (KHTML, like Gecko) Chrome/130.0.0.0 Safari/537.36"
203.161.56.247 - - [08/Oct/2025:05:38:31 +0000] "POST /wp-cron.php?doing_wp_cron=1759901911.8546109199523925781250 HTTP/1.1" 200 - "-" "WordPress/6.8.3; https://b2bmassagekl.net"
154.53.62.61 - - [08/Oct/2025:05:38:30 +0000] "GET /wp-login.php HTTP/1.1" 200 1993 "-" "Mozilla/5.0 (Windows NT 10.0; Win64; x64) AppleWebKit/537.36 (KHTML, like Gecko) Chrome/130.0.0.0 Safari/537.36"
154.53.62.61 - - [08/Oct/2025:05:38:32 +0000] "POST /wp-login.php HTTP/1.1" 200 2087 "https://b2bmassagekl.net/wp-login.php" "Mozilla/5.0 (Windows NT 10.0; Win64; x64) AppleWebKit/537.36 (KHTML, like Gecko) Chrome/130.0.0.0 Safari/537.36"
162.241.62.217 - - [08/Oct/2025:05:38:34 +0000] "GET /wp-login.php HTTP/1.1" 200 1993 "-" "Mozilla/5.0 (Windows NT 10.0; Win64; x64) AppleWebKit/537.36 (KHTML, like Gecko) Chrome/130.0.0.0 Safari/537.36"
162.241.62.217 - - [08/Oct/2025:05:38:35 +0000] "POST /wp-login.php HTTP/1.1" 200 2088 "https://b2bmassagekl.net/wp-login.php" "Mozilla/5.0 (Windows NT 10.0; Win64; x64) AppleWebKit/537.36 (KHTML, like Gecko) Chrome/130.0.0.0 Safari/537.36"
108.179.192.145 - - [08/Oct/2025:05:38:58 +0000] "GET /wp-login.php HTTP/1.1" 200 1993 "-" "Mozilla/5.0 (Windows NT 10.0; Win64; x64) AppleWebKit/537.36 (KHTML, like Gecko) Chrome/130.0.0.0 Safari/537.36"
108.179.192.145 - - [08/Oct/2025:05:38:59 +0000] "POST /wp-login.php HTTP/1.1" 200 2087 "https://b2bmassagekl.net/wp-login.php" "Mozilla/5.0 (Windows NT 10.0; Win64; x64) AppleWebKit/537.36 (KHTML, like Gecko) Chrome/130.0.0.0 Safari/537.36"
154.53.40.248 - - [08/Oct/2025:05:39:02 +0000] "GET /wp-login.php HTTP/1.1" 200 1993 "-" "Mozilla/5.0 (Windows NT 10.0; Win64; x64) AppleWebKit/537.36 (KHTML, like Gecko) Chrome/130.0.0.0 Safari/537.36"
154.53.40.248 - - [08/Oct/2025:05:39:04 +0000] "POST /wp-login.php HTTP/1.1" 200 2088 "https://b2bmassagekl.net/wp-login.php" "Mozilla/5.0 (Windows NT 10.0; Win64; x64) AppleWebKit/537.36 (KHTML, like Gecko) Chrome/130.0.0.0 Safari/537.36"
203.161.56.247 - - [08/Oct/2025:05:39:18 +0000] "POST /wp-cron.php?doing_wp_cron=1759901958.0901079177856445312500 HTTP/1.1" 200 - "-" "WordPress/6.8.3; https://b2bmassagekl.net"
198.187.29.74 - - [08/Oct/2025:05:39:17 +0000] "GET /wp-login.php HTTP/1.1" 200 1993 "-" "Mozilla/5.0 (Windows NT 10.0; Win64; x64) AppleWebKit/537.36 (KHTML, like Gecko) Chrome/130.0.0.0 Safari/537.36"
198.187.29.74 - - [08/Oct/2025:05:39:18 +0000] "POST /wp-login.php HTTP/1.1" 200 2088 "https://b2bmassagekl.net/wp-login.php" "Mozilla/5.0 (Windows NT 10.0; Win64; x64) AppleWebKit/537.36 (KHTML, like Gecko) Chrome/130.0.0.0 Safari/537.36"
203.161.56.247 - - [08/Oct/2025:05:39:32 +0000] "POST /wp-cron.php?doing_wp_cron=1759901972.0007638931274414062500 HTTP/1.1" 200 - "-" "WordPress/6.8.3; https://b2bmassagekl.net"
69.163.248.161 - - [08/Oct/2025:05:39:30 +0000] "GET /wp-login.php HTTP/1.1" 200 1993 "-" "Mozilla/5.0 (Windows NT 10.0; Win64; x64) AppleWebKit/537.36 (KHTML, like Gecko) Chrome/130.0.0.0 Safari/537.36"
69.163.248.161 - - [08/Oct/2025:05:39:32 +0000] "POST /wp-login.php HTTP/1.1" 200 2088 "https://b2bmassagekl.net/wp-login.php" "Mozilla/5.0 (Windows NT 10.0; Win64; x64) AppleWebKit/537.36 (KHTML, like Gecko) Chrome/130.0.0.0 Safari/537.36"
103.133.214.209 - - [08/Oct/2025:05:39:35 +0000] "GET /wp-login.php HTTP/1.1" 200 1993 "-" "Mozilla/5.0 (Windows NT 10.0; Win64; x64) AppleWebKit/537.36 (KHTML, like Gecko) Chrome/130.0.0.0 Safari/537.36"
103.133.214.209 - - [08/Oct/2025:05:39:37 +0000] "POST /wp-login.php HTTP/1.1" 200 2087 "https://b2bmassagekl.net/wp-login.php" "Mozilla/5.0 (Windows NT 10.0; Win64; x64) AppleWebKit/537.36 (KHTML, like Gecko) Chrome/130.0.0.0 Safari/537.36"
68.65.121.177 - - [08/Oct/2025:05:39:50 +0000] "GET /wp-login.php HTTP/1.1" 200 1993 "-" "Mozilla/5.0 (Windows NT 10.0; Win64; x64) AppleWebKit/537.36 (KHTML, like Gecko) Chrome/130.0.0.0 Safari/537.36"
68.65.121.177 - - [08/Oct/2025:05:39:51 +0000] "POST /wp-login.php HTTP/1.1" 200 2088 "https://b2bmassagekl.net/wp-login.php" "Mozilla/5.0 (Windows NT 10.0; Win64; x64) AppleWebKit/537.36 (KHTML, like Gecko) Chrome/130.0.0.0 Safari/537.36"
162.241.253.240 - - [08/Oct/2025:05:39:53 +0000] "GET /wp-login.php HTTP/1.1" 200 1993 "-" "Mozilla/5.0 (Windows NT 10.0; Win64; x64) AppleWebKit/537.36 (KHTML, like Gecko) Chrome/130.0.0.0 Safari/537.36"
162.241.253.240 - - [08/Oct/2025:05:39:54 +0000] "POST /wp-login.php HTTP/1.1" 200 2088 "https://b2bmassagekl.net/wp-login.php" "Mozilla/5.0 (Windows NT 10.0; Win64; x64) AppleWebKit/537.36 (KHTML, like Gecko) Chrome/130.0.0.0 Safari/537.36"
162.241.24.224 - - [08/Oct/2025:05:39:56 +0000] "GET /wp-login.php HTTP/1.1" 200 1993 "-" "Mozilla/5.0 (Windows NT 10.0; Win64; x64) AppleWebKit/537.36 (KHTML, like Gecko) Chrome/130.0.0.0 Safari/537.36"
162.241.24.224 - - [08/Oct/2025:05:39:58 +0000] "POST /wp-login.php HTTP/1.1" 200 2088 "https://b2bmassagekl.net/wp-login.php" "Mozilla/5.0 (Windows NT 10.0; Win64; x64) AppleWebKit/537.36 (KHTML, like Gecko) Chrome/130.0.0.0 Safari/537.36"
203.161.56.247 - - [08/Oct/2025:05:40:36 +0000] "POST /wp-cron.php?doing_wp_cron=1759902036.6090650558471679687500 HTTP/1.1" 200 - "-" "WordPress/6.8.3; https://b2bmassagekl.net"
66.29.132.2 - - [08/Oct/2025:05:40:34 +0000] "GET /wp-login.php HTTP/1.1" 200 1993 "-" "Mozilla/5.0 (Windows NT 10.0; Win64; x64) AppleWebKit/537.36 (KHTML, like Gecko) Chrome/130.0.0.0 Safari/537.36"
66.29.132.2 - - [08/Oct/2025:05:40:36 +0000] "POST /wp-login.php HTTP/1.1" 200 2088 "https://b2bmassagekl.net/wp-login.php" "Mozilla/5.0 (Windows NT 10.0; Win64; x64) AppleWebKit/537.36 (KHTML, like Gecko) Chrome/130.0.0.0 Safari/537.36"
185.192.96.207 - - [08/Oct/2025:05:40:39 +0000] "GET /wp-login.php HTTP/1.1" 200 1993 "-" "Mozilla/5.0 (Windows NT 10.0; Win64; x64) AppleWebKit/537.36 (KHTML, like Gecko) Chrome/130.0.0.0 Safari/537.36"
185.192.96.207 - - [08/Oct/2025:05:40:40 +0000] "POST /wp-login.php HTTP/1.1" 200 2088 "https://b2bmassagekl.net/wp-login.php" "Mozilla/5.0 (Windows NT 10.0; Win64; x64) AppleWebKit/537.36 (KHTML, like Gecko) Chrome/130.0.0.0 Safari/537.36"
185.192.96.207 - - [08/Oct/2025:05:40:43 +0000] "GET /wp-login.php HTTP/1.1" 200 1993 "-" "Mozilla/5.0 (Windows NT 10.0; Win64; x64) AppleWebKit/537.36 (KHTML, like Gecko) Chrome/130.0.0.0 Safari/537.36"
185.192.96.207 - - [08/Oct/2025:05:40:44 +0000] "POST /wp-login.php HTTP/1.1" 200 2087 "https://b2bmassagekl.net/wp-login.php" "Mozilla/5.0 (Windows NT 10.0; Win64; x64) AppleWebKit/537.36 (KHTML, like Gecko) Chrome/130.0.0.0 Safari/537.36"
103.57.221.79 - - [08/Oct/2025:05:40:49 +0000] "GET /wp-login.php HTTP/1.1" 200 1993 "-" "Mozilla/5.0 (Windows NT 10.0; Win64; x64) AppleWebKit/537.36 (KHTML, like Gecko) Chrome/130.0.0.0 Safari/537.36"
103.57.221.79 - - [08/Oct/2025:05:40:50 +0000] "POST /wp-login.php HTTP/1.1" 200 2087 "https://b2bmassagekl.net/wp-login.php" "Mozilla/5.0 (Windows NT 10.0; Win64; x64) AppleWebKit/537.36 (KHTML, like Gecko) Chrome/130.0.0.0 Safari/537.36"
185.192.96.207 - - [08/Oct/2025:05:40:53 +0000] "GET /wp-login.php HTTP/1.1" 200 1993 "-" "Mozilla/5.0 (Windows NT 10.0; Win64; x64) AppleWebKit/537.36 (KHTML, like Gecko) Chrome/130.0.0.0 Safari/537.36"
185.192.96.207 - - [08/Oct/2025:05:40:54 +0000] "POST /wp-login.php HTTP/1.1" 200 2088 "https://b2bmassagekl.net/wp-login.php" "Mozilla/5.0 (Windows NT 10.0; Win64; x64) AppleWebKit/537.36 (KHTML, like Gecko) Chrome/130.0.0.0 Safari/537.36"
185.192.96.207 - - [08/Oct/2025:05:40:56 +0000] "GET /wp-login.php HTTP/1.1" 200 2078 "-" "Mozilla/5.0 (Windows NT 10.0; Win64; x64) AppleWebKit/537.36 (KHTML, like Gecko) Chrome/130.0.0.0 Safari/537.36"
185.192.96.207 - - [08/Oct/2025:05:40:57 +0000] "POST /wp-login.php HTTP/1.1" 200 2078 "https://b2bmassagekl.net/wp-login.php" "Mozilla/5.0 (Windows NT 10.0; Win64; x64) AppleWebKit/537.36 (KHTML, like Gecko) Chrome/130.0.0.0 Safari/537.36"
185.192.96.207 - - [08/Oct/2025:05:41:00 +0000] "GET /wp-login.php HTTP/1.1" 200 2078 "-" "Mozilla/5.0 (Windows NT 10.0; Win64; x64) AppleWebKit/537.36 (KHTML, like Gecko) Chrome/130.0.0.0 Safari/537.36"
185.192.96.207 - - [08/Oct/2025:05:41:01 +0000] "POST /wp-login.php HTTP/1.1" 200 2078 "https://b2bmassagekl.net/wp-login.php" "Mozilla/5.0 (Windows NT 10.0; Win64; x64) AppleWebKit/537.36 (KHTML, like Gecko) Chrome/130.0.0.0 Safari/537.36"
103.133.214.209 - - [08/Oct/2025:05:41:04 +0000] "GET /wp-login.php HTTP/1.1" 200 1993 "-" "Mozilla/5.0 (Windows NT 10.0; Win64; x64) AppleWebKit/537.36 (KHTML, like Gecko) Chrome/130.0.0.0 Safari/537.36"
203.161.56.247 - - [08/Oct/2025:05:41:07 +0000] "POST /wp-cron.php?doing_wp_cron=1759902067.2080008983612060546875 HTTP/1.1" 200 - "-" "WordPress/6.8.3; https://b2bmassagekl.net"
103.133.214.209 - - [08/Oct/2025:05:41:06 +0000] "POST /wp-login.php HTTP/1.1" 200 2088 "https://b2bmassagekl.net/wp-login.php" "Mozilla/5.0 (Windows NT 10.0; Win64; x64) AppleWebKit/537.36 (KHTML, like Gecko) Chrome/130.0.0.0 Safari/537.36"
162.241.225.30 - - [08/Oct/2025:05:41:09 +0000] "GET /wp-login.php HTTP/1.1" 200 1993 "-" "Mozilla/5.0 (Windows NT 10.0; Win64; x64) AppleWebKit/537.36 (KHTML, like Gecko) Chrome/130.0.0.0 Safari/537.36"
162.241.225.30 - - [08/Oct/2025:05:41:10 +0000] "POST /wp-login.php HTTP/1.1" 200 2088 "https://b2bmassagekl.net/wp-login.php" "Mozilla/5.0 (Windows NT 10.0; Win64; x64) AppleWebKit/537.36 (KHTML, like Gecko) Chrome/130.0.0.0 Safari/537.36"
67.20.117.178 - - [08/Oct/2025:05:41:12 +0000] "GET /wp-login.php HTTP/1.1" 200 1993 "-" "Mozilla/5.0 (Windows NT 10.0; Win64; x64) AppleWebKit/537.36 (KHTML, like Gecko) Chrome/130.0.0.0 Safari/537.36"
67.20.117.178 - - [08/Oct/2025:05:41:13 +0000] "POST /wp-login.php HTTP/1.1" 200 2088 "https://b2bmassagekl.net/wp-login.php" "Mozilla/5.0 (Windows NT 10.0; Win64; x64) AppleWebKit/537.36 (KHTML, like Gecko) Chrome/130.0.0.0 Safari/537.36"
162.0.232.58 - - [08/Oct/2025:05:41:16 +0000] "GET /wp-login.php HTTP/1.1" 200 1993 "-" "Mozilla/5.0 (Windows NT 10.0; Win64; x64) AppleWebKit/537.36 (KHTML, like Gecko) Chrome/130.0.0.0 Safari/537.36"
162.0.232.58 - - [08/Oct/2025:05:41:18 +0000] "POST /wp-login.php HTTP/1.1" 200 2088 "https://b2bmassagekl.net/wp-login.php" "Mozilla/5.0 (Windows NT 10.0; Win64; x64) AppleWebKit/537.36 (KHTML, like Gecko) Chrome/130.0.0.0 Safari/537.36"
185.192.96.207 - - [08/Oct/2025:05:41:20 +0000] "GET /wp-login.php HTTP/1.1" 200 2078 "-" "Mozilla/5.0 (Windows NT 10.0; Win64; x64) AppleWebKit/537.36 (KHTML, like Gecko) Chrome/130.0.0.0 Safari/537.36"
185.192.96.207 - - [08/Oct/2025:05:41:21 +0000] "POST /wp-login.php HTTP/1.1" 200 2078 "https://b2bmassagekl.net/wp-login.php" "Mozilla/5.0 (Windows NT 10.0; Win64; x64) AppleWebKit/537.36 (KHTML, like Gecko) Chrome/130.0.0.0 Safari/537.36"
203.161.56.247 - - [08/Oct/2025:05:41:24 +0000] "POST /wp-cron.php?doing_wp_cron=1759902084.4693889617919921875000 HTTP/1.1" 200 - "-" "WordPress/6.8.3; https://b2bmassagekl.net"
162.241.61.200 - - [08/Oct/2025:05:41:23 +0000] "GET /wp-login.php HTTP/1.1" 200 1993 "-" "Mozilla/5.0 (Windows NT 10.0; Win64; x64) AppleWebKit/537.36 (KHTML, like Gecko) Chrome/130.0.0.0 Safari/537.36"
162.241.61.200 - - [08/Oct/2025:05:41:24 +0000] "POST /wp-login.php HTTP/1.1" 200 2087 "https://b2bmassagekl.net/wp-login.php" "Mozilla/5.0 (Windows NT 10.0; Win64; x64) AppleWebKit/537.36 (KHTML, like Gecko) Chrome/130.0.0.0 Safari/537.36"
89.110.104.136 - - [08/Oct/2025:05:41:32 +0000] "GET /top-rated-escort-agency-in-kuala-lumpur/ HTTP/1.0" 404 43051 "https://b2bmassagekl.net/top-rated-escort-agency-in-kuala-lumpur/" "Mozilla/5.0 (Windows NT 10.0; Win64; x64) AppleWebKit/537.36 (KHTML, like Gecko) Chrome/131.0.0.0 Safari/537.36"
69.163.248.161 - - [08/Oct/2025:05:41:47 +0000] "GET /wp-login.php HTTP/1.1" 200 1993 "-" "Mozilla/5.0 (Windows NT 10.0; Win64; x64) AppleWebKit/537.36 (KHTML, like Gecko) Chrome/130.0.0.0 Safari/537.36"
69.163.248.161 - - [08/Oct/2025:05:41:48 +0000] "POST /wp-login.php HTTP/1.1" 200 2087 "https://b2bmassagekl.net/wp-login.php" "Mozilla/5.0 (Windows NT 10.0; Win64; x64) AppleWebKit/537.36 (KHTML, like Gecko) Chrome/130.0.0.0 Safari/537.36"
203.161.56.247 - - [08/Oct/2025:05:42:12 +0000] "POST /wp-cron.php?doing_wp_cron=1759902132.4205460548400878906250 HTTP/1.1" 200 - "-" "WordPress/6.8.3; https://b2bmassagekl.net"
50.116.86.20 - - [08/Oct/2025:05:42:11 +0000] "GET /wp-login.php HTTP/1.1" 200 1993 "-" "Mozilla/5.0 (Windows NT 10.0; Win64; x64) AppleWebKit/537.36 (KHTML, like Gecko) Chrome/130.0.0.0 Safari/537.36"
216.73.216.151 - - [08/Oct/2025:05:42:11 +0000] "GET /news-sitemap.xml HTTP/1.1" 404 285 "-" "Mozilla/5.0 AppleWebKit/537.36 (KHTML, like Gecko; compatible; ClaudeBot/1.0; +claudebot@anthropic.com)"
50.116.86.20 - - [08/Oct/2025:05:42:12 +0000] "POST /wp-login.php HTTP/1.1" 200 2088 "https://b2bmassagekl.net/wp-login.php" "Mozilla/5.0 (Windows NT 10.0; Win64; x64) AppleWebKit/537.36 (KHTML, like Gecko) Chrome/130.0.0.0 Safari/537.36"
213.32.29.132 - - [08/Oct/2025:05:42:15 +0000] "GET /wp-login.php HTTP/1.1" 200 1993 "-" "Mozilla/5.0 (Windows NT 10.0; Win64; x64) AppleWebKit/537.36 (KHTML, like Gecko) Chrome/130.0.0.0 Safari/537.36"
213.32.29.132 - - [08/Oct/2025:05:42:16 +0000] "POST /wp-login.php HTTP/1.1" 200 2088 "https://b2bmassagekl.net/wp-login.php" "Mozilla/5.0 (Windows NT 10.0; Win64; x64) AppleWebKit/537.36 (KHTML, like Gecko) Chrome/130.0.0.0 Safari/537.36"
203.161.56.247 - - [08/Oct/2025:05:43:11 +0000] "POST /wp-cron.php?doing_wp_cron=1759902191.1073839664459228515625 HTTP/1.1" 200 - "-" "WordPress/6.8.3; https://b2bmassagekl.net"
42.96.4.215 - - [08/Oct/2025:05:43:10 +0000] "GET /wp-login.php HTTP/1.1" 200 1993 "-" "Mozilla/5.0 (Windows NT 10.0; Win64; x64) AppleWebKit/537.36 (KHTML, like Gecko) Chrome/130.0.0.0 Safari/537.36"
42.96.4.215 - - [08/Oct/2025:05:43:12 +0000] "POST /wp-login.php HTTP/1.1" 200 2088 "https://b2bmassagekl.net/wp-login.php" "Mozilla/5.0 (Windows NT 10.0; Win64; x64) AppleWebKit/537.36 (KHTML, like Gecko) Chrome/130.0.0.0 Safari/537.36"
108.167.132.13 - - [08/Oct/2025:05:43:16 +0000] "GET /wp-login.php HTTP/1.1" 200 1993 "-" "Mozilla/5.0 (Windows NT 10.0; Win64; x64) AppleWebKit/537.36 (KHTML, like Gecko) Chrome/130.0.0.0 Safari/537.36"
108.167.132.13 - - [08/Oct/2025:05:43:17 +0000] "POST /wp-login.php HTTP/1.1" 200 2088 "https://b2bmassagekl.net/wp-login.php" "Mozilla/5.0 (Windows NT 10.0; Win64; x64) AppleWebKit/537.36 (KHTML, like Gecko) Chrome/130.0.0.0 Safari/537.36"
203.161.56.247 - - [08/Oct/2025:05:43:27 +0000] "POST /wp-cron.php?doing_wp_cron=1759902207.1306130886077880859375 HTTP/1.1" 200 - "-" "WordPress/6.8.3; https://b2bmassagekl.net"
162.0.232.233 - - [08/Oct/2025:05:43:26 +0000] "GET /wp-login.php HTTP/1.1" 200 1993 "-" "Mozilla/5.0 (Windows NT 10.0; Win64; x64) AppleWebKit/537.36 (KHTML, like Gecko) Chrome/130.0.0.0 Safari/537.36"
162.0.232.233 - - [08/Oct/2025:05:43:28 +0000] "POST /wp-login.php HTTP/1.1" 200 2088 "https://b2bmassagekl.net/wp-login.php" "Mozilla/5.0 (Windows NT 10.0; Win64; x64) AppleWebKit/537.36 (KHTML, like Gecko) Chrome/130.0.0.0 Safari/537.36"
162.0.216.102 - - [08/Oct/2025:05:43:33 +0000] "GET /wp-login.php HTTP/1.1" 200 1993 "-" "Mozilla/5.0 (Windows NT 10.0; Win64; x64) AppleWebKit/537.36 (KHTML, like Gecko) Chrome/130.0.0.0 Safari/537.36"
162.0.216.102 - - [08/Oct/2025:05:43:34 +0000] "POST /wp-login.php HTTP/1.1" 200 2088 "https://b2bmassagekl.net/wp-login.php" "Mozilla/5.0 (Windows NT 10.0; Win64; x64) AppleWebKit/537.36 (KHTML, like Gecko) Chrome/130.0.0.0 Safari/537.36"
108.141.61.37 - - [08/Oct/2025:05:43:36 +0000] "GET /wp-login.php HTTP/1.1" 200 1993 "-" "Mozilla/5.0 (Windows NT 10.0; Win64; x64) AppleWebKit/537.36 (KHTML, like Gecko) Chrome/130.0.0.0 Safari/537.36"
108.141.61.37 - - [08/Oct/2025:05:43:38 +0000] "POST /wp-login.php HTTP/1.1" 200 2088 "https://b2bmassagekl.net/wp-login.php" "Mozilla/5.0 (Windows NT 10.0; Win64; x64) AppleWebKit/537.36 (KHTML, like Gecko) Chrome/130.0.0.0 Safari/537.36"
185.36.195.171 - - [08/Oct/2025:05:43:48 +0000] "GET / HTTP/1.1" 200 24354 "http://www.openurls.com.cn/" "Mozilla/5.0 (Windows NT 10.0; Win64; x64) AppleWebKit/537.36 (KHTML, like Gecko) Chrome/141.0.0.0 Safari/537.36"
185.36.195.171 - - [08/Oct/2025:05:43:50 +0000] "GET /wp-includes/css/dist/block-library/style.min.css?ver=6.8.3 HTTP/1.1" 200 15315 "https://b2bmassagekl.net/" "Mozilla/5.0 (Windows NT 10.0; Win64; x64) AppleWebKit/537.36 (KHTML, like Gecko) Chrome/141.0.0.0 Safari/537.36"
185.36.195.171 - - [08/Oct/2025:05:43:50 +0000] "GET /wp-content/plugins/contact-form-7/includes/css/styles.css?ver=6.1.1 HTTP/1.1" 200 1031 "https://b2bmassagekl.net/" "Mozilla/5.0 (Windows NT 10.0; Win64; x64) AppleWebKit/537.36 (KHTML, like Gecko) Chrome/141.0.0.0 Safari/537.36"
185.36.195.180 - - [08/Oct/2025:05:43:50 +0000] "GET /wp-content/uploads/smile_fonts/icomoon-font-awesome-14x14/icomoon-font-awesome-14x14.css?ver=6.8.3 HTTP/1.1" 200 6599 "https://b2bmassagekl.net/" "Mozilla/5.0 (Windows NT 10.0; Win64; x64) AppleWebKit/537.36 (KHTML, like Gecko) Chrome/141.0.0.0 Safari/537.36"
185.36.195.172 - - [08/Oct/2025:05:43:50 +0000] "GET /wp-content/plugins/js_composer/assets/css/js_composer.min.css?ver=8.6.1 HTTP/1.1" 200 45657 "https://b2bmassagekl.net/" "Mozilla/5.0 (Windows NT 10.0; Win64; x64) AppleWebKit/537.36 (KHTML, like Gecko) Chrome/141.0.0.0 Safari/537.36"
185.36.195.171 - - [08/Oct/2025:05:43:50 +0000] "GET /wp-content/uploads/js_composer/custom.css?ver=8.6.1 HTTP/1.1" 200 102 "https://b2bmassagekl.net/" "Mozilla/5.0 (Windows NT 10.0; Win64; x64) AppleWebKit/537.36 (KHTML, like Gecko) Chrome/141.0.0.0 Safari/537.36"
185.36.195.171 - - [08/Oct/2025:05:43:50 +0000] "GET /wp-content/themes/dt-the7/css/main.min.css?ver=10.9.1 HTTP/1.1" 200 41455 "https://b2bmassagekl.net/" "Mozilla/5.0 (Windows NT 10.0; Win64; x64) AppleWebKit/537.36 (KHTML, like Gecko) Chrome/141.0.0.0 Safari/537.36"
185.36.195.180 - - [08/Oct/2025:05:43:51 +0000] "GET /wp-content/themes/dt-the7/fonts/icomoon-the7-font/icomoon-the7-font.min.css?ver=10.9.1 HTTP/1.1" 200 3014 "https://b2bmassagekl.net/" "Mozilla/5.0 (Windows NT 10.0; Win64; x64) AppleWebKit/537.36 (KHTML, like Gecko) Chrome/141.0.0.0 Safari/537.36"
185.36.195.172 - - [08/Oct/2025:05:43:51 +0000] "GET /wp-content/themes/dt-the7/fonts/FontAwesome/css/all.min.css?ver=10.9.1 HTTP/1.1" 200 12843 "https://b2bmassagekl.net/" "Mozilla/5.0 (Windows NT 10.0; Win64; x64) AppleWebKit/537.36 (KHTML, like Gecko) Chrome/141.0.0.0 Safari/537.36"
185.36.195.171 - - [08/Oct/2025:05:43:51 +0000] "GET /wp-content/themes/dt-the7/fonts/FontAwesome/back-compat.min.css?ver=10.9.1 HTTP/1.1" 200 4073 "https://b2bmassagekl.net/" "Mozilla/5.0 (Windows NT 10.0; Win64; x64) AppleWebKit/537.36 (KHTML, like Gecko) Chrome/141.0.0.0 Safari/537.36"
185.36.195.180 - - [08/Oct/2025:05:43:51 +0000] "GET /wp-content/themes/dt-the7/lib/custom-scrollbar/custom-scrollbar.min.css?ver=10.9.1 HTTP/1.1" 200 1522 "https://b2bmassagekl.net/" "Mozilla/5.0 (Windows NT 10.0; Win64; x64) AppleWebKit/537.36 (KHTML, like Gecko) Chrome/141.0.0.0 Safari/537.36"
185.36.195.172 - - [08/Oct/2025:05:43:51 +0000] "GET /wp-content/themes/dt-the7/css/wpbakery.min.css?ver=10.9.1 HTTP/1.1" 200 4366 "https://b2bmassagekl.net/" "Mozilla/5.0 (Windows NT 10.0; Win64; x64) AppleWebKit/537.36 (KHTML, like Gecko) Chrome/141.0.0.0 Safari/537.36"
185.36.195.171 - - [08/Oct/2025:05:43:51 +0000] "GET /wp-content/plugins/dt-the7-core/assets/css/post-type.min.css?ver=2.6.0 HTTP/1.1" 200 6295 "https://b2bmassagekl.net/" "Mozilla/5.0 (Windows NT 10.0; Win64; x64) AppleWebKit/537.36 (KHTML, like Gecko) Chrome/141.0.0.0 Safari/537.36"
185.36.195.180 - - [08/Oct/2025:05:43:51 +0000] "GET /wp-content/uploads/the7-css/css-vars.css?ver=308c53a524a0 HTTP/1.1" 200 4379 "https://b2bmassagekl.net/" "Mozilla/5.0 (Windows NT 10.0; Win64; x64) AppleWebKit/537.36 (KHTML, like Gecko) Chrome/141.0.0.0 Safari/537.36"
185.36.195.172 - - [08/Oct/2025:05:43:51 +0000] "GET /wp-content/uploads/the7-css/custom.css?ver=308c53a524a0 HTTP/1.1" 200 30470 "https://b2bmassagekl.net/" "Mozilla/5.0 (Windows NT 10.0; Win64; x64) AppleWebKit/537.36 (KHTML, like Gecko) Chrome/141.0.0.0 Safari/537.36"
185.36.195.171 - - [08/Oct/2025:05:43:51 +0000] "GET /wp-content/uploads/the7-css/media.css?ver=308c53a524a0 HTTP/1.1" 200 10062 "https://b2bmassagekl.net/" "Mozilla/5.0 (Windows NT 10.0; Win64; x64) AppleWebKit/537.36 (KHTML, like Gecko) Chrome/141.0.0.0 Safari/537.36"
185.36.195.180 - - [08/Oct/2025:05:43:51 +0000] "GET /wp-content/uploads/the7-css/mega-menu.css?ver=308c53a524a0 HTTP/1.1" 200 2894 "https://b2bmassagekl.net/" "Mozilla/5.0 (Windows NT 10.0; Win64; x64) AppleWebKit/537.36 (KHTML, like Gecko) Chrome/141.0.0.0 Safari/537.36"
185.36.195.172 - - [08/Oct/2025:05:43:51 +0000] "GET /wp-content/uploads/the7-css/the7-elements-albums-portfolio.css?ver=308c53a524a0 HTTP/1.1" 200 2663 "https://b2bmassagekl.net/" "Mozilla/5.0 (Windows NT 10.0; Win64; x64) AppleWebKit/537.36 (KHTML, like Gecko) Chrome/141.0.0.0 Safari/537.36"
185.36.195.171 - - [08/Oct/2025:05:43:51 +0000] "GET /wp-content/uploads/the7-css/post-type-dynamic.css?ver=308c53a524a0 HTTP/1.1" 200 1298 "https://b2bmassagekl.net/" "Mozilla/5.0 (Windows NT 10.0; Win64; x64) AppleWebKit/537.36 (KHTML, like Gecko) Chrome/141.0.0.0 Safari/537.36"
185.36.195.180 - - [08/Oct/2025:05:43:51 +0000] "GET /wp-content/themes/dt-the7/style.css?ver=10.9.1 HTTP/1.1" 200 814 "https://b2bmassagekl.net/" "Mozilla/5.0 (Windows NT 10.0; Win64; x64) AppleWebKit/537.36 (KHTML, like Gecko) Chrome/141.0.0.0 Safari/537.36"
185.36.195.171 - - [08/Oct/2025:05:43:52 +0000] "GET /wp-content/plugins/Ultimate_VC_Addons/assets/min-css/style.min.css?ver=3.21.1 HTTP/1.1" 200 2786 "https://b2bmassagekl.net/" "Mozilla/5.0 (Windows NT 10.0; Win64; x64) AppleWebKit/537.36 (KHTML, like Gecko) Chrome/141.0.0.0 Safari/537.36"
185.36.195.180 - - [08/Oct/2025:05:43:52 +0000] "GET /wp-content/plugins/Ultimate_VC_Addons/assets/min-css/advanced-buttons.min.css?ver=3.21.1 HTTP/1.1" 200 3390 "https://b2bmassagekl.net/" "Mozilla/5.0 (Windows NT 10.0; Win64; x64) AppleWebKit/537.36 (KHTML, like Gecko) Chrome/141.0.0.0 Safari/537.36"
185.36.195.172 - - [08/Oct/2025:05:43:52 +0000] "GET /wp-content/plugins/Ultimate_VC_Addons/assets/min-css/headings.min.css?ver=3.21.1 HTTP/1.1" 200 415 "https://b2bmassagekl.net/" "Mozilla/5.0 (Windows NT 10.0; Win64; x64) AppleWebKit/537.36 (KHTML, like Gecko) Chrome/141.0.0.0 Safari/537.36"
185.36.195.171 - - [08/Oct/2025:05:43:52 +0000] "GET /wp-content/plugins/mpc-massive/assets/css/mpc-styles.css?ver=2.4.8 HTTP/1.1" 200 27886 "https://b2bmassagekl.net/" "Mozilla/5.0 (Windows NT 10.0; Win64; x64) AppleWebKit/537.36 (KHTML, like Gecko) Chrome/141.0.0.0 Safari/537.36"
185.36.195.180 - - [08/Oct/2025:05:43:52 +0000] "GET /wp-includes/js/jquery/jquery.min.js?ver=3.7.1 HTTP/1.1" 200 30368 "https://b2bmassagekl.net/" "Mozilla/5.0 (Windows NT 10.0; Win64; x64) AppleWebKit/537.36 (KHTML, like Gecko) Chrome/141.0.0.0 Safari/537.36"
185.36.195.172 - - [08/Oct/2025:05:43:52 +0000] "GET /wp-includes/js/jquery/jquery-migrate.min.js?ver=3.4.1 HTTP/1.1" 200 4872 "https://b2bmassagekl.net/" "Mozilla/5.0 (Windows NT 10.0; Win64; x64) AppleWebKit/537.36 (KHTML, like Gecko) Chrome/141.0.0.0 Safari/537.36"
185.36.195.172 - - [08/Oct/2025:05:43:52 +0000] "GET /wp-content/plugins/Ultimate_VC_Addons/assets/min-js/ultimate-params.min.js?ver=3.21.1 HTTP/1.1" 200 527 "https://b2bmassagekl.net/" "Mozilla/5.0 (Windows NT 10.0; Win64; x64) AppleWebKit/537.36 (KHTML, like Gecko) Chrome/141.0.0.0 Safari/537.36"
185.36.195.180 - - [08/Oct/2025:05:43:52 +0000] "GET /wp-content/plugins/Ultimate_VC_Addons/assets/min-js/custom.min.js?ver=3.21.1 HTTP/1.1" 200 4719 "https://b2bmassagekl.net/" "Mozilla/5.0 (Windows NT 10.0; Win64; x64) AppleWebKit/537.36 (KHTML, like Gecko) Chrome/141.0.0.0 Safari/537.36"
185.36.195.171 - - [08/Oct/2025:05:43:52 +0000] "GET /wp-content/themes/dt-the7/js/above-the-fold.min.js?ver=10.9.1 HTTP/1.1" 200 4758 "https://b2bmassagekl.net/" "Mozilla/5.0 (Windows NT 10.0; Win64; x64) AppleWebKit/537.36 (KHTML, like Gecko) Chrome/141.0.0.0 Safari/537.36"
185.36.195.172 - - [08/Oct/2025:05:43:52 +0000] "GET /wp-content/plugins/Ultimate_VC_Addons/assets/min-js/headings.min.js?ver=3.21.1 HTTP/1.1" 200 857 "https://b2bmassagekl.net/" "Mozilla/5.0 (Windows NT 10.0; Win64; x64) AppleWebKit/537.36 (KHTML, like Gecko) Chrome/141.0.0.0 Safari/537.36"
185.36.195.177 - - [08/Oct/2025:05:43:52 +0000] "GET /wp-content/plugins/revslider/public/assets/assets/dummy.png HTTP/1.1" 200 68 "https://b2bmassagekl.net/" "Mozilla/5.0 (Windows NT 10.0; Win64; x64) AppleWebKit/537.36 (KHTML, like Gecko) Chrome/141.0.0.0 Safari/537.36"
185.36.195.180 - - [08/Oct/2025:05:43:52 +0000] "GET /wp-content/plugins/revslider/public/assets/fonts/revicons/revicons.woff?5510888 HTTP/1.1" 200 7491 "https://b2bmassagekl.net/" "Mozilla/5.0 (Windows NT 10.0; Win64; x64) AppleWebKit/537.36 (KHTML, like Gecko) Chrome/141.0.0.0 Safari/537.36"
185.36.195.172 - - [08/Oct/2025:05:43:53 +0000] "GET /wp-content/plugins/Ultimate_VC_Addons/assets/min-css/background-style.min.css?ver=3.21.1 HTTP/1.1" 200 1761 "https://b2bmassagekl.net/" "Mozilla/5.0 (Windows NT 10.0; Win64; x64) AppleWebKit/537.36 (KHTML, like Gecko) Chrome/141.0.0.0 Safari/537.36"
185.36.195.172 - - [08/Oct/2025:05:43:53 +0000] "GET /wp-content/plugins/revslider/public/assets/css/rs6.css?ver=6.5.19 HTTP/1.1" 200 12348 "https://b2bmassagekl.net/" "Mozilla/5.0 (Windows NT 10.0; Win64; x64) AppleWebKit/537.36 (KHTML, like Gecko) Chrome/141.0.0.0 Safari/537.36"
