/home/klesmriw/access-logs/klelegantmasssage.klescortgirldirectory.com
203.161.56.247 - - [07/Oct/2025:12:30:07 +0000] "POST /wp-cron.php?doing_wp_cron=1759840207.2515349388122558593750 HTTP/1.1" 200 - "-" "WordPress/6.8.3; https://klelegantmasssage.com"
18.97.14.83 - - [07/Oct/2025:12:30:05 +0000] "GET /robots.txt HTTP/1.1" 200 125 "-" "CCBot/2.0 (https://commoncrawl.org/faq/)"
18.97.14.83 - - [07/Oct/2025:12:30:07 +0000] "GET / HTTP/1.1" 200 15345 "-" "CCBot/2.0 (https://commoncrawl.org/faq/)"
203.161.56.247 - - [07/Oct/2025:12:40:46 +0000] "POST /wp-cron.php?doing_wp_cron=1759840846.3807339668273925781250 HTTP/1.1" 200 - "-" "WordPress/6.8.3; https://klelegantmasssage.com"
43.133.14.237 - - [07/Oct/2025:12:40:45 +0000] "GET / HTTP/1.1" 301 - "-" "Mozilla/5.0 (iPhone; CPU iPhone OS 13_2_3 like Mac OS X) AppleWebKit/605.1.15 (KHTML, like Gecko) Version/13.0.3 Mobile/15E148 Safari/604.1"
43.133.14.237 - - [07/Oct/2025:12:40:47 +0000] "GET / HTTP/1.1" 200 15253 "http://www.klelegantmasssage.com" "Mozilla/5.0 (iPhone; CPU iPhone OS 13_2_3 like Mac OS X) AppleWebKit/605.1.15 (KHTML, like Gecko) Version/13.0.3 Mobile/15E148 Safari/604.1"
203.161.56.247 - - [07/Oct/2025:13:25:21 +0000] "POST /wp-cron.php?doing_wp_cron=1759843521.6613409519195556640625 HTTP/1.1" 200 - "-" "WordPress/6.8.3; https://klelegantmasssage.com"
216.244.66.244 - - [07/Oct/2025:13:25:20 +0000] "GET /robots.txt HTTP/1.1" 200 175 "-" "Mozilla/5.0 (compatible; DotBot/1.2; +https://opensiteexplorer.org/dotbot; help@moz.com)"
203.161.56.247 - - [07/Oct/2025:14:01:26 +0000] "POST /wp-cron.php?doing_wp_cron=1759845686.6690490245819091796875 HTTP/1.1" 200 - "-" "WordPress/6.8.3; https://klelegantmasssage.com"
216.244.66.244 - - [07/Oct/2025:14:01:25 +0000] "GET /massage_kl/m-22/feed/ HTTP/1.1" 200 824 "-" "Mozilla/5.0 (compatible; DotBot/1.2; +https://opensiteexplorer.org/dotbot; help@moz.com)"
20.18.121.38 - - [07/Oct/2025:14:01:29 +0000] "GET /wp-content/plugins/hellopress/wp_filemanager.php HTTP/1.1" 404 42888 "-" "-"
20.18.121.38 - - [07/Oct/2025:14:01:31 +0000] "GET /error.php HTTP/1.1" 404 42636 "-" "-"
20.18.121.38 - - [07/Oct/2025:14:01:33 +0000] "GET /1.php HTTP/1.1" 404 42612 "-" "-"
20.18.121.38 - - [07/Oct/2025:14:01:35 +0000] "GET /2.php HTTP/1.1" 404 42612 "-" "-"
20.18.121.38 - - [07/Oct/2025:14:01:36 +0000] "GET /gmo.php HTTP/1.1" 404 42624 "-" "-"
20.18.121.38 - - [07/Oct/2025:14:01:37 +0000] "GET /gm.php HTTP/1.1" 404 42618 "-" "-"
20.18.121.38 - - [07/Oct/2025:14:01:39 +0000] "GET /hk.php HTTP/1.1" 404 42618 "-" "-"
20.18.121.38 - - [07/Oct/2025:14:01:40 +0000] "GET /akcc.php HTTP/1.1" 404 42630 "-" "-"
20.18.121.38 - - [07/Oct/2025:14:01:41 +0000] "GET /info.php HTTP/1.1" 404 42630 "-" "-"
20.18.121.38 - - [07/Oct/2025:14:01:42 +0000] "GET /class20.php HTTP/1.1" 404 42648 "-" "-"
20.18.121.38 - - [07/Oct/2025:14:01:43 +0000] "GET /.well-known/acme-challenge/about.php HTTP/1.1" 404 42810 "-" "-"
20.18.121.38 - - [07/Oct/2025:14:01:45 +0000] "GET /222.php HTTP/1.1" 404 42624 "-" "-"
20.18.121.38 - - [07/Oct/2025:14:01:46 +0000] "GET /file21.php HTTP/1.1" 404 42642 "-" "-"
20.18.121.38 - - [07/Oct/2025:14:01:47 +0000] "GET /opop.php HTTP/1.1" 404 42630 "-" "-"
203.161.56.247 - - [07/Oct/2025:14:01:52 +0000] "POST /wp-cron.php?doing_wp_cron=1759845712.3477480411529541015625 HTTP/1.1" 200 - "-" "WordPress/6.8.3; https://klelegantmasssage.com"
20.18.121.38 - - [07/Oct/2025:14:01:50 +0000] "GET /gelay.php HTTP/1.1" 404 42636 "-" "-"
20.18.121.38 - - [07/Oct/2025:14:01:52 +0000] "GET /011i.php HTTP/1.1" 404 42630 "-" "-"
20.18.121.38 - - [07/Oct/2025:14:01:54 +0000] "GET /snus.php HTTP/1.1" 404 42630 "-" "-"
20.18.121.38 - - [07/Oct/2025:14:01:55 +0000] "GET /pn.php HTTP/1.1" 404 42618 "-" "-"
20.18.121.38 - - [07/Oct/2025:14:01:56 +0000] "GET /f6.php HTTP/1.1" 404 42618 "-" "-"
20.18.121.38 - - [07/Oct/2025:14:01:57 +0000] "GET /nfmr.php HTTP/1.1" 404 42630 "-" "-"
20.18.121.38 - - [07/Oct/2025:14:01:58 +0000] "GET /wfile.php HTTP/1.1" 404 42636 "-" "-"
20.18.121.38 - - [07/Oct/2025:14:01:59 +0000] "GET /gof.php HTTP/1.1" 404 42624 "-" "-"
20.18.121.38 - - [07/Oct/2025:14:02:00 +0000] "GET /jsp.php HTTP/1.1" 404 42624 "-" "-"
20.18.121.38 - - [07/Oct/2025:14:02:02 +0000] "GET /alam.php HTTP/1.1" 404 42630 "-" "-"
20.18.121.38 - - [07/Oct/2025:14:02:03 +0000] "GET /3.php HTTP/1.1" 404 42612 "-" "-"
20.18.121.38 - - [07/Oct/2025:14:02:04 +0000] "GET /a.php HTTP/1.1" 404 42612 "-" "-"
20.18.121.38 - - [07/Oct/2025:14:02:05 +0000] "GET /about.php HTTP/1.1" 404 42636 "-" "-"
20.18.121.38 - - [07/Oct/2025:14:02:06 +0000] "GET /about3.php HTTP/1.1" 404 42642 "-" "-"
20.18.121.38 - - [07/Oct/2025:14:02:07 +0000] "GET /file18.php HTTP/1.1" 404 42642 "-" "-"
20.18.121.38 - - [07/Oct/2025:14:02:08 +0000] "GET /f35.php HTTP/1.1" 404 42624 "-" "-"
20.18.121.38 - - [07/Oct/2025:14:02:09 +0000] "GET /ut.php HTTP/1.1" 404 42618 "-" "-"
20.18.121.38 - - [07/Oct/2025:14:02:10 +0000] "GET /031.php HTTP/1.1" 404 42624 "-" "-"
20.18.121.38 - - [07/Oct/2025:14:02:11 +0000] "GET /520.php HTTP/1.1" 404 42624 "-" "-"
20.18.121.38 - - [07/Oct/2025:14:02:12 +0000] "GET /file2.php HTTP/1.1" 404 42636 "-" "-"
20.18.121.38 - - [07/Oct/2025:14:02:13 +0000] "GET /w.php HTTP/1.1" 404 42612 "-" "-"
20.18.121.38 - - [07/Oct/2025:14:02:14 +0000] "GET /ee.php HTTP/1.1" 404 42618 "-" "-"
20.18.121.38 - - [07/Oct/2025:14:02:15 +0000] "GET /an.php HTTP/1.1" 404 42618 "-" "-"
20.18.121.38 - - [07/Oct/2025:14:02:16 +0000] "GET /wp.php HTTP/1.1" 404 42618 "-" "-"
20.18.121.38 - - [07/Oct/2025:14:02:18 +0000] "GET /makeasmtp.php HTTP/1.1" 404 42660 "-" "-"
20.18.121.38 - - [07/Oct/2025:14:02:19 +0000] "GET /system_log.php HTTP/1.1" 404 42666 "-" "-"
20.18.121.38 - - [07/Oct/2025:14:02:20 +0000] "GET /NewFile.php HTTP/1.1" 404 42648 "-" "-"
20.18.121.38 - - [07/Oct/2025:14:02:21 +0000] "GET /r.php HTTP/1.1" 404 42612 "-" "-"
20.18.121.38 - - [07/Oct/2025:14:02:22 +0000] "GET /v4.php HTTP/1.1" 404 42618 "-" "-"
203.161.56.247 - - [07/Oct/2025:14:02:24 +0000] "POST /wp-cron.php?doing_wp_cron=1759845744.0240750312805175781250 HTTP/1.1" 200 - "-" "WordPress/6.8.3; https://klelegantmasssage.com"
20.18.121.38 - - [07/Oct/2025:14:02:23 +0000] "GET /lock360.php HTTP/1.1" 404 42648 "-" "-"
20.18.121.38 - - [07/Oct/2025:14:02:24 +0000] "GET /build.php HTTP/1.1" 404 42636 "-" "-"
20.18.121.38 - - [07/Oct/2025:14:02:25 +0000] "GET /inde.php HTTP/1.1" 404 42630 "-" "-"
20.18.121.38 - - [07/Oct/2025:14:02:26 +0000] "GET /atomlib.php HTTP/1.1" 404 42648 "-" "-"
20.18.121.38 - - [07/Oct/2025:14:02:28 +0000] "GET /ffile.php HTTP/1.1" 404 42636 "-" "-"
20.18.121.38 - - [07/Oct/2025:14:02:29 +0000] "GET /0x0x.php HTTP/1.1" 404 42630 "-" "-"
20.18.121.38 - - [07/Oct/2025:14:02:30 +0000] "GET /sec.php HTTP/1.1" 404 42624 "-" "-"
20.18.121.38 - - [07/Oct/2025:14:02:31 +0000] "GET /ssss.php HTTP/1.1" 404 42630 "-" "-"
20.18.121.38 - - [07/Oct/2025:14:02:32 +0000] "GET /anskrit.php HTTP/1.1" 404 42648 "-" "-"
20.18.121.38 - - [07/Oct/2025:14:02:33 +0000] "GET /thh.php HTTP/1.1" 404 42624 "-" "-"
20.18.121.38 - - [07/Oct/2025:14:02:34 +0000] "GET /he.php HTTP/1.1" 404 42618 "-" "-"
20.18.121.38 - - [07/Oct/2025:14:02:35 +0000] "GET /ddgg.php HTTP/1.1" 404 42630 "-" "-"
20.18.121.38 - - [07/Oct/2025:14:02:36 +0000] "GET /aves.php HTTP/1.1" 404 42630 "-" "-"
20.18.121.38 - - [07/Oct/2025:14:02:37 +0000] "GET /pp.php HTTP/1.1" 404 42618 "-" "-"
20.18.121.38 - - [07/Oct/2025:14:02:39 +0000] "GET /geck.php HTTP/1.1" 404 42630 "-" "-"
20.18.121.38 - - [07/Oct/2025:14:02:40 +0000] "GET /plss3.php HTTP/1.1" 404 42636 "-" "-"
20.18.121.38 - - [07/Oct/2025:14:02:41 +0000] "GET /ton.php HTTP/1.1" 404 42624 "-" "-"
20.18.121.38 - - [07/Oct/2025:14:02:42 +0000] "GET /ahax.php HTTP/1.1" 404 42630 "-" "-"
20.18.121.38 - - [07/Oct/2025:14:02:43 +0000] "GET /ar.php HTTP/1.1" 404 42618 "-" "-"
20.18.121.38 - - [07/Oct/2025:14:02:44 +0000] "GET /xx.php HTTP/1.1" 404 42618 "-" "-"
20.18.121.38 - - [07/Oct/2025:14:02:45 +0000] "GET /wp-gr.php HTTP/1.1" 404 42636 "-" "-"
20.18.121.38 - - [07/Oct/2025:14:02:46 +0000] "GET /yellow.php HTTP/1.1" 404 42642 "-" "-"
20.18.121.38 - - [07/Oct/2025:14:02:47 +0000] "GET /a1.php HTTP/1.1" 404 42618 "-" "-"
20.18.121.38 - - [07/Oct/2025:14:02:47 +0000] "GET /zwso.php HTTP/1.1" 404 42630 "-" "-"
20.18.121.38 - - [07/Oct/2025:14:02:49 +0000] "GET /alfa.php HTTP/1.1" 404 42630 "-" "-"
203.161.56.247 - - [07/Oct/2025:14:02:51 +0000] "POST /wp-cron.php?doing_wp_cron=1759845771.0734050273895263671875 HTTP/1.1" 200 - "-" "WordPress/6.8.3; https://klelegantmasssage.com"
20.18.121.38 - - [07/Oct/2025:14:02:50 +0000] "GET /epinyins.php HTTP/1.1" 404 42654 "-" "-"
20.18.121.38 - - [07/Oct/2025:14:02:51 +0000] "GET /x.php HTTP/1.1" 404 42612 "-" "-"
20.18.121.38 - - [07/Oct/2025:14:02:52 +0000] "GET /lv.php HTTP/1.1" 404 42618 "-" "-"
20.18.121.38 - - [07/Oct/2025:14:02:53 +0000] "GET /fffff.php HTTP/1.1" 404 42636 "-" "-"
20.18.121.38 - - [07/Oct/2025:14:02:55 +0000] "GET /file1.php HTTP/1.1" 404 42636 "-" "-"
20.18.121.38 - - [07/Oct/2025:14:02:56 +0000] "GET /keu.php HTTP/1.1" 404 42624 "-" "-"
20.18.121.38 - - [07/Oct/2025:14:02:57 +0000] "GET /file88.php HTTP/1.1" 404 42642 "-" "-"
20.18.121.38 - - [07/Oct/2025:14:02:58 +0000] "GET /cccc.php HTTP/1.1" 404 42630 "-" "-"
20.18.121.38 - - [07/Oct/2025:14:02:59 +0000] "GET /hexx.php HTTP/1.1" 404 42630 "-" "-"
20.18.121.38 - - [07/Oct/2025:14:03:00 +0000] "GET /a2.php HTTP/1.1" 404 42618 "-" "-"
20.18.121.38 - - [07/Oct/2025:14:03:02 +0000] "GET /cfile.php HTTP/1.1" 404 42636 "-" "-"
20.18.121.38 - - [07/Oct/2025:14:03:03 +0000] "GET /jmfi2.php HTTP/1.1" 404 42636 "-" "-"
20.18.121.38 - - [07/Oct/2025:14:03:04 +0000] "GET /file7.php HTTP/1.1" 404 42636 "-" "-"
20.18.121.38 - - [07/Oct/2025:14:03:05 +0000] "GET /file4.php HTTP/1.1" 404 42636 "-" "-"
20.18.121.38 - - [07/Oct/2025:14:03:06 +0000] "GET /manager.php HTTP/1.1" 404 42648 "-" "-"
20.18.121.38 - - [07/Oct/2025:14:03:07 +0000] "GET /abcd.php HTTP/1.1" 404 42630 "-" "-"
20.18.121.38 - - [07/Oct/2025:14:03:08 +0000] "GET /efile.php HTTP/1.1" 404 42636 "-" "-"
20.18.121.38 - - [07/Oct/2025:14:03:09 +0000] "GET /file18.php HTTP/1.1" 404 42642 "-" "-"
20.18.121.38 - - [07/Oct/2025:14:03:10 +0000] "GET /filesss.php HTTP/1.1" 404 42648 "-" "-"
20.18.121.38 - - [07/Oct/2025:14:03:11 +0000] "GET /tox.php HTTP/1.1" 404 42624 "-" "-"
20.18.121.38 - - [07/Oct/2025:14:03:13 +0000] "GET /2clas.php HTTP/1.1" 404 42636 "-" "-"
20.18.121.38 - - [07/Oct/2025:14:03:14 +0000] "GET /vee.php HTTP/1.1" 404 42624 "-" "-"
20.18.121.38 - - [07/Oct/2025:14:03:15 +0000] "GET /ff2.php HTTP/1.1" 404 42624 "-" "-"
20.18.121.38 - - [07/Oct/2025:14:03:16 +0000] "GET /rrr.php HTTP/1.1" 404 42624 "-" "-"
20.18.121.38 - - [07/Oct/2025:14:03:17 +0000] "GET /alpa.php HTTP/1.1" 404 42630 "-" "-"
20.18.121.38 - - [07/Oct/2025:14:03:18 +0000] "GET /aa21.php HTTP/1.1" 404 42630 "-" "-"
20.18.121.38 - - [07/Oct/2025:14:03:19 +0000] "GET /default.php HTTP/1.1" 404 42648 "-" "-"
20.18.121.38 - - [07/Oct/2025:14:03:20 +0000] "GET /fileas.php HTTP/1.1" 404 42642 "-" "-"
20.18.121.38 - - [07/Oct/2025:14:03:21 +0000] "GET /t.php HTTP/1.1" 404 42612 "-" "-"
20.18.121.38 - - [07/Oct/2025:14:03:22 +0000] "GET /c.php HTTP/1.1" 404 42612 "-" "-"
203.161.56.247 - - [07/Oct/2025:14:03:23 +0000] "POST /wp-cron.php?doing_wp_cron=1759845803.8988549709320068359375 HTTP/1.1" 200 - "-" "WordPress/6.8.3; https://klelegantmasssage.com"
20.18.121.38 - - [07/Oct/2025:14:03:23 +0000] "GET /wpc.php HTTP/1.1" 404 42624 "-" "-"
20.18.121.38 - - [07/Oct/2025:14:03:24 +0000] "GET /aa.php HTTP/1.1" 404 42618 "-" "-"
20.18.121.38 - - [07/Oct/2025:14:03:25 +0000] "GET /usep.php HTTP/1.1" 404 42630 "-" "-"
20.18.121.38 - - [07/Oct/2025:14:03:26 +0000] "GET /cool.php HTTP/1.1" 404 42630 "-" "-"
20.18.121.38 - - [07/Oct/2025:14:03:27 +0000] "GET /lol.php HTTP/1.1" 404 42624 "-" "-"
20.18.121.38 - - [07/Oct/2025:14:03:28 +0000] "GET /radio.php HTTP/1.1" 404 42636 "-" "-"
20.18.121.38 - - [07/Oct/2025:14:03:29 +0000] "GET /ilex.php HTTP/1.1" 404 42630 "-" "-"
20.18.121.38 - - [07/Oct/2025:14:03:30 +0000] "GET /klex.php HTTP/1.1" 404 42630 "-" "-"
20.18.121.38 - - [07/Oct/2025:14:03:31 +0000] "GET /blex.php HTTP/1.1" 404 42630 "-" "-"
20.18.121.38 - - [07/Oct/2025:14:03:32 +0000] "GET /mlex.php HTTP/1.1" 404 42630 "-" "-"
20.18.121.38 - - [07/Oct/2025:14:03:33 +0000] "GET /nfile.php HTTP/1.1" 404 42636 "-" "-"
20.18.121.38 - - [07/Oct/2025:14:03:34 +0000] "GET /class19.php HTTP/1.1" 404 42648 "-" "-"
20.18.121.38 - - [07/Oct/2025:14:03:35 +0000] "GET /resp.php HTTP/1.1" 404 42630 "-" "-"
20.18.121.38 - - [07/Oct/2025:14:03:37 +0000] "GET /vanta.php HTTP/1.1" 404 42636 "-" "-"
20.18.121.38 - - [07/Oct/2025:14:03:38 +0000] "GET /fass.php HTTP/1.1" 404 42630 "-" "-"
20.18.121.38 - - [07/Oct/2025:14:03:39 +0000] "GET /huangs.php HTTP/1.1" 404 42642 "-" "-"
20.18.121.38 - - [07/Oct/2025:14:03:40 +0000] "GET /anan.php HTTP/1.1" 404 42630 "-" "-"
20.18.121.38 - - [07/Oct/2025:14:03:41 +0000] "GET /classgoto24.php HTTP/1.1" 404 42672 "-" "-"
20.18.121.38 - - [07/Oct/2025:14:03:42 +0000] "GET /hook.php HTTP/1.1" 404 42630 "-" "-"
20.18.121.38 - - [07/Oct/2025:14:03:43 +0000] "GET /simp.php HTTP/1.1" 404 42630 "-" "-"
20.18.121.38 - - [07/Oct/2025:14:03:44 +0000] "GET /ckk.php HTTP/1.1" 404 42624 "-" "-"
20.18.121.38 - - [07/Oct/2025:14:03:46 +0000] "GET /tiny.php HTTP/1.1" 404 42630 "-" "-"
20.18.121.38 - - [07/Oct/2025:14:03:47 +0000] "GET /wa.php HTTP/1.1" 404 42618 "-" "-"
20.18.121.38 - - [07/Oct/2025:14:03:48 +0000] "GET /wb.php HTTP/1.1" 404 42618 "-" "-"
20.18.121.38 - - [07/Oct/2025:14:03:48 +0000] "GET /wc.php HTTP/1.1" 404 42618 "-" "-"
20.18.121.38 - - [07/Oct/2025:14:03:49 +0000] "GET /wd.php HTTP/1.1" 404 42618 "-" "-"
203.161.56.247 - - [07/Oct/2025:14:03:51 +0000] "POST /wp-cron.php?doing_wp_cron=1759845831.6418349742889404296875 HTTP/1.1" 200 - "-" "WordPress/6.8.3; https://klelegantmasssage.com"
20.18.121.38 - - [07/Oct/2025:14:03:50 +0000] "GET /we.php HTTP/1.1" 404 42618 "-" "-"
20.18.121.38 - - [07/Oct/2025:14:03:51 +0000] "GET /wf.php HTTP/1.1" 404 42618 "-" "-"
20.18.121.38 - - [07/Oct/2025:14:03:53 +0000] "GET /wg.php HTTP/1.1" 404 42618 "-" "-"
20.18.121.38 - - [07/Oct/2025:14:03:54 +0000] "GET /wh.php HTTP/1.1" 404 42618 "-" "-"
20.18.121.38 - - [07/Oct/2025:14:03:55 +0000] "GET /wi.php HTTP/1.1" 404 42618 "-" "-"
20.18.121.38 - - [07/Oct/2025:14:03:56 +0000] "GET /wj.php HTTP/1.1" 404 42618 "-" "-"
20.18.121.38 - - [07/Oct/2025:14:03:57 +0000] "GET /wk.php HTTP/1.1" 404 42618 "-" "-"
20.191.45.212 - - [07/Oct/2025:14:15:38 +0000] "GET / HTTP/1.1" 200 15345 "http://klelegantmasssage.com/" "DuckDuckBot/1.1; (+http://duckduckgo.com/duckduckbot.html)"
66.249.73.130 - - [07/Oct/2025:14:22:08 +0000] "GET /robots.txt HTTP/1.1" 200 125 "-" "Mozilla/5.0 (compatible; Googlebot/2.1; +http://www.google.com/bot.html)"
66.249.73.131 - - [07/Oct/2025:14:22:12 +0000] "GET /wp-includes/js/jquery/jquery-migrate.min.js?ver=3.4.1 HTTP/1.1" 200 4872 "https://klelegantmasssage.com/massage_kl/m-73/" "Mozilla/5.0 (Linux; Android 6.0.1; Nexus 5X Build/MMB29P) AppleWebKit/537.36 (KHTML, like Gecko) Chrome/139.0.7258.127 Mobile Safari/537.36 (compatible; Googlebot/2.1; +http://www.google.com/bot.html)"
66.249.73.130 - - [07/Oct/2025:14:22:13 +0000] "GET /wp-content/themes/photomania/js/custom.min.js?ver=1.0.0 HTTP/1.1" 200 806 "https://klelegantmasssage.com/massage_kl/m-73/" "Mozilla/5.0 (Linux; Android 6.0.1; Nexus 5X Build/MMB29P) AppleWebKit/537.36 (KHTML, like Gecko) Chrome/139.0.7258.127 Mobile Safari/537.36 (compatible; Googlebot/2.1; +http://www.google.com/bot.html)"
203.161.56.247 - - [07/Oct/2025:15:08:09 +0000] "POST /wp-cron.php?doing_wp_cron=1759849689.7007849216461181640625 HTTP/1.1" 200 - "-" "WordPress/6.8.3; https://klelegantmasssage.com"
84.54.33.23 - - [07/Oct/2025:15:08:08 +0000] "GET / HTTP/1.1" 200 92881 "-" "Mozlila/5.0 (Linux; Android 7.0; SM-G892A Bulid/NRD90M; wv) AppleWebKit/537.36 (KHTML, like Gecko) Version/4.0 Chrome/60.0.3112.107 Moblie Safari/537.36"
84.54.33.23 - - [07/Oct/2025:15:08:09 +0000] "POST /ALFA_DATA/alfacgiapi/perl.alfa HTTP/1.1" 404 42698 "www.google.com" "Mozlila/5.0 (Linux; Android 7.0; SM-G892A Bulid/NRD90M; wv) AppleWebKit/537.36 (KHTML, like Gecko) Version/4.0 Chrome/60.0.3112.107 Moblie Safari/537.36"
84.54.33.23 - - [07/Oct/2025:15:08:09 +0000] "POST /wp-plain.php HTTP/1.1" 404 42578 "www.google.com" "Mozilla/5.0 (Linux; Android 7.0; SM-G892A Bulid/NRD90M; wv) AppleWebKit/537.36 (KHTML, like Gecko) Version/4.0 Chrome/60.0.3112.107 Moblie Safari/537.36"
84.54.33.23 - - [07/Oct/2025:15:08:09 +0000] "GET /wp-content/themes/seotheme/db.php?u HTTP/1.1" 404 42797 "www.google.com" "Mozlila/5.0 (Linux; Android 7.0; SM-G892A Bulid/NRD90M; wv) AppleWebKit/537.36 (KHTML, like Gecko) Version/4.0 Chrome/60.0.3112.107 Moblie Safari/537.36"
84.54.33.23 - - [07/Oct/2025:15:08:11 +0000] "GET /wp-content/plugins/apikey/apikey.php?test=hello HTTP/1.1" 404 42815 "-" "Mozlila/5.0 (Linux; Android 7.0; SM-G892A Bulid/NRD90M; wv) AppleWebKit/537.36 (KHTML, like Gecko) Version/4.0 Chrome/60.0.3112.107 Moblie Safari/537.36"
84.54.33.23 - - [07/Oct/2025:15:08:11 +0000] "GET /lwrwjrwz.php?Fox=d3wL7 HTTP/1.1" 404 42653 "www.google.com" "Mozilla/5.0 (Linux; Android 7.0; SM-G892A Bulid/NRD90M; wv) AppleWebKit/537.36 (KHTML, like Gecko) Version/4.0 Chrome/60.0.3112.107 Moblie Safari/537.36"
84.54.33.23 - - [07/Oct/2025:15:08:15 +0000] "GET /wp-content/themes/seotheme/db.php?u HTTP/1.1" 404 42797 "www.google.com" "Mozlila/5.0 (Linux; Android 7.0; SM-G892A Bulid/NRD90M; wv) AppleWebKit/537.36 (KHTML, like Gecko) Version/4.0 Chrome/60.0.3112.107 Moblie Safari/537.36"
84.54.33.23 - - [07/Oct/2025:15:08:18 +0000] "GET /wp-content/plugins/apikey/apikey.php?test=hello HTTP/1.1" 404 42815 "-" "Mozlila/5.0 (Linux; Android 7.0; SM-G892A Bulid/NRD90M; wv) AppleWebKit/537.36 (KHTML, like Gecko) Version/4.0 Chrome/60.0.3112.107 Moblie Safari/537.36"
84.54.33.23 - - [07/Oct/2025:15:08:18 +0000] "GET /lwrwjrwz.php?Fox=d3wL7 HTTP/1.1" 404 42653 "www.google.com" "Mozilla/5.0 (Linux; Android 7.0; SM-G892A Bulid/NRD90M; wv) AppleWebKit/537.36 (KHTML, like Gecko) Version/4.0 Chrome/60.0.3112.107 Moblie Safari/537.36"
203.161.56.247 - - [07/Oct/2025:15:08:24 +0000] "POST /wp-cron.php?doing_wp_cron=1759849704.5245139598846435546875 HTTP/1.1" 200 - "-" "WordPress/6.8.3; https://klelegantmasssage.com"
84.54.33.23 - - [07/Oct/2025:15:08:23 +0000] "GET /wp-content/plugins/apikey/apikey.php?test=hello HTTP/1.1" 404 42815 "-" "Mozlila/5.0 (Linux; Android 7.0; SM-G892A Bulid/NRD90M; wv) AppleWebKit/537.36 (KHTML, like Gecko) Version/4.0 Chrome/60.0.3112.107 Moblie Safari/537.36"
84.54.33.23 - - [07/Oct/2025:15:08:29 +0000] "POST /alfacgiapi/perl.alfa HTTP/1.1" 404 42632 "www.google.com" "Mozlila/5.0 (Linux; Android 7.0; SM-G892A Bulid/NRD90M; wv) AppleWebKit/537.36 (KHTML, like Gecko) Version/4.0 Chrome/60.0.3112.107 Moblie Safari/537.36"
84.54.33.23 - - [07/Oct/2025:15:08:30 +0000] "GET /wp-content/plugins/apikey/apikey.php?test=hello HTTP/1.1" 404 42815 "-" "Mozlila/5.0 (Linux; Android 7.0; SM-G892A Bulid/NRD90M; wv) AppleWebKit/537.36 (KHTML, like Gecko) Version/4.0 Chrome/60.0.3112.107 Moblie Safari/537.36"
84.54.33.23 - - [07/Oct/2025:15:08:31 +0000] "GET /plugins/content/apismtp/apismtp.php?test=hello HTTP/1.1" 404 42809 "-" "Mozlila/5.0 (Linux; Android 7.0; SM-G892A Bulid/NRD90M; wv) AppleWebKit/537.36 (KHTML, like Gecko) Version/4.0 Chrome/60.0.3112.107 Moblie Safari/537.36"
84.54.33.23 - - [07/Oct/2025:15:08:33 +0000] "GET /wp-content/plugins/apikey/apikey.php.suspected?test=hello HTTP/1.1" 404 42875 "-" "Mozlila/5.0 (Linux; Android 7.0; SM-G892A Bulid/NRD90M; wv) AppleWebKit/537.36 (KHTML, like Gecko) Version/4.0 Chrome/60.0.3112.107 Moblie Safari/537.36"
84.54.33.23 - - [07/Oct/2025:15:08:34 +0000] "GET /plugins/content/apismtp/apismtp.php.suspected?test=hello HTTP/1.1" 404 42869 "-" "Mozlila/5.0 (Linux; Android 7.0; SM-G892A Bulid/NRD90M; wv) AppleWebKit/537.36 (KHTML, like Gecko) Version/4.0 Chrome/60.0.3112.107 Moblie Safari/537.36"
203.161.56.247 - - [07/Oct/2025:15:09:37 +0000] "POST /wp-cron.php?doing_wp_cron=1759849777.8911049365997314453125 HTTP/1.1" 200 - "-" "WordPress/6.8.3; https://klelegantmasssage.com"
112.161.46.147 - - [07/Oct/2025:15:09:36 +0000] "GET /wp-json/wp/v2/posts HTTP/1.1" 200 1843 "-" "Mozilla/5.0 (Windows NT 10.0; Win64; x64) AppleWebKit/537.36 (KHTML, like Gecko) Chrome/120.0.0.0 Safari/537.36"
203.161.56.247 - - [07/Oct/2025:16:38:07 +0000] "POST /wp-cron.php?doing_wp_cron=1759855087.8505740165710449218750 HTTP/1.1" 200 - "-" "WordPress/6.8.3; https://klelegantmasssage.com"
49.51.253.83 - - [07/Oct/2025:16:38:06 +0000] "GET / HTTP/1.1" 200 15253 "-" "Mozilla/5.0 (iPhone; CPU iPhone OS 13_2_3 like Mac OS X) AppleWebKit/605.1.15 (KHTML, like Gecko) Version/13.0.3 Mobile/15E148 Safari/604.1"
20.191.45.212 - - [07/Oct/2025:16:39:34 +0000] "GET / HTTP/1.1" 200 15345 "http://klelegantmasssage.com/" "DuckDuckBot/1.1; (+http://duckduckgo.com/duckduckbot.html)"
203.161.56.247 - - [07/Oct/2025:17:02:52 +0000] "POST /wp-cron.php?doing_wp_cron=1759856572.1718509197235107421875 HTTP/1.1" 200 - "-" "WordPress/6.8.3; https://klelegantmasssage.com"
43.166.136.24 - - [07/Oct/2025:17:02:51 +0000] "GET /xmlrpc.php HTTP/1.1" 405 60 "-" "Mozilla/5.0 (iPhone; CPU iPhone OS 13_2_3 like Mac OS X) AppleWebKit/605.1.15 (KHTML, like Gecko) Version/13.0.3 Mobile/15E148 Safari/604.1"
43.173.181.224 - - [07/Oct/2025:17:19:46 +0000] "GET / HTTP/1.1" 200 15345 "-" "Mozilla/5.0 (Windows NT 10.0; Win64; x64) AppleWebKit/537.36 (KHTML, like Gecko) Chrome/106.0.5249.119 Safari/537.36"
203.161.56.247 - - [07/Oct/2025:17:45:54 +0000] "POST /wp-cron.php?doing_wp_cron=1759859154.6259310245513916015625 HTTP/1.1" 200 - "-" "WordPress/6.8.3; https://klelegantmasssage.com"
43.165.67.57 - - [07/Oct/2025:17:45:53 +0000] "GET / HTTP/1.1" 301 - "-" "Mozilla/5.0 (iPhone; CPU iPhone OS 13_2_3 like Mac OS X) AppleWebKit/605.1.15 (KHTML, like Gecko) Version/13.0.3 Mobile/15E148 Safari/604.1"
43.165.67.57 - - [07/Oct/2025:17:45:55 +0000] "GET / HTTP/1.1" 200 15253 "http://www.klelegantmasssage.com" "Mozilla/5.0 (iPhone; CPU iPhone OS 13_2_3 like Mac OS X) AppleWebKit/605.1.15 (KHTML, like Gecko) Version/13.0.3 Mobile/15E148 Safari/604.1"
203.161.56.247 - - [07/Oct/2025:17:54:56 +0000] "POST /wp-cron.php?doing_wp_cron=1759859696.0869970321655273437500 HTTP/1.1" 200 - "-" "WordPress/6.8.3; https://klelegantmasssage.com"
216.244.66.244 - - [07/Oct/2025:17:54:54 +0000] "GET /robots.txt HTTP/1.1" 200 175 "-" "Mozilla/5.0 (compatible; DotBot/1.2; +https://opensiteexplorer.org/dotbot; help@moz.com)"
203.161.56.247 - - [07/Oct/2025:18:00:14 +0000] "POST /wp-cron.php?doing_wp_cron=1759860014.7364490032196044921875 HTTP/1.1" 200 - "-" "WordPress/6.8.3; https://klelegantmasssage.com"
68.183.80.15 - - [07/Oct/2025:18:00:13 +0000] "GET /wp-admin/css/ HTTP/1.1" 404 12705 "binance.com" "Mozilla/5.0 (Windows NT 10.0; Win64; x64) AppleWebKit/537.36 (KHTML, like Gecko) Chrome/90.0.4430.85 Safari/537.36"
68.183.80.15 - - [07/Oct/2025:18:00:20 +0000] "GET /.well-known/ HTTP/1.1" 404 12708 "binance.com" "Mozilla/5.0 (Windows NT 10.0; Win64; x64) AppleWebKit/537.36 (KHTML, like Gecko) Chrome/90.0.4430.85 Safari/537.36"
203.161.56.247 - - [07/Oct/2025:18:00:25 +0000] "POST /wp-cron.php?doing_wp_cron=1759860025.2302899360656738281250 HTTP/1.1" 200 - "-" "WordPress/6.8.3; https://klelegantmasssage.com"
68.183.80.15 - - [07/Oct/2025:18:00:24 +0000] "GET /sites/default/files/ HTTP/1.1" 404 12710 "binance.com" "Mozilla/5.0 (Windows NT 10.0; Win64; x64) AppleWebKit/537.36 (KHTML, like Gecko) Chrome/90.0.4430.85 Safari/537.36"
68.183.80.15 - - [07/Oct/2025:18:00:32 +0000] "GET /admin/controller/extension/extension/ HTTP/1.1" 404 12720 "binance.com" "Mozilla/5.0 (Windows NT 10.0; Win64; x64) AppleWebKit/537.36 (KHTML, like Gecko) Chrome/90.0.4430.85 Safari/537.36"
68.183.80.15 - - [07/Oct/2025:18:00:36 +0000] "GET /uploads/ HTTP/1.1" 404 12696 "binance.com" "Mozilla/5.0 (Windows NT 10.0; Win64; x64) AppleWebKit/537.36 (KHTML, like Gecko) Chrome/90.0.4430.85 Safari/537.36"
68.183.80.15 - - [07/Oct/2025:18:00:42 +0000] "GET /images/ HTTP/1.1" 404 12696 "binance.com" "Mozilla/5.0 (Windows NT 10.0; Win64; x64) AppleWebKit/537.36 (KHTML, like Gecko) Chrome/90.0.4430.85 Safari/537.36"
68.183.80.15 - - [07/Oct/2025:18:00:46 +0000] "GET /files/ HTTP/1.1" 404 12699 "binance.com" "Mozilla/5.0 (Windows NT 10.0; Win64; x64) AppleWebKit/537.36 (KHTML, like Gecko) Chrome/90.0.4430.85 Safari/537.36"
216.244.66.244 - - [07/Oct/2025:18:25:15 +0000] "GET /wp-content/uploads/2022/04/C87.jpg HTTP/1.1" 200 98135 "-" "Mozilla/5.0 (compatible; DotBot/1.2; +https://opensiteexplorer.org/dotbot; help@moz.com)"
40.88.21.235 - - [07/Oct/2025:18:45:59 +0000] "GET / HTTP/1.1" 200 15345 "http://klelegantmasssage.com/" "DuckDuckBot/1.1; (+http://duckduckgo.com/duckduckbot.html)"
203.161.56.247 - - [07/Oct/2025:18:52:47 +0000] "POST /wp-cron.php?doing_wp_cron=1759863167.9914569854736328125000 HTTP/1.1" 200 - "-" "WordPress/6.8.3; https://klelegantmasssage.com"
5.39.1.254 - - [07/Oct/2025:18:52:46 +0000] "GET /robots.txt HTTP/1.1" 200 125 "-" "Mozilla/5.0 (compatible; AhrefsBot/7.0; +http://ahrefs.com/robot/)"
142.44.233.5 - - [07/Oct/2025:18:52:48 +0000] "GET / HTTP/1.1" 200 15345 "-" "Mozilla/5.0 (compatible; AhrefsBot/7.0; +http://ahrefs.com/robot/)"
202.8.43.236 - - [07/Oct/2025:18:52:49 +0000] "GET /robots.txt HTTP/1.1" 200 125 "-" "Mozilla/5.0 (compatible; AhrefsBot/7.0; +http://ahrefs.com/robot/)"
202.8.42.40 - - [07/Oct/2025:18:52:50 +0000] "GET /wp-content/themes/photomania/third-party/font-awesome/css/all.min.css?ver=6.7.2 HTTP/1.1" 200 21501 "http://klelegantmasssage.com/" "Mozilla/5.0 (compatible; AhrefsBot/7.0; +http://ahrefs.com/robot/)"
202.8.42.40 - - [07/Oct/2025:18:52:50 +0000] "GET /wp-content/themes/photomania/style.css?ver=20250630-113358 HTTP/1.1" 200 18906 "http://klelegantmasssage.com/" "Mozilla/5.0 (compatible; AhrefsBot/7.0; +http://ahrefs.com/robot/)"
202.8.42.40 - - [07/Oct/2025:18:52:50 +0000] "GET /wp-content/plugins/wp-call-button/assets/block/build/index.css?ver=085f82fba130fc4cf3057de5e2dcc820 HTTP/1.1" 200 334 "http://klelegantmasssage.com/" "Mozilla/5.0 (compatible; AhrefsBot/7.0; +http://ahrefs.com/robot/)"
202.8.42.40 - - [07/Oct/2025:18:52:50 +0000] "GET /wp-content/fonts/41f7b9cb6ec190c51a892f77e7d99472.css HTTP/1.1" 200 647 "http://klelegantmasssage.com/" "Mozilla/5.0 (compatible; AhrefsBot/7.0; +http://ahrefs.com/robot/)"
202.8.42.40 - - [07/Oct/2025:18:52:50 +0000] "GET /wp-content/themes/photomania/third-party/sidr/css/jquery.sidr.dark.min.css?ver=2.2.1 HTTP/1.1" 200 1305 "http://klelegantmasssage.com/" "Mozilla/5.0 (compatible; AhrefsBot/7.0; +http://ahrefs.com/robot/)"
202.8.42.40 - - [07/Oct/2025:18:52:50 +0000] "GET /wp-content/themes/photomania/third-party/magnific-popup/css/magnific-popup.min.css?ver=1.1.0 HTTP/1.1" 200 1586 "http://klelegantmasssage.com/" "Mozilla/5.0 (compatible; AhrefsBot/7.0; +http://ahrefs.com/robot/)"
202.8.42.40 - - [07/Oct/2025:18:52:50 +0000] "GET /wp-includes/css/dist/block-library/style.min.css?ver=6.8.3 HTTP/1.1" 200 15315 "http://klelegantmasssage.com/" "Mozilla/5.0 (compatible; AhrefsBot/7.0; +http://ahrefs.com/robot/)"
202.8.42.40 - - [07/Oct/2025:18:52:50 +0000] "GET /wp-content/plugins/click-to-chat-for-whatsapp/new/inc/assets/css/main.css?ver=4.29 HTTP/1.1" 200 736 "http://klelegantmasssage.com/" "Mozilla/5.0 (compatible; AhrefsBot/7.0; +http://ahrefs.com/robot/)"
202.8.42.40 - - [07/Oct/2025:18:52:50 +0000] "GET /wp-content/themes/photomania/css/blocks.css?ver=20220208-61526 HTTP/1.1" 200 2738 "http://klelegantmasssage.com/" "Mozilla/5.0 (compatible; AhrefsBot/7.0; +http://ahrefs.com/robot/)"
202.8.42.40 - - [07/Oct/2025:18:52:50 +0000] "GET /wp-includes/js/jquery/jquery-migrate.min.js?ver=3.4.1 HTTP/1.1" 200 4872 "http://klelegantmasssage.com/" "Mozilla/5.0 (compatible; AhrefsBot/7.0; +http://ahrefs.com/robot/)"
202.8.42.40 - - [07/Oct/2025:18:52:50 +0000] "GET /wp-content/themes/photomania/third-party/cycle2/js/jquery.cycle2.min.js?ver=2.1.6 HTTP/1.1" 200 6730 "http://klelegantmasssage.com/" "Mozilla/5.0 (compatible; AhrefsBot/7.0; +http://ahrefs.com/robot/)"
202.8.42.40 - - [07/Oct/2025:18:52:50 +0000] "GET /wp-includes/js/jquery/jquery.min.js?ver=3.7.1 HTTP/1.1" 200 30368 "http://klelegantmasssage.com/" "Mozilla/5.0 (compatible; AhrefsBot/7.0; +http://ahrefs.com/robot/)"
202.8.42.40 - - [07/Oct/2025:18:52:50 +0000] "GET /wp-content/themes/photomania/js/skip-link-focus-fix.min.js?ver=20130115 HTTP/1.1" 200 281 "http://klelegantmasssage.com/" "Mozilla/5.0 (compatible; AhrefsBot/7.0; +http://ahrefs.com/robot/)"
202.8.42.40 - - [07/Oct/2025:18:52:50 +0000] "GET /wp-content/themes/photomania/third-party/sidr/js/jquery.sidr.min.js?ver=2.2.1 HTTP/1.1" 200 2478 "http://klelegantmasssage.com/" "Mozilla/5.0 (compatible; AhrefsBot/7.0; +http://ahrefs.com/robot/)"
202.8.42.40 - - [07/Oct/2025:18:52:51 +0000] "GET /wp-includes/js/wp-util.min.js?ver=6.8.3 HTTP/1.1" 200 756 "http://klelegantmasssage.com/" "Mozilla/5.0 (compatible; AhrefsBot/7.0; +http://ahrefs.com/robot/)"
202.8.42.40 - - [07/Oct/2025:18:52:51 +0000] "GET /wp-includes/js/underscore.min.js?ver=1.13.7 HTTP/1.1" 200 7317 "http://klelegantmasssage.com/" "Mozilla/5.0 (compatible; AhrefsBot/7.0; +http://ahrefs.com/robot/)"
202.8.42.40 - - [07/Oct/2025:18:52:51 +0000] "GET /wp-includes/js/masonry.min.js?ver=4.2.2 HTTP/1.1" 200 7382 "http://klelegantmasssage.com/" "Mozilla/5.0 (compatible; AhrefsBot/7.0; +http://ahrefs.com/robot/)"
202.8.42.40 - - [07/Oct/2025:18:52:51 +0000] "GET /wp-content/themes/photomania/third-party/magnific-popup/js/jquery.magnific-popup.min.js?ver=1.1.0 HTTP/1.1" 200 7182 "http://klelegantmasssage.com/" "Mozilla/5.0 (compatible; AhrefsBot/7.0; +http://ahrefs.com/robot/)"
202.8.42.40 - - [07/Oct/2025:18:52:51 +0000] "GET /wp-includes/js/imagesloaded.min.js?ver=5.0.0 HTTP/1.1" 200 1803 "http://klelegantmasssage.com/" "Mozilla/5.0 (compatible; AhrefsBot/7.0; +http://ahrefs.com/robot/)"
202.8.42.40 - - [07/Oct/2025:18:52:51 +0000] "GET /wp-content/fonts/rajdhani/LDIxapCSOBg7S-QT7p4HM-Y.woff2 HTTP/1.1" 200 14999 "http://klelegantmasssage.com/wp-content/fonts/41f7b9cb6ec190c51a892f77e7d99472.css" "Mozilla/5.0 (compatible; AhrefsBot/7.0; +http://ahrefs.com/robot/)"
202.8.42.40 - - [07/Oct/2025:18:52:51 +0000] "GET /wp-content/fonts/rajdhani/LDI2apCSOBg7S-QT7pa8FvOreec.woff2 HTTP/1.1" 200 15711 "http://klelegantmasssage.com/wp-content/fonts/41f7b9cb6ec190c51a892f77e7d99472.css" "Mozilla/5.0 (compatible; AhrefsBot/7.0; +http://ahrefs.com/robot/)"
202.8.42.40 - - [07/Oct/2025:18:52:51 +0000] "GET /wp-content/fonts/rajdhani/LDI2apCSOBg7S-QT7pb0EPOreec.woff2 HTTP/1.1" 200 15107 "http://klelegantmasssage.com/wp-content/fonts/41f7b9cb6ec190c51a892f77e7d99472.css" "Mozilla/5.0 (compatible; AhrefsBot/7.0; +http://ahrefs.com/robot/)"
202.8.42.40 - - [07/Oct/2025:18:52:51 +0000] "GET /wp-content/themes/photomania/js/custom.min.js?ver=1.0.0 HTTP/1.1" 200 806 "http://klelegantmasssage.com/" "Mozilla/5.0 (compatible; AhrefsBot/7.0; +http://ahrefs.com/robot/)"
202.8.42.40 - - [07/Oct/2025:18:52:51 +0000] "GET /wp-content/plugins/click-to-chat-for-whatsapp/new/inc/assets/js/app.js?ver=4.29 HTTP/1.1" 200 3560 "http://klelegantmasssage.com/" "Mozilla/5.0 (compatible; AhrefsBot/7.0; +http://ahrefs.com/robot/)"
202.8.42.40 - - [07/Oct/2025:18:52:51 +0000] "GET /wp-content/themes/photomania/third-party/font-awesome/webfonts/fa-brands-400.woff2 HTTP/1.1" 200 118686 "http://klelegantmasssage.com/wp-content/themes/photomania/third-party/font-awesome/css/all.min.css?ver=6.7.2" "Mozilla/5.0 (compatible; AhrefsBot/7.0; +http://ahrefs.com/robot/)"
202.8.42.40 - - [07/Oct/2025:18:52:51 +0000] "GET /wp-content/themes/photomania/third-party/font-awesome/webfonts/fa-solid-900.woff2 HTTP/1.1" 200 158263 "http://klelegantmasssage.com/wp-content/themes/photomania/third-party/font-awesome/css/all.min.css?ver=6.7.2" "Mozilla/5.0 (compatible; AhrefsBot/7.0; +http://ahrefs.com/robot/)"
202.8.42.40 - - [07/Oct/2025:18:52:51 +0000] "GET /wp-includes/js/wp-emoji-release.min.js?ver=6.8.3 HTTP/1.1" 200 5163 "http://klelegantmasssage.com/" "Mozilla/5.0 (compatible; AhrefsBot/7.0; +http://ahrefs.com/robot/)"
203.161.56.247 - - [07/Oct/2025:19:17:34 +0000] "POST /wp-cron.php?doing_wp_cron=1759864654.3496320247650146484375 HTTP/1.1" 200 - "-" "WordPress/6.8.3; https://klelegantmasssage.com"
34.101.218.77 - - [07/Oct/2025:19:17:32 +0000] "GET /wp-json/wp/v2/posts HTTP/1.1" 200 1843 "-" "Mozilla/5.0 (Windows NT 10.0; Win64; x64) AppleWebKit/537.36 (KHTML, like Gecko) Chrome/120.0.0.0 Safari/537.36"
203.161.56.247 - - [07/Oct/2025:19:57:48 +0000] "POST /wp-cron.php?doing_wp_cron=1759867068.8753759860992431640625 HTTP/1.1" 200 - "-" "WordPress/6.8.3; https://klelegantmasssage.com"
203.33.203.148 - - [07/Oct/2025:19:57:46 +0000] "GET / HTTP/1.1" 301 - "-" "Mozilla/5.0 (iPhone; CPU iPhone OS 13_2_3 like Mac OS X) AppleWebKit/605.1.15 (KHTML, like Gecko) Version/13.0.3 Mobile/15E148 Safari/604.1"
203.33.203.148 - - [07/Oct/2025:19:57:49 +0000] "GET / HTTP/1.1" 200 15253 "http://www.klelegantmasssage.com" "Mozilla/5.0 (iPhone; CPU iPhone OS 13_2_3 like Mac OS X) AppleWebKit/605.1.15 (KHTML, like Gecko) Version/13.0.3 Mobile/15E148 Safari/604.1"
34.23.21.14 - - [07/Oct/2025:20:05:44 +0000] "HEAD / HTTP/1.1" 200 - "-" "Mozilla/5.0 (Windows NT 10.0; Win64; x64) AppleWebKit/537.36 (KHTML, like Gecko) Chrome/122.0.0.0 Safari/537.36 Edg/122.0.2365.66"
203.161.56.247 - - [07/Oct/2025:20:05:46 +0000] "POST /wp-cron.php?doing_wp_cron=1759867546.4600539207458496093750 HTTP/1.1" 200 - "-" "WordPress/6.8.3; https://klelegantmasssage.com"
34.23.21.14 - - [07/Oct/2025:20:05:45 +0000] "HEAD /wordpress HTTP/1.1" 404 - "-" "Mozilla/5.0 (X11; Ubuntu; Linux x86_64; rv:124.0) Gecko/20100101 Firefox/124.0"
34.23.21.14 - - [07/Oct/2025:20:05:46 +0000] "HEAD /new HTTP/1.1" 404 - "-" "Mozilla/5.0 (Windows NT 10.0; Win64; x64) AppleWebKit/537.36 (KHTML, like Gecko) Chrome/122.0.0.0 Safari/537.36 Edg/122.0.2365.66"
34.23.21.14 - - [07/Oct/2025:20:05:47 +0000] "HEAD /bc HTTP/1.1" 404 - "-" "Mozilla/5.0 (Linux; Android 10; Nokia 2720 Flip) AppleWebKit/537.36 (KHTML, like Gecko) Chrome/80.0.3987.99 Mobile Safari/537.36 KAIOS/2.5"
34.23.21.14 - - [07/Oct/2025:20:05:48 +0000] "HEAD /wp HTTP/1.1" 404 - "-" "Mozilla/5.0 (Windows NT 6.1; Win64; x64) AppleWebKit/537.36 (KHTML, like Gecko) Chrome/109.0.5414.120 Safari/537.36"
34.23.21.14 - - [07/Oct/2025:20:05:49 +0000] "HEAD /home HTTP/1.1" 404 - "-" "Mozilla/5.0 (Macintosh; Intel Mac OS X 12_7_4) AppleWebKit/605.1.15 (KHTML, like Gecko) Version/16.6 Safari/605.1.15"
34.23.21.14 - - [07/Oct/2025:20:05:49 +0000] "HEAD /old HTTP/1.1" 404 - "-" "Mozilla/5.0 (Windows NT 10.0; Win64; x64) AppleWebKit/537.36 (KHTML, like Gecko) Chrome/120.0.6099.224 Safari/537.36 OPR/106.0.0.0"
203.161.56.247 - - [07/Oct/2025:20:05:51 +0000] "POST /wp-cron.php?doing_wp_cron=1759867551.4231419563293457031250 HTTP/1.1" 200 - "-" "WordPress/6.8.3; https://klelegantmasssage.com"
34.23.21.14 - - [07/Oct/2025:20:05:50 +0000] "HEAD /backup HTTP/1.1" 404 - "-" "Mozilla/5.0 (X11; Linux x86_64) AppleWebKit/537.36 (KHTML, like Gecko) Chrome/121.0.6167.85 Safari/537.36"
34.23.21.14 - - [07/Oct/2025:20:05:51 +0000] "HEAD /bk HTTP/1.1" 404 - "-" "Mozilla/5.0 (Windows NT 10.0; Win64; x64) AppleWebKit/537.36 (KHTML, like Gecko) Chrome/120.0.6099.200 YaBrowser/24.1.0.0 Safari/537.36"
34.23.21.14 - - [07/Oct/2025:20:05:52 +0000] "HEAD /main HTTP/1.1" 404 - "-" "Mozilla/5.0 (Linux; Android 10; Nokia 2720 Flip) AppleWebKit/537.36 (KHTML, like Gecko) Chrome/80.0.3987.99 Mobile Safari/537.36 KAIOS/2.5"
203.161.56.247 - - [07/Oct/2025:20:17:25 +0000] "POST /wp-cron.php?doing_wp_cron=1759868245.6251089572906494140625 HTTP/1.1" 200 - "-" "WordPress/6.8.3; https://klelegantmasssage.com"
192.121.135.97 - - [07/Oct/2025:20:17:23 +0000] "GET /robots.txt HTTP/1.1" 200 125 "-" "Mozilla/5.0 (Windows NT 10.0; Win64; x64; rv:123.0) Gecko/20100101 Firefox/123"
192.36.137.155 - - [07/Oct/2025:20:17:26 +0000] "GET / HTTP/1.1" 200 15345 "-" "Mozilla/5.0 (Windows NT 10.0; Win64; x64; rv:123.0) Gecko/20100101 Firefox/123"
110.136.86.89 - - [07/Oct/2025:20:17:46 +0000] "GET /wp-json/wp/v2/posts HTTP/1.1" 200 1843 "-" "Mozilla/5.0 (Windows NT 10.0; Win64; x64) AppleWebKit/537.36 (KHTML, like Gecko) Chrome/120.0.0.0 Safari/537.36"
203.161.56.247 - - [07/Oct/2025:20:36:37 +0000] "POST /wp-cron.php?doing_wp_cron=1759869397.3594388961791992187500 HTTP/1.1" 200 - "-" "WordPress/6.8.3; https://klelegantmasssage.com"
216.244.66.244 - - [07/Oct/2025:20:36:35 +0000] "GET /robots.txt HTTP/1.1" 200 175 "-" "Mozilla/5.0 (compatible; DotBot/1.2; +https://opensiteexplorer.org/dotbot; help@moz.com)"
203.161.56.247 - - [07/Oct/2025:20:40:28 +0000] "POST /wp-cron.php?doing_wp_cron=1759869628.1812601089477539062500 HTTP/1.1" 200 - "-" "WordPress/6.8.3; https://klelegantmasssage.com"
79.120.57.238 - - [07/Oct/2025:20:40:26 +0000] "GET /wp-content/plugins/wp-automatic/css/style.css HTTP/1.1" 404 42876 "-" "curl/8.12.1"
203.161.56.247 - - [07/Oct/2025:21:06:40 +0000] "POST /wp-cron.php?doing_wp_cron=1759871200.3665030002593994140625 HTTP/1.1" 200 - "-" "WordPress/6.8.3; https://klelegantmasssage.com"
216.244.66.244 - - [07/Oct/2025:21:06:39 +0000] "GET /massage_kl/m-73/feed/ HTTP/1.1" 200 824 "-" "Mozilla/5.0 (compatible; DotBot/1.2; +https://opensiteexplorer.org/dotbot; help@moz.com)"
203.161.56.247 - - [07/Oct/2025:22:23:55 +0000] "POST /wp-cron.php?doing_wp_cron=1759875835.0235130786895751953125 HTTP/1.1" 200 - "-" "WordPress/6.8.3; https://klelegantmasssage.com"
216.244.66.244 - - [07/Oct/2025:22:23:53 +0000] "GET /robots.txt HTTP/1.1" 200 175 "-" "Mozilla/5.0 (compatible; DotBot/1.2; +https://opensiteexplorer.org/dotbot; help@moz.com)"
45.149.173.233 - - [07/Oct/2025:22:57:08 +0000] "GET / HTTP/1.1" 200 93028 "-" "Mozilla/5.0 (Windows NT 10.0; Win64; x64) AppleWebKit/537.36 (KHTML, like Gecko) Chrome/78.0.3904.108 Safari/537.36"
45.149.173.233 - - [07/Oct/2025:22:57:08 +0000] "GET / HTTP/1.1" 200 93028 "-" "Mozilla/5.0 (Windows NT 10.0; Win64; x64) AppleWebKit/537.36 (KHTML, like Gecko) Chrome/78.0.3904.108 Safari/537.36"
203.161.56.247 - - [07/Oct/2025:22:57:10 +0000] "POST /wp-cron.php?doing_wp_cron=1759877830.4371359348297119140625 HTTP/1.1" 200 - "-" "WordPress/6.8.3; https://klelegantmasssage.com"
45.149.173.233 - - [07/Oct/2025:22:57:09 +0000] "GET /wp-includes/wlwmanifest.xml HTTP/1.1" 404 42750 "-" "Mozilla/5.0 (Windows NT 10.0; Win64; x64) AppleWebKit/537.36 (KHTML, like Gecko) Chrome/78.0.3904.108 Safari/537.36"
45.149.173.233 - - [07/Oct/2025:22:57:11 +0000] "GET /?author=1 HTTP/1.1" 301 - "-" "Mozilla/5.0 (Windows NT 10.0; Win64; x64) AppleWebKit/537.36 (KHTML, like Gecko) Chrome/78.0.3904.108 Safari/537.36"
45.149.173.233 - - [07/Oct/2025:22:57:11 +0000] "GET /?author=2 HTTP/1.1" 404 42570 "-" "Mozilla/5.0 (Windows NT 10.0; Win64; x64) AppleWebKit/537.36 (KHTML, like Gecko) Chrome/78.0.3904.108 Safari/537.36"
45.149.173.233 - - [07/Oct/2025:22:57:12 +0000] "GET /wp-json/wp/v2/users/ HTTP/1.1" 200 811 "-" "Mozilla/5.0 (Windows NT 10.0; Win64; x64) AppleWebKit/537.36 (KHTML, like Gecko) Chrome/78.0.3904.108 Safari/537.36"
45.149.173.233 - - [07/Oct/2025:22:57:13 +0000] "POST /xmlrpc.php HTTP/1.1" 200 401 "-" "Mozilla/5.0 (Windows NT 10.0; Win64; x64) AppleWebKit/537.36 (KHTML, like Gecko) Chrome/78.0.3904.108 Safari/537.36"
45.149.173.233 - - [07/Oct/2025:22:57:15 +0000] "POST /xmlrpc.php HTTP/1.1" 200 401 "-" "Mozilla/5.0 (Windows NT 10.0; Win64; x64) AppleWebKit/537.36 (KHTML, like Gecko) Chrome/78.0.3904.108 Safari/537.36"
45.149.173.233 - - [07/Oct/2025:22:57:21 +0000] "POST /xmlrpc.php HTTP/1.1" 200 401 "-" "Mozilla/5.0 (Windows NT 10.0; Win64; x64) AppleWebKit/537.36 (KHTML, like Gecko) Chrome/78.0.3904.108 Safari/537.36"
203.161.56.247 - - [07/Oct/2025:22:57:24 +0000] "POST /wp-cron.php?doing_wp_cron=1759877843.9994740486145019531250 HTTP/1.1" 200 - "-" "WordPress/6.8.3; https://klelegantmasssage.com"
45.149.173.233 - - [07/Oct/2025:22:57:23 +0000] "POST /xmlrpc.php HTTP/1.1" 200 401 "-" "Mozilla/5.0 (Windows NT 10.0; Win64; x64) AppleWebKit/537.36 (KHTML, like Gecko) Chrome/78.0.3904.108 Safari/537.36"
45.149.173.233 - - [07/Oct/2025:22:57:24 +0000] "POST /xmlrpc.php HTTP/1.1" 200 401 "-" "Mozilla/5.0 (Windows NT 10.0; Win64; x64) AppleWebKit/537.36 (KHTML, like Gecko) Chrome/78.0.3904.108 Safari/537.36"
45.149.173.233 - - [07/Oct/2025:22:57:24 +0000] "POST /xmlrpc.php HTTP/1.1" 200 401 "-" "Mozilla/5.0 (Windows NT 10.0; Win64; x64) AppleWebKit/537.36 (KHTML, like Gecko) Chrome/78.0.3904.108 Safari/537.36"
45.149.173.233 - - [07/Oct/2025:22:57:28 +0000] "POST /xmlrpc.php HTTP/1.1" 200 401 "-" "Mozilla/5.0 (Windows NT 10.0; Win64; x64) AppleWebKit/537.36 (KHTML, like Gecko) Chrome/78.0.3904.108 Safari/537.36"
45.149.173.233 - - [07/Oct/2025:22:57:29 +0000] "POST /xmlrpc.php HTTP/1.1" 200 401 "-" "Mozilla/5.0 (Windows NT 10.0; Win64; x64) AppleWebKit/537.36 (KHTML, like Gecko) Chrome/78.0.3904.108 Safari/537.36"
45.149.173.233 - - [07/Oct/2025:22:57:30 +0000] "POST /xmlrpc.php HTTP/1.1" 200 401 "-" "Mozilla/5.0 (Windows NT 10.0; Win64; x64) AppleWebKit/537.36 (KHTML, like Gecko) Chrome/78.0.3904.108 Safari/537.36"
45.149.173.233 - - [07/Oct/2025:22:57:31 +0000] "POST /xmlrpc.php HTTP/1.1" 200 401 "-" "Mozilla/5.0 (Windows NT 10.0; Win64; x64) AppleWebKit/537.36 (KHTML, like Gecko) Chrome/78.0.3904.108 Safari/537.36"
45.149.173.233 - - [07/Oct/2025:22:57:32 +0000] "POST /xmlrpc.php HTTP/1.1" 200 401 "-" "Mozilla/5.0 (Windows NT 10.0; Win64; x64) AppleWebKit/537.36 (KHTML, like Gecko) Chrome/78.0.3904.108 Safari/537.36"
45.149.173.233 - - [07/Oct/2025:22:57:33 +0000] "POST /xmlrpc.php HTTP/1.1" 200 401 "-" "Mozilla/5.0 (Windows NT 10.0; Win64; x64) AppleWebKit/537.36 (KHTML, like Gecko) Chrome/78.0.3904.108 Safari/537.36"
45.149.173.233 - - [07/Oct/2025:22:57:33 +0000] "POST /xmlrpc.php HTTP/1.1" 200 401 "-" "Mozilla/5.0 (Windows NT 10.0; Win64; x64) AppleWebKit/537.36 (KHTML, like Gecko) Chrome/78.0.3904.108 Safari/537.36"
45.149.173.233 - - [07/Oct/2025:22:57:34 +0000] "POST /xmlrpc.php HTTP/1.1" 200 401 "-" "Mozilla/5.0 (Windows NT 10.0; Win64; x64) AppleWebKit/537.36 (KHTML, like Gecko) Chrome/78.0.3904.108 Safari/537.36"
45.149.173.233 - - [07/Oct/2025:22:57:35 +0000] "POST /xmlrpc.php HTTP/1.1" 200 401 "-" "Mozilla/5.0 (Windows NT 10.0; Win64; x64) AppleWebKit/537.36 (KHTML, like Gecko) Chrome/78.0.3904.108 Safari/537.36"
45.149.173.233 - - [07/Oct/2025:22:57:36 +0000] "POST /xmlrpc.php HTTP/1.1" 200 401 "-" "Mozilla/5.0 (Windows NT 10.0; Win64; x64) AppleWebKit/537.36 (KHTML, like Gecko) Chrome/78.0.3904.108 Safari/537.36"
45.149.173.233 - - [07/Oct/2025:22:57:38 +0000] "POST /xmlrpc.php HTTP/1.1" 200 401 "-" "Mozilla/5.0 (Windows NT 10.0; Win64; x64) AppleWebKit/537.36 (KHTML, like Gecko) Chrome/78.0.3904.108 Safari/537.36"
45.149.173.233 - - [07/Oct/2025:22:57:40 +0000] "POST /xmlrpc.php HTTP/1.1" 200 401 "-" "Mozilla/5.0 (Windows NT 10.0; Win64; x64) AppleWebKit/537.36 (KHTML, like Gecko) Chrome/78.0.3904.108 Safari/537.36"
45.149.173.233 - - [07/Oct/2025:22:57:44 +0000] "POST /xmlrpc.php HTTP/1.1" 200 401 "-" "Mozilla/5.0 (Windows NT 10.0; Win64; x64) AppleWebKit/537.36 (KHTML, like Gecko) Chrome/78.0.3904.108 Safari/537.36"
45.149.173.233 - - [07/Oct/2025:22:57:45 +0000] "POST /xmlrpc.php HTTP/1.1" 200 401 "-" "Mozilla/5.0 (Windows NT 10.0; Win64; x64) AppleWebKit/537.36 (KHTML, like Gecko) Chrome/78.0.3904.108 Safari/537.36"
45.149.173.233 - - [07/Oct/2025:22:57:46 +0000] "POST /xmlrpc.php HTTP/1.1" 200 401 "-" "Mozilla/5.0 (Windows NT 10.0; Win64; x64) AppleWebKit/537.36 (KHTML, like Gecko) Chrome/78.0.3904.108 Safari/537.36"
45.149.173.233 - - [07/Oct/2025:22:57:47 +0000] "POST /xmlrpc.php HTTP/1.1" 200 401 "-" "Mozilla/5.0 (Windows NT 10.0; Win64; x64) AppleWebKit/537.36 (KHTML, like Gecko) Chrome/78.0.3904.108 Safari/537.36"
45.149.173.233 - - [07/Oct/2025:22:57:48 +0000] "POST /xmlrpc.php HTTP/1.1" 200 401 "-" "Mozilla/5.0 (Windows NT 10.0; Win64; x64) AppleWebKit/537.36 (KHTML, like Gecko) Chrome/78.0.3904.108 Safari/537.36"
203.161.56.247 - - [07/Oct/2025:22:57:52 +0000] "POST /wp-cron.php?doing_wp_cron=1759877872.5335459709167480468750 HTTP/1.1" 200 - "-" "WordPress/6.8.3; https://klelegantmasssage.com"
45.149.173.233 - - [07/Oct/2025:22:57:51 +0000] "POST /xmlrpc.php HTTP/1.1" 200 401 "-" "Mozilla/5.0 (Windows NT 10.0; Win64; x64) AppleWebKit/537.36 (KHTML, like Gecko) Chrome/78.0.3904.108 Safari/537.36"
45.149.173.233 - - [07/Oct/2025:22:57:52 +0000] "POST /xmlrpc.php HTTP/1.1" 200 401 "-" "Mozilla/5.0 (Windows NT 10.0; Win64; x64) AppleWebKit/537.36 (KHTML, like Gecko) Chrome/78.0.3904.108 Safari/537.36"
45.149.173.233 - - [07/Oct/2025:22:57:54 +0000] "POST /xmlrpc.php HTTP/1.1" 200 401 "-" "Mozilla/5.0 (Windows NT 10.0; Win64; x64) AppleWebKit/537.36 (KHTML, like Gecko) Chrome/78.0.3904.108 Safari/537.36"
45.149.173.233 - - [07/Oct/2025:22:57:56 +0000] "POST /xmlrpc.php HTTP/1.1" 200 401 "-" "Mozilla/5.0 (Windows NT 10.0; Win64; x64) AppleWebKit/537.36 (KHTML, like Gecko) Chrome/78.0.3904.108 Safari/537.36"
45.149.173.233 - - [07/Oct/2025:22:58:19 +0000] "POST /xmlrpc.php HTTP/1.1" 200 401 "-" "Mozilla/5.0 (Windows NT 10.0; Win64; x64) AppleWebKit/537.36 (KHTML, like Gecko) Chrome/78.0.3904.108 Safari/537.36"
45.149.173.233 - - [07/Oct/2025:22:58:20 +0000] "POST /xmlrpc.php HTTP/1.1" 200 401 "-" "Mozilla/5.0 (Windows NT 10.0; Win64; x64) AppleWebKit/537.36 (KHTML, like Gecko) Chrome/78.0.3904.108 Safari/537.36"
45.149.173.233 - - [07/Oct/2025:22:58:21 +0000] "POST /xmlrpc.php HTTP/1.1" 200 401 "-" "Mozilla/5.0 (Windows NT 10.0; Win64; x64) AppleWebKit/537.36 (KHTML, like Gecko) Chrome/78.0.3904.108 Safari/537.36"
203.161.56.247 - - [07/Oct/2025:22:58:23 +0000] "POST /wp-cron.php?doing_wp_cron=1759877903.8082211017608642578125 HTTP/1.1" 200 - "-" "WordPress/6.8.3; https://klelegantmasssage.com"
45.149.173.233 - - [07/Oct/2025:22:58:23 +0000] "POST /xmlrpc.php HTTP/1.1" 200 401 "-" "Mozilla/5.0 (Windows NT 10.0; Win64; x64) AppleWebKit/537.36 (KHTML, like Gecko) Chrome/78.0.3904.108 Safari/537.36"
45.149.173.233 - - [07/Oct/2025:22:58:25 +0000] "POST /xmlrpc.php HTTP/1.1" 200 401 "-" "Mozilla/5.0 (Windows NT 10.0; Win64; x64) AppleWebKit/537.36 (KHTML, like Gecko) Chrome/78.0.3904.108 Safari/537.36"
45.149.173.233 - - [07/Oct/2025:22:58:29 +0000] "POST /xmlrpc.php HTTP/1.1" 200 401 "-" "Mozilla/5.0 (Windows NT 10.0; Win64; x64) AppleWebKit/537.36 (KHTML, like Gecko) Chrome/78.0.3904.108 Safari/537.36"
45.149.173.233 - - [07/Oct/2025:22:58:30 +0000] "POST /xmlrpc.php HTTP/1.1" 200 401 "-" "Mozilla/5.0 (Windows NT 10.0; Win64; x64) AppleWebKit/537.36 (KHTML, like Gecko) Chrome/78.0.3904.108 Safari/537.36"
45.149.173.233 - - [07/Oct/2025:22:58:31 +0000] "POST /xmlrpc.php HTTP/1.1" 200 401 "-" "Mozilla/5.0 (Windows NT 10.0; Win64; x64) AppleWebKit/537.36 (KHTML, like Gecko) Chrome/78.0.3904.108 Safari/537.36"
45.149.173.233 - - [07/Oct/2025:22:58:32 +0000] "POST /xmlrpc.php HTTP/1.1" 200 401 "-" "Mozilla/5.0 (Windows NT 10.0; Win64; x64) AppleWebKit/537.36 (KHTML, like Gecko) Chrome/78.0.3904.108 Safari/537.36"
45.149.173.233 - - [07/Oct/2025:22:58:32 +0000] "POST /xmlrpc.php HTTP/1.1" 200 401 "-" "Mozilla/5.0 (Windows NT 10.0; Win64; x64) AppleWebKit/537.36 (KHTML, like Gecko) Chrome/78.0.3904.108 Safari/537.36"
45.149.173.233 - - [07/Oct/2025:22:58:33 +0000] "POST /xmlrpc.php HTTP/1.1" 200 401 "-" "Mozilla/5.0 (Windows NT 10.0; Win64; x64) AppleWebKit/537.36 (KHTML, like Gecko) Chrome/78.0.3904.108 Safari/537.36"
45.149.173.233 - - [07/Oct/2025:22:58:34 +0000] "POST /xmlrpc.php HTTP/1.1" 200 401 "-" "Mozilla/5.0 (Windows NT 10.0; Win64; x64) AppleWebKit/537.36 (KHTML, like Gecko) Chrome/78.0.3904.108 Safari/537.36"
45.149.173.233 - - [07/Oct/2025:22:58:35 +0000] "POST /xmlrpc.php HTTP/1.1" 200 401 "-" "Mozilla/5.0 (Windows NT 10.0; Win64; x64) AppleWebKit/537.36 (KHTML, like Gecko) Chrome/78.0.3904.108 Safari/537.36"
45.149.173.233 - - [07/Oct/2025:22:58:39 +0000] "POST /xmlrpc.php HTTP/1.1" 200 401 "-" "Mozilla/5.0 (Windows NT 10.0; Win64; x64) AppleWebKit/537.36 (KHTML, like Gecko) Chrome/78.0.3904.108 Safari/537.36"
45.149.173.233 - - [07/Oct/2025:22:58:40 +0000] "POST /xmlrpc.php HTTP/1.1" 200 401 "-" "Mozilla/5.0 (Windows NT 10.0; Win64; x64) AppleWebKit/537.36 (KHTML, like Gecko) Chrome/78.0.3904.108 Safari/537.36"
45.149.173.233 - - [07/Oct/2025:22:58:41 +0000] "POST /xmlrpc.php HTTP/1.1" 200 401 "-" "Mozilla/5.0 (Windows NT 10.0; Win64; x64) AppleWebKit/537.36 (KHTML, like Gecko) Chrome/78.0.3904.108 Safari/537.36"
45.149.173.233 - - [07/Oct/2025:22:58:42 +0000] "POST /xmlrpc.php HTTP/1.1" 200 401 "-" "Mozilla/5.0 (Windows NT 10.0; Win64; x64) AppleWebKit/537.36 (KHTML, like Gecko) Chrome/78.0.3904.108 Safari/537.36"
45.149.173.233 - - [07/Oct/2025:22:58:42 +0000] "POST /xmlrpc.php HTTP/1.1" 200 401 "-" "Mozilla/5.0 (Windows NT 10.0; Win64; x64) AppleWebKit/537.36 (KHTML, like Gecko) Chrome/78.0.3904.108 Safari/537.36"
45.149.173.233 - - [07/Oct/2025:22:58:46 +0000] "POST /xmlrpc.php HTTP/1.1" 200 401 "-" "Mozilla/5.0 (Windows NT 10.0; Win64; x64) AppleWebKit/537.36 (KHTML, like Gecko) Chrome/78.0.3904.108 Safari/537.36"
45.149.173.233 - - [07/Oct/2025:22:58:47 +0000] "POST /xmlrpc.php HTTP/1.1" 200 401 "-" "Mozilla/5.0 (Windows NT 10.0; Win64; x64) AppleWebKit/537.36 (KHTML, like Gecko) Chrome/78.0.3904.108 Safari/537.36"
45.149.173.233 - - [07/Oct/2025:22:58:49 +0000] "POST /xmlrpc.php HTTP/1.1" 200 401 "-" "Mozilla/5.0 (Windows NT 10.0; Win64; x64) AppleWebKit/537.36 (KHTML, like Gecko) Chrome/78.0.3904.108 Safari/537.36"
203.161.56.247 - - [07/Oct/2025:22:58:52 +0000] "POST /wp-cron.php?doing_wp_cron=1759877932.1889140605926513671875 HTTP/1.1" 200 - "-" "WordPress/6.8.3; https://klelegantmasssage.com"
