/home/klesmriw/access-logs/klescortguide.klescortgirldirectory.com
216.244.66.227 - - [07/Oct/2025:12:16:35 +0000] "GET /cgi-sys/suspendedpage.cgi?c=JPY HTTP/1.1" 200 7628 "-" "Mozilla/5.0 (compatible; DotBot/1.2; +https://opensiteexplorer.org/dotbot; help@moz.com)"
203.161.56.247 - - [07/Oct/2025:12:32:06 +0000] "POST /wp-cron.php?doing_wp_cron=1759840326.7980940341949462890625 HTTP/1.1" 200 - "-" "WordPress/6.8.3; https://klescortguide.com"
182.42.111.156 - - [07/Oct/2025:12:32:05 +0000] "GET / HTTP/1.1" 301 - "-" "Mozilla/5.0 (iPhone; CPU iPhone OS 13_2_3 like Mac OS X) AppleWebKit/605.1.15 (KHTML, like Gecko) Version/13.0.3 Mobile/15E148 Safari/604.1"
182.42.111.156 - - [07/Oct/2025:12:32:07 +0000] "GET / HTTP/1.1" 200 14314 "http://www.klescortguide.com" "Mozilla/5.0 (iPhone; CPU iPhone OS 13_2_3 like Mac OS X) AppleWebKit/605.1.15 (KHTML, like Gecko) Version/13.0.3 Mobile/15E148 Safari/604.1"
203.161.56.247 - - [07/Oct/2025:13:00:08 +0000] "POST /wp-cron.php?doing_wp_cron=1759842008.5262539386749267578125 HTTP/1.1" 200 - "-" "WordPress/6.8.3; https://klescortguide.com"
101.32.208.70 - - [07/Oct/2025:13:00:06 +0000] "GET / HTTP/1.1" 200 14323 "-" "Mozilla/5.0 (iPhone; CPU iPhone OS 13_2_3 like Mac OS X) AppleWebKit/605.1.15 (KHTML, like Gecko) Version/13.0.3 Mobile/15E148 Safari/604.1"
203.161.56.247 - - [07/Oct/2025:15:52:21 +0000] "POST /wp-cron.php?doing_wp_cron=1759852340.9407339096069335937500 HTTP/1.1" 200 - "-" "WordPress/6.8.3; https://klescortguide.com"
213.202.253.4 - - [07/Oct/2025:15:52:19 +0000] "GET /about.php?action=p&api=p&path=p&token= HTTP/1.1" 404 9257 "www.google.com" "Mozlila/5.0 (Linux; Android 7.0; SM-G892A Bulid/NRD90M; wv) AppleWebKit/537.36 (KHTML, like Gecko) Version/4.0 Chrome/60.0.3112.107 Moblie Safari/537.36"
203.161.56.247 - - [07/Oct/2025:16:42:54 +0000] "POST /wp-cron.php?doing_wp_cron=1759855373.9995410442352294921875 HTTP/1.1" 200 - "-" "WordPress/6.8.3; https://klescortguide.com"
117.33.163.216 - - [07/Oct/2025:16:42:51 +0000] "GET / HTTP/1.1" 200 14329 "-" "Mozilla/5.0 (iPhone; CPU iPhone OS 13_2_3 like Mac OS X) AppleWebKit/605.1.15 (KHTML, like Gecko) Version/13.0.3 Mobile/15E148 Safari/604.1"
78.153.140.218 - - [07/Oct/2025:18:06:45 +0000] "GET /.env HTTP/1.1" 404 32587 "-" "Mozilla/5.0 (Windows NT 6.1) AppleWebKit/536.5 (KHTML, like Gecko) Chrome/19.0.1084.56 Safari/536.5"
78.153.140.218 - - [07/Oct/2025:18:06:48 +0000] "GET / HTTP/1.1" 200 85587 "-" "Mozilla/5.0 (Windows NT 5.2; rv:2.0b13pre) Gecko/20110304 Firefox/4.0b13pre"
185.93.89.60 - - [07/Oct/2025:18:28:31 +0000] "GET / HTTP/1.1" 403 - "-" "Go-http-client/1.1"
203.161.56.247 - - [07/Oct/2025:18:39:17 +0000] "POST /wp-cron.php?doing_wp_cron=1759862357.2998890876770019531250 HTTP/1.1" 200 - "-" "WordPress/6.8.3; https://klescortguide.com"
43.166.136.24 - - [07/Oct/2025:18:39:15 +0000] "GET / HTTP/1.1" 301 - "-" "Mozilla/5.0 (iPhone; CPU iPhone OS 13_2_3 like Mac OS X) AppleWebKit/605.1.15 (KHTML, like Gecko) Version/13.0.3 Mobile/15E148 Safari/604.1"
43.166.136.24 - - [07/Oct/2025:18:39:17 +0000] "GET / HTTP/1.1" 200 14298 "http://www.klescortguide.com" "Mozilla/5.0 (iPhone; CPU iPhone OS 13_2_3 like Mac OS X) AppleWebKit/605.1.15 (KHTML, like Gecko) Version/13.0.3 Mobile/15E148 Safari/604.1"
216.244.66.227 - - [07/Oct/2025:19:29:18 +0000] "GET /robots.txt HTTP/1.1" 200 1070 "-" "Mozilla/5.0 (compatible; DotBot/1.2; +https://opensiteexplorer.org/dotbot; help@moz.com)"
216.73.216.96 - - [07/Oct/2025:19:46:36 +0000] "GET /robots.txt HTTP/1.1" 200 167 "-" "Mozilla/5.0 AppleWebKit/537.36 (KHTML, like Gecko; compatible; ClaudeBot/1.0; +claudebot@anthropic.com)"
216.73.216.96 - - [07/Oct/2025:19:46:36 +0000] "GET /sitemap503.xml HTTP/1.1" 403 - "-" "Mozilla/5.0 AppleWebKit/537.36 (KHTML, like Gecko; compatible; ClaudeBot/1.0; +claudebot@anthropic.com)"
216.73.216.96 - - [07/Oct/2025:19:48:02 +0000] "GET /sitemap436.xml HTTP/1.1" 403 - "-" "Mozilla/5.0 AppleWebKit/537.36 (KHTML, like Gecko; compatible; ClaudeBot/1.0; +claudebot@anthropic.com)"
216.244.66.227 - - [07/Oct/2025:19:48:35 +0000] "GET /cgi-sys/suspendedpage.cgi?c=TRY HTTP/1.1" 200 7628 "-" "Mozilla/5.0 (compatible; DotBot/1.2; +https://opensiteexplorer.org/dotbot; help@moz.com)"
216.73.216.96 - - [07/Oct/2025:19:48:44 +0000] "GET /sitemap762.xml HTTP/1.1" 403 - "-" "Mozilla/5.0 AppleWebKit/537.36 (KHTML, like Gecko; compatible; ClaudeBot/1.0; +claudebot@anthropic.com)"
216.73.216.96 - - [07/Oct/2025:20:11:51 +0000] "GET /sitemap503.xml HTTP/1.1" 403 - "-" "Mozilla/5.0 AppleWebKit/537.36 (KHTML, like Gecko; compatible; ClaudeBot/1.0; +claudebot@anthropic.com)"
216.73.216.96 - - [07/Oct/2025:20:17:35 +0000] "GET /sitemap762.xml HTTP/1.1" 403 - "-" "Mozilla/5.0 AppleWebKit/537.36 (KHTML, like Gecko; compatible; ClaudeBot/1.0; +claudebot@anthropic.com)"
216.73.216.96 - - [07/Oct/2025:20:20:11 +0000] "GET /sitemap436.xml HTTP/1.1" 403 - "-" "Mozilla/5.0 AppleWebKit/537.36 (KHTML, like Gecko; compatible; ClaudeBot/1.0; +claudebot@anthropic.com)"
203.161.56.247 - - [07/Oct/2025:20:27:56 +0000] "POST /wp-cron.php?doing_wp_cron=1759868876.9715240001678466796875 HTTP/1.1" 200 - "-" "WordPress/6.8.3; https://klescortguide.com"
185.241.208.111 - - [07/Oct/2025:20:27:56 +0000] "GET /wp-content/plugins/fix/up.php HTTP/1.1" 404 32699 "-" "Mozilla/5.0 (Windows NT 10.0; Win64; x64) AppleWebKit/537.36 (KHTML, like Gecko) Chrome/85.0.4183.102 Safari/537.36"
185.241.208.111 - - [07/Oct/2025:20:27:56 +0000] "POST /wp-plain.php HTTP/1.1" 404 37120 "www.google.com" "Mozilla/5.0 (Linux; Android 7.0; SM-G892A Bulid/NRD90M; wv) AppleWebKit/537.36 (KHTML, like Gecko) Version/4.0 Chrome/60.0.3112.107 Moblie Safari/537.36"
185.241.208.111 - - [07/Oct/2025:20:27:57 +0000] "POST /ALFA_DATA/alfacgiapi/perl.alfa HTTP/1.1" 404 32699 "www.google.com" "Mozlila/5.0 (Linux; Android 7.0; SM-G892A Bulid/NRD90M; wv) AppleWebKit/537.36 (KHTML, like Gecko) Version/4.0 Chrome/60.0.3112.107 Moblie Safari/537.36"
185.241.208.111 - - [07/Oct/2025:20:27:56 +0000] "GET /wp-content/themes/seotheme/db.php?u HTTP/1.1" 404 32715 "www.google.com" "Mozlila/5.0 (Linux; Android 7.0; SM-G892A Bulid/NRD90M; wv) AppleWebKit/537.36 (KHTML, like Gecko) Version/4.0 Chrome/60.0.3112.107 Moblie Safari/537.36"
185.241.208.111 - - [07/Oct/2025:20:27:55 +0000] "GET / HTTP/1.1" 200 85813 "-" "Mozlila/5.0 (Linux; Android 7.0; SM-G892A Bulid/NRD90M; wv) AppleWebKit/537.36 (KHTML, like Gecko) Version/4.0 Chrome/60.0.3112.107 Moblie Safari/537.36"
185.241.208.111 - - [07/Oct/2025:20:27:57 +0000] "GET /zicphukg.php?Fox=d3wL7 HTTP/1.1" 404 32619 "www.google.com" "Mozilla/5.0 (Linux; Android 7.0; SM-G892A Bulid/NRD90M; wv) AppleWebKit/537.36 (KHTML, like Gecko) Version/4.0 Chrome/60.0.3112.107 Moblie Safari/537.36"
185.241.208.111 - - [07/Oct/2025:20:27:59 +0000] "POST /alfacgiapi/perl.alfa HTTP/1.1" 404 32655 "www.google.com" "Mozlila/5.0 (Linux; Android 7.0; SM-G892A Bulid/NRD90M; wv) AppleWebKit/537.36 (KHTML, like Gecko) Version/4.0 Chrome/60.0.3112.107 Moblie Safari/537.36"
185.241.208.111 - - [07/Oct/2025:20:28:00 +0000] "GET /wp-content/plugins/apikey/apikey.php?test=hello HTTP/1.1" 404 32727 "-" "Mozlila/5.0 (Linux; Android 7.0; SM-G892A Bulid/NRD90M; wv) AppleWebKit/537.36 (KHTML, like Gecko) Version/4.0 Chrome/60.0.3112.107 Moblie Safari/537.36"
185.241.208.111 - - [07/Oct/2025:20:28:02 +0000] "GET /plugins/content/apismtp/apismtp.php?test=hello HTTP/1.1" 404 32723 "-" "Mozlila/5.0 (Linux; Android 7.0; SM-G892A Bulid/NRD90M; wv) AppleWebKit/537.36 (KHTML, like Gecko) Version/4.0 Chrome/60.0.3112.107 Moblie Safari/537.36"
185.241.208.111 - - [07/Oct/2025:20:28:04 +0000] "GET /wp-content/plugins/apikey/apikey.php.suspected?test=hello HTTP/1.1" 404 32767 "-" "Mozlila/5.0 (Linux; Android 7.0; SM-G892A Bulid/NRD90M; wv) AppleWebKit/537.36 (KHTML, like Gecko) Version/4.0 Chrome/60.0.3112.107 Moblie Safari/537.36"
185.241.208.111 - - [07/Oct/2025:20:28:06 +0000] "GET /plugins/content/apismtp/apismtp.php.suspected?test=hello HTTP/1.1" 404 32763 "-" "Mozlila/5.0 (Linux; Android 7.0; SM-G892A Bulid/NRD90M; wv) AppleWebKit/537.36 (KHTML, like Gecko) Version/4.0 Chrome/60.0.3112.107 Moblie Safari/537.36"
203.161.56.247 - - [07/Oct/2025:20:31:09 +0000] "POST /wp-cron.php?doing_wp_cron=1759869069.1810250282287597656250 HTTP/1.1" 200 - "-" "WordPress/6.8.3; https://klescortguide.com"
162.14.210.15 - - [07/Oct/2025:20:31:07 +0000] "GET / HTTP/1.1" 301 - "-" "Mozilla/5.0 (iPhone; CPU iPhone OS 13_2_3 like Mac OS X) AppleWebKit/605.1.15 (KHTML, like Gecko) Version/13.0.3 Mobile/15E148 Safari/604.1"
162.14.210.15 - - [07/Oct/2025:20:31:13 +0000] "GET / HTTP/1.1" 200 14315 "http://www.klescortguide.com" "Mozilla/5.0 (iPhone; CPU iPhone OS 13_2_3 like Mac OS X) AppleWebKit/605.1.15 (KHTML, like Gecko) Version/13.0.3 Mobile/15E148 Safari/604.1"
216.244.66.227 - - [07/Oct/2025:21:14:07 +0000] "GET /robots.txt HTTP/1.1" 200 1070 "-" "Mozilla/5.0 (compatible; DotBot/1.2; +https://opensiteexplorer.org/dotbot; help@moz.com)"
216.244.66.227 - - [07/Oct/2025:21:32:43 +0000] "GET /?c=INR HTTP/1.1" 403 - "-" "Mozilla/5.0 (compatible; DotBot/1.2; +https://opensiteexplorer.org/dotbot; help@moz.com)"
203.161.56.247 - - [07/Oct/2025:21:59:40 +0000] "POST /wp-cron.php?doing_wp_cron=1759874380.1606860160827636718750 HTTP/1.1" 200 - "-" "WordPress/6.8.3; https://klescortguide.com"
109.105.209.20 - - [07/Oct/2025:21:59:38 +0000] "GET / HTTP/1.1" 200 14319 "-" "Mozilla/5.0 (Windows NT 10.0; WOW64) AppleWebKit/537.36 (KHTML, like Gecko) Chrome/66.0.3359.117 Safari/537.36"
216.244.66.227 - - [07/Oct/2025:22:06:11 +0000] "GET /robots.txt HTTP/1.1" 200 1070 "-" "Mozilla/5.0 (compatible; DotBot/1.2; +https://opensiteexplorer.org/dotbot; help@moz.com)"
216.73.216.96 - - [07/Oct/2025:22:17:58 +0000] "GET /robots.txt HTTP/1.1" 200 167 "-" "Mozilla/5.0 AppleWebKit/537.36 (KHTML, like Gecko; compatible; ClaudeBot/1.0; +claudebot@anthropic.com)"
216.73.216.96 - - [07/Oct/2025:22:17:58 +0000] "GET /sitemap776.xml HTTP/1.1" 403 - "-" "Mozilla/5.0 AppleWebKit/537.36 (KHTML, like Gecko; compatible; ClaudeBot/1.0; +claudebot@anthropic.com)"
216.73.216.96 - - [07/Oct/2025:22:18:14 +0000] "GET /sitemap761.xml HTTP/1.1" 403 - "-" "Mozilla/5.0 AppleWebKit/537.36 (KHTML, like Gecko; compatible; ClaudeBot/1.0; +claudebot@anthropic.com)"
216.244.66.227 - - [07/Oct/2025:22:25:35 +0000] "GET /?c=TRY HTTP/1.1" 403 - "-" "Mozilla/5.0 (compatible; DotBot/1.2; +https://opensiteexplorer.org/dotbot; help@moz.com)"
216.73.216.96 - - [07/Oct/2025:23:15:48 +0000] "GET /sitemap776.xml HTTP/1.1" 403 - "-" "Mozilla/5.0 AppleWebKit/537.36 (KHTML, like Gecko; compatible; ClaudeBot/1.0; +claudebot@anthropic.com)"
216.73.216.96 - - [07/Oct/2025:23:15:49 +0000] "GET /sitemap761.xml HTTP/1.1" 403 - "-" "Mozilla/5.0 AppleWebKit/537.36 (KHTML, like Gecko; compatible; ClaudeBot/1.0; +claudebot@anthropic.com)"
216.73.216.96 - - [07/Oct/2025:23:45:35 +0000] "GET /robots.txt HTTP/1.1" 200 167 "-" "Mozilla/5.0 AppleWebKit/537.36 (KHTML, like Gecko; compatible; ClaudeBot/1.0; +claudebot@anthropic.com)"
216.73.216.96 - - [07/Oct/2025:23:45:35 +0000] "GET /sitemap436.xml HTTP/1.1" 403 - "-" "Mozilla/5.0 AppleWebKit/537.36 (KHTML, like Gecko; compatible; ClaudeBot/1.0; +claudebot@anthropic.com)"
216.73.216.96 - - [07/Oct/2025:23:46:08 +0000] "GET /sitemap503.xml HTTP/1.1" 403 - "-" "Mozilla/5.0 AppleWebKit/537.36 (KHTML, like Gecko; compatible; ClaudeBot/1.0; +claudebot@anthropic.com)"
216.73.216.96 - - [07/Oct/2025:23:47:36 +0000] "GET /sitemap762.xml HTTP/1.1" 403 - "-" "Mozilla/5.0 AppleWebKit/537.36 (KHTML, like Gecko; compatible; ClaudeBot/1.0; +claudebot@anthropic.com)"
216.244.66.227 - - [07/Oct/2025:23:50:11 +0000] "GET /robots.txt HTTP/1.1" 200 1070 "-" "Mozilla/5.0 (compatible; DotBot/1.2; +https://opensiteexplorer.org/dotbot; help@moz.com)"
216.73.216.96 - - [08/Oct/2025:00:03:01 +0000] "GET /sitemap776.xml HTTP/1.1" 403 - "-" "Mozilla/5.0 AppleWebKit/537.36 (KHTML, like Gecko; compatible; ClaudeBot/1.0; +claudebot@anthropic.com)"
216.73.216.96 - - [08/Oct/2025:00:07:39 +0000] "GET /sitemap503.xml HTTP/1.1" 403 - "-" "Mozilla/5.0 AppleWebKit/537.36 (KHTML, like Gecko; compatible; ClaudeBot/1.0; +claudebot@anthropic.com)"
216.73.216.96 - - [08/Oct/2025:00:07:40 +0000] "GET /sitemap762.xml HTTP/1.1" 403 - "-" "Mozilla/5.0 AppleWebKit/537.36 (KHTML, like Gecko; compatible; ClaudeBot/1.0; +claudebot@anthropic.com)"
216.244.66.227 - - [08/Oct/2025:00:08:08 +0000] "GET /cgi-sys/suspendedpage.cgi?c=GBP HTTP/1.1" 200 7628 "-" "Mozilla/5.0 (compatible; DotBot/1.2; +https://opensiteexplorer.org/dotbot; help@moz.com)"
216.73.216.96 - - [08/Oct/2025:00:12:58 +0000] "GET /sitemap436.xml HTTP/1.1" 403 - "-" "Mozilla/5.0 AppleWebKit/537.36 (KHTML, like Gecko; compatible; ClaudeBot/1.0; +claudebot@anthropic.com)"
203.161.56.247 - - [08/Oct/2025:00:21:35 +0000] "POST /wp-cron.php?doing_wp_cron=1759882895.4897329807281494140625 HTTP/1.1" 200 - "-" "WordPress/6.8.3; https://klescortguide.com"
14.215.163.132 - - [08/Oct/2025:00:21:34 +0000] "GET / HTTP/1.1" 200 14319 "-" "Mozilla/5.0 (iPhone; CPU iPhone OS 13_2_3 like Mac OS X) AppleWebKit/605.1.15 (KHTML, like Gecko) Version/13.0.3 Mobile/15E148 Safari/604.1"
216.73.216.96 - - [08/Oct/2025:00:53:16 +0000] "GET /robots.txt HTTP/1.1" 200 167 "-" "Mozilla/5.0 AppleWebKit/537.36 (KHTML, like Gecko; compatible; ClaudeBot/1.0; +claudebot@anthropic.com)"
216.73.216.96 - - [08/Oct/2025:00:53:16 +0000] "GET /sitemap683.xml HTTP/1.1" 403 - "-" "Mozilla/5.0 AppleWebKit/537.36 (KHTML, like Gecko; compatible; ClaudeBot/1.0; +claudebot@anthropic.com)"
216.73.216.96 - - [08/Oct/2025:00:56:01 +0000] "GET /sitemap776.xml HTTP/1.1" 403 - "-" "Mozilla/5.0 AppleWebKit/537.36 (KHTML, like Gecko; compatible; ClaudeBot/1.0; +claudebot@anthropic.com)"
216.73.216.96 - - [08/Oct/2025:01:01:17 +0000] "GET /sitemap761.xml HTTP/1.1" 403 - "-" "Mozilla/5.0 AppleWebKit/537.36 (KHTML, like Gecko; compatible; ClaudeBot/1.0; +claudebot@anthropic.com)"
203.161.56.247 - - [08/Oct/2025:01:10:45 +0000] "POST /wp-cron.php?doing_wp_cron=1759885845.9594790935516357421875 HTTP/1.1" 200 - "-" "WordPress/6.8.3; https://klescortguide.com"
45.8.22.56 - - [08/Oct/2025:01:10:43 +0000] "GET /index.php?podlove_image_cache_url=68747470733a2f2f7261636f6f6e6c61622e746f702f6769662f6769662e706870&podlove_file_name=rpoaclmf HTTP/1.1" 301 - "www.google.com" "Mozilla/6.4 (Windows NT 11.1) Gecko/2010102 Firefox/99.0"
45.8.22.56 - - [08/Oct/2025:01:10:46 +0000] "GET /?podlove_image_cache_url=68747470733a2f2f7261636f6f6e6c61622e746f702f6769662f6769662e706870&podlove_file_name=rpoaclmf HTTP/1.1" 200 14287 "www.google.com" "Mozilla/6.4 (Windows NT 11.1) Gecko/2010102 Firefox/99.0"
45.8.22.56 - - [08/Oct/2025:01:10:48 +0000] "GET /wp-content/cache/podlove/29/d5356e93c084e39c11dbc6feb76df2/rpoaclmf_original.php?up=1 HTTP/1.1" 404 9319 "www.google.com" "Mozilla/6.4 (Windows NT 11.1) Gecko/2010102 Firefox/99.0"
205.198.89.48 - - [08/Oct/2025:01:13:54 +0000] "GET /jp2023 HTTP/1.1" 404 67 "http://www.openurls.com.cn/" "Mozilla/5.0 (compatible; Googlebot/2.1; +http://www.google.com/bot.html)"
203.161.56.247 - - [08/Oct/2025:01:13:56 +0000] "POST /wp-cron.php?doing_wp_cron=1759886036.2713758945465087890625 HTTP/1.1" 200 - "-" "WordPress/6.8.3; https://klescortguide.com"
205.198.89.48 - - [08/Oct/2025:01:13:55 +0000] "GET /favicon.ico HTTP/1.1" 302 - "http://klescortguide.com/jp2023" "Mozilla/5.0 (compatible; Googlebot/2.1; +http://www.google.com/bot.html)"
205.198.89.48 - - [08/Oct/2025:01:13:56 +0000] "GET /wp-includes/images/w-logo-blue-white-bg.png HTTP/1.1" 200 4119 "http://klescortguide.com/jp2023" "Mozilla/5.0 (compatible; Googlebot/2.1; +http://www.google.com/bot.html)"
203.161.56.247 - - [08/Oct/2025:01:34:45 +0000] "POST /wp-cron.php?doing_wp_cron=1759887285.4580569267272949218750 HTTP/1.1" 200 - "-" "WordPress/6.8.3; https://klescortguide.com"
8.39.54.150 - - [08/Oct/2025:01:34:44 +0000] "GET / HTTP/1.1" 301 - "-" "Mozilla/5.0 (X11; Linux x86_64) AppleWebKit/537.36 (KHTML, like Gecko) Chrome/128.0.0.0 Safari/537.36"
8.39.54.150 - - [08/Oct/2025:01:34:45 +0000] "GET / HTTP/1.1" 200 14314 "-" "Mozilla/5.0 (X11; Linux x86_64) AppleWebKit/537.36 (KHTML, like Gecko) Chrome/128.0.0.0 Safari/537.36"
203.161.56.247 - - [08/Oct/2025:01:46:25 +0000] "POST /wp-cron.php?doing_wp_cron=1759887985.3278069496154785156250 HTTP/1.1" 200 - "-" "WordPress/6.8.3; https://klescortguide.com"
3.146.111.124 - - [08/Oct/2025:01:46:24 +0000] "GET / HTTP/1.1" 200 14330 "-" "Mozilla/5.0 zgrab/0.x"
198.235.24.48 - - [08/Oct/2025:02:00:52 +0000] "GET / HTTP/1.1" 403 - "-" "Hello from Palo Alto Networks, find out more about our scans in https://docs-cortex.paloaltonetworks.com/r/1/Cortex-Xpanse/Scanning-activity"
216.73.216.96 - - [08/Oct/2025:03:01:01 +0000] "GET /robots.txt HTTP/1.1" 200 167 "-" "Mozilla/5.0 AppleWebKit/537.36 (KHTML, like Gecko; compatible; ClaudeBot/1.0; +claudebot@anthropic.com)"
216.73.216.96 - - [08/Oct/2025:03:01:01 +0000] "GET /sitemap683.xml HTTP/1.1" 403 - "-" "Mozilla/5.0 AppleWebKit/537.36 (KHTML, like Gecko; compatible; ClaudeBot/1.0; +claudebot@anthropic.com)"
216.73.216.96 - - [08/Oct/2025:03:01:42 +0000] "GET /sitemap436.xml HTTP/1.1" 403 - "-" "Mozilla/5.0 AppleWebKit/537.36 (KHTML, like Gecko; compatible; ClaudeBot/1.0; +claudebot@anthropic.com)"
203.161.56.247 - - [08/Oct/2025:03:07:05 +0000] "POST /wp-cron.php?doing_wp_cron=1759892825.1101028919219970703125 HTTP/1.1" 200 - "-" "WordPress/6.8.3; https://klescortguide.com"
43.166.132.142 - - [08/Oct/2025:03:07:03 +0000] "GET / HTTP/1.1" 200 14317 "-" "Mozilla/5.0 (iPhone; CPU iPhone OS 13_2_3 like Mac OS X) AppleWebKit/605.1.15 (KHTML, like Gecko) Version/13.0.3 Mobile/15E148 Safari/604.1"
203.161.56.247 - - [08/Oct/2025:03:17:55 +0000] "POST /wp-cron.php?doing_wp_cron=1759893475.7566421031951904296875 HTTP/1.1" 200 - "-" "WordPress/6.8.3; https://klescortguide.com"
45.94.31.49 - - [08/Oct/2025:03:17:54 +0000] "GET /wp-content/plugins/fix/up.php HTTP/1.1" 404 32699 "-" "Mozilla/5.0 (Windows NT 10.0; Win64; x64) AppleWebKit/537.36 (KHTML, like Gecko) Chrome/85.0.4183.102 Safari/537.36"
45.94.31.49 - - [08/Oct/2025:03:17:54 +0000] "GET /wp-content/themes/seotheme/db.php?u HTTP/1.1" 404 32701 "www.google.com" "Mozlila/5.0 (Linux; Android 7.0; SM-G892A Bulid/NRD90M; wv) AppleWebKit/537.36 (KHTML, like Gecko) Version/4.0 Chrome/60.0.3112.107 Moblie Safari/537.36"
45.94.31.49 - - [08/Oct/2025:03:17:54 +0000] "GET / HTTP/1.1" 200 85518 "-" "Mozlila/5.0 (Linux; Android 7.0; SM-G892A Bulid/NRD90M; wv) AppleWebKit/537.36 (KHTML, like Gecko) Version/4.0 Chrome/60.0.3112.107 Moblie Safari/537.36"
45.94.31.49 - - [08/Oct/2025:03:17:54 +0000] "POST /wp-plain.php HTTP/1.1" 404 37120 "www.google.com" "Mozilla/5.0 (Linux; Android 7.0; SM-G892A Bulid/NRD90M; wv) AppleWebKit/537.36 (KHTML, like Gecko) Version/4.0 Chrome/60.0.3112.107 Moblie Safari/537.36"
45.94.31.49 - - [08/Oct/2025:03:17:54 +0000] "POST /ALFA_DATA/alfacgiapi/perl.alfa HTTP/1.1" 404 32699 "www.google.com" "Mozlila/5.0 (Linux; Android 7.0; SM-G892A Bulid/NRD90M; wv) AppleWebKit/537.36 (KHTML, like Gecko) Version/4.0 Chrome/60.0.3112.107 Moblie Safari/537.36"
45.94.31.49 - - [08/Oct/2025:03:17:57 +0000] "GET /wp-content/plugins/apikey/apikey.php?test=hello HTTP/1.1" 404 32727 "-" "Mozlila/5.0 (Linux; Android 7.0; SM-G892A Bulid/NRD90M; wv) AppleWebKit/537.36 (KHTML, like Gecko) Version/4.0 Chrome/60.0.3112.107 Moblie Safari/537.36"
45.94.31.49 - - [08/Oct/2025:03:17:57 +0000] "GET /sbacoilh.php?Fox=d3wL7 HTTP/1.1" 404 32619 "www.google.com" "Mozilla/5.0 (Linux; Android 7.0; SM-G892A Bulid/NRD90M; wv) AppleWebKit/537.36 (KHTML, like Gecko) Version/4.0 Chrome/60.0.3112.107 Moblie Safari/537.36"
45.94.31.49 - - [08/Oct/2025:03:17:57 +0000] "POST /alfacgiapi/perl.alfa HTTP/1.1" 404 32655 "www.google.com" "Mozlila/5.0 (Linux; Android 7.0; SM-G892A Bulid/NRD90M; wv) AppleWebKit/537.36 (KHTML, like Gecko) Version/4.0 Chrome/60.0.3112.107 Moblie Safari/537.36"
45.94.31.49 - - [08/Oct/2025:03:17:58 +0000] "GET /plugins/content/apismtp/apismtp.php?test=hello HTTP/1.1" 404 32723 "-" "Mozlila/5.0 (Linux; Android 7.0; SM-G892A Bulid/NRD90M; wv) AppleWebKit/537.36 (KHTML, like Gecko) Version/4.0 Chrome/60.0.3112.107 Moblie Safari/537.36"
45.94.31.49 - - [08/Oct/2025:03:17:59 +0000] "GET /wp-content/plugins/apikey/apikey.php.suspected?test=hello HTTP/1.1" 404 32767 "-" "Mozlila/5.0 (Linux; Android 7.0; SM-G892A Bulid/NRD90M; wv) AppleWebKit/537.36 (KHTML, like Gecko) Version/4.0 Chrome/60.0.3112.107 Moblie Safari/537.36"
45.94.31.49 - - [08/Oct/2025:03:18:00 +0000] "GET /plugins/content/apismtp/apismtp.php.suspected?test=hello HTTP/1.1" 404 32763 "-" "Mozlila/5.0 (Linux; Android 7.0; SM-G892A Bulid/NRD90M; wv) AppleWebKit/537.36 (KHTML, like Gecko) Version/4.0 Chrome/60.0.3112.107 Moblie Safari/537.36"
216.73.216.96 - - [08/Oct/2025:03:25:50 +0000] "GET /sitemap762.xml HTTP/1.1" 403 - "-" "Mozilla/5.0 AppleWebKit/537.36 (KHTML, like Gecko; compatible; ClaudeBot/1.0; +claudebot@anthropic.com)"
216.73.216.96 - - [08/Oct/2025:03:28:37 +0000] "GET /sitemap503.xml HTTP/1.1" 403 - "-" "Mozilla/5.0 AppleWebKit/537.36 (KHTML, like Gecko; compatible; ClaudeBot/1.0; +claudebot@anthropic.com)"
216.73.216.96 - - [08/Oct/2025:03:49:46 +0000] "GET /sitemap436.xml HTTP/1.1" 403 - "-" "Mozilla/5.0 AppleWebKit/537.36 (KHTML, like Gecko; compatible; ClaudeBot/1.0; +claudebot@anthropic.com)"
216.73.216.96 - - [08/Oct/2025:03:59:15 +0000] "GET /sitemap761.xml HTTP/1.1" 403 - "-" "Mozilla/5.0 AppleWebKit/537.36 (KHTML, like Gecko; compatible; ClaudeBot/1.0; +claudebot@anthropic.com)"
203.161.56.247 - - [08/Oct/2025:04:08:13 +0000] "POST /wp-cron.php?doing_wp_cron=1759896493.2089009284973144531250 HTTP/1.1" 200 - "-" "WordPress/6.8.3; https://klescortguide.com"
113.141.91.58 - - [08/Oct/2025:04:08:11 +0000] "GET / HTTP/1.1" 301 - "-" "Mozilla/5.0 (iPhone; CPU iPhone OS 13_2_3 like Mac OS X) AppleWebKit/605.1.15 (KHTML, like Gecko) Version/13.0.3 Mobile/15E148 Safari/604.1"
113.141.91.58 - - [08/Oct/2025:04:08:14 +0000] "GET / HTTP/1.1" 200 14324 "http://www.klescortguide.com" "Mozilla/5.0 (iPhone; CPU iPhone OS 13_2_3 like Mac OS X) AppleWebKit/605.1.15 (KHTML, like Gecko) Version/13.0.3 Mobile/15E148 Safari/604.1"
216.73.216.96 - - [08/Oct/2025:04:09:47 +0000] "GET /robots.txt HTTP/1.1" 200 167 "-" "Mozilla/5.0 AppleWebKit/537.36 (KHTML, like Gecko; compatible; ClaudeBot/1.0; +claudebot@anthropic.com)"
216.73.216.96 - - [08/Oct/2025:04:09:47 +0000] "GET /sitemap436.xml HTTP/1.1" 403 - "-" "Mozilla/5.0 AppleWebKit/537.36 (KHTML, like Gecko; compatible; ClaudeBot/1.0; +claudebot@anthropic.com)"
216.73.216.96 - - [08/Oct/2025:04:28:11 +0000] "GET /sitemap683.xml HTTP/1.1" 403 - "-" "Mozilla/5.0 AppleWebKit/537.36 (KHTML, like Gecko; compatible; ClaudeBot/1.0; +claudebot@anthropic.com)"
216.73.216.96 - - [08/Oct/2025:04:35:08 +0000] "GET /sitemap436.xml HTTP/1.1" 403 - "-" "Mozilla/5.0 AppleWebKit/537.36 (KHTML, like Gecko; compatible; ClaudeBot/1.0; +claudebot@anthropic.com)"
216.73.216.96 - - [08/Oct/2025:04:40:33 +0000] "GET /sitemap731.xml HTTP/1.1" 403 - "-" "Mozilla/5.0 AppleWebKit/537.36 (KHTML, like Gecko; compatible; ClaudeBot/1.0; +claudebot@anthropic.com)"
216.244.66.227 - - [08/Oct/2025:05:09:13 +0000] "GET /robots.txt HTTP/1.1" 200 1070 "-" "Mozilla/5.0 (compatible; DotBot/1.2; +https://opensiteexplorer.org/dotbot; help@moz.com)"
216.73.216.96 - - [08/Oct/2025:05:36:43 +0000] "GET /robots.txt HTTP/1.1" 200 167 "-" "Mozilla/5.0 AppleWebKit/537.36 (KHTML, like Gecko; compatible; ClaudeBot/1.0; +claudebot@anthropic.com)"
216.73.216.96 - - [08/Oct/2025:05:36:43 +0000] "GET /sitemap576.xml HTTP/1.1" 403 - "-" "Mozilla/5.0 AppleWebKit/537.36 (KHTML, like Gecko; compatible; ClaudeBot/1.0; +claudebot@anthropic.com)"
216.244.66.227 - - [08/Oct/2025:05:51:40 +0000] "GET /?s=&c=JPY HTTP/1.1" 403 - "-" "Mozilla/5.0 (compatible; DotBot/1.2; +https://opensiteexplorer.org/dotbot; help@moz.com)"
216.73.216.96 - - [08/Oct/2025:06:05:20 +0000] "GET /sitemap731.xml HTTP/1.1" 403 - "-" "Mozilla/5.0 AppleWebKit/537.36 (KHTML, like Gecko; compatible; ClaudeBot/1.0; +claudebot@anthropic.com)"
216.73.216.96 - - [08/Oct/2025:06:09:49 +0000] "GET /sitemap436.xml HTTP/1.1" 403 - "-" "Mozilla/5.0 AppleWebKit/537.36 (KHTML, like Gecko; compatible; ClaudeBot/1.0; +claudebot@anthropic.com)"
216.73.216.96 - - [08/Oct/2025:06:14:25 +0000] "GET /sitemap762.xml HTTP/1.1" 403 - "-" "Mozilla/5.0 AppleWebKit/537.36 (KHTML, like Gecko; compatible; ClaudeBot/1.0; +claudebot@anthropic.com)"
216.73.216.96 - - [08/Oct/2025:06:16:57 +0000] "GET /sitemap776.xml HTTP/1.1" 403 - "-" "Mozilla/5.0 AppleWebKit/537.36 (KHTML, like Gecko; compatible; ClaudeBot/1.0; +claudebot@anthropic.com)"
216.73.216.96 - - [08/Oct/2025:06:17:29 +0000] "GET /sitemap503.xml HTTP/1.1" 403 - "-" "Mozilla/5.0 AppleWebKit/537.36 (KHTML, like Gecko; compatible; ClaudeBot/1.0; +claudebot@anthropic.com)"