203.161.56.247 - - [08/Oct/2025:05:21:17 +0000] "POST /wp-cron.php?doing_wp_cron=1759900877.3797318935394287109375 HTTP/1.1" 200 - "-" "WordPress/6.8.3; https://klmalaygirl.net"
207.46.13.7 - - [08/Oct/2025:05:21:15 +0000] "GET /?s=Cirez+D+-+On+Off+(Kapuchon+Edit) HTTP/1.1" 200 32619 "-" "Mozilla/5.0 AppleWebKit/537.36 (KHTML, like Gecko; compatible; bingbot/2.0; +http://www.bing.com/bingbot.htm) Chrome/116.0.1938.76 Safari/537.36"
58.27.215.5 - - [08/Oct/2025:05:21:22 +0000] "POST /xmlrpc.php HTTP/1.1" 405 415 "-" "Mozilla/5.0 (Windows NT 6.3; x86) AppleWebKit/537.36 (KHTML, like Gecko) Safari/10.0.0.0 Safari/537.36"
203.161.56.247 - - [08/Oct/2025:05:22:44 +0000] "POST /wp-cron.php?doing_wp_cron=1759900964.5177640914916992187500 HTTP/1.1" 200 - "-" "WordPress/6.8.3; https://klmalaygirl.net"
116.58.75.150 - - [08/Oct/2025:05:22:42 +0000] "POST /xmlrpc.php HTTP/1.1" 405 415 "-" "Mozilla/5.0 (Linux; Android 10; x86) AppleWebKit/537.36 (KHTML, like Gecko) Firefox/80.0.0.0 Safari/537.36"
52.167.144.18 - - [08/Oct/2025:05:22:45 +0000] "GET /?s=Thi%E1%BB%87n+nh%C3%A2n+nh%C3%A0+b%C3%A1o+tr%E1%BA%A7n+mai+anh HTTP/1.1" 200 32690 "-" "Mozilla/5.0 AppleWebKit/537.36 (KHTML, like Gecko; compatible; bingbot/2.0; +http://www.bing.com/bingbot.htm) Chrome/116.0.1938.76 Safari/537.36"
203.161.56.247 - - [08/Oct/2025:05:23:57 +0000] "POST /wp-cron.php?doing_wp_cron=1759901037.6831328868865966796875 HTTP/1.1" 200 - "-" "WordPress/6.8.3; https://klmalaygirl.net"
116.58.75.150 - - [08/Oct/2025:05:23:55 +0000] "POST /xmlrpc.php HTTP/1.1" 405 415 "-" "Mozilla/5.0 (Windows NT 6.3; x86) AppleWebKit/537.36 (KHTML, like Gecko) Chrome/101.0.0.0 Safari/537.36"
203.161.56.247 - - [08/Oct/2025:05:24:59 +0000] "POST /wp-cron.php?doing_wp_cron=1759901099.6135408878326416015625 HTTP/1.1" 200 - "-" "WordPress/6.8.3; https://klmalaygirl.net"
207.46.13.7 - - [08/Oct/2025:05:24:57 +0000] "GET /?s=%E0%B8%A3%E0%B8%A7%E0%B8%A1%E0%B8%A3%E0%B8%B9%E0%B8%9B%E0%B9%80%E0%B8%A7%E0%B9%87%E0%B8%9A+%E0%B8%AB%E0%B8%A7%E0%B8%A2+%E0%B9%81%E0%B8%97%E0%B8%87%E0%B8%9A%E0%B8%AD%E0%B8%A5 HTTP/1.1" 200 32792 "-" "Mozilla/5.0 AppleWebKit/537.36 (KHTML, like Gecko; compatible; bingbot/2.0; +http://www.bing.com/bingbot.htm) Chrome/116.0.1938.76 Safari/537.36"
203.161.56.247 - - [08/Oct/2025:05:25:14 +0000] "POST /wp-cron.php?doing_wp_cron=1759901113.9808900356292724609375 HTTP/1.1" 200 - "-" "WordPress/6.8.3; https://klmalaygirl.net"
58.27.215.5 - - [08/Oct/2025:05:25:12 +0000] "POST /xmlrpc.php HTTP/1.1" 405 415 "-" "Mozilla/5.0 (Linux; Android 10; x86) AppleWebKit/537.36 (KHTML, like Gecko) Opera/78.0.0.0 Safari/537.36"
203.161.56.247 - - [08/Oct/2025:05:26:30 +0000] "POST /wp-cron.php?doing_wp_cron=1759901190.6569778919219970703125 HTTP/1.1" 200 - "-" "WordPress/6.8.3; https://klmalaygirl.net"
58.27.215.5 - - [08/Oct/2025:05:26:29 +0000] "POST /xmlrpc.php HTTP/1.1" 405 415 "-" "Mozilla/5.0 (Windows NT 10.0; x86) AppleWebKit/537.36 (KHTML, like Gecko) Edge/84.0.0.0 Safari/537.36"
207.46.13.6 - - [08/Oct/2025:05:26:28 +0000] "GET /?s=property+for+sale+in+brant+broughton+lincolnshire HTTP/1.1" 200 32619 "-" "Mozilla/5.0 AppleWebKit/537.36 (KHTML, like Gecko; compatible; bingbot/2.0; +http://www.bing.com/bingbot.htm) Chrome/116.0.1938.76 Safari/537.36"
203.161.56.247 - - [08/Oct/2025:05:27:31 +0000] "POST /wp-cron.php?doing_wp_cron=1759901251.0226728916168212890625 HTTP/1.1" 200 - "-" "WordPress/6.8.3; https://klmalaygirl.net"
207.46.13.7 - - [08/Oct/2025:05:27:29 +0000] "GET /?s=pv9+house+for+sale HTTP/1.1" 200 32565 "-" "Mozilla/5.0 AppleWebKit/537.36 (KHTML, like Gecko; compatible; bingbot/2.0; +http://www.bing.com/bingbot.htm) Chrome/116.0.1938.76 Safari/537.36"
58.27.215.5 - - [08/Oct/2025:05:27:43 +0000] "POST /xmlrpc.php HTTP/1.1" 405 415 "-" "Mozilla/5.0 (X11; Ubuntu; Linux x86_64; arm64) AppleWebKit/537.36 (KHTML, like Gecko) Safari/12.0.0.0 Safari/537.36"
203.161.56.247 - - [08/Oct/2025:05:27:59 +0000] "POST /wp-cron.php?doing_wp_cron=1759901279.9016408920288085937500 HTTP/1.1" 200 - "-" "WordPress/6.8.3; https://klmalaygirl.net"
207.46.13.7 - - [08/Oct/2025:05:27:58 +0000] "GET /?s=Ng%C3%A0y+c%C3%B3+%C4%91i%E1%BB%83m+thi+%C4%91%E1%BA%A1i+h%E1%BB%8Dc%2C+nh%C3%A0+t%C3%B4i+b%E1%BB%91c+ch%C3%A1y.%0D%0AKhi+t%C3%B4i+ch%E1%BA%A1y+ra+ngo%C3%A0i%2C+t%C3%B4i+nh%C3%ACn+th%E1%BA%A5y+ng%C6%B0%E1%BB%9Di+cha+%C4%91%C3%A3+b%E1%BB%8B+thi%C3%AA%2Fu+c%2Fh%C3%A1y+%C4%91en%2C+c%C5%A9ng+nh%C3%ACn+th%E1%BA%A5y+ng%C6%B0%E1%BB%9Di+ch%E1%BB%8B+b%E1%BB%8B+m%E1%BA%AFc+k%E1%BA%B9t.%0D%0ATrong+%C4%91%E1%BA%A7u+t%C3%B4i+n%E1%BA%A3y+ra+m%E1%BB%99t+%C3%BD+ngh%C4%A9+kh%E1%BB%A7ng+khi%E1%BA%BFp. HTTP/1.1" 200 33395 "-" "Mozilla/5.0 AppleWebKit/537.36 (KHTML, like Gecko; compatible; bingbot/2.0; +http://www.bing.com/bingbot.htm) Chrome/116.0.1938.76 Safari/537.36"
203.161.56.247 - - [08/Oct/2025:05:29:00 +0000] "POST /wp-cron.php?doing_wp_cron=1759901340.7743899822235107421875 HTTP/1.1" 200 - "-" "WordPress/6.8.3; https://klmalaygirl.net"
116.58.75.150 - - [08/Oct/2025:05:28:58 +0000] "POST /xmlrpc.php HTTP/1.1" 405 415 "-" "Mozilla/5.0 (Windows NT 10.0; arm64) AppleWebKit/537.36 (KHTML, like Gecko) Firefox/79.0.0.0 Safari/537.36"
203.161.56.247 - - [08/Oct/2025:05:30:14 +0000] "POST /wp-cron.php?doing_wp_cron=1759901414.2742180824279785156250 HTTP/1.1" 200 - "-" "WordPress/6.8.3; https://klmalaygirl.net"
116.58.75.150 - - [08/Oct/2025:05:30:12 +0000] "POST /xmlrpc.php HTTP/1.1" 405 415 "-" "Mozilla/5.0 (X11; Ubuntu; Linux x86_64; arm64) AppleWebKit/537.36 (KHTML, like Gecko) Firefox/98.0.0.0 Safari/537.36"
203.161.56.247 - - [08/Oct/2025:05:31:28 +0000] "POST /wp-cron.php?doing_wp_cron=1759901488.2669351100921630859375 HTTP/1.1" 200 - "-" "WordPress/6.8.3; https://klmalaygirl.net"
58.27.215.5 - - [08/Oct/2025:05:31:26 +0000] "POST /xmlrpc.php HTTP/1.1" 405 415 "-" "Mozilla/5.0 (Windows NT 6.3; x86) AppleWebKit/537.36 (KHTML, like Gecko) Firefox/70.0.0.0 Safari/537.36"
203.161.56.247 - - [08/Oct/2025:05:32:38 +0000] "POST /wp-cron.php?doing_wp_cron=1759901558.4744460582733154296875 HTTP/1.1" 200 - "-" "WordPress/6.8.3; https://klmalaygirl.net"
58.27.215.5 - - [08/Oct/2025:05:32:36 +0000] "POST /xmlrpc.php HTTP/1.1" 405 415 "-" "Mozilla/5.0 (Windows NT 6.2; x86) AppleWebKit/537.36 (KHTML, like Gecko) Firefox/80.0.0.0 Safari/537.36"
203.161.56.247 - - [08/Oct/2025:05:33:39 +0000] "POST /wp-cron.php?doing_wp_cron=1759901619.6382730007171630859375 HTTP/1.1" 200 - "-" "WordPress/6.8.3; https://klmalaygirl.net"
58.27.215.5 - - [08/Oct/2025:05:33:37 +0000] "POST /xmlrpc.php HTTP/1.1" 405 415 "-" "Mozilla/5.0 (Macintosh; Intel Mac OS X 10_15_7; x86) AppleWebKit/537.36 (KHTML, like Gecko) Opera/80.0.0.0 Safari/537.36"
203.161.56.247 - - [08/Oct/2025:05:34:09 +0000] "POST /wp-cron.php?doing_wp_cron=1759901649.5787498950958251953125 HTTP/1.1" 200 - "-" "WordPress/6.8.3; https://klmalaygirl.net"
142.44.220.184 - - [08/Oct/2025:05:34:08 +0000] "GET /kl-malay-girl-tag/kl-escort-girl/feed/ HTTP/1.1" 200 4769 "-" "Mozilla/5.0 (compatible; AhrefsBot/7.0; +http://ahrefs.com/robot/)"
203.161.56.247 - - [08/Oct/2025:05:34:51 +0000] "POST /wp-cron.php?doing_wp_cron=1759901691.7062199115753173828125 HTTP/1.1" 200 - "-" "WordPress/6.8.3; https://klmalaygirl.net"
58.27.215.5 - - [08/Oct/2025:05:34:49 +0000] "POST /xmlrpc.php HTTP/1.1" 405 415 "-" "Mozilla/5.0 (Windows NT 6.2; arm64) AppleWebKit/537.36 (KHTML, like Gecko) Opera/70.0.0.0 Safari/537.36"
203.161.56.247 - - [08/Oct/2025:05:35:47 +0000] "POST /wp-cron.php?doing_wp_cron=1759901747.1858630180358886718750 HTTP/1.1" 200 - "-" "WordPress/6.8.3; https://klmalaygirl.net"
216.73.216.82 - - [08/Oct/2025:05:35:45 +0000] "GET /robots.txt HTTP/1.1" 200 150 "-" "Mozilla/5.0 AppleWebKit/537.36 (KHTML, like Gecko; compatible; ClaudeBot/1.0; +claudebot@anthropic.com)"
216.73.216.82 - - [08/Oct/2025:05:35:47 +0000] "GET /video-sitemap.xml HTTP/1.1" 200 263 "-" "Mozilla/5.0 AppleWebKit/537.36 (KHTML, like Gecko; compatible; ClaudeBot/1.0; +claudebot@anthropic.com)"
203.161.56.247 - - [08/Oct/2025:05:35:56 +0000] "POST /wp-cron.php?doing_wp_cron=1759901756.3696820735931396484375 HTTP/1.1" 200 - "-" "WordPress/6.8.3; https://klmalaygirl.net"
58.27.215.5 - - [08/Oct/2025:05:35:55 +0000] "POST /xmlrpc.php HTTP/1.1" 405 415 "-" "Mozilla/5.0 (X11; Ubuntu; Linux x86_64; arm64) AppleWebKit/537.36 (KHTML, like Gecko) Opera/75.0.0.0 Safari/537.36"
203.161.56.247 - - [08/Oct/2025:05:37:04 +0000] "POST /wp-cron.php?doing_wp_cron=1759901824.0424079895019531250000 HTTP/1.1" 200 - "-" "WordPress/6.8.3; https://klmalaygirl.net"
116.58.75.150 - - [08/Oct/2025:05:37:02 +0000] "POST /xmlrpc.php HTTP/1.1" 405 415 "-" "Mozilla/5.0 (Windows NT 6.3; arm64) AppleWebKit/537.36 (KHTML, like Gecko) Edge/94.0.0.0 Safari/537.36"
203.161.56.247 - - [08/Oct/2025:05:37:12 +0000] "POST /wp-cron.php?doing_wp_cron=1759901832.9576690196990966796875 HTTP/1.1" 200 - "-" "WordPress/6.8.3; https://klmalaygirl.net"
207.46.13.170 - - [08/Oct/2025:05:37:11 +0000] "GET /?s=Tim+Broscious HTTP/1.1" 200 32557 "-" "Mozilla/5.0 AppleWebKit/537.36 (KHTML, like Gecko; compatible; bingbot/2.0; +http://www.bing.com/bingbot.htm) Chrome/116.0.1938.76 Safari/537.36"
203.161.56.247 - - [08/Oct/2025:05:38:10 +0000] "POST /wp-cron.php?doing_wp_cron=1759901890.1162700653076171875000 HTTP/1.1" 200 - "-" "WordPress/6.8.3; https://klmalaygirl.net"
58.27.215.5 - - [08/Oct/2025:05:38:08 +0000] "POST /xmlrpc.php HTTP/1.1" 405 415 "-" "Mozilla/5.0 (Macintosh; Intel Mac OS X 10_15_7; x64) AppleWebKit/537.36 (KHTML, like Gecko) Safari/15.0.0.0 Safari/537.36"
203.161.56.247 - - [08/Oct/2025:05:39:16 +0000] "POST /wp-cron.php?doing_wp_cron=1759901956.1442670822143554687500 HTTP/1.1" 200 - "-" "WordPress/6.8.3; https://klmalaygirl.net"
116.58.75.150 - - [08/Oct/2025:05:39:14 +0000] "POST /xmlrpc.php HTTP/1.1" 405 415 "-" "Mozilla/5.0 (Windows NT 6.2; arm64) AppleWebKit/537.36 (KHTML, like Gecko) Chrome/98.0.0.0 Safari/537.36"
157.55.39.203 - - [08/Oct/2025:05:39:24 +0000] "GET /?s=aster+residence HTTP/1.1" 200 32558 "-" "Mozilla/5.0 AppleWebKit/537.36 (KHTML, like Gecko; compatible; bingbot/2.0; +http://www.bing.com/bingbot.htm) Chrome/116.0.1938.76 Safari/537.36"
203.161.56.247 - - [08/Oct/2025:05:40:26 +0000] "POST /wp-cron.php?doing_wp_cron=1759902026.2312610149383544921875 HTTP/1.1" 200 - "-" "WordPress/6.8.3; https://klmalaygirl.net"
116.58.75.150 - - [08/Oct/2025:05:40:24 +0000] "POST /xmlrpc.php HTTP/1.1" 405 415 "-" "Mozilla/5.0 (Windows NT 6.2; arm64) AppleWebKit/537.36 (KHTML, like Gecko) Safari/11.0.0.0 Safari/537.36"
203.161.56.247 - - [08/Oct/2025:05:41:38 +0000] "POST /wp-cron.php?doing_wp_cron=1759902098.4122350215911865234375 HTTP/1.1" 200 - "-" "WordPress/6.8.3; https://klmalaygirl.net"
58.27.215.5 - - [08/Oct/2025:05:41:36 +0000] "POST /xmlrpc.php HTTP/1.1" 405 415 "-" "Mozilla/5.0 (Windows NT 6.3; arm64) AppleWebKit/537.36 (KHTML, like Gecko) Safari/14.0.0.0 Safari/537.36"
203.161.56.247 - - [08/Oct/2025:05:42:51 +0000] "POST /wp-cron.php?doing_wp_cron=1759902171.8538761138916015625000 HTTP/1.1" 200 - "-" "WordPress/6.8.3; https://klmalaygirl.net"
58.27.215.5 - - [08/Oct/2025:05:42:49 +0000] "POST /xmlrpc.php HTTP/1.1" 405 415 "-" "Mozilla/5.0 (Windows NT 6.3; x86) AppleWebKit/537.36 (KHTML, like Gecko) Edge/80.0.0.0 Safari/537.36"
40.77.167.52 - - [08/Oct/2025:05:44:20 +0000] "GET /best-choices-for-summer/ HTTP/1.1" 200 43067 "-" "Mozilla/5.0 AppleWebKit/537.36 (KHTML, like Gecko; compatible; bingbot/2.0; +http://www.bing.com/bingbot.htm) Chrome/116.0.1938.76 Safari/537.36"
203.161.56.247 - - [08/Oct/2025:05:44:49 +0000] "POST /wp-cron.php?doing_wp_cron=1759902289.2304599285125732421875 HTTP/1.1" 200 - "-" "WordPress/6.8.3; https://klmalaygirl.net"
40.77.167.52 - - [08/Oct/2025:05:44:47 +0000] "GET /?s=ettidouga HTTP/1.1" 200 32546 "-" "Mozilla/5.0 AppleWebKit/537.36 (KHTML, like Gecko; compatible; bingbot/2.0; +http://www.bing.com/bingbot.htm) Chrome/116.0.1938.76 Safari/537.36"
203.161.56.247 - - [08/Oct/2025:05:45:59 +0000] "POST /wp-cron.php?doing_wp_cron=1759902359.7807500362396240234375 HTTP/1.1" 200 - "-" "WordPress/6.8.3; https://klmalaygirl.net"
40.77.167.42 - - [08/Oct/2025:05:45:57 +0000] "GET /?s=%C4%91%C3%A1nh+gi%C3%A1+b%E1%BB%99+s%C3%A1ch+Primary+grammar+l%E1%BB%9Bp+5 HTTP/1.1" 200 32717 "-" "Mozilla/5.0 AppleWebKit/537.36 (KHTML, like Gecko; compatible; bingbot/2.0; +http://www.bing.com/bingbot.htm) Chrome/116.0.1938.76 Safari/537.36"
203.161.56.247 - - [08/Oct/2025:05:47:43 +0000] "POST /wp-cron.php?doing_wp_cron=1759902463.6463520526885986328125 HTTP/1.1" 200 - "-" "WordPress/6.8.3; https://klmalaygirl.net"
157.55.39.8 - - [08/Oct/2025:05:47:44 +0000] "GET /?s=seri+wahyu+residence HTTP/1.1" 200 32569 "-" "Mozilla/5.0 AppleWebKit/537.36 (KHTML, like Gecko; compatible; bingbot/2.0; +http://www.bing.com/bingbot.htm) Chrome/116.0.1938.76 Safari/537.36"
203.161.56.247 - - [08/Oct/2025:05:47:53 +0000] "POST /wp-cron.php?doing_wp_cron=1759902473.4658980369567871093750 HTTP/1.1" 200 - "-" "WordPress/6.8.3; https://klmalaygirl.net"
203.161.56.247 - - [08/Oct/2025:05:48:09 +0000] "POST /wp-cron.php?doing_wp_cron=1759902489.3155910968780517578125 HTTP/1.1" 200 - "-" "WordPress/6.8.3; https://klmalaygirl.net"
203.161.56.247 - - [08/Oct/2025:05:49:41 +0000] "POST /wp-cron.php?doing_wp_cron=1759902581.6656930446624755859375 HTTP/1.1" 200 - "-" "WordPress/6.8.3; https://klmalaygirl.net"
203.161.56.247 - - [08/Oct/2025:05:51:48 +0000] "POST /wp-cron.php?doing_wp_cron=1759902708.1021740436553955078125 HTTP/1.1" 200 - "-" "WordPress/6.8.3; https://klmalaygirl.net"
157.55.39.8 - - [08/Oct/2025:05:51:46 +0000] "GET /?s=%EB%B3%B4%ED%97%98+%EC%88%98%EC%88%98%EB%A3%8C+%EB%A8%B9%ED%8A%80 HTTP/1.1" 200 32698 "-" "Mozilla/5.0 AppleWebKit/537.36 (KHTML, like Gecko; compatible; bingbot/2.0; +http://www.bing.com/bingbot.htm) Chrome/116.0.1938.76 Safari/537.36"
203.161.56.247 - - [08/Oct/2025:05:52:46 +0000] "POST /wp-cron.php?doing_wp_cron=1759902766.1036379337310791015625 HTTP/1.1" 200 - "-" "WordPress/6.8.3; https://klmalaygirl.net"
85.208.96.196 - - [08/Oct/2025:05:52:44 +0000] "GET /robots.txt HTTP/1.1" 200 150 "-" "Mozilla/5.0 (compatible; SemrushBot/7~bl; +http://www.semrush.com/bot.html)"
85.208.96.197 - - [08/Oct/2025:05:52:46 +0000] "GET /Escorts/vietnam-girls/ HTTP/1.1" 200 46060 "-" "Mozilla/5.0 (compatible; SemrushBot/7~bl; +http://www.semrush.com/bot.html)"
203.161.56.247 - - [08/Oct/2025:05:54:01 +0000] "POST /wp-cron.php?doing_wp_cron=1759902841.4850370883941650390625 HTTP/1.1" 200 - "-" "WordPress/6.8.3; https://klmalaygirl.net"
40.77.167.42 - - [08/Oct/2025:05:53:58 +0000] "GET /?s=%E0%B8%AD%E0%B8%B2%E0%B8%81%E0%B8%B2%E0%B8%A3%E0%B9%83%E0%B8%88%E0%B8%AB%E0%B8%A7%E0%B8%B4%E0%B8%A7%E0%B9%86+%E0%B8%A7%E0%B8%B9%E0%B8%9A%E0%B9%86+%E0%B9%80%E0%B8%81%E0%B8%B4%E0%B8%94%E0%B8%88%E0%B8%B2%E0%B8%81%E0%B8%AD%E0%B8%B0%E0%B9%84%E0%B8%A3 HTTP/1.1" 200 32852 "-" "Mozilla/5.0 AppleWebKit/537.36 (KHTML, like Gecko; compatible; bingbot/2.0; +http://www.bing.com/bingbot.htm) Chrome/116.0.1938.76 Safari/537.36"
203.161.56.247 - - [08/Oct/2025:06:04:09 +0000] "POST /wp-cron.php?doing_wp_cron=1759903449.3078720569610595703125 HTTP/1.1" 200 - "-" "WordPress/6.8.3; https://klmalaygirl.net"
207.46.13.107 - - [08/Oct/2025:06:04:07 +0000] "GET /?s=sri+vitthala+giridhari+parabrahmane+namaha+mp3+download HTTP/1.1" 200 32639 "-" "Mozilla/5.0 AppleWebKit/537.36 (KHTML, like Gecko; compatible; bingbot/2.0; +http://www.bing.com/bingbot.htm) Chrome/116.0.1938.76 Safari/537.36"
54.39.89.126 - - [08/Oct/2025:06:04:10 +0000] "GET /kl-escorts/kl-escort-sumi/ HTTP/1.1" 200 45189 "-" "Mozilla/5.0 (compatible; AhrefsBot/7.0; +http://ahrefs.com/robot/)"
203.161.56.247 - - [08/Oct/2025:06:04:39 +0000] "POST /wp-cron.php?doing_wp_cron=1759903479.2528231143951416015625 HTTP/1.1" 200 - "-" "WordPress/6.8.3; https://klmalaygirl.net"
207.46.13.107 - - [08/Oct/2025:06:04:37 +0000] "GET /?s=phuket+airport+accident HTTP/1.1" 200 32574 "-" "Mozilla/5.0 AppleWebKit/537.36 (KHTML, like Gecko; compatible; bingbot/2.0; +http://www.bing.com/bingbot.htm) Chrome/116.0.1938.76 Safari/537.36"
203.161.56.247 - - [08/Oct/2025:06:07:41 +0000] "POST /wp-cron.php?doing_wp_cron=1759903661.8970909118652343750000 HTTP/1.1" 200 - "-" "WordPress/6.8.3; https://klmalaygirl.net"
157.55.39.48 - - [08/Oct/2025:06:07:39 +0000] "GET /?s=spectrum+apartment+for+house+rental HTTP/1.1" 200 32590 "-" "Mozilla/5.0 AppleWebKit/537.36 (KHTML, like Gecko; compatible; bingbot/2.0; +http://www.bing.com/bingbot.htm) Chrome/116.0.1938.76 Safari/537.36"
203.161.56.247 - - [08/Oct/2025:06:07:43 +0000] "GET /blog/ HTTP/1.1" 200 40872 "-" "WP Rocket/Preload"
203.161.56.247 - - [08/Oct/2025:06:07:46 +0000] "GET /blog/ HTTP/1.1" 200 41145 "-" "WP Rocket/Preload Mozilla/5.0 (iPhone; CPU iPhone OS 9_1 like Mac OS X) AppleWebKit/601.1.46 (KHTML, like Gecko) Version/9.0 Mobile/13B143 Safari/601.1"
203.161.56.247 - - [08/Oct/2025:06:07:47 +0000] "GET /the-discerning-guide-to-reputable-malay-escort-services/ HTTP/1.1" 200 43882 "-" "WP Rocket/Preload"
203.161.56.247 - - [08/Oct/2025:06:07:49 +0000] "GET /the-discerning-guide-to-reputable-malay-escort-services/ HTTP/1.1" 200 44194 "-" "WP Rocket/Preload Mozilla/5.0 (iPhone; CPU iPhone OS 9_1 like Mac OS X) AppleWebKit/601.1.46 (KHTML, like Gecko) Version/9.0 Mobile/13B143 Safari/601.1"
203.161.56.247 - - [08/Oct/2025:06:07:50 +0000] "GET /selecting-the-best-escort-service-in-kuala-lumpur/ HTTP/1.1" 200 44952 "-" "WP Rocket/Preload"
203.161.56.247 - - [08/Oct/2025:06:07:52 +0000] "GET /selecting-the-best-escort-service-in-kuala-lumpur/ HTTP/1.1" 200 44959 "-" "WP Rocket/Preload Mozilla/5.0 (iPhone; CPU iPhone OS 9_1 like Mac OS X) AppleWebKit/601.1.46 (KHTML, like Gecko) Version/9.0 Mobile/13B143 Safari/601.1"
203.161.56.247 - - [08/Oct/2025:06:07:53 +0000] "GET /the-choice-of-underwear-for-all-occasions/ HTTP/1.1" 200 42991 "-" "WP Rocket/Preload"
203.161.56.247 - - [08/Oct/2025:06:07:55 +0000] "GET /the-choice-of-underwear-for-all-occasions/ HTTP/1.1" 200 42996 "-" "WP Rocket/Preload Mozilla/5.0 (iPhone; CPU iPhone OS 9_1 like Mac OS X) AppleWebKit/601.1.46 (KHTML, like Gecko) Version/9.0 Mobile/13B143 Safari/601.1"
203.161.56.247 - - [08/Oct/2025:06:07:58 +0000] "GET /how-to-choose-perfect-underwear/ HTTP/1.1" 200 43097 "-" "WP Rocket/Preload Mozilla/5.0 (iPhone; CPU iPhone OS 9_1 like Mac OS X) AppleWebKit/601.1.46 (KHTML, like Gecko) Version/9.0 Mobile/13B143 Safari/601.1"
203.161.56.247 - - [08/Oct/2025:06:07:56 +0000] "GET /how-to-choose-perfect-underwear/ HTTP/1.1" 200 43072 "-" "WP Rocket/Preload"
203.161.56.247 - - [08/Oct/2025:06:09:12 +0000] "POST /wp-cron.php?doing_wp_cron=1759903752.3638699054718017578125 HTTP/1.1" 200 - "-" "WordPress/6.8.3; https://klmalaygirl.net"
157.55.39.7 - - [08/Oct/2025:06:09:10 +0000] "GET /?s=ipoh+manhattan+condominium+for+sale HTTP/1.1" 200 32594 "-" "Mozilla/5.0 AppleWebKit/537.36 (KHTML, like Gecko; compatible; bingbot/2.0; +http://www.bing.com/bingbot.htm) Chrome/116.0.1938.76 Safari/537.36"
103.116.44.123 - - [08/Oct/2025:06:14:18 +0000] "GET / HTTP/1.1" 200 47346 "http://www.openurls.com.cn/" "Mozilla/5.0 (Windows NT 10.0; Win64; x64) AppleWebKit/537.36 (KHTML, like Gecko) Chrome/140.0.0.0 Safari/537.36"
103.116.44.123 - - [08/Oct/2025:06:14:20 +0000] "GET /xygansof/css/dist/block-library/style.min.css?ver=6.8.3 HTTP/1.1" 200 15315 "https://klmalaygirl.net/" "Mozilla/5.0 (Windows NT 10.0; Win64; x64) AppleWebKit/537.36 (KHTML, like Gecko) Chrome/140.0.0.0 Safari/537.36"
103.116.44.123 - - [08/Oct/2025:06:14:20 +0000] "GET /wystipoo/cache/min/1/wp-content/plugins/easy-video-player/lib/plyr.css?ver=1755441889 HTTP/1.1" 200 5279 "https://klmalaygirl.net/" "Mozilla/5.0 (Windows NT 10.0; Win64; x64) AppleWebKit/537.36 (KHTML, like Gecko) Chrome/140.0.0.0 Safari/537.36"
103.116.44.71 - - [08/Oct/2025:06:14:21 +0000] "GET /wystipoo/cache/min/1/wp-content/plugins/woocommerce/assets/css/woocommerce-layout.css?ver=1755441889 HTTP/1.1" 200 3414 "https://klmalaygirl.net/" "Mozilla/5.0 (Windows NT 10.0; Win64; x64) AppleWebKit/537.36 (KHTML, like Gecko) Chrome/140.0.0.0 Safari/537.36"
103.116.44.78 - - [08/Oct/2025:06:14:21 +0000] "GET /wystipoo/cache/min/1/wp-content/plugins/woocommerce/assets/css/woocommerce.css?ver=1755441889 HTTP/1.1" 200 10909 "https://klmalaygirl.net/" "Mozilla/5.0 (Windows NT 10.0; Win64; x64) AppleWebKit/537.36 (KHTML, like Gecko) Chrome/140.0.0.0 Safari/537.36"
103.116.44.76 - - [08/Oct/2025:06:14:21 +0000] "GET /wystipoo/cache/min/1/wp-content/plugins/woocommerce/assets/css/brands.css?ver=1755441889 HTTP/1.1" 200 684 "https://klmalaygirl.net/" "Mozilla/5.0 (Windows NT 10.0; Win64; x64) AppleWebKit/537.36 (KHTML, like Gecko) Chrome/140.0.0.0 Safari/537.36"
103.116.44.78 - - [08/Oct/2025:06:14:21 +0000] "GET /wystipoo/cache/min/1/wp-content/themes/betheme/css/be.css?ver=1755441891 HTTP/1.1" 200 71593 "https://klmalaygirl.net/" "Mozilla/5.0 (Windows NT 10.0; Win64; x64) AppleWebKit/537.36 (KHTML, like Gecko) Chrome/140.0.0.0 Safari/537.36"
103.116.44.123 - - [08/Oct/2025:06:14:21 +0000] "GET /wholsoar/assets/animations/animations.min.css?ver=28.1.5 HTTP/1.1" 200 5588 "https://klmalaygirl.net/" "Mozilla/5.0 (Windows NT 10.0; Win64; x64) AppleWebKit/537.36 (KHTML, like Gecko) Chrome/140.0.0.0 Safari/537.36"
103.116.44.71 - - [08/Oct/2025:06:14:21 +0000] "GET /wystipoo/cache/min/1/wp-content/themes/betheme/css/responsive.css?ver=1755441892 HTTP/1.1" 200 9872 "https://klmalaygirl.net/" "Mozilla/5.0 (Windows NT 10.0; Win64; x64) AppleWebKit/537.36 (KHTML, like Gecko) Chrome/140.0.0.0 Safari/537.36"
103.116.44.89 - - [08/Oct/2025:06:14:21 +0000] "GET /wystipoo/cache/min/1/wp-content/themes/betheme/fonts/fontawesome/fontawesome.css?ver=1755441892 HTTP/1.1" 200 12757 "https://klmalaygirl.net/" "Mozilla/5.0 (Windows NT 10.0; Win64; x64) AppleWebKit/537.36 (KHTML, like Gecko) Chrome/140.0.0.0 Safari/537.36"
103.116.44.76 - - [08/Oct/2025:06:14:21 +0000] "GET /wystipoo/cache/min/1/wp-content/themes/betheme/css/woocommerce.css?ver=1755441892 HTTP/1.1" 200 21488 "https://klmalaygirl.net/" "Mozilla/5.0 (Windows NT 10.0; Win64; x64) AppleWebKit/537.36 (KHTML, like Gecko) Chrome/140.0.0.0 Safari/537.36"
103.116.44.78 - - [08/Oct/2025:06:14:21 +0000] "GET /meevyduh/2025/04/KL-Escort-Yasmine-1-852x1200.jpg HTTP/1.1" 200 146534 "https://klmalaygirl.net/" "Mozilla/5.0 (Windows NT 10.0; Win64; x64) AppleWebKit/537.36 (KHTML, like Gecko) Chrome/140.0.0.0 Safari/537.36"
103.116.44.123 - - [08/Oct/2025:06:14:22 +0000] "GET /meevyduh/2022/10/lingerie-category-underwear.webp HTTP/1.1" 200 188256 "https://klmalaygirl.net/" "Mozilla/5.0 (Windows NT 10.0; Win64; x64) AppleWebKit/537.36 (KHTML, like Gecko) Chrome/140.0.0.0 Safari/537.36"
103.116.44.71 - - [08/Oct/2025:06:14:22 +0000] "GET /meevyduh/2022/09/lingerie-header-icon1.svg HTTP/1.1" 200 436 "https://klmalaygirl.net/" "Mozilla/5.0 (Windows NT 10.0; Win64; x64) AppleWebKit/537.36 (KHTML, like Gecko) Chrome/140.0.0.0 Safari/537.36"
103.116.44.76 - - [08/Oct/2025:06:14:22 +0000] "GET /meevyduh/2025/02/kl-malay-girl-logo.png HTTP/1.1" 200 6967 "https://klmalaygirl.net/" "Mozilla/5.0 (Windows NT 10.0; Win64; x64) AppleWebKit/537.36 (KHTML, like Gecko) Chrome/140.0.0.0 Safari/537.36"
103.116.44.78 - - [08/Oct/2025:06:14:22 +0000] "GET /jitchigr/revslider/sr6/assets/assets/dummy.png HTTP/1.1" 200 68 "https://klmalaygirl.net/" "Mozilla/5.0 (Windows NT 10.0; Win64; x64) AppleWebKit/537.36 (KHTML, like Gecko) Chrome/140.0.0.0 Safari/537.36"
103.116.44.89 - - [08/Oct/2025:06:14:22 +0000] "GET /wholsoar/fonts/mfn/icons.woff2?3522148 HTTP/1.1" 200 72622 "https://klmalaygirl.net/wystipoo/cache/min/1/wp-content/themes/betheme/css/be.css?ver=1755441891" "Mozilla/5.0 (Windows NT 10.0; Win64; x64) AppleWebKit/537.36 (KHTML, like Gecko) Chrome/140.0.0.0 Safari/537.36"
103.116.44.71 - - [08/Oct/2025:06:14:23 +0000] "GET /wystipoo/cache/min/1/wp-content/plugins/woocommerce/assets/client/blocks/wc-blocks.css?ver=1755441892 HTTP/1.1" 200 2573 "https://klmalaygirl.net/" "Mozilla/5.0 (Windows NT 10.0; Win64; x64) AppleWebKit/537.36 (KHTML, like Gecko) Chrome/140.0.0.0 Safari/537.36"
103.116.44.78 - - [08/Oct/2025:06:14:23 +0000] "GET /meevyduh/2025/03/KL-Escort-Sumi-1-852x1200.jpg HTTP/1.1" 200 117969 "https://klmalaygirl.net/" "Mozilla/5.0 (Windows NT 10.0; Win64; x64) AppleWebKit/537.36 (KHTML, like Gecko) Chrome/140.0.0.0 Safari/537.36"
103.116.44.76 - - [08/Oct/2025:06:14:23 +0000] "GET /meevyduh/2025/03/KL-Escort-SanSan-1-852x1200.jpg HTTP/1.1" 200 117061 "https://klmalaygirl.net/" "Mozilla/5.0 (Windows NT 10.0; Win64; x64) AppleWebKit/537.36 (KHTML, like Gecko) Chrome/140.0.0.0 Safari/537.36"
103.116.44.71 - - [08/Oct/2025:06:14:23 +0000] "GET /meevyduh/2025/03/KL-Escort-Porscher-1-852x1200.jpg HTTP/1.1" 200 108191 "https://klmalaygirl.net/" "Mozilla/5.0 (Windows NT 10.0; Win64; x64) AppleWebKit/537.36 (KHTML, like Gecko) Chrome/140.0.0.0 Safari/537.36"
103.116.44.89 - - [08/Oct/2025:06:14:24 +0000] "GET /wystipoo/cache/min/1/wp-content/uploads/betheme/css/post-315.css?ver=1755441892 HTTP/1.1" 200 531 "https://klmalaygirl.net/" "Mozilla/5.0 (Windows NT 10.0; Win64; x64) AppleWebKit/537.36 (KHTML, like Gecko) Chrome/140.0.0.0 Safari/537.36"
103.116.44.78 - - [08/Oct/2025:06:14:24 +0000] "GET /meevyduh/2025/04/KL-Escort-Novita-2-852x1200.jpg HTTP/1.1" 200 119928 "https://klmalaygirl.net/" "Mozilla/5.0 (Windows NT 10.0; Win64; x64) AppleWebKit/537.36 (KHTML, like Gecko) Chrome/140.0.0.0 Safari/537.36"
103.116.44.78 - - [08/Oct/2025:06:14:24 +0000] "GET /meevyduh/2025/04/KL-Escort-Shelly-1-852x1200.jpg HTTP/1.1" 200 115095 "https://klmalaygirl.net/" "Mozilla/5.0 (Windows NT 10.0; Win64; x64) AppleWebKit/537.36 (KHTML, like Gecko) Chrome/140.0.0.0 Safari/537.36"
103.116.44.76 - - [08/Oct/2025:06:14:24 +0000] "GET /meevyduh/2025/03/KL-Escort-Nina-1-852x1200.jpg HTTP/1.1" 200 96021 "https://klmalaygirl.net/" "Mozilla/5.0 (Windows NT 10.0; Win64; x64) AppleWebKit/537.36 (KHTML, like Gecko) Chrome/140.0.0.0 Safari/537.36"
103.116.44.123 - - [08/Oct/2025:06:14:25 +0000] "GET /meevyduh/2025/03/KL-Escort-Patty-1-852x1200.jpg HTTP/1.1" 200 94955 "https://klmalaygirl.net/" "Mozilla/5.0 (Windows NT 10.0; Win64; x64) AppleWebKit/537.36 (KHTML, like Gecko) Chrome/140.0.0.0 Safari/537.36"
103.116.44.89 - - [08/Oct/2025:06:14:25 +0000] "GET /wystipoo/cache/min/1/wp-content/themes/betheme/css/elements/divider-2.css?ver=1755441892 HTTP/1.1" 200 49565 "https://klmalaygirl.net/" "Mozilla/5.0 (Windows NT 10.0; Win64; x64) AppleWebKit/537.36 (KHTML, like Gecko) Chrome/140.0.0.0 Safari/537.36"
103.116.44.89 - - [08/Oct/2025:06:14:25 +0000] "GET /wystipoo/cache/min/1/wp-content/uploads/betheme/css/post-814.css?ver=1755441892 HTTP/1.1" 200 1464 "https://klmalaygirl.net/" "Mozilla/5.0 (Windows NT 10.0; Win64; x64) AppleWebKit/537.36 (KHTML, like Gecko) Chrome/140.0.0.0 Safari/537.36"
103.116.44.78 - - [08/Oct/2025:06:14:26 +0000] "GET /wystipoo/cache/min/1/wp-content/uploads/betheme/css/post-807.css?ver=1755441892 HTTP/1.1" 200 676 "https://klmalaygirl.net/" "Mozilla/5.0 (Windows NT 10.0; Win64; x64) AppleWebKit/537.36 (KHTML, like Gecko) Chrome/140.0.0.0 Safari/537.36"
103.116.44.78 - - [08/Oct/2025:06:14:26 +0000] "GET /jitchigr/creame-whatsapp-me/public/css/joinchat.min.css?ver=6.0.8 HTTP/1.1" 200 5095 "https://klmalaygirl.net/" "Mozilla/5.0 (Windows NT 10.0; Win64; x64) AppleWebKit/537.36 (KHTML, like Gecko) Chrome/140.0.0.0 Safari/537.36"
103.116.44.89 - - [08/Oct/2025:06:14:26 +0000] "GET /wystipoo/cache/min/1/wp-content/uploads/betheme/css/post-235.css?ver=1755441892 HTTP/1.1" 200 831 "https://klmalaygirl.net/" "Mozilla/5.0 (Windows NT 10.0; Win64; x64) AppleWebKit/537.36 (KHTML, like Gecko) Chrome/140.0.0.0 Safari/537.36"
103.116.44.78 - - [08/Oct/2025:06:14:26 +0000] "GET /meevyduh/2025/03/KL-Escort-SanSan-4.jpg HTTP/1.1" 200 154930 "https://klmalaygirl.net/" "Mozilla/5.0 (Windows NT 10.0; Win64; x64) AppleWebKit/537.36 (KHTML, like Gecko) Chrome/140.0.0.0 Safari/537.36"
103.116.44.71 - - [08/Oct/2025:06:14:26 +0000] "GET /meevyduh/2025/03/KL-Escort-Marry-2.jpg HTTP/1.1" 200 157969 "https://klmalaygirl.net/" "Mozilla/5.0 (Windows NT 10.0; Win64; x64) AppleWebKit/537.36 (KHTML, like Gecko) Chrome/140.0.0.0 Safari/537.36"
103.116.44.123 - - [08/Oct/2025:06:14:26 +0000] "GET /wystipoo/cache/min/1/wp-content/plugins/revslider/sr6/assets/css/rs6.css?ver=1755441892 HTTP/1.1" 200 9593 "https://klmalaygirl.net/" "Mozilla/5.0 (Windows NT 10.0; Win64; x64) AppleWebKit/537.36 (KHTML, like Gecko) Chrome/140.0.0.0 Safari/537.36"
103.116.44.76 - - [08/Oct/2025:06:14:26 +0000] "GET /meevyduh/2025/03/KL-Escort-Sumi-3.jpg HTTP/1.1" 200 191815 "https://klmalaygirl.net/" "Mozilla/5.0 (Windows NT 10.0; Win64; x64) AppleWebKit/537.36 (KHTML, like Gecko) Chrome/140.0.0.0 Safari/537.36"
103.116.44.78 - - [08/Oct/2025:06:14:26 +0000] "GET /meevyduh/2025/03/KL-Escort-Lynn-2.jpg HTTP/1.1" 200 201652 "https://klmalaygirl.net/" "Mozilla/5.0 (Windows NT 10.0; Win64; x64) AppleWebKit/537.36 (KHTML, like Gecko) Chrome/140.0.0.0 Safari/537.36"
103.116.44.123 - - [08/Oct/2025:06:14:27 +0000] "GET /meevyduh/2025/02/kl-malay-girl-logo-footer.png HTTP/1.1" 200 7089 "https://klmalaygirl.net/" "Mozilla/5.0 (Windows NT 10.0; Win64; x64) AppleWebKit/537.36 (KHTML, like Gecko) Chrome/140.0.0.0 Safari/537.36"
103.116.44.89 - - [08/Oct/2025:06:14:27 +0000] "GET /meevyduh/2022/09/lingerie-slider-pic1.webp HTTP/1.1" 200 75866 "https://klmalaygirl.net/" "Mozilla/5.0 (Windows NT 10.0; Win64; x64) AppleWebKit/537.36 (KHTML, like Gecko) Chrome/140.0.0.0 Safari/537.36"
103.116.44.123 - - [08/Oct/2025:06:14:27 +0000] "GET /meevyduh/2025/03/klmalaygirl-slider-pic2.webp HTTP/1.1" 200 73044 "https://klmalaygirl.net/" "Mozilla/5.0 (Windows NT 10.0; Win64; x64) AppleWebKit/537.36 (KHTML, like Gecko) Chrome/140.0.0.0 Safari/537.36"
103.116.44.78 - - [08/Oct/2025:06:14:27 +0000] "GET /meevyduh/2022/09/lingerie-slider-pic2.webp HTTP/1.1" 200 309396 "https://klmalaygirl.net/" "Mozilla/5.0 (Windows NT 10.0; Win64; x64) AppleWebKit/537.36 (KHTML, like Gecko) Chrome/140.0.0.0 Safari/537.36"
103.116.44.78 - - [08/Oct/2025:06:14:32 +0000] "GET /xygansof/js/jquery/jquery.min.js?ver=3.7.1 HTTP/1.1" 200 30368 "https://klmalaygirl.net/" "Mozilla/5.0 (Windows NT 10.0; Win64; x64) AppleWebKit/537.36 (KHTML, like Gecko) Chrome/140.0.0.0 Safari/537.36"
103.116.44.78 - - [08/Oct/2025:06:14:33 +0000] "GET /xygansof/js/jquery/jquery-migrate.min.js?ver=3.4.1 HTTP/1.1" 200 4872 "https://klmalaygirl.net/" "Mozilla/5.0 (Windows NT 10.0; Win64; x64) AppleWebKit/537.36 (KHTML, like Gecko) Chrome/140.0.0.0 Safari/537.36"
103.116.44.78 - - [08/Oct/2025:06:14:33 +0000] "GET /meevyduh/2025/03/KL-Escort-Nicha-1-852x1200.jpg HTTP/1.1" 200 139462 "https://klmalaygirl.net/" "Mozilla/5.0 (Windows NT 10.0; Win64; x64) AppleWebKit/537.36 (KHTML, like Gecko) Chrome/140.0.0.0 Safari/537.36"
103.116.44.106 - - [08/Oct/2025:06:14:34 +0000] "GET /wystipoo/cache/min/1/wp-content/plugins/easy-video-player/lib/plyr.js?ver=1755441892 HTTP/1.1" 200 31769 "https://klmalaygirl.net/" "Mozilla/5.0 (Windows NT 10.0; Win64; x64) AppleWebKit/537.36 (KHTML, like Gecko) Chrome/140.0.0.0 Safari/537.36"
103.116.44.89 - - [08/Oct/2025:06:14:34 +0000] "GET /meevyduh/2025/03/KL-Escort-Milk-1-852x1200.jpg HTTP/1.1" 200 170378 "https://klmalaygirl.net/" "Mozilla/5.0 (Windows NT 10.0; Win64; x64) AppleWebKit/537.36 (KHTML, like Gecko) Chrome/140.0.0.0 Safari/537.36"
103.129.196.232 - - [08/Oct/2025:06:14:34 +0000] "GET /meevyduh/2025/03/KL-Escort-Marry-1-852x1200.jpg HTTP/1.1" 200 128588 "https://klmalaygirl.net/" "Mozilla/5.0 (Windows NT 10.0; Win64; x64) AppleWebKit/537.36 (KHTML, like Gecko) Chrome/140.0.0.0 Safari/537.36"
103.116.44.106 - - [08/Oct/2025:06:14:34 +0000] "GET /meevyduh/2025/03/KL-Escort-Lynn-1-852x1200.jpg HTTP/1.1" 200 161281 "https://klmalaygirl.net/" "Mozilla/5.0 (Windows NT 10.0; Win64; x64) AppleWebKit/537.36 (KHTML, like Gecko) Chrome/140.0.0.0 Safari/537.36"
103.116.44.129 - - [08/Oct/2025:06:14:35 +0000] "GET /jitchigr/woocommerce/assets/js/jquery-blockui/jquery.blockUI.min.js?ver=2.7.0-wc.10.2.1 HTTP/1.1" 200 3537 "https://klmalaygirl.net/" "Mozilla/5.0 (Windows NT 10.0; Win64; x64) AppleWebKit/537.36 (KHTML, like Gecko) Chrome/140.0.0.0 Safari/537.36"
103.116.44.78 - - [08/Oct/2025:06:14:35 +0000] "GET /meevyduh/2025/03/KL-Escort-Emily-1-852x1200.jpg HTTP/1.1" 200 77007 "https://klmalaygirl.net/" "Mozilla/5.0 (Windows NT 10.0; Win64; x64) AppleWebKit/537.36 (KHTML, like Gecko) Chrome/140.0.0.0 Safari/537.36"
103.116.44.92 - - [08/Oct/2025:06:14:35 +0000] "GET /meevyduh/2025/04/KL-Escort-Tania-1-852x1200.jpg HTTP/1.1" 200 90344 "https://klmalaygirl.net/" "Mozilla/5.0 (Windows NT 10.0; Win64; x64) AppleWebKit/537.36 (KHTML, like Gecko) Chrome/140.0.0.0 Safari/537.36"
103.116.44.89 - - [08/Oct/2025:06:14:35 +0000] "GET /meevyduh/2025/04/KL-Escort-Cinta-1-852x1200.jpg HTTP/1.1" 200 101394 "https://klmalaygirl.net/" "Mozilla/5.0 (Windows NT 10.0; Win64; x64) AppleWebKit/537.36 (KHTML, like Gecko) Chrome/140.0.0.0 Safari/537.36"
103.116.44.129 - - [08/Oct/2025:06:14:35 +0000] "GET /meevyduh/2025/04/KL-Escort-Siti-1-852x1200.jpg HTTP/1.1" 200 162909 "https://klmalaygirl.net/" "Mozilla/5.0 (Windows NT 10.0; Win64; x64) AppleWebKit/537.36 (KHTML, like Gecko) Chrome/140.0.0.0 Safari/537.36"
103.116.44.78 - - [08/Oct/2025:06:14:36 +0000] "GET /jitchigr/woocommerce/assets/js/frontend/add-to-cart.min.js?ver=10.2.1 HTTP/1.1" 200 1368 "https://klmalaygirl.net/" "Mozilla/5.0 (Windows NT 10.0; Win64; x64) AppleWebKit/537.36 (KHTML, like Gecko) Chrome/140.0.0.0 Safari/537.36"
103.129.196.232 - - [08/Oct/2025:06:14:36 +0000] "GET /meevyduh/2022/10/lingerie-home-pic2.webp HTTP/1.1" 200 45538 "https://klmalaygirl.net/" "Mozilla/5.0 (Windows NT 10.0; Win64; x64) AppleWebKit/537.36 (KHTML, like Gecko) Chrome/140.0.0.0 Safari/537.36"
103.116.44.78 - - [08/Oct/2025:06:14:36 +0000] "GET /meevyduh/2025/03/KL-Escorts-Amy-1-852x1200.jpg HTTP/1.1" 200 147322 "https://klmalaygirl.net/" "Mozilla/5.0 (Windows NT 10.0; Win64; x64) AppleWebKit/537.36 (KHTML, like Gecko) Chrome/140.0.0.0 Safari/537.36"
103.116.44.89 - - [08/Oct/2025:06:14:36 +0000] "GET /jitchigr/woocommerce/assets/js/js-cookie/js.cookie.min.js?ver=2.1.4-wc.10.2.1 HTTP/1.1" 200 833 "https://klmalaygirl.net/" "Mozilla/5.0 (Windows NT 10.0; Win64; x64) AppleWebKit/537.36 (KHTML, like Gecko) Chrome/140.0.0.0 Safari/537.36"
103.116.44.129 - - [08/Oct/2025:06:14:36 +0000] "GET /jitchigr/woocommerce/assets/js/frontend/cart-fragments.min.js?ver=10.2.1 HTTP/1.1" 200 1045 "https://klmalaygirl.net/" "Mozilla/5.0 (Windows NT 10.0; Win64; x64) AppleWebKit/537.36 (KHTML, like Gecko) Chrome/140.0.0.0 Safari/537.36"
103.116.44.89 - - [08/Oct/2025:06:14:36 +0000] "GET /jitchigr/woocommerce/assets/js/frontend/woocommerce.min.js?ver=10.2.1 HTTP/1.1" 200 1474 "https://klmalaygirl.net/" "Mozilla/5.0 (Windows NT 10.0; Win64; x64) AppleWebKit/537.36 (KHTML, like Gecko) Chrome/140.0.0.0 Safari/537.36"
103.116.44.92 - - [08/Oct/2025:06:14:36 +0000] "GET /meevyduh/2022/10/lingerie-home-pic1.webp HTTP/1.1" 200 58750 "https://klmalaygirl.net/" "Mozilla/5.0 (Windows NT 10.0; Win64; x64) AppleWebKit/537.36 (KHTML, like Gecko) Chrome/140.0.0.0 Safari/537.36"
103.116.44.129 - - [08/Oct/2025:06:14:37 +0000] "GET /xygansof/js/jquery/ui/tabs.min.js?ver=1.13.3 HTTP/1.1" 200 3945 "https://klmalaygirl.net/" "Mozilla/5.0 (Windows NT 10.0; Win64; x64) AppleWebKit/537.36 (KHTML, like Gecko) Chrome/140.0.0.0 Safari/537.36"
103.116.44.106 - - [08/Oct/2025:06:14:37 +0000] "GET /meevyduh/2025/03/KL-Escorts-Chanel-1-852x1200.jpg HTTP/1.1" 200 100800 "https://klmalaygirl.net/" "Mozilla/5.0 (Windows NT 10.0; Win64; x64) AppleWebKit/537.36 (KHTML, like Gecko) Chrome/140.0.0.0 Safari/537.36"
103.116.44.89 - - [08/Oct/2025:06:14:37 +0000] "GET /xygansof/js/jquery/ui/core.min.js?ver=1.13.3 HTTP/1.1" 200 7106 "https://klmalaygirl.net/" "Mozilla/5.0 (Windows NT 10.0; Win64; x64) AppleWebKit/537.36 (KHTML, like Gecko) Chrome/140.0.0.0 Safari/537.36"
103.116.44.129 - - [08/Oct/2025:06:14:37 +0000] "GET /wholsoar/js/plugins/debouncedresize.min.js?ver=28.1.5 HTTP/1.1" 200 297 "https://klmalaygirl.net/" "Mozilla/5.0 (Windows NT 10.0; Win64; x64) AppleWebKit/537.36 (KHTML, like Gecko) Chrome/140.0.0.0 Safari/537.36"
103.116.44.129 - - [08/Oct/2025:06:14:37 +0000] "GET /wystipoo/cache/min/1/wp-content/themes/betheme/js/menu.js?ver=1755441892 HTTP/1.1" 200 748 "https://klmalaygirl.net/" "Mozilla/5.0 (Windows NT 10.0; Win64; x64) AppleWebKit/537.36 (KHTML, like Gecko) Chrome/140.0.0.0 Safari/537.36"
103.116.44.89 - - [08/Oct/2025:06:14:37 +0000] "GET /wholsoar/js/plugins/magnificpopup.min.js?ver=28.1.5 HTTP/1.1" 200 7323 "https://klmalaygirl.net/" "Mozilla/5.0 (Windows NT 10.0; Win64; x64) AppleWebKit/537.36 (KHTML, like Gecko) Chrome/140.0.0.0 Safari/537.36"
103.116.44.92 - - [08/Oct/2025:06:14:38 +0000] "GET /wholsoar/js/plugins/visible.min.js?ver=28.1.5 HTTP/1.1" 200 378 "https://klmalaygirl.net/" "Mozilla/5.0 (Windows NT 10.0; Win64; x64) AppleWebKit/537.36 (KHTML, like Gecko) Chrome/140.0.0.0 Safari/537.36"
103.116.44.129 - - [08/Oct/2025:06:14:38 +0000] "GET /wholsoar/assets/animations/animations.min.js?ver=28.1.5 HTTP/1.1" 200 627 "https://klmalaygirl.net/" "Mozilla/5.0 (Windows NT 10.0; Win64; x64) AppleWebKit/537.36 (KHTML, like Gecko) Chrome/140.0.0.0 Safari/537.36"
103.116.44.106 - - [08/Oct/2025:06:14:38 +0000] "GET /wholsoar/js/plugins/enllax.min.js?ver=28.1.5 HTTP/1.1" 200 529 "https://klmalaygirl.net/" "Mozilla/5.0 (Windows NT 10.0; Win64; x64) AppleWebKit/537.36 (KHTML, like Gecko) Chrome/140.0.0.0 Safari/537.36"
103.116.44.86 - - [08/Oct/2025:06:14:38 +0000] "GET /wholsoar/js/plugins/imagesloaded.min.js?ver=28.1.5 HTTP/1.1" 200 1784 "https://klmalaygirl.net/" "Mozilla/5.0 (Windows NT 10.0; Win64; x64) AppleWebKit/537.36 (KHTML, like Gecko) Chrome/140.0.0.0 Safari/537.36"
103.116.44.89 - - [08/Oct/2025:06:14:38 +0000] "GET /wystipoo/cache/min/1/wp-content/themes/betheme/js/parallax/translate3d.js?ver=1755441892 HTTP/1.1" 200 963 "https://klmalaygirl.net/" "Mozilla/5.0 (Windows NT 10.0; Win64; x64) AppleWebKit/537.36 (KHTML, like Gecko) Chrome/140.0.0.0 Safari/537.36"
103.116.44.78 - - [08/Oct/2025:06:14:38 +0000] "GET /wystipoo/cache/min/1/wp-content/themes/betheme/js/scripts.js?ver=1755441893 HTTP/1.1" 200 24370 "https://klmalaygirl.net/" "Mozilla/5.0 (Windows NT 10.0; Win64; x64) AppleWebKit/537.36 (KHTML, like Gecko) Chrome/140.0.0.0 Safari/537.36"
103.116.44.86 - - [08/Oct/2025:06:14:38 +0000] "GET /jitchigr/woocommerce/assets/js/sourcebuster/sourcebuster.min.js?ver=10.2.1 HTTP/1.1" 200 4807 "https://klmalaygirl.net/" "Mozilla/5.0 (Windows NT 10.0; Win64; x64) AppleWebKit/537.36 (KHTML, like Gecko) Chrome/140.0.0.0 Safari/537.36"
103.116.44.78 - - [08/Oct/2025:06:14:38 +0000] "GET /wholsoar/js/plugins/waypoints.min.js?ver=28.1.5 HTTP/1.1" 200 2746 "https://klmalaygirl.net/" "Mozilla/5.0 (Windows NT 10.0; Win64; x64) AppleWebKit/537.36 (KHTML, like Gecko) Chrome/140.0.0.0 Safari/537.36"
103.116.44.92 - - [08/Oct/2025:06:14:38 +0000] "GET /wholsoar/js/plugins/slick.min.js?ver=28.1.5 HTTP/1.1" 200 10586 "https://klmalaygirl.net/" "Mozilla/5.0 (Windows NT 10.0; Win64; x64) AppleWebKit/537.36 (KHTML, like Gecko) Chrome/140.0.0.0 Safari/537.36"
103.116.44.106 - - [08/Oct/2025:06:14:38 +0000] "GET /jitchigr/creame-whatsapp-me/public/js/joinchat.min.js?ver=6.0.8 HTTP/1.1" 200 3372 "https://klmalaygirl.net/" "Mozilla/5.0 (Windows NT 10.0; Win64; x64) AppleWebKit/537.36 (KHTML, like Gecko) Chrome/140.0.0.0 Safari/537.36"
103.116.44.89 - - [08/Oct/2025:06:14:38 +0000] "GET /jitchigr/woocommerce/assets/js/frontend/order-attribution.min.js?ver=10.2.1 HTTP/1.1" 200 1128 "https://klmalaygirl.net/" "Mozilla/5.0 (Windows NT 10.0; Win64; x64) AppleWebKit/537.36 (KHTML, like Gecko) Chrome/140.0.0.0 Safari/537.36"
103.116.44.78 - - [08/Oct/2025:06:14:39 +0000] "GET /jitchigr/revslider/sr6/assets/js/rs6.min.js?ver=6.7.4 HTTP/1.1" 200 108700 "https://klmalaygirl.net/" "Mozilla/5.0 (Windows NT 10.0; Win64; x64) AppleWebKit/537.36 (KHTML, like Gecko) Chrome/140.0.0.0 Safari/537.36"
103.116.44.106 - - [08/Oct/2025:06:14:39 +0000] "GET /xygansof/js/comment-reply.min.js?ver=6.8.3 HTTP/1.1" 200 1375 "https://klmalaygirl.net/" "Mozilla/5.0 (Windows NT 10.0; Win64; x64) AppleWebKit/537.36 (KHTML, like Gecko) Chrome/140.0.0.0 Safari/537.36"
103.116.44.89 - - [08/Oct/2025:06:14:39 +0000] "GET /wystipoo/cache/min/1/wp-content/plugins/woocommerce/assets/css/woocommerce-smallscreen.css?ver=1755441889 HTTP/1.1" 200 1279 "https://klmalaygirl.net/" "Mozilla/5.0 (Windows NT 10.0; Win64; x64) AppleWebKit/537.36 (KHTML, like Gecko) Chrome/140.0.0.0 Safari/537.36"
103.116.44.129 - - [08/Oct/2025:06:14:39 +0000] "GET /wystipoo/cache/min/1/wp-content/themes/betheme/js/woocommerce.js?ver=1755441893 HTTP/1.1" 200 8614 "https://klmalaygirl.net/" "Mozilla/5.0 (Windows NT 10.0; Win64; x64) AppleWebKit/537.36 (KHTML, like Gecko) Chrome/140.0.0.0 Safari/537.36"
103.116.44.92 - - [08/Oct/2025:06:14:39 +0000] "GET /jitchigr/revslider/sr6/assets/js/rbtools.min.js?ver=6.7.2 HTTP/1.1" 200 61824 "https://klmalaygirl.net/" "Mozilla/5.0 (Windows NT 10.0; Win64; x64) AppleWebKit/537.36 (KHTML, like Gecko) Chrome/140.0.0.0 Safari/537.36"
103.116.44.92 - - [08/Oct/2025:06:14:40 +0000] "POST /?wc-ajax=get_refreshed_fragments HTTP/1.1" 200 226 "https://klmalaygirl.net/" "Mozilla/5.0 (Windows NT 10.0; Win64; x64) AppleWebKit/537.36 (KHTML, like Gecko) Chrome/140.0.0.0 Safari/537.36"
103.116.44.92 - - [08/Oct/2025:06:14:42 +0000] "GET /meevyduh/2023/04/lingerie-popup-bg.webp HTTP/1.1" 200 197238 "https://klmalaygirl.net/wystipoo/cache/min/1/wp-content/uploads/betheme/css/post-807.css?ver=1755441892" "Mozilla/5.0 (Windows NT 10.0; Win64; x64) AppleWebKit/537.36 (KHTML, like Gecko) Chrome/140.0.0.0 Safari/537.36"
203.161.56.247 - - [08/Oct/2025:06:14:43 +0000] "POST /wp-cron.php?doing_wp_cron=1759904083.6647460460662841796875 HTTP/1.1" 200 - "-" "WordPress/6.8.3; https://klmalaygirl.net"
103.116.44.92 - - [08/Oct/2025:06:14:44 +0000] "GET /meevyduh/2025/02/cropped-iconfinder_kl-malay-girl-escort-32x32.png HTTP/1.1" 200 781 "https://klmalaygirl.net/" "Mozilla/5.0 (Windows NT 10.0; Win64; x64) AppleWebKit/537.36 (KHTML, like Gecko) Chrome/140.0.0.0 Safari/537.36"
103.116.44.78 - - [08/Oct/2025:06:14:40 +0000] "POST /wp-admin/admin-ajax.php HTTP/1.1" 200 441 "https://klmalaygirl.net/" "Mozilla/5.0 (Windows NT 10.0; Win64; x64) AppleWebKit/537.36 (KHTML, like Gecko) Chrome/140.0.0.0 Safari/537.36"
203.161.56.247 - - [08/Oct/2025:06:14:43 +0000] "POST /wp-admin/admin-ajax.php?action=as_async_request_queue_runner&nonce=6e0e18e998 HTTP/1.1" 200 - "-" "WordPress/6.8.3; https://klmalaygirl.net"
203.161.56.247 - - [08/Oct/2025:06:14:52 +0000] "POST /wp-cron.php?doing_wp_cron=1759904092.3164989948272705078125 HTTP/1.1" 200 - "-" "WordPress/6.8.3; https://klmalaygirl.net"
203.161.56.247 - - [08/Oct/2025:06:14:50 +0000] "POST /wp-admin/admin-ajax.php?action=as_async_request_queue_runner&nonce=6e0e18e998 HTTP/1.1" 200 - "-" "WordPress/6.8.3; https://klmalaygirl.net"
103.129.196.240 - - [08/Oct/2025:06:16:40 +0000] "GET /jitchigr/revslider/sr6/assets/assets/transparent.png HTTP/1.1" 200 122 "https://klmalaygirl.net/" "Mozilla/5.0 (Windows NT 10.0; Win64; x64) AppleWebKit/537.36 (KHTML, like Gecko) Chrome/140.0.0.0 Safari/537.36"
203.161.56.247 - - [08/Oct/2025:06:17:22 +0000] "POST /wp-cron.php?doing_wp_cron=1759904242.8561120033264160156250 HTTP/1.1" 200 - "-" "WordPress/6.8.3; https://klmalaygirl.net"
52.167.144.24 - - [08/Oct/2025:06:17:20 +0000] "GET /?s=%E7%9F%B3%E9%BB%84%E6%B5%B7%E5%8F%A4%E8%91%A3%E6%94%B6%E8%97%8F%E5%AE%B6 HTTP/1.1" 200 32734 "-" "Mozilla/5.0 AppleWebKit/537.36 (KHTML, like Gecko; compatible; bingbot/2.0; +http://www.bing.com/bingbot.htm) Chrome/116.0.1938.76 Safari/537.36"
203.161.56.247 - - [08/Oct/2025:06:23:54 +0000] "POST /wp-cron.php?doing_wp_cron=1759904634.6861310005187988281250 HTTP/1.1" 200 - "-" "WordPress/6.8.3; https://klmalaygirl.net"
157.55.39.56 - - [08/Oct/2025:06:23:52 +0000] "GET /?s=%E0%B8%95%E0%B9%89%E0%B8%99%E0%B8%94%E0%B8%AD%E0%B8%81%E0%B9%81%E0%B8%81%E0%B9%89%E0%B8%A7 HTTP/1.1" 200 32688 "-" "Mozilla/5.0 AppleWebKit/537.36 (KHTML, like Gecko; compatible; bingbot/2.0; +http://www.bing.com/bingbot.htm) Chrome/116.0.1938.76 Safari/537.36"
203.161.56.247 - - [08/Oct/2025:06:30:53 +0000] "POST /wp-cron.php?doing_wp_cron=1759905053.1405160427093505859375 HTTP/1.1" 200 - "-" "WordPress/6.8.3; https://klmalaygirl.net"
40.77.167.73 - - [08/Oct/2025:06:30:51 +0000] "GET /?s=V%C4%83n+b%E1%BA%A3n+s%E1%BB%91+86%2FH%C4%90ND-TT+ng%C3%A0y+19+th%C3%A1ng+9+n%C4%83m+2025+c%E1%BB%A7a+H%E1%BB%99i+%C4%91%E1%BB%93ng%0D%0Anh%C3%A2n+d%C3%A2n+t%E1%BB%89nh+v%E1%BB%81+vi%E1%BB%87c+%C4%91%E1%BB%81+xu%E1%BA%A5t+ban+h%C3%A0nh+ngh%E1%BB%8B+quy%E1%BA%BFt+t%E1%BA%A1i+k%E1%BB%B3+h%E1%BB%8Dp+th%C6%B0%E1%BB%9Dng+l%E1%BB%87+cu%E1%BB%91i+n%C4%83m%0D%0A2025+v%C3%A0+ch%C6%B0%C6%A1ng+tr%C3%ACnh+x%C3%A2y+d%E1%BB%B1ng+ngh%E1%BB%8B+quy%E1%BA%BFt+n%C4%83m+2026+c%E1%BB%A7a+H%E1%BB%99i+%C4%91%E1%BB%93ng+nh%C3%A2n+d%C3%A2n+t%E1%BB%89nh%3B HTTP/1.1" 200 33473 "-" "Mozilla/5.0 AppleWebKit/537.36 (KHTML, like Gecko; compatible; bingbot/2.0; +http://www.bing.com/bingbot.htm) Chrome/116.0.1938.76 Safari/537.36"