52.167.144.18 - - [07/Oct/2025:15:20:05 +0000] "GET /?s=rpgt+2025+malaysia HTTP/1.1" 200 32561 "-" "Mozilla/5.0 AppleWebKit/537.36 (KHTML, like Gecko; compatible; bingbot/2.0; +http://www.bing.com/bingbot.htm) Chrome/116.0.1938.76 Safari/537.36"
85.208.96.211 - - [07/Oct/2025:15:22:47 +0000] "GET / HTTP/1.1" 200 47344 "-" "Mozilla/5.0 (compatible; SemrushBot/7~bl; +http://www.semrush.com/bot.html)"
203.161.56.247 - - [07/Oct/2025:15:23:57 +0000] "POST /wp-cron.php?doing_wp_cron=1759850637.8721480369567871093750 HTTP/1.1" 200 - "-" "WordPress/6.8.3; https://klmalaygirl.net"
52.167.144.18 - - [07/Oct/2025:15:23:55 +0000] "GET /?s=%E9%87%8C+%E7%BE%8E%E9%BB%8E HTTP/1.1" 200 32610 "-" "Mozilla/5.0 AppleWebKit/537.36 (KHTML, like Gecko; compatible; bingbot/2.0; +http://www.bing.com/bingbot.htm) Chrome/116.0.1938.76 Safari/537.36"
203.161.56.247 - - [07/Oct/2025:15:26:39 +0000] "POST /wp-cron.php?doing_wp_cron=1759850799.6535220146179199218750 HTTP/1.1" 200 - "-" "WordPress/6.8.3; https://klmalaygirl.net"
54.39.89.189 - - [07/Oct/2025:15:26:37 +0000] "GET /meet-the-secret-world-of-lingerie/feed/ HTTP/1.1" 200 479 "-" "Mozilla/5.0 (compatible; AhrefsBot/7.0; +http://ahrefs.com/robot/)"
203.161.56.247 - - [07/Oct/2025:15:37:22 +0000] "POST /wp-cron.php?doing_wp_cron=1759851442.9333829879760742187500 HTTP/1.1" 200 - "-" "WordPress/6.8.3; https://klmalaygirl.net"
207.46.13.78 - - [07/Oct/2025:15:37:21 +0000] "GET /?s=th%C3%B4ng+t%C6%B0+s%E1%BB%91+28%2F2025%2FTT HTTP/1.1" 200 32666 "-" "Mozilla/5.0 AppleWebKit/537.36 (KHTML, like Gecko; compatible; bingbot/2.0; +http://www.bing.com/bingbot.htm) Chrome/116.0.1938.76 Safari/537.36"
203.161.56.247 - - [07/Oct/2025:15:40:09 +0000] "POST /wp-cron.php?doing_wp_cron=1759851609.9698579311370849609375 HTTP/1.1" 200 - "-" "WordPress/6.8.3; https://klmalaygirl.net"
40.77.167.156 - - [07/Oct/2025:15:40:07 +0000] "GET /?s=portaria+2476+de+17%2F12%2F03 HTTP/1.1" 200 32602 "-" "Mozilla/5.0 AppleWebKit/537.36 (KHTML, like Gecko; compatible; bingbot/2.0; +http://www.bing.com/bingbot.htm) Chrome/116.0.1938.76 Safari/537.36"
203.161.56.247 - - [07/Oct/2025:15:41:08 +0000] "POST /wp-cron.php?doing_wp_cron=1759851668.1136848926544189453125 HTTP/1.1" 200 - "-" "WordPress/6.8.3; https://klmalaygirl.net"
216.73.216.170 - - [07/Oct/2025:15:41:05 +0000] "GET /video-sitemap.xml HTTP/1.1" 200 263 "-" "Mozilla/5.0 AppleWebKit/537.36 (KHTML, like Gecko; compatible; ClaudeBot/1.0; +claudebot@anthropic.com)"
203.161.56.247 - - [07/Oct/2025:15:43:05 +0000] "POST /wp-cron.php?doing_wp_cron=1759851785.3886849880218505859375 HTTP/1.1" 200 - "-" "WordPress/6.8.3; https://klmalaygirl.net"
216.73.216.170 - - [07/Oct/2025:15:43:03 +0000] "GET /sitemap.xml HTTP/1.1" 200 406 "-" "Mozilla/5.0 AppleWebKit/537.36 (KHTML, like Gecko; compatible; ClaudeBot/1.0; +claudebot@anthropic.com)"
203.161.56.247 - - [07/Oct/2025:15:48:24 +0000] "POST /wp-cron.php?doing_wp_cron=1759852104.2738790512084960937500 HTTP/1.1" 200 - "-" "WordPress/6.8.3; https://klmalaygirl.net"
157.55.39.205 - - [07/Oct/2025:15:48:22 +0000] "GET /?s=how+many+nuclear+power+plants+has+the+US+built+in+the+last+50+years HTTP/1.1" 200 32674 "-" "Mozilla/5.0 AppleWebKit/537.36 (KHTML, like Gecko; compatible; bingbot/2.0; +http://www.bing.com/bingbot.htm) Chrome/116.0.1938.76 Safari/537.36"
54.39.210.167 - - [07/Oct/2025:15:57:31 +0000] "GET /escorts-gallery/klcc-escort/ HTTP/1.1" 200 47404 "-" "Mozilla/5.0 (compatible; AhrefsBot/7.0; +http://ahrefs.com/robot/)"
203.161.56.247 - - [07/Oct/2025:15:57:34 +0000] "POST /wp-cron.php?doing_wp_cron=1759852654.2018170356750488281250 HTTP/1.1" 200 - "-" "WordPress/6.8.3; https://klmalaygirl.net"
157.55.39.196 - - [07/Oct/2025:15:57:32 +0000] "GET /?s=office+value+at+taman+miharja HTTP/1.1" 200 32591 "-" "Mozilla/5.0 AppleWebKit/537.36 (KHTML, like Gecko; compatible; bingbot/2.0; +http://www.bing.com/bingbot.htm) Chrome/116.0.1938.76 Safari/537.36"
203.161.56.247 - - [07/Oct/2025:16:05:06 +0000] "POST /wp-cron.php?doing_wp_cron=1759853106.3961620330810546875000 HTTP/1.1" 200 - "-" "WordPress/6.8.3; https://klmalaygirl.net"
79.137.70.209 - - [07/Oct/2025:16:05:03 +0000] "POST /xmlrpc.php HTTP/1.1" 405 216 "https://klmalaygirl.net" "Mozilla/5.0 (Windows NT 10.0; Win64; x64) AppleWebKit/537.36 (KHTML, like Gecko) Chrome/115.0.5790.171 Safari/537.36 Edg/115.0.1901.203"
79.137.70.209 - - [07/Oct/2025:16:05:07 +0000] "POST /wp-login.php HTTP/1.1" 200 2241 "https://klmalaygirl.net" "Mozilla/5.0 (Windows NT 10.0; Win64; x64; rv:127.0) Gecko/20100101 Firefox/127.0"
203.161.56.247 - - [07/Oct/2025:16:07:15 +0000] "POST /wp-cron.php?doing_wp_cron=1759853235.4917330741882324218750 HTTP/1.1" 200 - "-" "WordPress/6.8.3; https://klmalaygirl.net"
207.46.13.31 - - [07/Oct/2025:16:07:13 +0000] "GET /?s=o+que+e+cooperacao HTTP/1.1" 200 32569 "-" "Mozilla/5.0 AppleWebKit/537.36 (KHTML, like Gecko; compatible; bingbot/2.0; +http://www.bing.com/bingbot.htm) Chrome/116.0.1938.76 Safari/537.36"
203.161.56.247 - - [07/Oct/2025:16:09:06 +0000] "POST /wp-cron.php?doing_wp_cron=1759853346.3525960445404052734375 HTTP/1.1" 200 - "-" "WordPress/6.8.3; https://klmalaygirl.net"
157.55.39.13 - - [07/Oct/2025:16:09:03 +0000] "GET /?s=The+Countryside+Busty+Hana+Himesaki+porn HTTP/1.1" 200 32619 "-" "Mozilla/5.0 AppleWebKit/537.36 (KHTML, like Gecko; compatible; bingbot/2.0; +http://www.bing.com/bingbot.htm) Chrome/116.0.1938.76 Safari/537.36"
203.161.56.247 - - [07/Oct/2025:16:14:06 +0000] "POST /wp-cron.php?doing_wp_cron=1759853646.7331590652465820312500 HTTP/1.1" 200 - "-" "WordPress/6.8.3; https://klmalaygirl.net"
207.46.13.31 - - [07/Oct/2025:16:14:04 +0000] "GET /?s=%22juntos%22+jorge+medina HTTP/1.1" 200 32628 "-" "Mozilla/5.0 AppleWebKit/537.36 (KHTML, like Gecko; compatible; bingbot/2.0; +http://www.bing.com/bingbot.htm) Chrome/116.0.1938.76 Safari/537.36"
203.161.56.247 - - [07/Oct/2025:16:15:36 +0000] "POST /wp-cron.php?doing_wp_cron=1759853736.1402280330657958984375 HTTP/1.1" 200 - "-" "WordPress/6.8.3; https://klmalaygirl.net"
157.55.39.13 - - [07/Oct/2025:16:15:34 +0000] "GET /?s=t.A.T.u.+-+All+the+Things+She+Said+(Aaron+Hibell+Edit)hypeddt HTTP/1.1" 200 32679 "-" "Mozilla/5.0 AppleWebKit/537.36 (KHTML, like Gecko; compatible; bingbot/2.0; +http://www.bing.com/bingbot.htm) Chrome/116.0.1938.76 Safari/537.36"
203.161.56.247 - - [07/Oct/2025:16:26:30 +0000] "POST /wp-cron.php?doing_wp_cron=1759854390.0484189987182617187500 HTTP/1.1" 200 - "-" "WordPress/6.8.3; https://klmalaygirl.net"
15.235.98.140 - - [07/Oct/2025:16:26:28 +0000] "GET /sitemap.rss HTTP/1.1" 200 1711 "-" "Mozilla/5.0 (compatible; AhrefsBot/7.0; +http://ahrefs.com/robot/)"
203.161.56.247 - - [07/Oct/2025:16:38:09 +0000] "POST /wp-cron.php?doing_wp_cron=1759855089.1724400520324707031250 HTTP/1.1" 200 - "-" "WordPress/6.8.3; https://klmalaygirl.net"
157.55.39.52 - - [07/Oct/2025:16:38:07 +0000] "GET /?s=roanoke+rapids+nc+Maids+R+Us+Hospitality-Clnng HTTP/1.1" 200 32628 "-" "Mozilla/5.0 AppleWebKit/537.36 (KHTML, like Gecko; compatible; bingbot/2.0; +http://www.bing.com/bingbot.htm) Chrome/116.0.1938.76 Safari/537.36"
49.51.72.76 - - [07/Oct/2025:16:49:05 +0000] "GET / HTTP/1.1" 200 47342 "http://www.klmalaygirl.net" "Mozilla/5.0 (iPhone; CPU iPhone OS 13_2_3 like Mac OS X) AppleWebKit/605.1.15 (KHTML, like Gecko) Version/13.0.3 Mobile/15E148 Safari/604.1"
203.161.56.247 - - [07/Oct/2025:16:49:45 +0000] "POST /wp-cron.php?doing_wp_cron=1759855785.4016330242156982421875 HTTP/1.1" 200 - "-" "WordPress/6.8.3; https://klmalaygirl.net"
40.77.167.7 - - [07/Oct/2025:16:49:44 +0000] "GET /?s=free+gay+porn+gloryhole+suc+boy HTTP/1.1" 200 32601 "-" "Mozilla/5.0 AppleWebKit/537.36 (KHTML, like Gecko; compatible; bingbot/2.0; +http://www.bing.com/bingbot.htm) Chrome/116.0.1938.76 Safari/537.36"
203.161.56.247 - - [07/Oct/2025:16:53:39 +0000] "POST /wp-cron.php?doing_wp_cron=1759856019.6787350177764892578125 HTTP/1.1" 200 - "-" "WordPress/6.8.3; https://klmalaygirl.net"
207.46.13.7 - - [07/Oct/2025:16:53:37 +0000] "GET /?s=%E0%B8%81%E0%B8%A3%E0%B8%B0%E0%B8%8A%E0%B8%B1%E0%B9%89%E0%B8%99%E0%B8%8A%E0%B8%B4%E0%B8%94+%E0%B8%84%E0%B8%B7%E0%B8%AD HTTP/1.1" 200 32744 "-" "Mozilla/5.0 AppleWebKit/537.36 (KHTML, like Gecko; compatible; bingbot/2.0; +http://www.bing.com/bingbot.htm) Chrome/116.0.1938.76 Safari/537.36"
15.235.96.122 - - [07/Oct/2025:16:54:54 +0000] "GET / HTTP/1.1" 200 47344 "-" "Mozilla/5.0 (compatible; AhrefsBot/7.0; +http://ahrefs.com/robot/)"
203.161.56.247 - - [07/Oct/2025:17:03:34 +0000] "POST /wp-cron.php?doing_wp_cron=1759856613.9822180271148681640625 HTTP/1.1" 200 - "-" "WordPress/6.8.3; https://klmalaygirl.net"
43.157.82.252 - - [07/Oct/2025:17:03:31 +0000] "GET /feed/ HTTP/1.1" 200 9620 "-" "Mozilla/5.0 (iPhone; CPU iPhone OS 13_2_3 like Mac OS X) AppleWebKit/605.1.15 (KHTML, like Gecko) Version/13.0.3 Mobile/15E148 Safari/604.1"
34.195.248.30 - - [07/Oct/2025:17:04:17 +0000] "GET /kl-escorts/kl-escort-patty/ HTTP/1.1" 200 44806 "-" "Mozilla/5.0 AppleWebKit/537.36 (KHTML, like Gecko; compatible; Amazonbot/0.1; +https://developer.amazon.com/support/amazonbot) Chrome/119.0.6045.214 Safari/537.36"
203.161.56.247 - - [07/Oct/2025:17:05:40 +0000] "POST /wp-cron.php?doing_wp_cron=1759856740.7162420749664306640625 HTTP/1.1" 200 - "-" "WordPress/6.8.3; https://klmalaygirl.net"
157.55.39.62 - - [07/Oct/2025:17:05:38 +0000] "GET /?s=rent+batu+kawan HTTP/1.1" 200 32566 "-" "Mozilla/5.0 AppleWebKit/537.36 (KHTML, like Gecko; compatible; bingbot/2.0; +http://www.bing.com/bingbot.htm) Chrome/116.0.1938.76 Safari/537.36"
203.161.56.247 - - [07/Oct/2025:17:07:35 +0000] "POST /wp-cron.php?doing_wp_cron=1759856854.9963231086730957031250 HTTP/1.1" 200 - "-" "WordPress/6.8.3; https://klmalaygirl.net"
216.73.216.82 - - [07/Oct/2025:17:07:33 +0000] "GET /robots.txt HTTP/1.1" 200 150 "-" "Mozilla/5.0 AppleWebKit/537.36 (KHTML, like Gecko; compatible; ClaudeBot/1.0; +claudebot@anthropic.com)"
216.73.216.82 - - [07/Oct/2025:17:07:35 +0000] "GET /sitemap.xml HTTP/1.1" 200 406 "-" "Mozilla/5.0 AppleWebKit/537.36 (KHTML, like Gecko; compatible; ClaudeBot/1.0; +claudebot@anthropic.com)"
203.161.56.247 - - [07/Oct/2025:17:09:22 +0000] "POST /wp-cron.php?doing_wp_cron=1759856962.9210789203643798828125 HTTP/1.1" 200 - "-" "WordPress/6.8.3; https://klmalaygirl.net"
216.73.216.82 - - [07/Oct/2025:17:09:21 +0000] "GET /sitemap.rss HTTP/1.1" 200 1711 "-" "Mozilla/5.0 AppleWebKit/537.36 (KHTML, like Gecko; compatible; ClaudeBot/1.0; +claudebot@anthropic.com)"
44.220.2.97 - - [07/Oct/2025:17:11:46 +0000] "GET /kl-escorts/kl-escort-tania/ HTTP/1.1" 200 45148 "-" "Mozilla/5.0 AppleWebKit/537.36 (KHTML, like Gecko; compatible; Amazonbot/0.1; +https://developer.amazon.com/support/amazonbot) Chrome/119.0.6045.214 Safari/537.36"
203.161.56.247 - - [07/Oct/2025:17:11:52 +0000] "POST /wp-cron.php?doing_wp_cron=1759857112.9183669090270996093750 HTTP/1.1" 200 - "-" "WordPress/6.8.3; https://klmalaygirl.net"
52.200.93.170 - - [07/Oct/2025:17:11:51 +0000] "GET /escorts-gallery/kl-sentral-escort/page/2/ HTTP/1.1" 200 46595 "-" "Mozilla/5.0 AppleWebKit/537.36 (KHTML, like Gecko; compatible; Amazonbot/0.1; +https://developer.amazon.com/support/amazonbot) Chrome/119.0.6045.214 Safari/537.36"
207.46.13.18 - - [07/Oct/2025:17:11:59 +0000] "GET /?s=Very+old+granny+show+her+hairy+pussy HTTP/1.1" 200 32613 "-" "Mozilla/5.0 AppleWebKit/537.36 (KHTML, like Gecko; compatible; bingbot/2.0; +http://www.bing.com/bingbot.htm) Chrome/116.0.1938.76 Safari/537.36"
203.161.56.247 - - [07/Oct/2025:17:12:21 +0000] "POST /wp-cron.php?doing_wp_cron=1759857141.3688690662384033203125 HTTP/1.1" 200 - "-" "WordPress/6.8.3; https://klmalaygirl.net"
207.46.13.18 - - [07/Oct/2025:17:12:20 +0000] "GET /?s=%E0%B8%9B%E0%B8%A3%E0%B8%B2%E0%B8%A1%E0%B8%B2%E0%B8%97%E0%B9%84%E0%B8%9A%E0%B9%81%E0%B8%9A%E0%B8%81+%E0%B8%9B%E0%B8%A3%E0%B8%B0%E0%B8%A7%E0%B8%B1%E0%B8%95%E0%B8%B4 HTTP/1.1" 200 32775 "-" "Mozilla/5.0 AppleWebKit/537.36 (KHTML, like Gecko; compatible; bingbot/2.0; +http://www.bing.com/bingbot.htm) Chrome/116.0.1938.76 Safari/537.36"
203.161.56.247 - - [07/Oct/2025:17:14:31 +0000] "POST /wp-cron.php?doing_wp_cron=1759857271.7207159996032714843750 HTTP/1.1" 200 - "-" "WordPress/6.8.3; https://klmalaygirl.net"
157.55.39.196 - - [07/Oct/2025:17:14:29 +0000] "GET /?s=cherubim+gumdam HTTP/1.1" 200 32562 "-" "Mozilla/5.0 AppleWebKit/537.36 (KHTML, like Gecko; compatible; bingbot/2.0; +http://www.bing.com/bingbot.htm) Chrome/116.0.1938.76 Safari/537.36"
203.161.56.247 - - [07/Oct/2025:17:16:38 +0000] "POST /wp-cron.php?doing_wp_cron=1759857398.6993570327758789062500 HTTP/1.1" 200 - "-" "WordPress/6.8.3; https://klmalaygirl.net"
52.167.144.25 - - [07/Oct/2025:17:16:36 +0000] "GET /?s=rtx+3050+price HTTP/1.1" 200 32560 "-" "Mozilla/5.0 AppleWebKit/537.36 (KHTML, like Gecko; compatible; bingbot/2.0; +http://www.bing.com/bingbot.htm) Chrome/116.0.1938.76 Safari/537.36"
170.106.165.186 - - [07/Oct/2025:17:20:24 +0000] "GET /the-discerning-guide-to-reputable-malay-escort-services/ HTTP/1.1" 200 44210 "-" "Mozilla/5.0 (iPhone; CPU iPhone OS 13_2_3 like Mac OS X) AppleWebKit/605.1.15 (KHTML, like Gecko) Version/13.0.3 Mobile/15E148 Safari/604.1"
203.161.56.247 - - [07/Oct/2025:17:22:30 +0000] "POST /wp-cron.php?doing_wp_cron=1759857750.8951408863067626953125 HTTP/1.1" 200 - "-" "WordPress/6.8.3; https://klmalaygirl.net"
216.73.216.82 - - [07/Oct/2025:17:22:28 +0000] "GET /sitemap.rss HTTP/1.1" 200 1711 "-" "Mozilla/5.0 AppleWebKit/537.36 (KHTML, like Gecko; compatible; ClaudeBot/1.0; +claudebot@anthropic.com)"
195.211.188.185 - - [07/Oct/2025:17:23:07 +0000] "GET / HTTP/1.1" 200 47344 "http://klmalaygirl.net" "Go-http-client/1.1"
203.161.56.247 - - [07/Oct/2025:17:24:52 +0000] "POST /wp-cron.php?doing_wp_cron=1759857892.7290289402008056640625 HTTP/1.1" 200 - "-" "WordPress/6.8.3; https://klmalaygirl.net"
54.39.203.79 - - [07/Oct/2025:17:24:50 +0000] "GET /find-your-own-style/feed/ HTTP/1.1" 200 462 "-" "Mozilla/5.0 (compatible; AhrefsBot/7.0; +http://ahrefs.com/robot/)"
157.55.39.200 - - [07/Oct/2025:17:26:52 +0000] "GET /contact-us/ HTTP/1.1" 200 39800 "-" "Mozilla/5.0 AppleWebKit/537.36 (KHTML, like Gecko; compatible; bingbot/2.0; +http://www.bing.com/bingbot.htm) Chrome/116.0.1938.76 Safari/537.36"
91.196.223.232 - - [07/Oct/2025:17:29:55 +0000] "GET / HTTP/1.1" 200 47344 "https://openadultdirectory.com/" "Mozilla/5.0 (Macintosh; Intel Mac OS X 10_15_7) AppleWebKit/605.1.15 (KHTML, like Gecko) Version/17.14 Safari/605.1.15"
91.196.223.232 - - [07/Oct/2025:17:29:56 +0000] "GET /wystipoo/cache/min/1/wp-content/plugins/woocommerce/assets/css/brands.css?ver=1755441889 HTTP/1.1" 200 684 "https://klmalaygirl.net/" "Mozilla/5.0 (Macintosh; Intel Mac OS X 10_15_7) AppleWebKit/605.1.15 (KHTML, like Gecko) Version/17.14 Safari/605.1.15"
91.196.223.232 - - [07/Oct/2025:17:29:57 +0000] "GET /xygansof/css/dist/block-library/style.min.css?ver=6.8.3 HTTP/1.1" 200 15315 "https://klmalaygirl.net/" "Mozilla/5.0 (Macintosh; Intel Mac OS X 10_15_7) AppleWebKit/605.1.15 (KHTML, like Gecko) Version/17.14 Safari/605.1.15"
91.196.223.232 - - [07/Oct/2025:17:29:57 +0000] "GET /wystipoo/cache/min/1/wp-content/themes/betheme/css/be.css?ver=1755441891 HTTP/1.1" 200 71593 "https://klmalaygirl.net/" "Mozilla/5.0 (Macintosh; Intel Mac OS X 10_15_7) AppleWebKit/605.1.15 (KHTML, like Gecko) Version/17.14 Safari/605.1.15"
91.196.223.232 - - [07/Oct/2025:17:29:57 +0000] "GET /wystipoo/cache/min/1/wp-content/plugins/woocommerce/assets/css/woocommerce.css?ver=1755441889 HTTP/1.1" 200 10909 "https://klmalaygirl.net/" "Mozilla/5.0 (Macintosh; Intel Mac OS X 10_15_7) AppleWebKit/605.1.15 (KHTML, like Gecko) Version/17.14 Safari/605.1.15"
91.196.223.232 - - [07/Oct/2025:17:29:57 +0000] "GET /wystipoo/cache/min/1/wp-content/plugins/woocommerce/assets/css/woocommerce-layout.css?ver=1755441889 HTTP/1.1" 200 3414 "https://klmalaygirl.net/" "Mozilla/5.0 (Macintosh; Intel Mac OS X 10_15_7) AppleWebKit/605.1.15 (KHTML, like Gecko) Version/17.14 Safari/605.1.15"
91.196.223.232 - - [07/Oct/2025:17:29:57 +0000] "GET /wystipoo/cache/min/1/wp-content/plugins/easy-video-player/lib/plyr.css?ver=1755441889 HTTP/1.1" 200 5279 "https://klmalaygirl.net/" "Mozilla/5.0 (Macintosh; Intel Mac OS X 10_15_7) AppleWebKit/605.1.15 (KHTML, like Gecko) Version/17.14 Safari/605.1.15"
91.196.223.232 - - [07/Oct/2025:17:29:57 +0000] "GET /meevyduh/2025/04/KL-Escort-Yasmine-1-852x1200.jpg HTTP/1.1" 200 146534 "https://klmalaygirl.net/" "Mozilla/5.0 (Macintosh; Intel Mac OS X 10_15_7) AppleWebKit/605.1.15 (KHTML, like Gecko) Version/17.14 Safari/605.1.15"
91.196.223.232 - - [07/Oct/2025:17:29:57 +0000] "GET /wholsoar/assets/animations/animations.min.css?ver=28.1.5 HTTP/1.1" 200 5588 "https://klmalaygirl.net/" "Mozilla/5.0 (Macintosh; Intel Mac OS X 10_15_7) AppleWebKit/605.1.15 (KHTML, like Gecko) Version/17.14 Safari/605.1.15"
91.196.223.232 - - [07/Oct/2025:17:29:57 +0000] "GET /wystipoo/cache/min/1/wp-content/themes/betheme/fonts/fontawesome/fontawesome.css?ver=1755441892 HTTP/1.1" 200 12757 "https://klmalaygirl.net/" "Mozilla/5.0 (Macintosh; Intel Mac OS X 10_15_7) AppleWebKit/605.1.15 (KHTML, like Gecko) Version/17.14 Safari/605.1.15"
91.196.223.232 - - [07/Oct/2025:17:29:57 +0000] "GET /wystipoo/cache/min/1/wp-content/themes/betheme/css/responsive.css?ver=1755441892 HTTP/1.1" 200 9872 "https://klmalaygirl.net/" "Mozilla/5.0 (Macintosh; Intel Mac OS X 10_15_7) AppleWebKit/605.1.15 (KHTML, like Gecko) Version/17.14 Safari/605.1.15"
91.196.223.232 - - [07/Oct/2025:17:29:57 +0000] "GET /wystipoo/cache/min/1/wp-content/themes/betheme/css/woocommerce.css?ver=1755441892 HTTP/1.1" 200 21488 "https://klmalaygirl.net/" "Mozilla/5.0 (Macintosh; Intel Mac OS X 10_15_7) AppleWebKit/605.1.15 (KHTML, like Gecko) Version/17.14 Safari/605.1.15"
91.196.223.232 - - [07/Oct/2025:17:29:57 +0000] "GET /wystipoo/cache/min/1/wp-content/plugins/woocommerce/assets/client/blocks/wc-blocks.css?ver=1755441892 HTTP/1.1" 200 2573 "https://klmalaygirl.net/" "Mozilla/5.0 (Macintosh; Intel Mac OS X 10_15_7) AppleWebKit/605.1.15 (KHTML, like Gecko) Version/17.14 Safari/605.1.15"
91.196.223.232 - - [07/Oct/2025:17:29:57 +0000] "GET /wystipoo/cache/min/1/wp-content/uploads/betheme/css/post-315.css?ver=1755441892 HTTP/1.1" 200 531 "https://klmalaygirl.net/" "Mozilla/5.0 (Macintosh; Intel Mac OS X 10_15_7) AppleWebKit/605.1.15 (KHTML, like Gecko) Version/17.14 Safari/605.1.15"
91.196.223.232 - - [07/Oct/2025:17:29:57 +0000] "GET /wystipoo/cache/min/1/wp-content/themes/betheme/css/elements/divider-2.css?ver=1755441892 HTTP/1.1" 200 49565 "https://klmalaygirl.net/" "Mozilla/5.0 (Macintosh; Intel Mac OS X 10_15_7) AppleWebKit/605.1.15 (KHTML, like Gecko) Version/17.14 Safari/605.1.15"
91.196.223.232 - - [07/Oct/2025:17:29:57 +0000] "GET /wystipoo/cache/min/1/wp-content/uploads/betheme/css/post-814.css?ver=1755441892 HTTP/1.1" 200 1464 "https://klmalaygirl.net/" "Mozilla/5.0 (Macintosh; Intel Mac OS X 10_15_7) AppleWebKit/605.1.15 (KHTML, like Gecko) Version/17.14 Safari/605.1.15"
91.196.223.232 - - [07/Oct/2025:17:29:57 +0000] "GET /wystipoo/cache/min/1/wp-content/uploads/betheme/css/post-235.css?ver=1755441892 HTTP/1.1" 200 831 "https://klmalaygirl.net/" "Mozilla/5.0 (Macintosh; Intel Mac OS X 10_15_7) AppleWebKit/605.1.15 (KHTML, like Gecko) Version/17.14 Safari/605.1.15"
91.196.223.232 - - [07/Oct/2025:17:29:57 +0000] "GET /wystipoo/cache/min/1/wp-content/uploads/betheme/css/post-807.css?ver=1755441892 HTTP/1.1" 200 676 "https://klmalaygirl.net/" "Mozilla/5.0 (Macintosh; Intel Mac OS X 10_15_7) AppleWebKit/605.1.15 (KHTML, like Gecko) Version/17.14 Safari/605.1.15"
91.196.223.232 - - [07/Oct/2025:17:29:57 +0000] "GET /jitchigr/creame-whatsapp-me/public/css/joinchat.min.css?ver=6.0.8 HTTP/1.1" 200 5095 "https://klmalaygirl.net/" "Mozilla/5.0 (Macintosh; Intel Mac OS X 10_15_7) AppleWebKit/605.1.15 (KHTML, like Gecko) Version/17.14 Safari/605.1.15"
91.196.223.232 - - [07/Oct/2025:17:29:57 +0000] "GET /wystipoo/cache/min/1/wp-content/plugins/revslider/sr6/assets/css/rs6.css?ver=1755441892 HTTP/1.1" 200 9593 "https://klmalaygirl.net/" "Mozilla/5.0 (Macintosh; Intel Mac OS X 10_15_7) AppleWebKit/605.1.15 (KHTML, like Gecko) Version/17.14 Safari/605.1.15"
91.196.223.232 - - [07/Oct/2025:17:29:57 +0000] "GET /wholsoar/fonts/mfn/icons.woff2?3522148 HTTP/1.1" 200 72622 "https://klmalaygirl.net/" "Mozilla/5.0 (Macintosh; Intel Mac OS X 10_15_7) AppleWebKit/605.1.15 (KHTML, like Gecko) Version/17.14 Safari/605.1.15"
91.196.223.232 - - [07/Oct/2025:17:29:57 +0000] "GET /meevyduh/2022/10/lingerie-category-underwear.webp HTTP/1.1" 200 188256 "https://klmalaygirl.net/" "Mozilla/5.0 (Macintosh; Intel Mac OS X 10_15_7) AppleWebKit/605.1.15 (KHTML, like Gecko) Version/17.14 Safari/605.1.15"
91.196.223.232 - - [07/Oct/2025:17:29:57 +0000] "GET /meevyduh/2025/03/KL-Escort-SanSan-1-852x1200.jpg HTTP/1.1" 200 117061 "https://klmalaygirl.net/" "Mozilla/5.0 (Macintosh; Intel Mac OS X 10_15_7) AppleWebKit/605.1.15 (KHTML, like Gecko) Version/17.14 Safari/605.1.15"
91.196.223.232 - - [07/Oct/2025:17:29:57 +0000] "GET /meevyduh/2025/02/kl-malay-girl-logo.png HTTP/1.1" 200 6967 "https://klmalaygirl.net/" "Mozilla/5.0 (Macintosh; Intel Mac OS X 10_15_7) AppleWebKit/605.1.15 (KHTML, like Gecko) Version/17.14 Safari/605.1.15"
91.196.223.232 - - [07/Oct/2025:17:29:57 +0000] "GET /meevyduh/2025/03/KL-Escort-Nina-1-852x1200.jpg HTTP/1.1" 200 96021 "https://klmalaygirl.net/" "Mozilla/5.0 (Macintosh; Intel Mac OS X 10_15_7) AppleWebKit/605.1.15 (KHTML, like Gecko) Version/17.14 Safari/605.1.15"
91.196.223.232 - - [07/Oct/2025:17:29:57 +0000] "GET /meevyduh/2025/04/KL-Escort-Shelly-1-852x1200.jpg HTTP/1.1" 200 115095 "https://klmalaygirl.net/" "Mozilla/5.0 (Macintosh; Intel Mac OS X 10_15_7) AppleWebKit/605.1.15 (KHTML, like Gecko) Version/17.14 Safari/605.1.15"
91.196.223.232 - - [07/Oct/2025:17:29:57 +0000] "GET /meevyduh/2025/04/KL-Escort-Novita-2-852x1200.jpg HTTP/1.1" 200 119928 "https://klmalaygirl.net/" "Mozilla/5.0 (Macintosh; Intel Mac OS X 10_15_7) AppleWebKit/605.1.15 (KHTML, like Gecko) Version/17.14 Safari/605.1.15"
91.196.223.232 - - [07/Oct/2025:17:29:57 +0000] "GET /meevyduh/2025/03/KL-Escort-Porscher-1-852x1200.jpg HTTP/1.1" 200 108191 "https://klmalaygirl.net/" "Mozilla/5.0 (Macintosh; Intel Mac OS X 10_15_7) AppleWebKit/605.1.15 (KHTML, like Gecko) Version/17.14 Safari/605.1.15"
91.196.223.232 - - [07/Oct/2025:17:29:58 +0000] "GET /meevyduh/2022/09/lingerie-header-icon1.svg HTTP/1.1" 200 436 "https://klmalaygirl.net/" "Mozilla/5.0 (Macintosh; Intel Mac OS X 10_15_7) AppleWebKit/605.1.15 (KHTML, like Gecko) Version/17.14 Safari/605.1.15"
91.196.223.232 - - [07/Oct/2025:17:29:57 +0000] "GET /meevyduh/2025/03/KL-Escort-Sumi-1-852x1200.jpg HTTP/1.1" 200 117969 "https://klmalaygirl.net/" "Mozilla/5.0 (Macintosh; Intel Mac OS X 10_15_7) AppleWebKit/605.1.15 (KHTML, like Gecko) Version/17.14 Safari/605.1.15"
91.196.223.232 - - [07/Oct/2025:17:29:58 +0000] "GET /meevyduh/2025/03/KL-Escort-Patty-1-852x1200.jpg HTTP/1.1" 200 94955 "https://klmalaygirl.net/" "Mozilla/5.0 (Macintosh; Intel Mac OS X 10_15_7) AppleWebKit/605.1.15 (KHTML, like Gecko) Version/17.14 Safari/605.1.15"
91.196.223.232 - - [07/Oct/2025:17:29:58 +0000] "GET /wystipoo/cache/min/1/wp-content/plugins/woocommerce/assets/css/woocommerce-smallscreen.css?ver=1755441889 HTTP/1.1" 200 1279 "https://klmalaygirl.net/" "Mozilla/5.0 (Macintosh; Intel Mac OS X 10_15_7) AppleWebKit/605.1.15 (KHTML, like Gecko) Version/17.14 Safari/605.1.15"
91.196.223.232 - - [07/Oct/2025:17:29:58 +0000] "GET /jitchigr/revslider/sr6/assets/assets/dummy.png HTTP/1.1" 200 68 "https://klmalaygirl.net/" "Mozilla/5.0 (Macintosh; Intel Mac OS X 10_15_7) AppleWebKit/605.1.15 (KHTML, like Gecko) Version/17.14 Safari/605.1.15"
91.196.223.232 - - [07/Oct/2025:17:29:58 +0000] "GET /meevyduh/2025/03/KL-Escort-SanSan-4.jpg HTTP/1.1" 200 154930 "https://klmalaygirl.net/" "Mozilla/5.0 (Macintosh; Intel Mac OS X 10_15_7) AppleWebKit/605.1.15 (KHTML, like Gecko) Version/17.14 Safari/605.1.15"
91.196.223.232 - - [07/Oct/2025:17:29:58 +0000] "GET /meevyduh/2025/03/KL-Escort-Sumi-3.jpg HTTP/1.1" 200 191815 "https://klmalaygirl.net/" "Mozilla/5.0 (Macintosh; Intel Mac OS X 10_15_7) AppleWebKit/605.1.15 (KHTML, like Gecko) Version/17.14 Safari/605.1.15"
91.196.223.232 - - [07/Oct/2025:17:29:58 +0000] "GET /meevyduh/2025/03/KL-Escort-Marry-2.jpg HTTP/1.1" 200 157969 "https://klmalaygirl.net/" "Mozilla/5.0 (Macintosh; Intel Mac OS X 10_15_7) AppleWebKit/605.1.15 (KHTML, like Gecko) Version/17.14 Safari/605.1.15"
91.196.223.232 - - [07/Oct/2025:17:29:58 +0000] "GET /meevyduh/2025/03/KL-Escort-Lynn-2.jpg HTTP/1.1" 200 201652 "https://klmalaygirl.net/" "Mozilla/5.0 (Macintosh; Intel Mac OS X 10_15_7) AppleWebKit/605.1.15 (KHTML, like Gecko) Version/17.14 Safari/605.1.15"
91.196.223.232 - - [07/Oct/2025:17:29:58 +0000] "GET /meevyduh/2025/02/kl-malay-girl-logo-footer.png HTTP/1.1" 200 7089 "https://klmalaygirl.net/" "Mozilla/5.0 (Macintosh; Intel Mac OS X 10_15_7) AppleWebKit/605.1.15 (KHTML, like Gecko) Version/17.14 Safari/605.1.15"
91.196.223.232 - - [07/Oct/2025:17:29:58 +0000] "GET /meevyduh/2022/09/lingerie-slider-pic1.webp HTTP/1.1" 200 75866 "https://klmalaygirl.net/" "Mozilla/5.0 (Macintosh; Intel Mac OS X 10_15_7) AppleWebKit/605.1.15 (KHTML, like Gecko) Version/17.14 Safari/605.1.15"
91.196.223.232 - - [07/Oct/2025:17:29:58 +0000] "GET /meevyduh/2022/09/lingerie-slider-pic2.webp HTTP/1.1" 200 309396 "https://klmalaygirl.net/" "Mozilla/5.0 (Macintosh; Intel Mac OS X 10_15_7) AppleWebKit/605.1.15 (KHTML, like Gecko) Version/17.14 Safari/605.1.15"
91.196.223.232 - - [07/Oct/2025:17:29:58 +0000] "GET /meevyduh/2025/03/klmalaygirl-slider-pic2.webp HTTP/1.1" 200 73044 "https://klmalaygirl.net/" "Mozilla/5.0 (Macintosh; Intel Mac OS X 10_15_7) AppleWebKit/605.1.15 (KHTML, like Gecko) Version/17.14 Safari/605.1.15"
91.196.223.232 - - [07/Oct/2025:17:29:58 +0000] "GET /meevyduh/2025/03/KL-Escort-Nicha-1-852x1200.jpg HTTP/1.1" 200 139462 "https://klmalaygirl.net/" "Mozilla/5.0 (Macintosh; Intel Mac OS X 10_15_7) AppleWebKit/605.1.15 (KHTML, like Gecko) Version/17.14 Safari/605.1.15"
91.196.223.232 - - [07/Oct/2025:17:29:58 +0000] "GET /meevyduh/2025/03/KL-Escort-Milk-1-852x1200.jpg HTTP/1.1" 200 170378 "https://klmalaygirl.net/" "Mozilla/5.0 (Macintosh; Intel Mac OS X 10_15_7) AppleWebKit/605.1.15 (KHTML, like Gecko) Version/17.14 Safari/605.1.15"
91.196.223.232 - - [07/Oct/2025:17:29:58 +0000] "GET /meevyduh/2025/03/KL-Escort-Marry-1-852x1200.jpg HTTP/1.1" 200 128588 "https://klmalaygirl.net/" "Mozilla/5.0 (Macintosh; Intel Mac OS X 10_15_7) AppleWebKit/605.1.15 (KHTML, like Gecko) Version/17.14 Safari/605.1.15"
91.196.223.232 - - [07/Oct/2025:17:29:58 +0000] "GET /meevyduh/2025/03/KL-Escort-Lynn-1-852x1200.jpg HTTP/1.1" 200 161281 "https://klmalaygirl.net/" "Mozilla/5.0 (Macintosh; Intel Mac OS X 10_15_7) AppleWebKit/605.1.15 (KHTML, like Gecko) Version/17.14 Safari/605.1.15"
91.196.223.232 - - [07/Oct/2025:17:29:58 +0000] "GET /meevyduh/2025/04/KL-Escort-Tania-1-852x1200.jpg HTTP/1.1" 200 90344 "https://klmalaygirl.net/" "Mozilla/5.0 (Macintosh; Intel Mac OS X 10_15_7) AppleWebKit/605.1.15 (KHTML, like Gecko) Version/17.14 Safari/605.1.15"
91.196.223.232 - - [07/Oct/2025:17:29:58 +0000] "GET /meevyduh/2025/02/cropped-iconfinder_kl-malay-girl-escort-192x192.png HTTP/1.1" 200 16931 "https://klmalaygirl.net/" "Mozilla/5.0 (Macintosh; Intel Mac OS X 10_15_7) AppleWebKit/605.1.15 (KHTML, like Gecko) Version/17.14 Safari/605.1.15"
91.196.223.232 - - [07/Oct/2025:17:29:58 +0000] "GET /meevyduh/2025/02/cropped-iconfinder_kl-malay-girl-escort-32x32.png HTTP/1.1" 200 781 "https://klmalaygirl.net/" "Mozilla/5.0 (Macintosh; Intel Mac OS X 10_15_7) AppleWebKit/605.1.15 (KHTML, like Gecko) Version/17.14 Safari/605.1.15"
91.196.223.232 - - [07/Oct/2025:17:29:58 +0000] "GET /meevyduh/2025/04/KL-Escort-Siti-1-852x1200.jpg HTTP/1.1" 200 162909 "https://klmalaygirl.net/" "Mozilla/5.0 (Macintosh; Intel Mac OS X 10_15_7) AppleWebKit/605.1.15 (KHTML, like Gecko) Version/17.14 Safari/605.1.15"
91.196.223.232 - - [07/Oct/2025:17:29:58 +0000] "GET /meevyduh/2025/04/KL-Escort-Cinta-1-852x1200.jpg HTTP/1.1" 200 101394 "https://klmalaygirl.net/" "Mozilla/5.0 (Macintosh; Intel Mac OS X 10_15_7) AppleWebKit/605.1.15 (KHTML, like Gecko) Version/17.14 Safari/605.1.15"
91.196.223.232 - - [07/Oct/2025:17:29:58 +0000] "GET /meevyduh/2025/03/KL-Escort-Emily-1-852x1200.jpg HTTP/1.1" 200 77007 "https://klmalaygirl.net/" "Mozilla/5.0 (Macintosh; Intel Mac OS X 10_15_7) AppleWebKit/605.1.15 (KHTML, like Gecko) Version/17.14 Safari/605.1.15"
91.196.223.232 - - [07/Oct/2025:17:29:59 +0000] "GET /xygansof/js/jquery/jquery-migrate.min.js?ver=3.4.1 HTTP/1.1" 200 4872 "https://klmalaygirl.net/" "Mozilla/5.0 (Macintosh; Intel Mac OS X 10_15_7) AppleWebKit/605.1.15 (KHTML, like Gecko) Version/17.14 Safari/605.1.15"
91.196.223.232 - - [07/Oct/2025:17:29:59 +0000] "GET /xygansof/js/jquery/jquery.min.js?ver=3.7.1 HTTP/1.1" 200 30368 "https://klmalaygirl.net/" "Mozilla/5.0 (Macintosh; Intel Mac OS X 10_15_7) AppleWebKit/605.1.15 (KHTML, like Gecko) Version/17.14 Safari/605.1.15"
91.196.223.232 - - [07/Oct/2025:17:29:59 +0000] "GET /wystipoo/cache/min/1/wp-content/plugins/easy-video-player/lib/plyr.js?ver=1755441892 HTTP/1.1" 200 31769 "https://klmalaygirl.net/" "Mozilla/5.0 (Macintosh; Intel Mac OS X 10_15_7) AppleWebKit/605.1.15 (KHTML, like Gecko) Version/17.14 Safari/605.1.15"
91.196.223.232 - - [07/Oct/2025:17:29:59 +0000] "GET /jitchigr/woocommerce/assets/js/jquery-blockui/jquery.blockUI.min.js?ver=2.7.0-wc.10.2.1 HTTP/1.1" 200 3537 "https://klmalaygirl.net/" "Mozilla/5.0 (Macintosh; Intel Mac OS X 10_15_7) AppleWebKit/605.1.15 (KHTML, like Gecko) Version/17.14 Safari/605.1.15"
91.196.223.232 - - [07/Oct/2025:17:29:59 +0000] "GET /jitchigr/woocommerce/assets/js/frontend/add-to-cart.min.js?ver=10.2.1 HTTP/1.1" 200 1368 "https://klmalaygirl.net/" "Mozilla/5.0 (Macintosh; Intel Mac OS X 10_15_7) AppleWebKit/605.1.15 (KHTML, like Gecko) Version/17.14 Safari/605.1.15"
91.196.223.232 - - [07/Oct/2025:17:29:59 +0000] "GET /jitchigr/woocommerce/assets/js/js-cookie/js.cookie.min.js?ver=2.1.4-wc.10.2.1 HTTP/1.1" 200 833 "https://klmalaygirl.net/" "Mozilla/5.0 (Macintosh; Intel Mac OS X 10_15_7) AppleWebKit/605.1.15 (KHTML, like Gecko) Version/17.14 Safari/605.1.15"
91.196.223.232 - - [07/Oct/2025:17:29:59 +0000] "GET /jitchigr/woocommerce/assets/js/frontend/woocommerce.min.js?ver=10.2.1 HTTP/1.1" 200 1474 "https://klmalaygirl.net/" "Mozilla/5.0 (Macintosh; Intel Mac OS X 10_15_7) AppleWebKit/605.1.15 (KHTML, like Gecko) Version/17.14 Safari/605.1.15"
91.196.223.232 - - [07/Oct/2025:17:29:59 +0000] "GET /jitchigr/woocommerce/assets/js/frontend/cart-fragments.min.js?ver=10.2.1 HTTP/1.1" 200 1045 "https://klmalaygirl.net/" "Mozilla/5.0 (Macintosh; Intel Mac OS X 10_15_7) AppleWebKit/605.1.15 (KHTML, like Gecko) Version/17.14 Safari/605.1.15"
91.196.223.232 - - [07/Oct/2025:17:29:59 +0000] "GET /xygansof/js/jquery/ui/core.min.js?ver=1.13.3 HTTP/1.1" 200 7106 "https://klmalaygirl.net/" "Mozilla/5.0 (Macintosh; Intel Mac OS X 10_15_7) AppleWebKit/605.1.15 (KHTML, like Gecko) Version/17.14 Safari/605.1.15"
91.196.223.232 - - [07/Oct/2025:17:29:59 +0000] "GET /xygansof/js/jquery/ui/tabs.min.js?ver=1.13.3 HTTP/1.1" 200 3945 "https://klmalaygirl.net/" "Mozilla/5.0 (Macintosh; Intel Mac OS X 10_15_7) AppleWebKit/605.1.15 (KHTML, like Gecko) Version/17.14 Safari/605.1.15"
91.196.223.232 - - [07/Oct/2025:17:29:59 +0000] "GET /wholsoar/js/plugins/debouncedresize.min.js?ver=28.1.5 HTTP/1.1" 200 297 "https://klmalaygirl.net/" "Mozilla/5.0 (Macintosh; Intel Mac OS X 10_15_7) AppleWebKit/605.1.15 (KHTML, like Gecko) Version/17.14 Safari/605.1.15"
91.196.223.232 - - [07/Oct/2025:17:29:59 +0000] "GET /wholsoar/js/plugins/magnificpopup.min.js?ver=28.1.5 HTTP/1.1" 200 7323 "https://klmalaygirl.net/" "Mozilla/5.0 (Macintosh; Intel Mac OS X 10_15_7) AppleWebKit/605.1.15 (KHTML, like Gecko) Version/17.14 Safari/605.1.15"
91.196.223.232 - - [07/Oct/2025:17:29:59 +0000] "GET /wystipoo/cache/min/1/wp-content/themes/betheme/js/menu.js?ver=1755441892 HTTP/1.1" 200 748 "https://klmalaygirl.net/" "Mozilla/5.0 (Macintosh; Intel Mac OS X 10_15_7) AppleWebKit/605.1.15 (KHTML, like Gecko) Version/17.14 Safari/605.1.15"
91.196.223.232 - - [07/Oct/2025:17:29:59 +0000] "GET /wholsoar/js/plugins/visible.min.js?ver=28.1.5 HTTP/1.1" 200 378 "https://klmalaygirl.net/" "Mozilla/5.0 (Macintosh; Intel Mac OS X 10_15_7) AppleWebKit/605.1.15 (KHTML, like Gecko) Version/17.14 Safari/605.1.15"
91.196.223.232 - - [07/Oct/2025:17:29:59 +0000] "GET /wholsoar/assets/animations/animations.min.js?ver=28.1.5 HTTP/1.1" 200 627 "https://klmalaygirl.net/" "Mozilla/5.0 (Macintosh; Intel Mac OS X 10_15_7) AppleWebKit/605.1.15 (KHTML, like Gecko) Version/17.14 Safari/605.1.15"
91.196.223.232 - - [07/Oct/2025:17:29:59 +0000] "GET /wholsoar/js/plugins/enllax.min.js?ver=28.1.5 HTTP/1.1" 200 529 "https://klmalaygirl.net/" "Mozilla/5.0 (Macintosh; Intel Mac OS X 10_15_7) AppleWebKit/605.1.15 (KHTML, like Gecko) Version/17.14 Safari/605.1.15"
91.196.223.232 - - [07/Oct/2025:17:29:59 +0000] "GET /wystipoo/cache/min/1/wp-content/themes/betheme/js/parallax/translate3d.js?ver=1755441892 HTTP/1.1" 200 963 "https://klmalaygirl.net/" "Mozilla/5.0 (Macintosh; Intel Mac OS X 10_15_7) AppleWebKit/605.1.15 (KHTML, like Gecko) Version/17.14 Safari/605.1.15"
91.196.223.232 - - [07/Oct/2025:17:29:59 +0000] "GET /wystipoo/cache/min/1/wp-content/themes/betheme/js/scripts.js?ver=1755441893 HTTP/1.1" 200 24370 "https://klmalaygirl.net/" "Mozilla/5.0 (Macintosh; Intel Mac OS X 10_15_7) AppleWebKit/605.1.15 (KHTML, like Gecko) Version/17.14 Safari/605.1.15"
91.196.223.232 - - [07/Oct/2025:17:29:59 +0000] "GET /wholsoar/js/plugins/imagesloaded.min.js?ver=28.1.5 HTTP/1.1" 200 1784 "https://klmalaygirl.net/" "Mozilla/5.0 (Macintosh; Intel Mac OS X 10_15_7) AppleWebKit/605.1.15 (KHTML, like Gecko) Version/17.14 Safari/605.1.15"
91.196.223.232 - - [07/Oct/2025:17:29:59 +0000] "GET /wholsoar/js/plugins/slick.min.js?ver=28.1.5 HTTP/1.1" 200 10586 "https://klmalaygirl.net/" "Mozilla/5.0 (Macintosh; Intel Mac OS X 10_15_7) AppleWebKit/605.1.15 (KHTML, like Gecko) Version/17.14 Safari/605.1.15"
91.196.223.232 - - [07/Oct/2025:17:29:59 +0000] "GET /wystipoo/cache/min/1/wp-content/themes/betheme/js/woocommerce.js?ver=1755441893 HTTP/1.1" 200 8614 "https://klmalaygirl.net/" "Mozilla/5.0 (Macintosh; Intel Mac OS X 10_15_7) AppleWebKit/605.1.15 (KHTML, like Gecko) Version/17.14 Safari/605.1.15"
91.196.223.232 - - [07/Oct/2025:17:29:59 +0000] "GET /jitchigr/creame-whatsapp-me/public/js/joinchat.min.js?ver=6.0.8 HTTP/1.1" 200 3372 "https://klmalaygirl.net/" "Mozilla/5.0 (Macintosh; Intel Mac OS X 10_15_7) AppleWebKit/605.1.15 (KHTML, like Gecko) Version/17.14 Safari/605.1.15"
91.196.223.232 - - [07/Oct/2025:17:29:59 +0000] "GET /jitchigr/woocommerce/assets/js/sourcebuster/sourcebuster.min.js?ver=10.2.1 HTTP/1.1" 200 4807 "https://klmalaygirl.net/" "Mozilla/5.0 (Macintosh; Intel Mac OS X 10_15_7) AppleWebKit/605.1.15 (KHTML, like Gecko) Version/17.14 Safari/605.1.15"
91.196.223.232 - - [07/Oct/2025:17:29:59 +0000] "GET /jitchigr/woocommerce/assets/js/frontend/order-attribution.min.js?ver=10.2.1 HTTP/1.1" 200 1128 "https://klmalaygirl.net/" "Mozilla/5.0 (Macintosh; Intel Mac OS X 10_15_7) AppleWebKit/605.1.15 (KHTML, like Gecko) Version/17.14 Safari/605.1.15"
91.196.223.232 - - [07/Oct/2025:17:29:59 +0000] "GET /wholsoar/js/plugins/waypoints.min.js?ver=28.1.5 HTTP/1.1" 200 2746 "https://klmalaygirl.net/" "Mozilla/5.0 (Macintosh; Intel Mac OS X 10_15_7) AppleWebKit/605.1.15 (KHTML, like Gecko) Version/17.14 Safari/605.1.15"
91.196.223.232 - - [07/Oct/2025:17:29:59 +0000] "GET /jitchigr/revslider/sr6/assets/js/rbtools.min.js?ver=6.7.2 HTTP/1.1" 200 61824 "https://klmalaygirl.net/" "Mozilla/5.0 (Macintosh; Intel Mac OS X 10_15_7) AppleWebKit/605.1.15 (KHTML, like Gecko) Version/17.14 Safari/605.1.15"
91.196.223.232 - - [07/Oct/2025:17:29:59 +0000] "GET /jitchigr/revslider/sr6/assets/js/rs6.min.js?ver=6.7.4 HTTP/1.1" 200 108700 "https://klmalaygirl.net/" "Mozilla/5.0 (Macintosh; Intel Mac OS X 10_15_7) AppleWebKit/605.1.15 (KHTML, like Gecko) Version/17.14 Safari/605.1.15"
91.196.223.232 - - [07/Oct/2025:17:29:59 +0000] "GET /xygansof/js/comment-reply.min.js?ver=6.8.3 HTTP/1.1" 200 1375 "https://klmalaygirl.net/" "Mozilla/5.0 (Macintosh; Intel Mac OS X 10_15_7) AppleWebKit/605.1.15 (KHTML, like Gecko) Version/17.14 Safari/605.1.15"
91.196.223.232 - - [07/Oct/2025:17:29:59 +0000] "GET /meevyduh/2025/03/KL-Escorts-Chanel-1-852x1200.jpg HTTP/1.1" 200 100800 "https://klmalaygirl.net/" "Mozilla/5.0 (Macintosh; Intel Mac OS X 10_15_7) AppleWebKit/605.1.15 (KHTML, like Gecko) Version/17.14 Safari/605.1.15"
91.196.223.232 - - [07/Oct/2025:17:29:59 +0000] "GET /meevyduh/2025/03/KL-Escorts-Amy-1-852x1200.jpg HTTP/1.1" 200 147322 "https://klmalaygirl.net/" "Mozilla/5.0 (Macintosh; Intel Mac OS X 10_15_7) AppleWebKit/605.1.15 (KHTML, like Gecko) Version/17.14 Safari/605.1.15"
91.196.223.232 - - [07/Oct/2025:17:30:01 +0000] "GET /jitchigr/revslider/sr6/assets/assets/transparent.png HTTP/1.1" 200 122 "https://klmalaygirl.net/" "Mozilla/5.0 (Macintosh; Intel Mac OS X 10_15_7) AppleWebKit/605.1.15 (KHTML, like Gecko) Version/17.14 Safari/605.1.15"
91.196.223.232 - - [07/Oct/2025:17:30:01 +0000] "GET /meevyduh/2023/04/lingerie-popup-bg.webp HTTP/1.1" 200 197238 "https://klmalaygirl.net/" "Mozilla/5.0 (Macintosh; Intel Mac OS X 10_15_7) AppleWebKit/605.1.15 (KHTML, like Gecko) Version/17.14 Safari/605.1.15"
91.196.223.232 - - [07/Oct/2025:17:30:00 +0000] "POST /?wc-ajax=get_refreshed_fragments HTTP/1.1" 200 226 "https://klmalaygirl.net/" "Mozilla/5.0 (Macintosh; Intel Mac OS X 10_15_7) AppleWebKit/605.1.15 (KHTML, like Gecko) Version/17.14 Safari/605.1.15"
203.161.56.247 - - [07/Oct/2025:17:30:04 +0000] "POST /wp-cron.php?doing_wp_cron=1759858204.8696630001068115234375 HTTP/1.1" 200 - "-" "WordPress/6.8.3; https://klmalaygirl.net"
43.153.15.51 - - [07/Oct/2025:17:30:05 +0000] "GET /best-choices-for-summer/ HTTP/1.1" 200 43072 "-" "Mozilla/5.0 (iPhone; CPU iPhone OS 13_2_3 like Mac OS X) AppleWebKit/605.1.15 (KHTML, like Gecko) Version/13.0.3 Mobile/15E148 Safari/604.1"
91.196.223.232 - - [07/Oct/2025:17:30:00 +0000] "POST /wp-admin/admin-ajax.php HTTP/1.1" 200 441 "https://klmalaygirl.net/" "Mozilla/5.0 (Macintosh; Intel Mac OS X 10_15_7) AppleWebKit/605.1.15 (KHTML, like Gecko) Version/17.14 Safari/605.1.15"
203.161.56.247 - - [07/Oct/2025:17:30:05 +0000] "POST /wp-admin/admin-ajax.php?action=as_async_request_queue_runner&nonce=973dc2a140 HTTP/1.1" 200 - "-" "WordPress/6.8.3; https://klmalaygirl.net"
203.161.56.247 - - [07/Oct/2025:17:35:01 +0000] "POST /wp-cron.php?doing_wp_cron=1759858501.7873430252075195312500 HTTP/1.1" 200 - "-" "WordPress/6.8.3; https://klmalaygirl.net"
216.73.216.82 - - [07/Oct/2025:17:34:59 +0000] "GET /video-sitemap.xml HTTP/1.1" 200 263 "-" "Mozilla/5.0 AppleWebKit/537.36 (KHTML, like Gecko; compatible; ClaudeBot/1.0; +claudebot@anthropic.com)"
203.161.56.247 - - [07/Oct/2025:17:35:14 +0000] "POST /wp-cron.php?doing_wp_cron=1759858514.3647899627685546875000 HTTP/1.1" 200 - "-" "WordPress/6.8.3; https://klmalaygirl.net"
157.55.39.54 - - [07/Oct/2025:17:35:13 +0000] "GET /?s=hunter+350+%E0%B8%81%E0%B8%B1%E0%B8%9A+speed+400 HTTP/1.1" 200 32645 "-" "Mozilla/5.0 AppleWebKit/537.36 (KHTML, like Gecko; compatible; bingbot/2.0; +http://www.bing.com/bingbot.htm) Chrome/116.0.1938.76 Safari/537.36"
203.161.56.247 - - [07/Oct/2025:17:39:12 +0000] "POST /wp-cron.php?doing_wp_cron=1759858752.5024070739746093750000 HTTP/1.1" 200 - "-" "WordPress/6.8.3; https://klmalaygirl.net"
43.130.12.43 - - [07/Oct/2025:17:39:10 +0000] "GET /?p=267 HTTP/1.1" 301 - "-" "Mozilla/5.0 (iPhone; CPU iPhone OS 13_2_3 like Mac OS X) AppleWebKit/605.1.15 (KHTML, like Gecko) Version/13.0.3 Mobile/15E148 Safari/604.1"
43.130.12.43 - - [07/Oct/2025:17:39:14 +0000] "GET /how-to-match-lingerie-to-outfit/ HTTP/1.1" 200 43030 "https://klmalaygirl.net/?p=267" "Mozilla/5.0 (iPhone; CPU iPhone OS 13_2_3 like Mac OS X) AppleWebKit/605.1.15 (KHTML, like Gecko) Version/13.0.3 Mobile/15E148 Safari/604.1"
203.161.56.247 - - [07/Oct/2025:17:46:15 +0000] "POST /wp-cron.php?doing_wp_cron=1759859175.2537879943847656250000 HTTP/1.1" 200 - "-" "WordPress/6.8.3; https://klmalaygirl.net"
157.55.39.52 - - [07/Oct/2025:17:46:13 +0000] "GET /?s=kilo+da+banana+no+festval+hoje HTTP/1.1" 200 32598 "-" "Mozilla/5.0 AppleWebKit/537.36 (KHTML, like Gecko; compatible; bingbot/2.0; +http://www.bing.com/bingbot.htm) Chrome/116.0.1938.76 Safari/537.36"
203.161.56.247 - - [07/Oct/2025:17:47:45 +0000] "POST /wp-cron.php?doing_wp_cron=1759859265.9387569427490234375000 HTTP/1.1" 200 - "-" "WordPress/6.8.3; https://klmalaygirl.net"
142.44.228.37 - - [07/Oct/2025:17:47:43 +0000] "GET /how-to-match-lingerie-to-outfit/feed/ HTTP/1.1" 200 477 "-" "Mozilla/5.0 (compatible; AhrefsBot/7.0; +http://ahrefs.com/robot/)"
43.166.142.76 - - [07/Oct/2025:17:49:00 +0000] "GET /the-discerning-guide-to-reputable-malay-escort-services/?utm_source=rss&utm_medium=rss&utm_campaign=the-discerning-guide-to-reputable-malay-escort-services HTTP/1.1" 200 44210 "-" "Mozilla/5.0 (iPhone; CPU iPhone OS 13_2_3 like Mac OS X) AppleWebKit/605.1.15 (KHTML, like Gecko) Version/13.0.3 Mobile/15E148 Safari/604.1"
66.249.73.15 - - [07/Oct/2025:17:50:16 +0000] "GET /meevyduh/2025/04/KL-Escort-Shelly-2-300x300.jpg HTTP/1.1" 200 18667 "-" "Googlebot-Image/1.0"
203.161.56.247 - - [07/Oct/2025:17:53:32 +0000] "POST /wp-cron.php?doing_wp_cron=1759859612.9461779594421386718750 HTTP/1.1" 200 - "-" "WordPress/6.8.3; https://klmalaygirl.net"
185.191.171.11 - - [07/Oct/2025:17:53:31 +0000] "GET /robots.txt HTTP/1.1" 200 150 "-" "Mozilla/5.0 (compatible; SemrushBot/7~bl; +http://www.semrush.com/bot.html)"
185.191.171.7 - - [07/Oct/2025:17:53:33 +0000] "GET /kl-malay-girl-tag/kl-local-escort/ HTTP/1.1" 200 47291 "-" "Mozilla/5.0 (compatible; SemrushBot/7~bl; +http://www.semrush.com/bot.html)"
203.161.56.247 - - [07/Oct/2025:17:57:19 +0000] "POST /wp-cron.php?doing_wp_cron=1759859839.6260240077972412109375 HTTP/1.1" 200 - "-" "WordPress/6.8.3; https://klmalaygirl.net"
43.153.58.28 - - [07/Oct/2025:17:57:17 +0000] "GET /selecting-the-best-escort-service-in-kuala-lumpur/feed/ HTTP/1.1" 200 473 "-" "Mozilla/5.0 (iPhone; CPU iPhone OS 13_2_3 like Mac OS X) AppleWebKit/605.1.15 (KHTML, like Gecko) Version/13.0.3 Mobile/15E148 Safari/604.1"
203.161.56.247 - - [07/Oct/2025:18:03:20 +0000] "POST /wp-cron.php?doing_wp_cron=1759860200.9366090297698974609375 HTTP/1.1" 200 - "-" "WordPress/6.8.3; https://klmalaygirl.net"
216.73.216.82 - - [07/Oct/2025:18:03:18 +0000] "GET /sitemap.xml HTTP/1.1" 200 406 "-" "Mozilla/5.0 AppleWebKit/537.36 (KHTML, like Gecko; compatible; ClaudeBot/1.0; +claudebot@anthropic.com)"
85.208.96.209 - - [07/Oct/2025:18:04:19 +0000] "GET /kl-malay-girl-tag/escort/ HTTP/1.1" 200 47259 "-" "Mozilla/5.0 (compatible; SemrushBot/7~bl; +http://www.semrush.com/bot.html)"
203.161.56.247 - - [07/Oct/2025:18:05:58 +0000] "POST /wp-cron.php?doing_wp_cron=1759860358.3426249027252197265625 HTTP/1.1" 200 - "-" "WordPress/6.8.3; https://klmalaygirl.net"
157.55.39.205 - - [07/Oct/2025:18:05:56 +0000] "GET /?s=gweneth+devin+pediatrics HTTP/1.1" 200 32575 "-" "Mozilla/5.0 AppleWebKit/537.36 (KHTML, like Gecko; compatible; bingbot/2.0; +http://www.bing.com/bingbot.htm) Chrome/116.0.1938.76 Safari/537.36"
203.161.56.247 - - [07/Oct/2025:18:07:58 +0000] "POST /wp-cron.php?doing_wp_cron=1759860478.3574709892272949218750 HTTP/1.1" 200 - "-" "WordPress/6.8.3; https://klmalaygirl.net"
157.55.39.205 - - [07/Oct/2025:18:07:56 +0000] "GET /?s=%E0%B8%94%E0%B8%AD%E0%B8%81%E0%B8%A5%E0%B9%8D%E0%B8%B2%E0%B9%82%E0%B8%9E%E0%B8%87+bose+soundlink+mini HTTP/1.1" 200 32730 "-" "Mozilla/5.0 AppleWebKit/537.36 (KHTML, like Gecko; compatible; bingbot/2.0; +http://www.bing.com/bingbot.htm) Chrome/116.0.1938.76 Safari/537.36"
203.161.56.247 - - [07/Oct/2025:18:08:32 +0000] "POST /wp-cron.php?doing_wp_cron=1759860512.5883920192718505859375 HTTP/1.1" 200 - "-" "WordPress/6.8.3; https://klmalaygirl.net"
43.159.135.203 - - [07/Oct/2025:18:08:31 +0000] "GET /?p=274 HTTP/1.1" 301 - "-" "Mozilla/5.0 (iPhone; CPU iPhone OS 13_2_3 like Mac OS X) AppleWebKit/605.1.15 (KHTML, like Gecko) Version/13.0.3 Mobile/15E148 Safari/604.1"
43.159.135.203 - - [07/Oct/2025:18:08:33 +0000] "GET /nightdress-versus-pajama/ HTTP/1.1" 200 42950 "https://klmalaygirl.net/?p=274" "Mozilla/5.0 (iPhone; CPU iPhone OS 13_2_3 like Mac OS X) AppleWebKit/605.1.15 (KHTML, like Gecko) Version/13.0.3 Mobile/15E148 Safari/604.1"
54.39.89.68 - - [07/Oct/2025:18:10:51 +0000] "GET /Escorts/local-malay-girls/ HTTP/1.1" 200 46381 "-" "Mozilla/5.0 (compatible; AhrefsBot/7.0; +http://ahrefs.com/robot/)"
203.161.56.247 - - [07/Oct/2025:18:14:13 +0000] "POST /wp-cron.php?doing_wp_cron=1759860853.3545029163360595703125 HTTP/1.1" 200 - "-" "WordPress/6.8.3; https://klmalaygirl.net"
52.167.144.191 - - [07/Oct/2025:18:14:11 +0000] "GET /?s=defini%C3%A7%C3%A3o+MAPA+de+programa+sanit%C3%A1rio HTTP/1.1" 200 32656 "-" "Mozilla/5.0 AppleWebKit/537.36 (KHTML, like Gecko; compatible; bingbot/2.0; +http://www.bing.com/bingbot.htm) Chrome/116.0.1938.76 Safari/537.36"
203.161.56.247 - - [07/Oct/2025:18:18:09 +0000] "POST /wp-cron.php?doing_wp_cron=1759861089.7887659072875976562500 HTTP/1.1" 200 - "-" "WordPress/6.8.3; https://klmalaygirl.net"
216.73.216.82 - - [07/Oct/2025:18:18:07 +0000] "GET /robots.txt HTTP/1.1" 200 150 "-" "Mozilla/5.0 AppleWebKit/537.36 (KHTML, like Gecko; compatible; ClaudeBot/1.0; +claudebot@anthropic.com)"
216.73.216.82 - - [07/Oct/2025:18:18:09 +0000] "GET /sitemap.xml HTTP/1.1" 200 406 "-" "Mozilla/5.0 AppleWebKit/537.36 (KHTML, like Gecko; compatible; ClaudeBot/1.0; +claudebot@anthropic.com)"
49.51.33.159 - - [07/Oct/2025:18:22:46 +0000] "GET /meevyduh/2022/10/lingerie-home-pic9.webp HTTP/1.1" 200 26344 "-" "Mozilla/5.0 (iPhone; CPU iPhone OS 13_2_3 like Mac OS X) AppleWebKit/605.1.15 (KHTML, like Gecko) Version/13.0.3 Mobile/15E148 Safari/604.1"
203.161.56.247 - - [07/Oct/2025:18:27:14 +0000] "POST /wp-cron.php?doing_wp_cron=1759861634.7928860187530517578125 HTTP/1.1" 200 - "-" "WordPress/6.8.3; https://klmalaygirl.net"
40.77.167.28 - - [07/Oct/2025:18:27:12 +0000] "GET /?s=2939+CAMPBELTON+RD+SW HTTP/1.1" 200 32591 "-" "Mozilla/5.0 AppleWebKit/537.36 (KHTML, like Gecko; compatible; bingbot/2.0; +http://www.bing.com/bingbot.htm) Chrome/116.0.1938.76 Safari/537.36"
203.161.56.247 - - [07/Oct/2025:18:28:29 +0000] "POST /wp-cron.php?doing_wp_cron=1759861709.8463459014892578125000 HTTP/1.1" 200 - "-" "WordPress/6.8.3; https://klmalaygirl.net"
43.167.239.66 - - [07/Oct/2025:18:28:27 +0000] "GET /best-choices-for-summer/feed/ HTTP/1.1" 200 469 "-" "Mozilla/5.0 (iPhone; CPU iPhone OS 13_2_3 like Mac OS X) AppleWebKit/605.1.15 (KHTML, like Gecko) Version/13.0.3 Mobile/15E148 Safari/604.1"
203.161.56.247 - - [07/Oct/2025:18:30:24 +0000] "POST /wp-cron.php?doing_wp_cron=1759861824.4372038841247558593750 HTTP/1.1" 200 - "-" "WordPress/6.8.3; https://klmalaygirl.net"
216.73.216.82 - - [07/Oct/2025:18:30:22 +0000] "GET /sitemap.rss HTTP/1.1" 200 1711 "-" "Mozilla/5.0 AppleWebKit/537.36 (KHTML, like Gecko; compatible; ClaudeBot/1.0; +claudebot@anthropic.com)"
113.211.106.158 - - [07/Oct/2025:18:30:50 +0000] "GET /escorts-gallery/mid-valley-escort/ HTTP/1.1" 200 47041 "https://www.google.com/" "Mozilla/5.0 (Linux; Android 10; K) AppleWebKit/537.36 (KHTML, like Gecko) Chrome/140.0.0.0 Mobile Safari/537.36"
113.211.106.158 - - [07/Oct/2025:18:30:51 +0000] "GET /xygansof/css/dist/block-library/style.min.css?ver=6.8.3 HTTP/1.1" 200 15315 "https://klmalaygirl.net/escorts-gallery/mid-valley-escort/" "Mozilla/5.0 (Linux; Android 10; K) AppleWebKit/537.36 (KHTML, like Gecko) Chrome/140.0.0.0 Mobile Safari/537.36"
113.211.106.158 - - [07/Oct/2025:18:30:51 +0000] "GET /wystipoo/cache/min/1/wp-content/plugins/easy-video-player/lib/plyr.css?ver=1755441889 HTTP/1.1" 200 5279 "https://klmalaygirl.net/escorts-gallery/mid-valley-escort/" "Mozilla/5.0 (Linux; Android 10; K) AppleWebKit/537.36 (KHTML, like Gecko) Chrome/140.0.0.0 Mobile Safari/537.36"
113.211.106.158 - - [07/Oct/2025:18:30:51 +0000] "GET /wystipoo/cache/min/1/wp-content/plugins/woocommerce/assets/css/woocommerce-layout.css?ver=1755441889 HTTP/1.1" 200 3414 "https://klmalaygirl.net/escorts-gallery/mid-valley-escort/" "Mozilla/5.0 (Linux; Android 10; K) AppleWebKit/537.36 (KHTML, like Gecko) Chrome/140.0.0.0 Mobile Safari/537.36"
113.211.106.158 - - [07/Oct/2025:18:30:51 +0000] "GET /wystipoo/cache/min/1/wp-content/plugins/woocommerce/assets/css/brands.css?ver=1755441889 HTTP/1.1" 200 684 "https://klmalaygirl.net/escorts-gallery/mid-valley-escort/" "Mozilla/5.0 (Linux; Android 10; K) AppleWebKit/537.36 (KHTML, like Gecko) Chrome/140.0.0.0 Mobile Safari/537.36"
113.211.106.158 - - [07/Oct/2025:18:30:51 +0000] "GET /wystipoo/cache/min/1/wp-content/plugins/woocommerce/assets/css/woocommerce-smallscreen.css?ver=1755441889 HTTP/1.1" 200 1279 "https://klmalaygirl.net/escorts-gallery/mid-valley-escort/" "Mozilla/5.0 (Linux; Android 10; K) AppleWebKit/537.36 (KHTML, like Gecko) Chrome/140.0.0.0 Mobile Safari/537.36"
113.211.106.158 - - [07/Oct/2025:18:30:51 +0000] "GET /wystipoo/cache/min/1/wp-content/plugins/woocommerce/assets/css/woocommerce.css?ver=1755441889 HTTP/1.1" 200 10909 "https://klmalaygirl.net/escorts-gallery/mid-valley-escort/" "Mozilla/5.0 (Linux; Android 10; K) AppleWebKit/537.36 (KHTML, like Gecko) Chrome/140.0.0.0 Mobile Safari/537.36"
113.211.106.158 - - [07/Oct/2025:18:30:51 +0000] "GET /wholsoar/assets/animations/animations.min.css?ver=28.1.5 HTTP/1.1" 200 5588 "https://klmalaygirl.net/escorts-gallery/mid-valley-escort/" "Mozilla/5.0 (Linux; Android 10; K) AppleWebKit/537.36 (KHTML, like Gecko) Chrome/140.0.0.0 Mobile Safari/537.36"
