203.161.56.247 - - [07/Oct/2025:23:12:05 +0000] "GET /Escorts/china-girls/ HTTP/1.1" 200 44791 "-" "WP Rocket/Preload Mozilla/5.0 (iPhone; CPU iPhone OS 9_1 like Mac OS X) AppleWebKit/601.1.46 (KHTML, like Gecko) Version/9.0 Mobile/13B143 Safari/601.1"
203.161.56.247 - - [07/Oct/2025:23:12:07 +0000] "GET /Escorts/local-chinese-girls/ HTTP/1.1" 200 44804 "-" "WP Rocket/Preload"
203.161.56.247 - - [07/Oct/2025:23:12:08 +0000] "GET /Escorts/local-chinese-girls/ HTTP/1.1" 200 44809 "-" "WP Rocket/Preload Mozilla/5.0 (iPhone; CPU iPhone OS 9_1 like Mac OS X) AppleWebKit/601.1.46 (KHTML, like Gecko) Version/9.0 Mobile/13B143 Safari/601.1"
57.141.0.28 - - [07/Oct/2025:23:13:20 +0000] "GET /meevyduh/2025/04/KL-Escort-Yasmine-1.jpg HTTP/1.1" 200 190167 "-" "meta-externalagent/1.1 (+https://developers.facebook.com/docs/sharing/webmasters/crawler)"
203.161.56.247 - - [07/Oct/2025:23:24:02 +0000] "POST /wp-cron.php?doing_wp_cron=1759879442.2142748832702636718750 HTTP/1.1" 200 - "-" "WordPress/6.8.3; https://klmalaygirl.net"
34.233.219.155 - - [07/Oct/2025:23:23:59 +0000] "GET /escorts-gallery/kuala-lumpur-escort/page/2/ HTTP/1.1" 200 46206 "-" "Mozilla/5.0 AppleWebKit/537.36 (KHTML, like Gecko; compatible; Amazonbot/0.1; +https://developer.amazon.com/support/amazonbot) Chrome/119.0.6045.214 Safari/537.36"
203.161.56.247 - - [07/Oct/2025:23:24:04 +0000] "GET /Escorts/mongolian-girls/ HTTP/1.1" 200 44791 "-" "WP Rocket/Preload"
203.161.56.247 - - [07/Oct/2025:23:24:06 +0000] "GET /Escorts/mongolian-girls/ HTTP/1.1" 200 44797 "-" "WP Rocket/Preload Mozilla/5.0 (iPhone; CPU iPhone OS 9_1 like Mac OS X) AppleWebKit/601.1.46 (KHTML, like Gecko) Version/9.0 Mobile/13B143 Safari/601.1"
203.161.56.247 - - [07/Oct/2025:23:24:09 +0000] "GET / HTTP/1.1" 200 47343 "-" "WP Rocket/Preload Mozilla/5.0 (iPhone; CPU iPhone OS 9_1 like Mac OS X) AppleWebKit/601.1.46 (KHTML, like Gecko) Version/9.0 Mobile/13B143 Safari/601.1"
203.161.56.247 - - [07/Oct/2025:23:24:08 +0000] "GET / HTTP/1.1" 200 47330 "-" "WP Rocket/Preload"
203.161.56.247 - - [07/Oct/2025:23:28:55 +0000] "POST /wp-cron.php?doing_wp_cron=1759879735.9484610557556152343750 HTTP/1.1" 200 - "-" "WordPress/6.8.3; https://klmalaygirl.net"
77.75.76.160 - - [07/Oct/2025:23:28:54 +0000] "GET /page-sitemap.xml HTTP/1.1" 200 620 "-" "Mozilla/5.0 (compatible; SeznamBot/4.0; +https://o-seznam.cz/napoveda/vyhledavani/en/seznambot-crawler/)"
66.249.73.2 - - [07/Oct/2025:23:30:34 +0000] "GET /kl-escorts/kl-escort-nicha/ HTTP/1.1" 200 44693 "-" "Mozilla/5.0 (Linux; Android 6.0.1; Nexus 5X Build/MMB29P) AppleWebKit/537.36 (KHTML, like Gecko) Chrome/140.0.7339.207 Mobile Safari/537.36 (compatible; Googlebot/2.1; +http://www.google.com/bot.html)"
203.161.56.247 - - [07/Oct/2025:23:32:22 +0000] "POST /wp-cron.php?doing_wp_cron=1759879942.1785540580749511718750 HTTP/1.1" 200 - "-" "WordPress/6.8.3; https://klmalaygirl.net"
207.46.13.141 - - [07/Oct/2025:23:32:20 +0000] "GET /?s=%E5%8D%A2%E7%BB%8D%E5%8D%8E%E7%94%B5%E8%84%91%E5%A3%81%E7%BA%B8 HTTP/1.1" 200 32698 "-" "Mozilla/5.0 AppleWebKit/537.36 (KHTML, like Gecko; compatible; bingbot/2.0; +http://www.bing.com/bingbot.htm) Chrome/116.0.1938.76 Safari/537.36"
66.249.73.15 - - [07/Oct/2025:23:33:07 +0000] "GET /meevyduh/betheme/css/post-938.css?ver=1757376000 HTTP/1.1" 200 - "https://klmalaygirl.net/kl-escorts/kl-escort-nicha/" "Mozilla/5.0 (Linux; Android 6.0.1; Nexus 5X Build/MMB29P) AppleWebKit/537.36 (KHTML, like Gecko) Chrome/140.0.7339.207 Mobile Safari/537.36 (compatible; Googlebot/2.1; +http://www.google.com/bot.html)"
66.249.73.2 - - [07/Oct/2025:23:33:08 +0000] "GET /wystipoo/cache/min/1/wp-content/plugins/revslider/sr6/assets/css/rs6.css?ver=1755441892 HTTP/1.1" 200 9593 "https://klmalaygirl.net/kl-escorts/kl-escort-nicha/" "Mozilla/5.0 (Linux; Android 6.0.1; Nexus 5X Build/MMB29P) AppleWebKit/537.36 (KHTML, like Gecko) Chrome/140.0.7339.207 Mobile Safari/537.36 (compatible; Googlebot/2.1; +http://www.google.com/bot.html)"
203.161.56.247 - - [07/Oct/2025:23:39:59 +0000] "POST /wp-cron.php?doing_wp_cron=1759880399.9470388889312744140625 HTTP/1.1" 200 - "-" "WordPress/6.8.3; https://klmalaygirl.net"
157.55.39.193 - - [07/Oct/2025:23:39:57 +0000] "GET /?s=%E3%81%8D%E3%81%8F%E3%82%89%E3%81%92%E6%A2%85%E3%81%97%E3%81%9D%E5%91%B3 HTTP/1.1" 200 32698 "-" "Mozilla/5.0 AppleWebKit/537.36 (KHTML, like Gecko; compatible; bingbot/2.0; +http://www.bing.com/bingbot.htm) Chrome/116.0.1938.76 Safari/537.36"
66.249.73.2 - - [07/Oct/2025:23:46:40 +0000] "GET /kl-escorts/kl-escort-tania/?utm_source=rss&utm_medium=rss&utm_campaign=kl-escort-tania HTTP/1.1" 200 44942 "-" "Mozilla/5.0 (Linux; Android 6.0.1; Nexus 5X Build/MMB29P) AppleWebKit/537.36 (KHTML, like Gecko) Chrome/140.0.7339.207 Mobile Safari/537.36 (compatible; Googlebot/2.1; +http://www.google.com/bot.html)"
66.249.73.1 - - [07/Oct/2025:23:46:42 +0000] "GET /wystipoo/cache/min/1/wp-content/themes/betheme/css/responsive.css?ver=1755441892 HTTP/1.1" 200 9872 "https://klmalaygirl.net/kl-escorts/kl-escort-tania/?utm_source=rss&utm_medium=rss&utm_campaign=kl-escort-tania" "Mozilla/5.0 (Linux; Android 6.0.1; Nexus 5X Build/MMB29P) AppleWebKit/537.36 (KHTML, like Gecko) Chrome/139.0.7258.127 Mobile Safari/537.36 (compatible; Googlebot/2.1; +http://www.google.com/bot.html)"
66.249.73.15 - - [07/Oct/2025:23:46:43 +0000] "GET /wystipoo/cache/min/1/wp-content/themes/betheme/css/be.css?ver=1755441891 HTTP/1.1" 200 71593 "https://klmalaygirl.net/kl-escorts/kl-escort-tania/?utm_source=rss&utm_medium=rss&utm_campaign=kl-escort-tania" "Mozilla/5.0 (Linux; Android 6.0.1; Nexus 5X Build/MMB29P) AppleWebKit/537.36 (KHTML, like Gecko) Chrome/139.0.7258.127 Mobile Safari/537.36 (compatible; Googlebot/2.1; +http://www.google.com/bot.html)"
66.249.73.15 - - [07/Oct/2025:23:46:43 +0000] "GET /wystipoo/cache/min/1/wp-content/themes/betheme/fonts/fontawesome/fontawesome.css?ver=1755441892 HTTP/1.1" 200 12757 "https://klmalaygirl.net/kl-escorts/kl-escort-tania/?utm_source=rss&utm_medium=rss&utm_campaign=kl-escort-tania" "Mozilla/5.0 (Linux; Android 6.0.1; Nexus 5X Build/MMB29P) AppleWebKit/537.36 (KHTML, like Gecko) Chrome/139.0.7258.127 Mobile Safari/537.36 (compatible; Googlebot/2.1; +http://www.google.com/bot.html)"
66.249.73.2 - - [07/Oct/2025:23:46:44 +0000] "GET /wholsoar/assets/animations/animations.min.css?ver=28.1.5 HTTP/1.1" 200 5588 "https://klmalaygirl.net/kl-escorts/kl-escort-tania/?utm_source=rss&utm_medium=rss&utm_campaign=kl-escort-tania" "Mozilla/5.0 (Linux; Android 6.0.1; Nexus 5X Build/MMB29P) AppleWebKit/537.36 (KHTML, like Gecko) Chrome/139.0.7258.127 Mobile Safari/537.36 (compatible; Googlebot/2.1; +http://www.google.com/bot.html)"
66.249.73.15 - - [07/Oct/2025:23:46:44 +0000] "GET /wystipoo/cache/min/1/wp-content/themes/betheme/css/woocommerce.css?ver=1755441892 HTTP/1.1" 200 21488 "https://klmalaygirl.net/kl-escorts/kl-escort-tania/?utm_source=rss&utm_medium=rss&utm_campaign=kl-escort-tania" "Mozilla/5.0 (Linux; Android 6.0.1; Nexus 5X Build/MMB29P) AppleWebKit/537.36 (KHTML, like Gecko) Chrome/139.0.7258.127 Mobile Safari/537.36 (compatible; Googlebot/2.1; +http://www.google.com/bot.html)"
66.249.73.15 - - [07/Oct/2025:23:46:45 +0000] "GET /wystipoo/cache/min/1/wp-content/plugins/woocommerce/assets/css/woocommerce-layout.css?ver=1755441889 HTTP/1.1" 200 3414 "https://klmalaygirl.net/kl-escorts/kl-escort-tania/?utm_source=rss&utm_medium=rss&utm_campaign=kl-escort-tania" "Mozilla/5.0 (Linux; Android 6.0.1; Nexus 5X Build/MMB29P) AppleWebKit/537.36 (KHTML, like Gecko) Chrome/139.0.7258.127 Mobile Safari/537.36 (compatible; Googlebot/2.1; +http://www.google.com/bot.html)"
66.249.73.15 - - [07/Oct/2025:23:46:46 +0000] "GET /wystipoo/cache/min/1/wp-content/uploads/betheme/css/post-315.css?ver=1755441892 HTTP/1.1" 200 531 "https://klmalaygirl.net/kl-escorts/kl-escort-tania/?utm_source=rss&utm_medium=rss&utm_campaign=kl-escort-tania" "Mozilla/5.0 (Linux; Android 6.0.1; Nexus 5X Build/MMB29P) AppleWebKit/537.36 (KHTML, like Gecko) Chrome/139.0.7258.127 Mobile Safari/537.36 (compatible; Googlebot/2.1; +http://www.google.com/bot.html)"
66.249.73.15 - - [07/Oct/2025:23:46:46 +0000] "GET /wystipoo/cache/min/1/wp-content/uploads/betheme/css/post-59.css?ver=1755442294 HTTP/1.1" 200 360 "https://klmalaygirl.net/kl-escorts/kl-escort-tania/?utm_source=rss&utm_medium=rss&utm_campaign=kl-escort-tania" "Mozilla/5.0 (Linux; Android 6.0.1; Nexus 5X Build/MMB29P) AppleWebKit/537.36 (KHTML, like Gecko) Chrome/139.0.7258.127 Mobile Safari/537.36 (compatible; Googlebot/2.1; +http://www.google.com/bot.html)"
66.249.73.15 - - [07/Oct/2025:23:46:49 +0000] "GET /wystipoo/cache/min/1/wp-content/uploads/betheme/css/post-807.css?ver=1755441892 HTTP/1.1" 200 676 "https://klmalaygirl.net/kl-escorts/kl-escort-tania/?utm_source=rss&utm_medium=rss&utm_campaign=kl-escort-tania" "Mozilla/5.0 (Linux; Android 6.0.1; Nexus 5X Build/MMB29P) AppleWebKit/537.36 (KHTML, like Gecko) Chrome/139.0.7258.127 Mobile Safari/537.36 (compatible; Googlebot/2.1; +http://www.google.com/bot.html)"
66.249.73.15 - - [07/Oct/2025:23:46:50 +0000] "GET /meevyduh/betheme/css/post-998.css?ver=1757376000 HTTP/1.1" 200 - "https://klmalaygirl.net/kl-escorts/kl-escort-tania/?utm_source=rss&utm_medium=rss&utm_campaign=kl-escort-tania" "Mozilla/5.0 (Linux; Android 6.0.1; Nexus 5X Build/MMB29P) AppleWebKit/537.36 (KHTML, like Gecko) Chrome/139.0.7258.127 Mobile Safari/537.36 (compatible; Googlebot/2.1; +http://www.google.com/bot.html)"
66.249.73.15 - - [07/Oct/2025:23:46:51 +0000] "GET /wholsoar/images/payment-methods/Maestro.svg HTTP/1.1" 200 382 "https://klmalaygirl.net/kl-escorts/kl-escort-tania/?utm_source=rss&utm_medium=rss&utm_campaign=kl-escort-tania" "Mozilla/5.0 (Linux; Android 6.0.1; Nexus 5X Build/MMB29P) AppleWebKit/537.36 (KHTML, like Gecko) Chrome/139.0.7258.127 Mobile Safari/537.36 (compatible; Googlebot/2.1; +http://www.google.com/bot.html)"
66.249.73.15 - - [07/Oct/2025:23:46:51 +0000] "GET /wholsoar/images/payment-methods/Discover.svg HTTP/1.1" 200 1142 "https://klmalaygirl.net/kl-escorts/kl-escort-tania/?utm_source=rss&utm_medium=rss&utm_campaign=kl-escort-tania" "Mozilla/5.0 (Linux; Android 6.0.1; Nexus 5X Build/MMB29P) AppleWebKit/537.36 (KHTML, like Gecko) Chrome/139.0.7258.127 Mobile Safari/537.36 (compatible; Googlebot/2.1; +http://www.google.com/bot.html)"
66.249.73.15 - - [07/Oct/2025:23:46:52 +0000] "GET /wholsoar/images/payment-methods/Visa.svg HTTP/1.1" 200 649 "https://klmalaygirl.net/kl-escorts/kl-escort-tania/?utm_source=rss&utm_medium=rss&utm_campaign=kl-escort-tania" "Mozilla/5.0 (Linux; Android 6.0.1; Nexus 5X Build/MMB29P) AppleWebKit/537.36 (KHTML, like Gecko) Chrome/139.0.7258.127 Mobile Safari/537.36 (compatible; Googlebot/2.1; +http://www.google.com/bot.html)"
203.161.56.247 - - [07/Oct/2025:23:47:27 +0000] "POST /wp-cron.php?doing_wp_cron=1759880847.0995299816131591796875 HTTP/1.1" 200 - "-" "WordPress/6.8.3; https://klmalaygirl.net"
120.76.230.30 - - [07/Oct/2025:23:47:24 +0000] "POST /xmlrpc.php HTTP/1.1" 405 216 "https://klmalaygirl.net" "Mozilla/5.0 (Windows NT 10.0; Win64; x64; rv:127.0) Gecko/20100101 Firefox/127.0"
120.76.230.30 - - [07/Oct/2025:23:47:27 +0000] "POST /wp-login.php HTTP/1.1" 200 2241 "https://klmalaygirl.net" "Mozilla/5.0 (Windows NT 10.0; Win64; x64) AppleWebKit/537.36 (KHTML, like Gecko) Chrome/115.0.5790.171 Safari/537.36 Edg/115.0.1901.203"
157.55.39.193 - - [07/Oct/2025:23:47:38 +0000] "GET /?s=%E0%B8%AD%E0%B8%AD%E0%B8%A1%E0%B8%97%E0%B8%A3%E0%B8%B1%E0%B8%9E%E0%B8%A2%E0%B9%8C+%E0%B8%9E%E0%B8%A5%E0%B8%B0%E0%B9%84%E0%B8%81%E0%B8%A3 HTTP/1.1" 200 32750 "-" "Mozilla/5.0 AppleWebKit/537.36 (KHTML, like Gecko; compatible; bingbot/2.0; +http://www.bing.com/bingbot.htm) Chrome/116.0.1938.76 Safari/537.36"
203.161.56.247 - - [08/Oct/2025:00:00:23 +0000] "POST /wp-cron.php?doing_wp_cron=1759881623.1033070087432861328125 HTTP/1.1" 200 - "-" "WordPress/6.8.3; https://klmalaygirl.net"
207.46.13.102 - - [08/Oct/2025:00:00:20 +0000] "GET /?s=mature+sempre+pronte+a+scopare HTTP/1.1" 200 32588 "-" "Mozilla/5.0 AppleWebKit/537.36 (KHTML, like Gecko; compatible; bingbot/2.0; +http://www.bing.com/bingbot.htm) Chrome/116.0.1938.76 Safari/537.36"
66.29.132.74 - - [08/Oct/2025:00:00:50 +0000] "POST /xmlrpc.php HTTP/1.1" 405 216 "https://klmalaygirl.net" "Mozilla/5.0 (Windows NT 10.0; Win64; x64) AppleWebKit/537.36 (KHTML, like Gecko) Chrome/126.0.0.0 Safari/537.36"
203.161.56.247 - - [08/Oct/2025:00:00:53 +0000] "POST /wp-cron.php?doing_wp_cron=1759881653.0987520217895507812500 HTTP/1.1" 200 - "-" "WordPress/6.8.3; https://klmalaygirl.net"
66.29.132.74 - - [08/Oct/2025:00:00:51 +0000] "POST /wp-login.php HTTP/1.1" 200 2242 "https://klmalaygirl.net" "Mozilla/5.0 (Windows NT 10.0; Win64; x64; rv:127.0) Gecko/20100101 Firefox/127.0"
203.161.56.247 - - [08/Oct/2025:00:03:46 +0000] "POST /wp-cron.php?doing_wp_cron=1759881826.3190100193023681640625 HTTP/1.1" 200 - "-" "WordPress/6.8.3; https://klmalaygirl.net"
216.73.216.82 - - [08/Oct/2025:00:03:44 +0000] "GET /robots.txt HTTP/1.1" 200 150 "-" "Mozilla/5.0 AppleWebKit/537.36 (KHTML, like Gecko; compatible; ClaudeBot/1.0; +claudebot@anthropic.com)"
216.73.216.82 - - [08/Oct/2025:00:03:46 +0000] "GET /sitemap.xml HTTP/1.1" 200 406 "-" "Mozilla/5.0 AppleWebKit/537.36 (KHTML, like Gecko; compatible; ClaudeBot/1.0; +claudebot@anthropic.com)"
203.161.56.247 - - [08/Oct/2025:00:07:51 +0000] "POST /wp-cron.php?doing_wp_cron=1759882071.7178940773010253906250 HTTP/1.1" 200 - "-" "WordPress/6.8.3; https://klmalaygirl.net"
185.191.171.9 - - [08/Oct/2025:00:07:49 +0000] "GET /robots.txt HTTP/1.1" 200 150 "-" "Mozilla/5.0 (compatible; SemrushBot/7~bl; +http://www.semrush.com/bot.html)"
85.208.96.205 - - [08/Oct/2025:00:07:52 +0000] "GET /escorts-gallery/kuala-lumpur-escort/ HTTP/1.1" 200 47025 "-" "Mozilla/5.0 (compatible; SemrushBot/7~bl; +http://www.semrush.com/bot.html)"
185.191.171.11 - - [08/Oct/2025:00:08:54 +0000] "GET /best-choices-for-summer/ HTTP/1.1" 200 43067 "-" "Mozilla/5.0 (compatible; SemrushBot/7~bl; +http://www.semrush.com/bot.html)"
203.161.56.247 - - [08/Oct/2025:00:13:18 +0000] "POST /wp-cron.php?doing_wp_cron=1759882398.4506669044494628906250 HTTP/1.1" 200 - "-" "WordPress/6.8.3; https://klmalaygirl.net"
52.167.144.221 - - [08/Oct/2025:00:13:16 +0000] "GET /?s=nescafe+free+fan HTTP/1.1" 200 32561 "-" "Mozilla/5.0 AppleWebKit/537.36 (KHTML, like Gecko; compatible; bingbot/2.0; +http://www.bing.com/bingbot.htm) Chrome/116.0.1938.76 Safari/537.36"
77.75.76.160 - - [08/Oct/2025:00:17:18 +0000] "GET /kl-escorts/kl-escort-tania/ HTTP/1.1" 200 45163 "-" "Mozilla/5.0 (compatible; SeznamBot/4.0; +https://o-seznam.cz/napoveda/vyhledavani/en/seznambot-crawler/)"
203.161.56.247 - - [08/Oct/2025:00:28:54 +0000] "POST /wp-cron.php?doing_wp_cron=1759883334.8194808959960937500000 HTTP/1.1" 200 - "-" "WordPress/6.8.3; https://klmalaygirl.net"
157.55.39.205 - - [08/Oct/2025:00:28:52 +0000] "GET /sitemap.rss HTTP/1.1" 200 1711 "-" "Mozilla/5.0 AppleWebKit/537.36 (KHTML, like Gecko; compatible; bingbot/2.0; +http://www.bing.com/bingbot.htm) Chrome/116.0.1938.76 Safari/537.36"
66.249.73.15 - - [08/Oct/2025:00:30:14 +0000] "GET /kl-escorts/kl-escort-cinta/ HTTP/1.1" 200 45131 "-" "Googlebot-Image/1.0"
203.161.56.247 - - [08/Oct/2025:00:32:59 +0000] "POST /wp-cron.php?doing_wp_cron=1759883579.5150699615478515625000 HTTP/1.1" 200 - "-" "WordPress/6.8.3; https://klmalaygirl.net"
40.77.167.78 - - [08/Oct/2025:00:32:57 +0000] "GET /?s=%E3%83%A6%E3%83%8B%E3%83%96%E3%83%AD%E3%82%A6+%E7%9C%89%E6%AF%9B HTTP/1.1" 200 32692 "-" "Mozilla/5.0 AppleWebKit/537.36 (KHTML, like Gecko; compatible; bingbot/2.0; +http://www.bing.com/bingbot.htm) Chrome/116.0.1938.76 Safari/537.36"
203.161.56.247 - - [08/Oct/2025:00:38:56 +0000] "POST /wp-cron.php?doing_wp_cron=1759883936.0715880393981933593750 HTTP/1.1" 200 - "-" "WordPress/6.8.3; https://klmalaygirl.net"
157.55.39.11 - - [08/Oct/2025:00:38:54 +0000] "GET /?s=d%C4%91%C4%83ng+k%C3%BD+khai+sinh+cho+tr%E1%BA%BB+b%E1%BB%8B+b%E1%BB%8F+r%C6%A1i HTTP/1.1" 200 32742 "-" "Mozilla/5.0 AppleWebKit/537.36 (KHTML, like Gecko; compatible; bingbot/2.0; +http://www.bing.com/bingbot.htm) Chrome/116.0.1938.76 Safari/537.36"
203.161.56.247 - - [08/Oct/2025:00:42:22 +0000] "POST /wp-cron.php?doing_wp_cron=1759884142.8821010589599609375000 HTTP/1.1" 200 - "-" "WordPress/6.8.3; https://klmalaygirl.net"
157.55.39.13 - - [08/Oct/2025:00:42:20 +0000] "GET /?s=%E9%9B%91%E9%AD%9AZAKO HTTP/1.1" 200 32596 "-" "Mozilla/5.0 AppleWebKit/537.36 (KHTML, like Gecko; compatible; bingbot/2.0; +http://www.bing.com/bingbot.htm) Chrome/116.0.1938.76 Safari/537.36"
203.161.56.247 - - [08/Oct/2025:00:42:50 +0000] "POST /wp-cron.php?doing_wp_cron=1759884170.2807519435882568359375 HTTP/1.1" 200 - "-" "WordPress/6.8.3; https://klmalaygirl.net"
52.167.144.206 - - [08/Oct/2025:00:42:48 +0000] "GET /?s=WTV412+%E3%83%9F%E3%83%BC%E3%83%AC HTTP/1.1" 200 32615 "-" "Mozilla/5.0 AppleWebKit/537.36 (KHTML, like Gecko; compatible; bingbot/2.0; +http://www.bing.com/bingbot.htm) Chrome/116.0.1938.76 Safari/537.36"
66.249.73.15 - - [08/Oct/2025:00:43:14 +0000] "GET /meevyduh/2025/03/KL-Escort-SanSan-1.jpg HTTP/1.1" 200 162484 "-" "Googlebot-Image/1.0"
203.161.56.247 - - [08/Oct/2025:00:47:56 +0000] "POST /wp-cron.php?doing_wp_cron=1759884476.8920280933380126953125 HTTP/1.1" 200 - "-" "WordPress/6.8.3; https://klmalaygirl.net"
216.73.216.82 - - [08/Oct/2025:00:47:54 +0000] "GET /sitemap.xml HTTP/1.1" 200 406 "-" "Mozilla/5.0 AppleWebKit/537.36 (KHTML, like Gecko; compatible; ClaudeBot/1.0; +claudebot@anthropic.com)"
203.161.56.247 - - [08/Oct/2025:00:49:21 +0000] "POST /wp-cron.php?doing_wp_cron=1759884561.7650239467620849609375 HTTP/1.1" 200 - "-" "WordPress/6.8.3; https://klmalaygirl.net"
52.167.144.206 - - [08/Oct/2025:00:49:19 +0000] "GET /?s=Tanner+Ourada+ HTTP/1.1" 200 32559 "-" "Mozilla/5.0 AppleWebKit/537.36 (KHTML, like Gecko; compatible; bingbot/2.0; +http://www.bing.com/bingbot.htm) Chrome/116.0.1938.76 Safari/537.36"
77.75.78.160 - - [08/Oct/2025:00:51:10 +0000] "GET /meevyduh/2022/10/lingerie-home-pic9.webp HTTP/1.1" 304 - "-" "Mozilla/5.0 (compatible; SeznamBot/4.0; +https://o-seznam.cz/napoveda/vyhledavani/en/seznambot-crawler/)"
203.161.56.247 - - [08/Oct/2025:00:53:36 +0000] "POST /wp-cron.php?doing_wp_cron=1759884816.3809740543365478515625 HTTP/1.1" 200 - "-" "WordPress/6.8.3; https://klmalaygirl.net"
207.46.13.17 - - [08/Oct/2025:00:53:34 +0000] "GET /?s=%E7%9B%AE%E9%BB%92%E5%8C%BA%E4%B8%AD%E5%A4%AE%E7%94%BA%EF%BC%91%EF%BC%8D%EF%BC%91%EF%BC%91%EF%BC%8D%EF%BC%92%EF%BC%99 HTTP/1.1" 200 32765 "-" "Mozilla/5.0 AppleWebKit/537.36 (KHTML, like Gecko; compatible; bingbot/2.0; +http://www.bing.com/bingbot.htm) Chrome/116.0.1938.76 Safari/537.36"
203.161.56.247 - - [08/Oct/2025:01:00:48 +0000] "POST /wp-cron.php?doing_wp_cron=1759885248.8393220901489257812500 HTTP/1.1" 200 - "-" "WordPress/6.8.3; https://klmalaygirl.net"
157.55.39.63 - - [08/Oct/2025:01:00:46 +0000] "GET /?s=info+synonyms HTTP/1.1" 200 32554 "-" "Mozilla/5.0 AppleWebKit/537.36 (KHTML, like Gecko; compatible; bingbot/2.0; +http://www.bing.com/bingbot.htm) Chrome/116.0.1938.76 Safari/537.36"
203.161.56.247 - - [08/Oct/2025:01:01:18 +0000] "POST /wp-cron.php?doing_wp_cron=1759885278.6387319564819335937500 HTTP/1.1" 200 - "-" "WordPress/6.8.3; https://klmalaygirl.net"
157.55.39.63 - - [08/Oct/2025:01:01:17 +0000] "GET /?s=121+residence HTTP/1.1" 200 32554 "-" "Mozilla/5.0 AppleWebKit/537.36 (KHTML, like Gecko; compatible; bingbot/2.0; +http://www.bing.com/bingbot.htm) Chrome/116.0.1938.76 Safari/537.36"
203.161.56.247 - - [08/Oct/2025:01:06:03 +0000] "POST /wp-cron.php?doing_wp_cron=1759885563.7340390682220458984375 HTTP/1.1" 200 - "-" "WordPress/6.8.3; https://klmalaygirl.net"
157.55.39.63 - - [08/Oct/2025:01:05:57 +0000] "GET /?s=Ivy+Mae+porn+pics HTTP/1.1" 200 32569 "-" "Mozilla/5.0 AppleWebKit/537.36 (KHTML, like Gecko; compatible; bingbot/2.0; +http://www.bing.com/bingbot.htm) Chrome/116.0.1938.76 Safari/537.36"
203.161.56.247 - - [08/Oct/2025:01:06:48 +0000] "POST /wp-cron.php?doing_wp_cron=1759885608.2612130641937255859375 HTTP/1.1" 200 - "-" "WordPress/6.8.3; https://klmalaygirl.net"
157.55.39.193 - - [08/Oct/2025:01:06:46 +0000] "GET /?s=la+bonne+sex+scenes HTTP/1.1" 200 32570 "-" "Mozilla/5.0 AppleWebKit/537.36 (KHTML, like Gecko; compatible; bingbot/2.0; +http://www.bing.com/bingbot.htm) Chrome/116.0.1938.76 Safari/537.36"
203.161.56.247 - - [08/Oct/2025:01:07:20 +0000] "POST /wp-cron.php?doing_wp_cron=1759885640.8070249557495117187500 HTTP/1.1" 200 - "-" "WordPress/6.8.3; https://klmalaygirl.net"
148.113.130.88 - - [08/Oct/2025:01:07:19 +0000] "GET /sitemap.rss HTTP/1.1" 200 1711 "-" "Mozilla/5.0 (compatible; AhrefsBot/7.0; +http://ahrefs.com/robot/)"
203.161.56.247 - - [08/Oct/2025:01:09:33 +0000] "POST /wp-cron.php?doing_wp_cron=1759885773.4712738990783691406250 HTTP/1.1" 200 - "-" "WordPress/6.8.3; https://klmalaygirl.net"
52.167.144.162 - - [08/Oct/2025:01:09:31 +0000] "GET /?s=b%E1%BA%BFn+tre+s%C3%A1p+nh%E1%BA%ADp HTTP/1.1" 200 32639 "-" "Mozilla/5.0 AppleWebKit/537.36 (KHTML, like Gecko; compatible; bingbot/2.0; +http://www.bing.com/bingbot.htm) Chrome/116.0.1938.76 Safari/537.36"
203.161.56.247 - - [08/Oct/2025:01:26:26 +0000] "POST /wp-cron.php?doing_wp_cron=1759886786.6128358840942382812500 HTTP/1.1" 200 - "-" "WordPress/6.8.3; https://klmalaygirl.net"
40.77.167.74 - - [08/Oct/2025:01:26:23 +0000] "GET /?s=%E2%80%9C%E5%94%AF%E4%B8%80%E4%B8%80%E5%80%8B%E2%80%9C HTTP/1.1" 200 32645 "-" "Mozilla/5.0 AppleWebKit/537.36 (KHTML, like Gecko; compatible; bingbot/2.0; +http://www.bing.com/bingbot.htm) Chrome/116.0.1938.76 Safari/537.36"
203.161.56.247 - - [08/Oct/2025:01:27:40 +0000] "POST /wp-cron.php?doing_wp_cron=1759886860.4311070442199707031250 HTTP/1.1" 200 - "-" "WordPress/6.8.3; https://klmalaygirl.net"
85.208.96.199 - - [08/Oct/2025:01:27:38 +0000] "GET /robots.txt HTTP/1.1" 200 150 "-" "Mozilla/5.0 (compatible; SemrushBot/7~bl; +http://www.semrush.com/bot.html)"
185.191.171.15 - - [08/Oct/2025:01:27:41 +0000] "GET /kl-malay-girl-tag/klpj-escort/ HTTP/1.1" 200 47282 "-" "Mozilla/5.0 (compatible; SemrushBot/7~bl; +http://www.semrush.com/bot.html)"
203.161.56.247 - - [08/Oct/2025:01:29:16 +0000] "POST /wp-cron.php?doing_wp_cron=1759886956.1906380653381347656250 HTTP/1.1" 200 - "-" "WordPress/6.8.3; https://klmalaygirl.net"
157.55.39.193 - - [08/Oct/2025:01:29:14 +0000] "GET /?s=erotic+nude+1980s+italian+virgin+women+film HTTP/1.1" 200 32624 "-" "Mozilla/5.0 AppleWebKit/537.36 (KHTML, like Gecko; compatible; bingbot/2.0; +http://www.bing.com/bingbot.htm) Chrome/116.0.1938.76 Safari/537.36"
203.161.56.247 - - [08/Oct/2025:01:34:17 +0000] "POST /wp-cron.php?doing_wp_cron=1759887257.8717880249023437500000 HTTP/1.1" 200 - "-" "WordPress/6.8.3; https://klmalaygirl.net"
207.46.13.86 - - [08/Oct/2025:01:34:15 +0000] "GET /sitemap.xml HTTP/1.1" 200 406 "-" "Mozilla/5.0 AppleWebKit/537.36 (KHTML, like Gecko; compatible; bingbot/2.0; +http://www.bing.com/bingbot.htm) Chrome/116.0.1938.76 Safari/537.36"
203.161.56.247 - - [08/Oct/2025:01:35:17 +0000] "POST /wp-cron.php?doing_wp_cron=1759887317.1879949569702148437500 HTTP/1.1" 200 - "-" "WordPress/6.8.3; https://klmalaygirl.net"
216.73.216.82 - - [08/Oct/2025:01:35:15 +0000] "GET /robots.txt HTTP/1.1" 200 150 "-" "Mozilla/5.0 AppleWebKit/537.36 (KHTML, like Gecko; compatible; ClaudeBot/1.0; +claudebot@anthropic.com)"
216.73.216.82 - - [08/Oct/2025:01:35:17 +0000] "GET /video-sitemap.xml HTTP/1.1" 200 263 "-" "Mozilla/5.0 AppleWebKit/537.36 (KHTML, like Gecko; compatible; ClaudeBot/1.0; +claudebot@anthropic.com)"
91.223.126.166 - - [08/Oct/2025:01:35:30 +0000] "GET / HTTP/1.1" 200 279687 "-" "Mozilla/5.0+(compatible;+Googlebot/2.1;++http://www.google.com/bot.html)"
91.223.126.166 - - [08/Oct/2025:01:35:35 +0000] "GET / HTTP/1.1" 200 279687 "-" "Mozilla/5.0 (Windows NT 10.0; Win64; x64) AppleWebKit/537.36 (KHTML, like Gecko) Chrome/132.0.0.0 Safari/537.36"
203.161.56.247 - - [08/Oct/2025:01:41:40 +0000] "POST /wp-cron.php?doing_wp_cron=1759887700.9545838832855224609375 HTTP/1.1" 200 - "-" "WordPress/6.8.3; https://klmalaygirl.net"
54.39.6.86 - - [08/Oct/2025:01:41:39 +0000] "GET /sitemap.xml HTTP/1.1" 200 406 "-" "Mozilla/5.0 (compatible; AhrefsBot/7.0; +http://ahrefs.com/robot/)"
142.44.220.236 - - [08/Oct/2025:01:41:42 +0000] "GET /post-sitemap.xml HTTP/1.1" 200 1073 "-" "Mozilla/5.0 (compatible; AhrefsBot/7.0; +http://ahrefs.com/robot/)"
15.235.27.17 - - [08/Oct/2025:01:41:44 +0000] "GET /page-sitemap.xml HTTP/1.1" 200 620 "-" "Mozilla/5.0 (compatible; AhrefsBot/7.0; +http://ahrefs.com/robot/)"
15.235.27.153 - - [08/Oct/2025:01:41:47 +0000] "GET /product-sitemap.xml HTTP/1.1" 200 1123 "-" "Mozilla/5.0 (compatible; AhrefsBot/7.0; +http://ahrefs.com/robot/)"
203.161.56.247 - - [08/Oct/2025:01:41:55 +0000] "POST /wp-cron.php?doing_wp_cron=1759887715.4235539436340332031250 HTTP/1.1" 200 - "-" "WordPress/6.8.3; https://klmalaygirl.net"
51.161.65.179 - - [08/Oct/2025:01:41:54 +0000] "GET /product_brand-sitemap.xml HTTP/1.1" 200 464 "-" "Mozilla/5.0 (compatible; AhrefsBot/7.0; +http://ahrefs.com/robot/)"
51.222.95.182 - - [08/Oct/2025:01:42:01 +0000] "GET /product_cat-sitemap.xml HTTP/1.1" 200 535 "-" "Mozilla/5.0 (compatible; AhrefsBot/7.0; +http://ahrefs.com/robot/)"
54.39.203.1 - - [08/Oct/2025:01:42:04 +0000] "GET /product_tag-sitemap.xml HTTP/1.1" 200 511 "-" "Mozilla/5.0 (compatible; AhrefsBot/7.0; +http://ahrefs.com/robot/)"
203.161.56.247 - - [08/Oct/2025:01:44:47 +0000] "POST /wp-cron.php?doing_wp_cron=1759887887.7920310497283935546875 HTTP/1.1" 200 - "-" "WordPress/6.8.3; https://klmalaygirl.net"
157.55.39.48 - - [08/Oct/2025:01:44:45 +0000] "GET /?s=%E8%88%B9%E5%8B%99+GPE HTTP/1.1" 200 32597 "-" "Mozilla/5.0 AppleWebKit/537.36 (KHTML, like Gecko; compatible; bingbot/2.0; +http://www.bing.com/bingbot.htm) Chrome/116.0.1938.76 Safari/537.36"
185.191.171.3 - - [08/Oct/2025:01:45:54 +0000] "GET /Escorts/local-malay-girls/ HTTP/1.1" 200 46383 "-" "Mozilla/5.0 (compatible; SemrushBot/7~bl; +http://www.semrush.com/bot.html)"
203.161.56.247 - - [08/Oct/2025:01:51:19 +0000] "POST /wp-cron.php?doing_wp_cron=1759888279.6151158809661865234375 HTTP/1.1" 200 - "-" "WordPress/6.8.3; https://klmalaygirl.net"
207.46.13.130 - - [08/Oct/2025:01:51:17 +0000] "GET /?s=whey+mass+gainer+%E0%B8%84%E0%B8%B7%E0%B8%AD HTTP/1.1" 200 32636 "-" "Mozilla/5.0 AppleWebKit/537.36 (KHTML, like Gecko; compatible; bingbot/2.0; +http://www.bing.com/bingbot.htm) Chrome/116.0.1938.76 Safari/537.36"
203.161.56.247 - - [08/Oct/2025:01:51:53 +0000] "POST /wp-cron.php?doing_wp_cron=1759888313.2977690696716308593750 HTTP/1.1" 200 - "-" "WordPress/6.8.3; https://klmalaygirl.net"
20.171.207.53 - - [08/Oct/2025:01:51:51 +0000] "GET /video-sitemap.xml HTTP/1.1" 200 263 "-" "Mozilla/5.0 AppleWebKit/537.36 (KHTML, like Gecko; compatible; GPTBot/1.2; +https://openai.com/gptbot)"
203.161.56.247 - - [08/Oct/2025:01:57:39 +0000] "POST /wp-cron.php?doing_wp_cron=1759888659.8171329498291015625000 HTTP/1.1" 200 - "-" "WordPress/6.8.3; https://klmalaygirl.net"
207.46.13.130 - - [08/Oct/2025:01:57:37 +0000] "GET /?s=rumah+untuk+di+jual+taman+nong+chik HTTP/1.1" 200 32610 "-" "Mozilla/5.0 AppleWebKit/537.36 (KHTML, like Gecko; compatible; bingbot/2.0; +http://www.bing.com/bingbot.htm) Chrome/116.0.1938.76 Safari/537.36"
203.161.56.247 - - [08/Oct/2025:01:58:35 +0000] "POST /wp-cron.php?doing_wp_cron=1759888715.6255869865417480468750 HTTP/1.1" 200 - "-" "WordPress/6.8.3; https://klmalaygirl.net"
20.171.207.53 - - [08/Oct/2025:01:58:33 +0000] "GET /sitemap.xml HTTP/1.1" 200 406 "-" "Mozilla/5.0 AppleWebKit/537.36 (KHTML, like Gecko; compatible; GPTBot/1.2; +https://openai.com/gptbot)"
203.161.56.247 - - [08/Oct/2025:02:01:36 +0000] "POST /wp-cron.php?doing_wp_cron=1759888896.6517729759216308593750 HTTP/1.1" 200 - "-" "WordPress/6.8.3; https://klmalaygirl.net"
20.171.207.53 - - [08/Oct/2025:02:01:34 +0000] "GET /sitemap.rss HTTP/1.1" 200 1711 "-" "Mozilla/5.0 AppleWebKit/537.36 (KHTML, like Gecko; compatible; GPTBot/1.2; +https://openai.com/gptbot)"
203.161.56.247 - - [08/Oct/2025:02:04:26 +0000] "POST /wp-cron.php?doing_wp_cron=1759889066.7874848842620849609375 HTTP/1.1" 200 - "-" "WordPress/6.8.3; https://klmalaygirl.net"
207.46.13.170 - - [08/Oct/2025:02:04:24 +0000] "GET /?s=C%C3%A0i+%C4%91%E1%BA%B7t+l%E1%BA%A1i+driver+c%E1%BB%A7a+ch%E1%BB%AF+k%C3%BD+s%E1%BB%91+t%E1%BB%AB+trang+ch%E1%BB%A7+c%E1%BB%A7a+MobiFone HTTP/1.1" 200 32830 "-" "Mozilla/5.0 AppleWebKit/537.36 (KHTML, like Gecko; compatible; bingbot/2.0; +http://www.bing.com/bingbot.htm) Chrome/116.0.1938.76 Safari/537.36"
203.161.56.247 - - [08/Oct/2025:02:08:06 +0000] "POST /wp-cron.php?doing_wp_cron=1759889286.5595369338989257812500 HTTP/1.1" 200 - "-" "WordPress/6.8.3; https://klmalaygirl.net"
157.55.39.48 - - [08/Oct/2025:02:08:02 +0000] "GET /?s=%E0%B8%97%E0%B8%B3%E0%B9%84%E0%B8%A1+M+Pictures+%E0%B9%84%E0%B8%A1%E0%B9%88%E0%B8%97%E0%B8%B3%E0%B8%98%E0%B8%B5%E0%B9%88%E0%B8%AB%E0%B8%A2%E0%B8%94+2+%E0%B8%95%E0%B9%88%E0%B8%AD HTTP/1.1" 200 32793 "-" "Mozilla/5.0 AppleWebKit/537.36 (KHTML, like Gecko; compatible; bingbot/2.0; +http://www.bing.com/bingbot.htm) Chrome/116.0.1938.76 Safari/537.36"
85.208.96.202 - - [08/Oct/2025:02:08:18 +0000] "GET /kl-escorts/kl-escort-sumi/ HTTP/1.1" 200 45189 "-" "Mozilla/5.0 (compatible; SemrushBot/7~bl; +http://www.semrush.com/bot.html)"
203.161.56.247 - - [08/Oct/2025:02:08:59 +0000] "POST /wp-cron.php?doing_wp_cron=1759889339.3525919914245605468750 HTTP/1.1" 200 - "-" "WordPress/6.8.3; https://klmalaygirl.net"
20.171.207.53 - - [08/Oct/2025:02:08:57 +0000] "GET /news-sitemap.xml HTTP/1.1" 404 196 "-" "Mozilla/5.0 AppleWebKit/537.36 (KHTML, like Gecko; compatible; GPTBot/1.2; +https://openai.com/gptbot)"
203.161.56.247 - - [08/Oct/2025:02:10:48 +0000] "POST /wp-cron.php?doing_wp_cron=1759889448.9149389266967773437500 HTTP/1.1" 200 - "-" "WordPress/6.8.3; https://klmalaygirl.net"
52.167.144.24 - - [08/Oct/2025:02:10:47 +0000] "GET /?s=%E0%B8%A3%E0%B8%96%E0%B9%84%E0%B8%9F%E0%B8%8D%E0%B8%B5%E0%B9%88%E0%B8%9B%E0%B8%B8%E0%B9%88%E0%B8%99+local+vs+rapid HTTP/1.1" 200 32741 "-" "Mozilla/5.0 AppleWebKit/537.36 (KHTML, like Gecko; compatible; bingbot/2.0; +http://www.bing.com/bingbot.htm) Chrome/116.0.1938.76 Safari/537.36"
203.161.56.247 - - [08/Oct/2025:02:14:15 +0000] "POST /wp-cron.php?doing_wp_cron=1759889655.1775350570678710937500 HTTP/1.1" 200 - "-" "WordPress/6.8.3; https://klmalaygirl.net"
157.55.39.49 - - [08/Oct/2025:02:14:13 +0000] "GET /?s=%E0%B8%A1%E0%B8%B4%E0%B8%95%E0%B8%A3%E0%B8%A0%E0%B8%B2%E0%B8%9E%E0%B8%A3%E0%B8%B1%E0%B8%AA%E0%B9%80%E0%B8%8B%E0%B8%B5%E0%B8%A2-%E0%B9%80%E0%B8%81%E0%B8%B2%E0%B8%AB%E0%B8%A5%E0%B8%B5%E0%B9%80%E0%B8%AB%E0%B8%99%E0%B8%B7%E0%B8%AD+%27%E0%B8%AD%E0%B8%A1%E0%B8%95%E0%B8%B0%27+%E0%B8%8A%E0%B8%B7%E0%B9%88%E0%B8%99%E0%B8%8A%E0%B8%A1+%E0%B8%9B%E0%B8%B9%E0%B8%95%E0%B8%B4%E0%B8%99+%E0%B8%9B%E0%B8%81%E0%B8%9B%E0%B9%89%E0%B8%AD%E0%B8%87%E0%B8%9C%E0%B8%A5%E0%B8%9B%E0%B8%A3%E0%B8%B0%E0%B9%82%E0%B8%A2%E0%B8%8A%E0%B8%99%E0%B9%8C%E0%B8%8A%E0%B8%B2%E0%B8%95%E0%B8%B4+%E0%B8%84%E0%B8%B4%E0%B8%A1+%E0%B8%88%E0%B8%AD%E0%B8%87-%E0%B8%AD%E0%B8%B6%E0%B8%99+%E0%B8%AA%E0%B9%88%E0%B8%87%E0%B8%AA%E0%B8%B2%E0%B8%A3%E0%B8%AD%E0%B8%A7%E0%B8%A2%E0%B8%9E%E0%B8%A3%E0%B8%A7%E0%B8%B1%E0%B8%99%E0%B9%80%E0%B8%81%E0%B8%B4%E0%B8%94+%E0%B8%9B%E0%B8%98%E0%B8%99.%E0%B8%9B%E0%B8%B9%E0%B8%95%E0%B8%B4%E0%B8%99 HTTP/1.1" 200 33480 "-" "Mozilla/5.0 AppleWebKit/537.36 (KHTML, like Gecko; compatible; bingbot/2.0; +http://www.bing.com/bingbot.htm) Chrome/116.0.1938.76 Safari/537.36"
203.161.56.247 - - [08/Oct/2025:02:15:16 +0000] "POST /wp-cron.php?doing_wp_cron=1759889716.5729789733886718750000 HTTP/1.1" 200 - "-" "WordPress/6.8.3; https://klmalaygirl.net"
142.44.228.93 - - [08/Oct/2025:02:15:14 +0000] "GET /kl-malay-girl-tag/klpj-escort/feed/ HTTP/1.1" 200 4772 "-" "Mozilla/5.0 (compatible; AhrefsBot/7.0; +http://ahrefs.com/robot/)"
203.161.56.247 - - [08/Oct/2025:02:16:10 +0000] "POST /wp-cron.php?doing_wp_cron=1759889770.4658830165863037109375 HTTP/1.1" 200 - "-" "WordPress/6.8.3; https://klmalaygirl.net"
157.55.39.193 - - [08/Oct/2025:02:16:08 +0000] "GET /?s=%E3%83%9D%E3%82%AF%E3%83%AD%E3%83%95%E3%82%B9%E3%82%AF HTTP/1.1" 200 32642 "-" "Mozilla/5.0 AppleWebKit/537.36 (KHTML, like Gecko; compatible; bingbot/2.0; +http://www.bing.com/bingbot.htm) Chrome/116.0.1938.76 Safari/537.36"
203.161.56.247 - - [08/Oct/2025:02:19:31 +0000] "POST /wp-cron.php?doing_wp_cron=1759889971.7005910873413085937500 HTTP/1.1" 200 - "-" "WordPress/6.8.3; https://klmalaygirl.net"
157.55.39.61 - - [08/Oct/2025:02:19:29 +0000] "GET /?s=%E0%B8%84%E0%B9%8D%E0%B8%B2%E0%B8%99%E0%B8%A7%E0%B8%93%E0%B8%9A%E0%B9%8D%E0%B8%B2%E0%B8%99%E0%B8%B2%E0%B8%8D%E0%B8%82%E0%B9%89%E0%B8%B2%E0%B8%A3%E0%B8%B2%E0%B8%8A%E0%B8%81%E0%B8%B2%E0%B8%A3+2568 HTTP/1.1" 200 32780 "-" "Mozilla/5.0 AppleWebKit/537.36 (KHTML, like Gecko; compatible; bingbot/2.0; +http://www.bing.com/bingbot.htm) Chrome/116.0.1938.76 Safari/537.36"
203.161.56.247 - - [08/Oct/2025:02:22:12 +0000] "POST /wp-cron.php?doing_wp_cron=1759890132.2082951068878173828125 HTTP/1.1" 200 - "-" "WordPress/6.8.3; https://klmalaygirl.net"
157.55.39.61 - - [08/Oct/2025:02:22:10 +0000] "GET /?s=q77_issue_error_discrepancy_alert HTTP/1.1" 200 32585 "-" "Mozilla/5.0 AppleWebKit/537.36 (KHTML, like Gecko; compatible; bingbot/2.0; +http://www.bing.com/bingbot.htm) Chrome/116.0.1938.76 Safari/537.36"
203.161.56.247 - - [08/Oct/2025:02:22:52 +0000] "POST /wp-cron.php?doing_wp_cron=1759890172.6343228816986083984375 HTTP/1.1" 200 - "-" "WordPress/6.8.3; https://klmalaygirl.net"
207.46.13.78 - - [08/Oct/2025:02:22:50 +0000] "GET /?s=STR+%E7%AC%A6%E5%90%88%E8%B5%84%E6%A0%BC%E4%BA%BA%E6%95%B0 HTTP/1.1" 200 32707 "-" "Mozilla/5.0 AppleWebKit/537.36 (KHTML, like Gecko; compatible; bingbot/2.0; +http://www.bing.com/bingbot.htm) Chrome/116.0.1938.76 Safari/537.36"
182.42.105.144 - - [08/Oct/2025:02:23:51 +0000] "GET / HTTP/1.1" 200 47343 "http://www.klmalaygirl.net" "Mozilla/5.0 (iPhone; CPU iPhone OS 13_2_3 like Mac OS X) AppleWebKit/605.1.15 (KHTML, like Gecko) Version/13.0.3 Mobile/15E148 Safari/604.1"
203.161.56.247 - - [08/Oct/2025:02:26:22 +0000] "POST /wp-cron.php?doing_wp_cron=1759890382.0906200408935546875000 HTTP/1.1" 200 - "-" "WordPress/6.8.3; https://klmalaygirl.net"
216.73.216.82 - - [08/Oct/2025:02:26:20 +0000] "GET /sitemap.rss HTTP/1.1" 200 1711 "-" "Mozilla/5.0 AppleWebKit/537.36 (KHTML, like Gecko; compatible; ClaudeBot/1.0; +claudebot@anthropic.com)"
85.208.96.196 - - [08/Oct/2025:02:27:37 +0000] "GET /kl-malay-girl-tag/kl-escorts/ HTTP/1.1" 200 47271 "-" "Mozilla/5.0 (compatible; SemrushBot/7~bl; +http://www.semrush.com/bot.html)"
203.161.56.247 - - [08/Oct/2025:02:28:48 +0000] "POST /wp-cron.php?doing_wp_cron=1759890528.5145320892333984375000 HTTP/1.1" 200 - "-" "WordPress/6.8.3; https://klmalaygirl.net"
216.73.216.82 - - [08/Oct/2025:02:28:46 +0000] "GET /sitemap.xml HTTP/1.1" 200 406 "-" "Mozilla/5.0 AppleWebKit/537.36 (KHTML, like Gecko; compatible; ClaudeBot/1.0; +claudebot@anthropic.com)"
203.161.56.247 - - [08/Oct/2025:02:29:14 +0000] "POST /wp-cron.php?doing_wp_cron=1759890554.5384039878845214843750 HTTP/1.1" 200 - "-" "WordPress/6.8.3; https://klmalaygirl.net"
157.55.39.56 - - [08/Oct/2025:02:29:12 +0000] "GET /?s=y%E1%BA%BFm+tai+m%C3%B3c+c%E1%BA%A9u HTTP/1.1" 200 32635 "-" "Mozilla/5.0 AppleWebKit/537.36 (KHTML, like Gecko; compatible; bingbot/2.0; +http://www.bing.com/bingbot.htm) Chrome/116.0.1938.76 Safari/537.36"
157.55.39.48 - - [08/Oct/2025:02:29:18 +0000] "GET /?s=%E0%B8%9A%E0%B9%89%E0%B8%B2%E0%B8%99%E0%B8%A3%E0%B9%88%E0%B8%AD%E0%B8%87%E0%B8%81%E0%B8%A5%E0%B9%89%E0%B8%B2 HTTP/1.1" 200 32721 "-" "Mozilla/5.0 AppleWebKit/537.36 (KHTML, like Gecko; compatible; bingbot/2.0; +http://www.bing.com/bingbot.htm) Chrome/116.0.1938.76 Safari/537.36"
157.55.39.48 - - [08/Oct/2025:02:29:20 +0000] "GET /?s=1602212973 HTTP/1.1" 200 32545 "-" "Mozilla/5.0 AppleWebKit/537.36 (KHTML, like Gecko; compatible; bingbot/2.0; +http://www.bing.com/bingbot.htm) Chrome/116.0.1938.76 Safari/537.36"
203.161.56.247 - - [08/Oct/2025:02:39:43 +0000] "POST /wp-cron.php?doing_wp_cron=1759891183.8749589920043945312500 HTTP/1.1" 200 - "-" "WordPress/6.8.3; https://klmalaygirl.net"
207.46.13.156 - - [08/Oct/2025:02:39:41 +0000] "GET /?s=media+operations+assistant HTTP/1.1" 200 32569 "-" "Mozilla/5.0 AppleWebKit/537.36 (KHTML, like Gecko; compatible; bingbot/2.0; +http://www.bing.com/bingbot.htm) Chrome/116.0.1938.76 Safari/537.36"
1.9.4.82 - - [08/Oct/2025:02:41:42 +0000] "GET / HTTP/1.1" 200 47346 "http://www.openurls.com.cn/" "Mozilla/5.0 (Windows NT 10.0; Win64; x64) AppleWebKit/537.36 (KHTML, like Gecko) Chrome/141.0.0.0 Safari/537.36"
1.9.4.82 - - [08/Oct/2025:02:41:42 +0000] "GET /xygansof/css/dist/block-library/style.min.css?ver=6.8.3 HTTP/1.1" 200 15315 "https://klmalaygirl.net/" "Mozilla/5.0 (Windows NT 10.0; Win64; x64) AppleWebKit/537.36 (KHTML, like Gecko) Chrome/141.0.0.0 Safari/537.36"
1.9.4.82 - - [08/Oct/2025:02:41:43 +0000] "GET /meevyduh/2025/04/KL-Escort-Yasmine-1-852x1200.jpg HTTP/1.1" 200 146534 "https://klmalaygirl.net/" "Mozilla/5.0 (Windows NT 10.0; Win64; x64) AppleWebKit/537.36 (KHTML, like Gecko) Chrome/141.0.0.0 Safari/537.36"
1.9.4.82 - - [08/Oct/2025:02:41:43 +0000] "GET /wystipoo/cache/min/1/wp-content/plugins/easy-video-player/lib/plyr.css?ver=1755441889 HTTP/1.1" 200 5279 "https://klmalaygirl.net/" "Mozilla/5.0 (Windows NT 10.0; Win64; x64) AppleWebKit/537.36 (KHTML, like Gecko) Chrome/141.0.0.0 Safari/537.36"
165.154.157.44 - - [08/Oct/2025:02:41:43 +0000] "GET /wystipoo/cache/min/1/wp-content/plugins/woocommerce/assets/css/woocommerce-layout.css?ver=1755441889 HTTP/1.1" 200 3414 "https://klmalaygirl.net/" "Mozilla/5.0 (Windows NT 10.0; Win64; x64) AppleWebKit/537.36 (KHTML, like Gecko) Chrome/141.0.0.0 Safari/537.36"
1.9.4.82 - - [08/Oct/2025:02:41:43 +0000] "GET /wystipoo/cache/min/1/wp-content/plugins/woocommerce/assets/css/woocommerce.css?ver=1755441889 HTTP/1.1" 200 10909 "https://klmalaygirl.net/" "Mozilla/5.0 (Windows NT 10.0; Win64; x64) AppleWebKit/537.36 (KHTML, like Gecko) Chrome/141.0.0.0 Safari/537.36"
165.154.157.44 - - [08/Oct/2025:02:41:44 +0000] "GET /wystipoo/cache/min/1/wp-content/plugins/woocommerce/assets/css/brands.css?ver=1755441889 HTTP/1.1" 200 684 "https://klmalaygirl.net/" "Mozilla/5.0 (Windows NT 10.0; Win64; x64) AppleWebKit/537.36 (KHTML, like Gecko) Chrome/141.0.0.0 Safari/537.36"
1.9.4.82 - - [08/Oct/2025:02:41:44 +0000] "GET /wystipoo/cache/min/1/wp-content/themes/betheme/css/be.css?ver=1755441891 HTTP/1.1" 200 71593 "https://klmalaygirl.net/" "Mozilla/5.0 (Windows NT 10.0; Win64; x64) AppleWebKit/537.36 (KHTML, like Gecko) Chrome/141.0.0.0 Safari/537.36"
1.9.4.81 - - [08/Oct/2025:02:41:44 +0000] "GET /wholsoar/assets/animations/animations.min.css?ver=28.1.5 HTTP/1.1" 200 5588 "https://klmalaygirl.net/" "Mozilla/5.0 (Windows NT 10.0; Win64; x64) AppleWebKit/537.36 (KHTML, like Gecko) Chrome/141.0.0.0 Safari/537.36"
165.154.157.44 - - [08/Oct/2025:02:41:44 +0000] "GET /wystipoo/cache/min/1/wp-content/themes/betheme/fonts/fontawesome/fontawesome.css?ver=1755441892 HTTP/1.1" 200 12757 "https://klmalaygirl.net/" "Mozilla/5.0 (Windows NT 10.0; Win64; x64) AppleWebKit/537.36 (KHTML, like Gecko) Chrome/141.0.0.0 Safari/537.36"
1.9.4.82 - - [08/Oct/2025:02:41:44 +0000] "GET /wystipoo/cache/min/1/wp-content/themes/betheme/css/responsive.css?ver=1755441892 HTTP/1.1" 200 9872 "https://klmalaygirl.net/" "Mozilla/5.0 (Windows NT 10.0; Win64; x64) AppleWebKit/537.36 (KHTML, like Gecko) Chrome/141.0.0.0 Safari/537.36"
1.9.4.81 - - [08/Oct/2025:02:41:44 +0000] "GET /wystipoo/cache/min/1/wp-content/themes/betheme/css/woocommerce.css?ver=1755441892 HTTP/1.1" 200 21488 "https://klmalaygirl.net/" "Mozilla/5.0 (Windows NT 10.0; Win64; x64) AppleWebKit/537.36 (KHTML, like Gecko) Chrome/141.0.0.0 Safari/537.36"
165.154.157.40 - - [08/Oct/2025:02:41:45 +0000] "GET /meevyduh/2022/09/lingerie-header-icon1.svg HTTP/1.1" 200 436 "https://klmalaygirl.net/" "Mozilla/5.0 (Windows NT 10.0; Win64; x64) AppleWebKit/537.36 (KHTML, like Gecko) Chrome/141.0.0.0 Safari/537.36"
1.9.4.82 - - [08/Oct/2025:02:41:45 +0000] "GET /meevyduh/2025/02/kl-malay-girl-logo.png HTTP/1.1" 200 6967 "https://klmalaygirl.net/" "Mozilla/5.0 (Windows NT 10.0; Win64; x64) AppleWebKit/537.36 (KHTML, like Gecko) Chrome/141.0.0.0 Safari/537.36"
165.154.157.44 - - [08/Oct/2025:02:41:45 +0000] "GET /meevyduh/2022/10/lingerie-category-underwear.webp HTTP/1.1" 200 188256 "https://klmalaygirl.net/" "Mozilla/5.0 (Windows NT 10.0; Win64; x64) AppleWebKit/537.36 (KHTML, like Gecko) Chrome/141.0.0.0 Safari/537.36"
165.154.157.40 - - [08/Oct/2025:02:41:45 +0000] "GET /jitchigr/revslider/sr6/assets/assets/dummy.png HTTP/1.1" 200 68 "https://klmalaygirl.net/" "Mozilla/5.0 (Windows NT 10.0; Win64; x64) AppleWebKit/537.36 (KHTML, like Gecko) Chrome/141.0.0.0 Safari/537.36"
165.154.157.40 - - [08/Oct/2025:02:41:45 +0000] "GET /wystipoo/cache/min/1/wp-content/themes/betheme/css/elements/divider-2.css?ver=1755441892 HTTP/1.1" 200 49565 "https://klmalaygirl.net/" "Mozilla/5.0 (Windows NT 10.0; Win64; x64) AppleWebKit/537.36 (KHTML, like Gecko) Chrome/141.0.0.0 Safari/537.36"
1.9.4.82 - - [08/Oct/2025:02:41:45 +0000] "GET /wystipoo/cache/min/1/wp-content/plugins/woocommerce/assets/client/blocks/wc-blocks.css?ver=1755441892 HTTP/1.1" 200 2573 "https://klmalaygirl.net/" "Mozilla/5.0 (Windows NT 10.0; Win64; x64) AppleWebKit/537.36 (KHTML, like Gecko) Chrome/141.0.0.0 Safari/537.36"
1.9.4.81 - - [08/Oct/2025:02:41:46 +0000] "GET /wystipoo/cache/min/1/wp-content/uploads/betheme/css/post-315.css?ver=1755441892 HTTP/1.1" 200 531 "https://klmalaygirl.net/" "Mozilla/5.0 (Windows NT 10.0; Win64; x64) AppleWebKit/537.36 (KHTML, like Gecko) Chrome/141.0.0.0 Safari/537.36"
1.9.4.82 - - [08/Oct/2025:02:41:46 +0000] "GET /wystipoo/cache/min/1/wp-content/uploads/betheme/css/post-814.css?ver=1755441892 HTTP/1.1" 200 1464 "https://klmalaygirl.net/" "Mozilla/5.0 (Windows NT 10.0; Win64; x64) AppleWebKit/537.36 (KHTML, like Gecko) Chrome/141.0.0.0 Safari/537.36"
1.9.4.81 - - [08/Oct/2025:02:41:46 +0000] "GET /wystipoo/cache/min/1/wp-content/uploads/betheme/css/post-235.css?ver=1755441892 HTTP/1.1" 200 831 "https://klmalaygirl.net/" "Mozilla/5.0 (Windows NT 10.0; Win64; x64) AppleWebKit/537.36 (KHTML, like Gecko) Chrome/141.0.0.0 Safari/537.36"
165.154.157.40 - - [08/Oct/2025:02:41:46 +0000] "GET /jitchigr/creame-whatsapp-me/public/css/joinchat.min.css?ver=6.0.8 HTTP/1.1" 200 5095 "https://klmalaygirl.net/" "Mozilla/5.0 (Windows NT 10.0; Win64; x64) AppleWebKit/537.36 (KHTML, like Gecko) Chrome/141.0.0.0 Safari/537.36"
165.154.157.40 - - [08/Oct/2025:02:41:47 +0000] "GET /meevyduh/2025/03/KL-Escort-Sumi-1-852x1200.jpg HTTP/1.1" 200 117969 "https://klmalaygirl.net/" "Mozilla/5.0 (Windows NT 10.0; Win64; x64) AppleWebKit/537.36 (KHTML, like Gecko) Chrome/141.0.0.0 Safari/537.36"
1.9.4.81 - - [08/Oct/2025:02:41:47 +0000] "GET /wystipoo/cache/min/1/wp-content/plugins/revslider/sr6/assets/css/rs6.css?ver=1755441892 HTTP/1.1" 200 9593 "https://klmalaygirl.net/" "Mozilla/5.0 (Windows NT 10.0; Win64; x64) AppleWebKit/537.36 (KHTML, like Gecko) Chrome/141.0.0.0 Safari/537.36"
1.9.4.82 - - [08/Oct/2025:02:41:47 +0000] "GET /wystipoo/cache/min/1/wp-content/uploads/betheme/css/post-807.css?ver=1755441892 HTTP/1.1" 200 676 "https://klmalaygirl.net/" "Mozilla/5.0 (Windows NT 10.0; Win64; x64) AppleWebKit/537.36 (KHTML, like Gecko) Chrome/141.0.0.0 Safari/537.36"
1.9.4.82 - - [08/Oct/2025:02:41:47 +0000] "GET /meevyduh/2025/03/KL-Escort-SanSan-1-852x1200.jpg HTTP/1.1" 200 117061 "https://klmalaygirl.net/" "Mozilla/5.0 (Windows NT 10.0; Win64; x64) AppleWebKit/537.36 (KHTML, like Gecko) Chrome/141.0.0.0 Safari/537.36"
1.9.4.81 - - [08/Oct/2025:02:41:47 +0000] "GET /meevyduh/2025/04/KL-Escort-Shelly-1-852x1200.jpg HTTP/1.1" 200 115095 "https://klmalaygirl.net/" "Mozilla/5.0 (Windows NT 10.0; Win64; x64) AppleWebKit/537.36 (KHTML, like Gecko) Chrome/141.0.0.0 Safari/537.36"
1.9.4.81 - - [08/Oct/2025:02:41:48 +0000] "GET /wholsoar/fonts/mfn/icons.woff2?3522148 HTTP/1.1" 200 72622 "https://klmalaygirl.net/wystipoo/cache/min/1/wp-content/themes/betheme/css/be.css?ver=1755441891" "Mozilla/5.0 (Windows NT 10.0; Win64; x64) AppleWebKit/537.36 (KHTML, like Gecko) Chrome/141.0.0.0 Safari/537.36"
1.9.4.81 - - [08/Oct/2025:02:41:48 +0000] "GET /meevyduh/2025/03/KL-Escort-Porscher-1-852x1200.jpg HTTP/1.1" 200 108191 "https://klmalaygirl.net/" "Mozilla/5.0 (Windows NT 10.0; Win64; x64) AppleWebKit/537.36 (KHTML, like Gecko) Chrome/141.0.0.0 Safari/537.36"
1.9.4.81 - - [08/Oct/2025:02:41:49 +0000] "GET /meevyduh/2025/03/KL-Escort-Patty-1-852x1200.jpg HTTP/1.1" 200 94955 "https://klmalaygirl.net/" "Mozilla/5.0 (Windows NT 10.0; Win64; x64) AppleWebKit/537.36 (KHTML, like Gecko) Chrome/141.0.0.0 Safari/537.36"
1.9.4.81 - - [08/Oct/2025:02:41:50 +0000] "GET /meevyduh/2025/04/KL-Escort-Novita-2-852x1200.jpg HTTP/1.1" 200 119928 "https://klmalaygirl.net/" "Mozilla/5.0 (Windows NT 10.0; Win64; x64) AppleWebKit/537.36 (KHTML, like Gecko) Chrome/141.0.0.0 Safari/537.36"
1.9.4.81 - - [08/Oct/2025:02:41:51 +0000] "GET /meevyduh/2025/03/KL-Escort-Nicha-1-852x1200.jpg HTTP/1.1" 200 139462 "https://klmalaygirl.net/" "Mozilla/5.0 (Windows NT 10.0; Win64; x64) AppleWebKit/537.36 (KHTML, like Gecko) Chrome/141.0.0.0 Safari/537.36"
165.154.157.40 - - [08/Oct/2025:02:41:51 +0000] "GET /meevyduh/2025/03/KL-Escort-Nina-1-852x1200.jpg HTTP/1.1" 200 96021 "https://klmalaygirl.net/" "Mozilla/5.0 (Windows NT 10.0; Win64; x64) AppleWebKit/537.36 (KHTML, like Gecko) Chrome/141.0.0.0 Safari/537.36"
1.9.4.81 - - [08/Oct/2025:02:41:52 +0000] "GET /meevyduh/2025/03/KL-Escort-Milk-1-852x1200.jpg HTTP/1.1" 200 170378 "https://klmalaygirl.net/" "Mozilla/5.0 (Windows NT 10.0; Win64; x64) AppleWebKit/537.36 (KHTML, like Gecko) Chrome/141.0.0.0 Safari/537.36"
1.9.4.81 - - [08/Oct/2025:02:41:52 +0000] "GET /meevyduh/2025/03/KL-Escort-Marry-1-852x1200.jpg HTTP/1.1" 200 128588 "https://klmalaygirl.net/" "Mozilla/5.0 (Windows NT 10.0; Win64; x64) AppleWebKit/537.36 (KHTML, like Gecko) Chrome/141.0.0.0 Safari/537.36"
165.154.157.40 - - [08/Oct/2025:02:41:52 +0000] "GET /meevyduh/2025/03/KL-Escort-Lynn-1-852x1200.jpg HTTP/1.1" 200 161281 "https://klmalaygirl.net/" "Mozilla/5.0 (Windows NT 10.0; Win64; x64) AppleWebKit/537.36 (KHTML, like Gecko) Chrome/141.0.0.0 Safari/537.36"
1.9.4.81 - - [08/Oct/2025:02:41:52 +0000] "GET /meevyduh/2025/03/KL-Escort-Emily-1-852x1200.jpg HTTP/1.1" 200 77007 "https://klmalaygirl.net/" "Mozilla/5.0 (Windows NT 10.0; Win64; x64) AppleWebKit/537.36 (KHTML, like Gecko) Chrome/141.0.0.0 Safari/537.36"
1.9.4.81 - - [08/Oct/2025:02:41:53 +0000] "GET /meevyduh/2025/04/KL-Escort-Siti-1-852x1200.jpg HTTP/1.1" 200 162909 "https://klmalaygirl.net/" "Mozilla/5.0 (Windows NT 10.0; Win64; x64) AppleWebKit/537.36 (KHTML, like Gecko) Chrome/141.0.0.0 Safari/537.36"
165.154.157.41 - - [08/Oct/2025:02:41:53 +0000] "GET /meevyduh/2025/04/KL-Escort-Tania-1-852x1200.jpg HTTP/1.1" 200 90344 "https://klmalaygirl.net/" "Mozilla/5.0 (Windows NT 10.0; Win64; x64) AppleWebKit/537.36 (KHTML, like Gecko) Chrome/141.0.0.0 Safari/537.36"
1.9.4.81 - - [08/Oct/2025:02:41:53 +0000] "GET /meevyduh/2025/04/KL-Escort-Cinta-1-852x1200.jpg HTTP/1.1" 200 101394 "https://klmalaygirl.net/" "Mozilla/5.0 (Windows NT 10.0; Win64; x64) AppleWebKit/537.36 (KHTML, like Gecko) Chrome/141.0.0.0 Safari/537.36"
1.9.4.81 - - [08/Oct/2025:02:41:53 +0000] "GET /meevyduh/2025/03/KL-Escorts-Chanel-1-852x1200.jpg HTTP/1.1" 200 100800 "https://klmalaygirl.net/" "Mozilla/5.0 (Windows NT 10.0; Win64; x64) AppleWebKit/537.36 (KHTML, like Gecko) Chrome/141.0.0.0 Safari/537.36"
165.154.157.41 - - [08/Oct/2025:02:41:53 +0000] "GET /meevyduh/2025/03/KL-Escorts-Amy-1-852x1200.jpg HTTP/1.1" 200 147322 "https://klmalaygirl.net/" "Mozilla/5.0 (Windows NT 10.0; Win64; x64) AppleWebKit/537.36 (KHTML, like Gecko) Chrome/141.0.0.0 Safari/537.36"
165.154.157.40 - - [08/Oct/2025:02:41:54 +0000] "GET /meevyduh/2022/10/lingerie-home-pic1.webp HTTP/1.1" 200 58750 "https://klmalaygirl.net/" "Mozilla/5.0 (Windows NT 10.0; Win64; x64) AppleWebKit/537.36 (KHTML, like Gecko) Chrome/141.0.0.0 Safari/537.36"
1.9.4.81 - - [08/Oct/2025:02:41:54 +0000] "GET /meevyduh/2022/10/lingerie-home-pic2.webp HTTP/1.1" 200 45538 "https://klmalaygirl.net/" "Mozilla/5.0 (Windows NT 10.0; Win64; x64) AppleWebKit/537.36 (KHTML, like Gecko) Chrome/141.0.0.0 Safari/537.36"
1.9.4.81 - - [08/Oct/2025:02:41:54 +0000] "GET /meevyduh/2025/03/KL-Escort-Sumi-5.jpg HTTP/1.1" 200 158681 "https://klmalaygirl.net/" "Mozilla/5.0 (Windows NT 10.0; Win64; x64) AppleWebKit/537.36 (KHTML, like Gecko) Chrome/141.0.0.0 Safari/537.36"
1.9.4.81 - - [08/Oct/2025:02:41:55 +0000] "GET /meevyduh/2022/10/lingerie-home-pic9.webp HTTP/1.1" 200 26344 "https://klmalaygirl.net/" "Mozilla/5.0 (Windows NT 10.0; Win64; x64) AppleWebKit/537.36 (KHTML, like Gecko) Chrome/141.0.0.0 Safari/537.36"
1.9.4.81 - - [08/Oct/2025:02:41:55 +0000] "GET /meevyduh/2022/11/lingerie-post7.webp HTTP/1.1" 200 180256 "https://klmalaygirl.net/" "Mozilla/5.0 (Windows NT 10.0; Win64; x64) AppleWebKit/537.36 (KHTML, like Gecko) Chrome/141.0.0.0 Safari/537.36"
165.154.157.41 - - [08/Oct/2025:02:41:55 +0000] "GET /meevyduh/2025/03/KL-Escort-Sumi-3.jpg HTTP/1.1" 200 191815 "https://klmalaygirl.net/" "Mozilla/5.0 (Windows NT 10.0; Win64; x64) AppleWebKit/537.36 (KHTML, like Gecko) Chrome/141.0.0.0 Safari/537.36"
1.9.4.81 - - [08/Oct/2025:02:41:56 +0000] "GET /meevyduh/2025/03/KL-Escort-Marry-2.jpg HTTP/1.1" 200 157969 "https://klmalaygirl.net/" "Mozilla/5.0 (Windows NT 10.0; Win64; x64) AppleWebKit/537.36 (KHTML, like Gecko) Chrome/141.0.0.0 Safari/537.36"
1.9.4.81 - - [08/Oct/2025:02:41:56 +0000] "GET /meevyduh/2025/03/KL-Escort-SanSan-4.jpg HTTP/1.1" 200 154930 "https://klmalaygirl.net/" "Mozilla/5.0 (Windows NT 10.0; Win64; x64) AppleWebKit/537.36 (KHTML, like Gecko) Chrome/141.0.0.0 Safari/537.36"
