/home/klesmriw/access-logs/klmalaygirl.net.klescortgirldirectory.com-ssl_log
66.249.73.2 - - [07/Oct/2025:12:11:36 +0000] "GET /kl-escorts/kl-escort-cinta/ HTTP/1.1" 200 44888 "-" "Mozilla/5.0 (Linux; Android 6.0.1; Nexus 5X Build/MMB29P) AppleWebKit/537.36 (KHTML, like Gecko) Chrome/140.0.7339.207 Mobile Safari/537.36 (compatible; Googlebot/2.1; +http://www.google.com/bot.html)"
66.249.73.15 - - [07/Oct/2025:12:11:39 +0000] "GET /meevyduh/2025/02/car-svgrepo-com.svg HTTP/1.1" 200 716 "https://klmalaygirl.net/kl-escorts/kl-escort-cinta/" "Mozilla/5.0 (Linux; Android 6.0.1; Nexus 5X Build/MMB29P) AppleWebKit/537.36 (KHTML, like Gecko) Chrome/139.0.7258.127 Mobile Safari/537.36 (compatible; Googlebot/2.1; +http://www.google.com/bot.html)"
203.161.56.247 - - [07/Oct/2025:12:14:39 +0000] "POST /wp-cron.php?doing_wp_cron=1759839279.8985290527343750000000 HTTP/1.1" 200 - "-" "WordPress/6.8.3; https://klmalaygirl.net"
216.73.216.170 - - [07/Oct/2025:12:14:38 +0000] "GET /robots.txt HTTP/1.1" 200 150 "-" "Mozilla/5.0 AppleWebKit/537.36 (KHTML, like Gecko; compatible; ClaudeBot/1.0; +claudebot@anthropic.com)"
216.73.216.170 - - [07/Oct/2025:12:14:40 +0000] "GET /news-sitemap.xml HTTP/1.1" 404 196 "-" "Mozilla/5.0 AppleWebKit/537.36 (KHTML, like Gecko; compatible; ClaudeBot/1.0; +claudebot@anthropic.com)"
203.161.56.247 - - [07/Oct/2025:12:14:42 +0000] "GET /escorts-gallery/jalan-klang-lama-escort/ HTTP/1.1" 200 47209 "-" "WP Rocket/Preload"
203.161.56.247 - - [07/Oct/2025:12:14:44 +0000] "GET /escorts-gallery/bukit-jalil-escort/ HTTP/1.1" 200 47191 "-" "WP Rocket/Preload"
203.161.56.247 - - [07/Oct/2025:12:14:43 +0000] "GET /escorts-gallery/jalan-klang-lama-escort/ HTTP/1.1" 200 46811 "-" "WP Rocket/Preload Mozilla/5.0 (iPhone; CPU iPhone OS 9_1 like Mac OS X) AppleWebKit/601.1.46 (KHTML, like Gecko) Version/9.0 Mobile/13B143 Safari/601.1"
203.161.56.247 - - [07/Oct/2025:12:14:46 +0000] "GET /escorts-gallery/bukit-bintang-escort/ HTTP/1.1" 200 46813 "-" "WP Rocket/Preload"
203.161.56.247 - - [07/Oct/2025:12:14:45 +0000] "GET /escorts-gallery/bukit-jalil-escort/ HTTP/1.1" 200 47184 "-" "WP Rocket/Preload Mozilla/5.0 (iPhone; CPU iPhone OS 9_1 like Mac OS X) AppleWebKit/601.1.46 (KHTML, like Gecko) Version/9.0 Mobile/13B143 Safari/601.1"
203.161.56.247 - - [07/Oct/2025:12:14:47 +0000] "GET /escorts-gallery/bukit-bintang-escort/ HTTP/1.1" 200 46801 "-" "WP Rocket/Preload Mozilla/5.0 (iPhone; CPU iPhone OS 9_1 like Mac OS X) AppleWebKit/601.1.46 (KHTML, like Gecko) Version/9.0 Mobile/13B143 Safari/601.1"
203.161.56.247 - - [07/Oct/2025:12:14:48 +0000] "GET /kl-malay-girl-tag/kl-escort/ HTTP/1.1" 200 47255 "-" "WP Rocket/Preload"
203.161.56.247 - - [07/Oct/2025:12:14:50 +0000] "GET /kl-malay-girl-tag/kl-escort/ HTTP/1.1" 200 47262 "-" "WP Rocket/Preload Mozilla/5.0 (iPhone; CPU iPhone OS 9_1 like Mac OS X) AppleWebKit/601.1.46 (KHTML, like Gecko) Version/9.0 Mobile/13B143 Safari/601.1"
203.161.56.247 - - [07/Oct/2025:12:14:51 +0000] "GET /kl-malay-girl-tag/malaysia-escort/ HTTP/1.1" 200 47272 "-" "WP Rocket/Preload"
203.161.56.247 - - [07/Oct/2025:12:14:53 +0000] "GET /kl-malay-girl-tag/malaysia-escort/ HTTP/1.1" 200 47280 "-" "WP Rocket/Preload Mozilla/5.0 (iPhone; CPU iPhone OS 9_1 like Mac OS X) AppleWebKit/601.1.46 (KHTML, like Gecko) Version/9.0 Mobile/13B143 Safari/601.1"
203.161.56.247 - - [07/Oct/2025:12:14:59 +0000] "POST /wp-cron.php?doing_wp_cron=1759839299.4545180797576904296875 HTTP/1.1" 200 - "-" "WordPress/6.8.3; https://klmalaygirl.net"
52.167.144.162 - - [07/Oct/2025:12:14:58 +0000] "GET /?s=potato+masher+tool HTTP/1.1" 200 32564 "-" "Mozilla/5.0 AppleWebKit/537.36 (KHTML, like Gecko; compatible; bingbot/2.0; +http://www.bing.com/bingbot.htm) Chrome/116.0.1938.76 Safari/537.36"
203.161.56.247 - - [07/Oct/2025:12:17:13 +0000] "POST /wp-cron.php?doing_wp_cron=1759839433.9170749187469482421875 HTTP/1.1" 200 - "-" "WordPress/6.8.3; https://klmalaygirl.net"
157.55.39.57 - - [07/Oct/2025:12:17:11 +0000] "GET /?s=x%E1%BB%AD+l%C3%BD+h%C3%B3a+%C4%91%C6%A1n+b%E1%BB%8B+sai+gi%C3%A1+1+m%C3%A3+h%C3%A0ng+theo+ngh%E1%BB%8B+%C4%91%E1%BB%8Bnh+70 HTTP/1.1" 200 32825 "-" "Mozilla/5.0 AppleWebKit/537.36 (KHTML, like Gecko; compatible; bingbot/2.0; +http://www.bing.com/bingbot.htm) Chrome/116.0.1938.76 Safari/537.36"
203.161.56.247 - - [07/Oct/2025:12:17:15 +0000] "GET /kl-malay-girl-tag/escort-kl/ HTTP/1.1" 200 47262 "-" "WP Rocket/Preload"
203.161.56.247 - - [07/Oct/2025:12:17:18 +0000] "GET /kl-malay-girl-tag/escort-kl/ HTTP/1.1" 200 47265 "-" "WP Rocket/Preload Mozilla/5.0 (iPhone; CPU iPhone OS 9_1 like Mac OS X) AppleWebKit/601.1.46 (KHTML, like Gecko) Version/9.0 Mobile/13B143 Safari/601.1"
203.161.56.247 - - [07/Oct/2025:12:17:19 +0000] "GET /kl-malay-girl-tag/escort/ HTTP/1.1" 200 47244 "-" "WP Rocket/Preload"
203.161.56.247 - - [07/Oct/2025:12:17:21 +0000] "GET /kl-malay-girl-tag/escort/ HTTP/1.1" 200 47250 "-" "WP Rocket/Preload Mozilla/5.0 (iPhone; CPU iPhone OS 9_1 like Mac OS X) AppleWebKit/601.1.46 (KHTML, like Gecko) Version/9.0 Mobile/13B143 Safari/601.1"
203.161.56.247 - - [07/Oct/2025:12:17:22 +0000] "GET /kl-malay-girl-tag/escort-girl-malaysia/ HTTP/1.1" 200 47285 "-" "WP Rocket/Preload"
203.161.56.247 - - [07/Oct/2025:12:17:24 +0000] "GET /kl-malay-girl-tag/escort-girl-malaysia/ HTTP/1.1" 200 47289 "-" "WP Rocket/Preload Mozilla/5.0 (iPhone; CPU iPhone OS 9_1 like Mac OS X) AppleWebKit/601.1.46 (KHTML, like Gecko) Version/9.0 Mobile/13B143 Safari/601.1"
203.161.56.247 - - [07/Oct/2025:12:17:25 +0000] "GET /kl-malay-girl-tag/viva3-escort/ HTTP/1.1" 200 47271 "-" "WP Rocket/Preload"
203.161.56.247 - - [07/Oct/2025:12:17:27 +0000] "GET /kl-malay-girl-tag/viva3-escort/ HTTP/1.1" 200 47276 "-" "WP Rocket/Preload Mozilla/5.0 (iPhone; CPU iPhone OS 9_1 like Mac OS X) AppleWebKit/601.1.46 (KHTML, like Gecko) Version/9.0 Mobile/13B143 Safari/601.1"
203.161.56.247 - - [07/Oct/2025:12:17:28 +0000] "GET /kl-malay-girl-tag/escort-girl/ HTTP/1.1" 200 47257 "-" "WP Rocket/Preload"
203.161.56.247 - - [07/Oct/2025:12:17:30 +0000] "GET /kl-malay-girl-tag/escort-girl/ HTTP/1.1" 200 47268 "-" "WP Rocket/Preload Mozilla/5.0 (iPhone; CPU iPhone OS 9_1 like Mac OS X) AppleWebKit/601.1.46 (KHTML, like Gecko) Version/9.0 Mobile/13B143 Safari/601.1"
203.161.56.247 - - [07/Oct/2025:12:17:31 +0000] "GET /kl-malay-girl-tag/klpj-escort/ HTTP/1.1" 200 47270 "-" "WP Rocket/Preload"
203.161.56.247 - - [07/Oct/2025:12:17:33 +0000] "GET /kl-malay-girl-tag/klpj-escort/ HTTP/1.1" 200 47275 "-" "WP Rocket/Preload Mozilla/5.0 (iPhone; CPU iPhone OS 9_1 like Mac OS X) AppleWebKit/601.1.46 (KHTML, like Gecko) Version/9.0 Mobile/13B143 Safari/601.1"
203.161.56.247 - - [07/Oct/2025:12:19:14 +0000] "POST /wp-cron.php?doing_wp_cron=1759839554.2097589969635009765625 HTTP/1.1" 200 - "-" "WordPress/6.8.3; https://klmalaygirl.net"
77.75.72.26 - - [07/Oct/2025:12:19:12 +0000] "GET /sitemap.xml HTTP/1.1" 200 406 "-" "Mozilla/5.0 (compatible; SeznamBot/4.0; +https://o-seznam.cz/napoveda/vyhledavani/en/seznambot-crawler/)"
203.161.56.247 - - [07/Oct/2025:12:19:15 +0000] "GET /kl-malay-girl-tag/kl-escort-girl/ HTTP/1.1" 200 47266 "-" "WP Rocket/Preload"
203.161.56.247 - - [07/Oct/2025:12:19:18 +0000] "GET /kl-malay-girl-tag/kl-escort-girl/ HTTP/1.1" 200 47276 "-" "WP Rocket/Preload Mozilla/5.0 (iPhone; CPU iPhone OS 9_1 like Mac OS X) AppleWebKit/601.1.46 (KHTML, like Gecko) Version/9.0 Mobile/13B143 Safari/601.1"
203.161.56.247 - - [07/Oct/2025:12:19:19 +0000] "GET /kl-malay-girl-tag/kl-escorts/ HTTP/1.1" 200 47253 "-" "WP Rocket/Preload"
203.161.56.247 - - [07/Oct/2025:12:19:21 +0000] "GET /kl-malay-girl-tag/kl-escorts/ HTTP/1.1" 200 47261 "-" "WP Rocket/Preload Mozilla/5.0 (iPhone; CPU iPhone OS 9_1 like Mac OS X) AppleWebKit/601.1.46 (KHTML, like Gecko) Version/9.0 Mobile/13B143 Safari/601.1"
203.161.56.247 - - [07/Oct/2025:12:19:22 +0000] "GET /kl-malay-girl-tag/kl-freelance-escort/ HTTP/1.1" 200 47286 "-" "WP Rocket/Preload"
203.161.56.247 - - [07/Oct/2025:12:19:24 +0000] "GET /kl-malay-girl-tag/kl-freelance-escort/ HTTP/1.1" 200 47293 "-" "WP Rocket/Preload Mozilla/5.0 (iPhone; CPU iPhone OS 9_1 like Mac OS X) AppleWebKit/601.1.46 (KHTML, like Gecko) Version/9.0 Mobile/13B143 Safari/601.1"
203.161.56.247 - - [07/Oct/2025:12:19:25 +0000] "GET /kl-malay-girl-tag/kl-local-escort/ HTTP/1.1" 200 47276 "-" "WP Rocket/Preload"
203.161.56.247 - - [07/Oct/2025:12:19:28 +0000] "GET /author/kl-malay-girl/ HTTP/1.1" 200 40851 "-" "WP Rocket/Preload"
203.161.56.247 - - [07/Oct/2025:12:19:27 +0000] "GET /kl-malay-girl-tag/kl-local-escort/ HTTP/1.1" 200 47281 "-" "WP Rocket/Preload Mozilla/5.0 (iPhone; CPU iPhone OS 9_1 like Mac OS X) AppleWebKit/601.1.46 (KHTML, like Gecko) Version/9.0 Mobile/13B143 Safari/601.1"
203.161.56.247 - - [07/Oct/2025:12:19:29 +0000] "GET /author/kl-malay-girl/ HTTP/1.1" 200 40845 "-" "WP Rocket/Preload Mozilla/5.0 (iPhone; CPU iPhone OS 9_1 like Mac OS X) AppleWebKit/601.1.46 (KHTML, like Gecko) Version/9.0 Mobile/13B143 Safari/601.1"
203.161.56.247 - - [07/Oct/2025:12:19:30 +0000] "GET /escorts-gallery/lingerie/ HTTP/1.1" 200 44335 "-" "WP Rocket/Preload"
203.161.56.247 - - [07/Oct/2025:12:19:32 +0000] "GET /escorts-gallery/lingerie/ HTTP/1.1" 200 44733 "-" "WP Rocket/Preload Mozilla/5.0 (iPhone; CPU iPhone OS 9_1 like Mac OS X) AppleWebKit/601.1.46 (KHTML, like Gecko) Version/9.0 Mobile/13B143 Safari/601.1"
203.161.56.247 - - [07/Oct/2025:12:19:34 +0000] "GET /escorts-gallery/uncategorized/ HTTP/1.1" 200 44707 "-" "WP Rocket/Preload"
203.161.56.247 - - [07/Oct/2025:12:19:35 +0000] "GET /escorts-gallery/uncategorized/ HTTP/1.1" 200 44341 "-" "WP Rocket/Preload Mozilla/5.0 (iPhone; CPU iPhone OS 9_1 like Mac OS X) AppleWebKit/601.1.46 (KHTML, like Gecko) Version/9.0 Mobile/13B143 Safari/601.1"
203.161.56.247 - - [07/Oct/2025:12:20:20 +0000] "POST /wp-cron.php?doing_wp_cron=1759839620.8933749198913574218750 HTTP/1.1" 200 - "-" "WordPress/6.8.3; https://klmalaygirl.net"
52.167.144.162 - - [07/Oct/2025:12:20:19 +0000] "GET /?s=mont+kiara+property HTTP/1.1" 200 32563 "-" "Mozilla/5.0 AppleWebKit/537.36 (KHTML, like Gecko; compatible; bingbot/2.0; +http://www.bing.com/bingbot.htm) Chrome/116.0.1938.76 Safari/537.36"
203.161.56.247 - - [07/Oct/2025:12:20:22 +0000] "GET /Escorts/china-girls/ HTTP/1.1" 200 44786 "-" "WP Rocket/Preload"
203.161.56.247 - - [07/Oct/2025:12:20:24 +0000] "GET /Escorts/china-girls/ HTTP/1.1" 200 44791 "-" "WP Rocket/Preload Mozilla/5.0 (iPhone; CPU iPhone OS 9_1 like Mac OS X) AppleWebKit/601.1.46 (KHTML, like Gecko) Version/9.0 Mobile/13B143 Safari/601.1"
203.161.56.247 - - [07/Oct/2025:12:20:26 +0000] "GET /Escorts/local-chinese-girls/ HTTP/1.1" 200 44804 "-" "WP Rocket/Preload"
203.161.56.247 - - [07/Oct/2025:12:20:27 +0000] "GET /Escorts/local-chinese-girls/ HTTP/1.1" 200 44811 "-" "WP Rocket/Preload Mozilla/5.0 (iPhone; CPU iPhone OS 9_1 like Mac OS X) AppleWebKit/601.1.46 (KHTML, like Gecko) Version/9.0 Mobile/13B143 Safari/601.1"
203.161.56.247 - - [07/Oct/2025:12:20:29 +0000] "GET /Escorts/mongolian-girls/ HTTP/1.1" 200 44791 "-" "WP Rocket/Preload"
203.161.56.247 - - [07/Oct/2025:12:20:30 +0000] "GET /Escorts/mongolian-girls/ HTTP/1.1" 200 44795 "-" "WP Rocket/Preload Mozilla/5.0 (iPhone; CPU iPhone OS 9_1 like Mac OS X) AppleWebKit/601.1.46 (KHTML, like Gecko) Version/9.0 Mobile/13B143 Safari/601.1"
203.161.56.247 - - [07/Oct/2025:12:20:33 +0000] "GET / HTTP/1.1" 200 47342 "-" "WP Rocket/Preload Mozilla/5.0 (iPhone; CPU iPhone OS 9_1 like Mac OS X) AppleWebKit/601.1.46 (KHTML, like Gecko) Version/9.0 Mobile/13B143 Safari/601.1"
203.161.56.247 - - [07/Oct/2025:12:20:32 +0000] "GET / HTTP/1.1" 200 47327 "-" "WP Rocket/Preload"
203.161.56.247 - - [07/Oct/2025:12:22:43 +0000] "POST /wp-cron.php?doing_wp_cron=1759839763.7020339965820312500000 HTTP/1.1" 200 - "-" "WordPress/6.8.3; https://klmalaygirl.net"
157.55.39.195 - - [07/Oct/2025:12:22:41 +0000] "GET /?s=%E8%AE%B8%E6%88%91%E8%80%80%E7%9C%BC HTTP/1.1" 200 32633 "-" "Mozilla/5.0 AppleWebKit/537.36 (KHTML, like Gecko; compatible; bingbot/2.0; +http://www.bing.com/bingbot.htm) Chrome/116.0.1938.76 Safari/537.36"
203.161.56.247 - - [07/Oct/2025:12:24:14 +0000] "POST /wp-cron.php?doing_wp_cron=1759839854.1447501182556152343750 HTTP/1.1" 200 - "-" "WordPress/6.8.3; https://klmalaygirl.net"
207.46.13.52 - - [07/Oct/2025:12:24:12 +0000] "GET /sitemap.rss HTTP/1.1" 200 1711 "-" "Mozilla/5.0 AppleWebKit/537.36 (KHTML, like Gecko; compatible; bingbot/2.0; +http://www.bing.com/bingbot.htm) Chrome/116.0.1938.76 Safari/537.36"
203.161.56.247 - - [07/Oct/2025:12:26:53 +0000] "POST /wp-cron.php?doing_wp_cron=1759840013.7298231124877929687500 HTTP/1.1" 200 - "-" "WordPress/6.8.3; https://klmalaygirl.net"
207.46.13.107 - - [07/Oct/2025:12:26:51 +0000] "GET /?s=b%C3%BCy%C3%BCk+in%C5%9Faat+firmalar%C4%B1 HTTP/1.1" 200 32648 "-" "Mozilla/5.0 AppleWebKit/537.36 (KHTML, like Gecko; compatible; bingbot/2.0; +http://www.bing.com/bingbot.htm) Chrome/116.0.1938.76 Safari/537.36"
203.161.56.247 - - [07/Oct/2025:12:35:44 +0000] "POST /wp-cron.php?doing_wp_cron=1759840544.0162858963012695312500 HTTP/1.1" 200 - "-" "WordPress/6.8.3; https://klmalaygirl.net"
185.191.171.16 - - [07/Oct/2025:12:35:42 +0000] "GET /robots.txt HTTP/1.1" 200 150 "-" "Mozilla/5.0 (compatible; SemrushBot/7~bl; +http://www.semrush.com/bot.html)"
185.191.171.4 - - [07/Oct/2025:12:35:45 +0000] "GET /meet-the-secret-world-of-lingerie/ HTTP/1.1" 200 43017 "-" "Mozilla/5.0 (compatible; SemrushBot/7~bl; +http://www.semrush.com/bot.html)"
203.161.56.247 - - [07/Oct/2025:12:42:05 +0000] "POST /wp-cron.php?doing_wp_cron=1759840925.8647100925445556640625 HTTP/1.1" 200 - "-" "WordPress/6.8.3; https://klmalaygirl.net"
157.55.39.8 - - [07/Oct/2025:12:42:03 +0000] "GET /?s=TTT HTTP/1.1" 200 32538 "-" "Mozilla/5.0 AppleWebKit/537.36 (KHTML, like Gecko; compatible; bingbot/2.0; +http://www.bing.com/bingbot.htm) Chrome/116.0.1938.76 Safari/537.36"
170.106.187.106 - - [07/Oct/2025:12:46:39 +0000] "GET / HTTP/1.1" 200 47342 "http://klmalaygirl.net" "Mozilla/5.0 (iPhone; CPU iPhone OS 13_2_3 like Mac OS X) AppleWebKit/605.1.15 (KHTML, like Gecko) Version/13.0.3 Mobile/15E148 Safari/604.1"
203.161.56.247 - - [07/Oct/2025:12:47:35 +0000] "POST /wp-cron.php?doing_wp_cron=1759841255.6107399463653564453125 HTTP/1.1" 200 - "-" "WordPress/6.8.3; https://klmalaygirl.net"
157.55.39.8 - - [07/Oct/2025:12:47:33 +0000] "GET /?s=%E0%B8%95%E0%B8%A3%E0%B8%A7%E0%B8%88%E0%B8%AA%E0%B8%AD%E0%B8%9A%E0%B8%9C%E0%B8%B9%E0%B9%89%E0%B9%80%E0%B8%AA%E0%B8%B5%E0%B8%A2%E0%B8%A0%E0%B8%B2%E0%B8%A9%E0%B8%B5+%E0%B8%81%E0%B8%A3%E0%B8%A1%E0%B8%97%E0%B8%B5%E0%B9%88%E0%B8%94%E0%B8%B4%E0%B8%99 HTTP/1.1" 200 32906 "-" "Mozilla/5.0 AppleWebKit/537.36 (KHTML, like Gecko; compatible; bingbot/2.0; +http://www.bing.com/bingbot.htm) Chrome/116.0.1938.76 Safari/537.36"
203.161.56.247 - - [07/Oct/2025:12:53:23 +0000] "POST /wp-cron.php?doing_wp_cron=1759841603.9564800262451171875000 HTTP/1.1" 200 - "-" "WordPress/6.8.3; https://klmalaygirl.net"
52.167.144.202 - - [07/Oct/2025:12:53:22 +0000] "GET /?s=tropicana+aman+1+for+sale HTTP/1.1" 200 32580 "-" "Mozilla/5.0 AppleWebKit/537.36 (KHTML, like Gecko; compatible; bingbot/2.0; +http://www.bing.com/bingbot.htm) Chrome/116.0.1938.76 Safari/537.36"
203.161.56.247 - - [07/Oct/2025:12:54:43 +0000] "POST /wp-cron.php?doing_wp_cron=1759841683.9281549453735351562500 HTTP/1.1" 200 - "-" "WordPress/6.8.3; https://klmalaygirl.net"
52.167.144.202 - - [07/Oct/2025:12:54:41 +0000] "GET /?s=FONT+ECRITURE+BRODERIE HTTP/1.1" 200 32593 "-" "Mozilla/5.0 AppleWebKit/537.36 (KHTML, like Gecko; compatible; bingbot/2.0; +http://www.bing.com/bingbot.htm) Chrome/116.0.1938.76 Safari/537.36"
193.142.58.43 - - [07/Oct/2025:13:06:07 +0000] "GET / HTTP/1.1" 200 47344 "-" "Mozilla/5.0 (Linux x86_64; rv:114.0) Gecko/20100101 Firefox/114.0"
203.161.56.247 - - [07/Oct/2025:13:10:10 +0000] "POST /wp-cron.php?doing_wp_cron=1759842610.7583699226379394531250 HTTP/1.1" 200 - "-" "WordPress/6.8.3; https://klmalaygirl.net"
157.55.39.11 - - [07/Oct/2025:13:10:06 +0000] "GET /?s=sod%E5%A5%B3%E5%AD%90+%E7%B4%8D%E6%B6%BC%E4%BC%9A HTTP/1.1" 200 32667 "-" "Mozilla/5.0 AppleWebKit/537.36 (KHTML, like Gecko; compatible; bingbot/2.0; +http://www.bing.com/bingbot.htm) Chrome/116.0.1938.76 Safari/537.36"
203.161.56.247 - - [07/Oct/2025:13:12:27 +0000] "POST /wp-cron.php?doing_wp_cron=1759842747.3675858974456787109375 HTTP/1.1" 200 - "-" "WordPress/6.8.3; https://klmalaygirl.net"
142.44.225.157 - - [07/Oct/2025:13:12:25 +0000] "GET /nightdress-versus-pajama/feed/ HTTP/1.1" 200 471 "-" "Mozilla/5.0 (compatible; AhrefsBot/7.0; +http://ahrefs.com/robot/)"
203.161.56.247 - - [07/Oct/2025:13:26:17 +0000] "POST /wp-cron.php?doing_wp_cron=1759843577.0357720851898193359375 HTTP/1.1" 200 - "-" "WordPress/6.8.3; https://klmalaygirl.net"
52.167.144.213 - - [07/Oct/2025:13:26:15 +0000] "GET /?s=la+la+land+%E0%B8%94%E0%B8%B9 HTTP/1.1" 200 32597 "-" "Mozilla/5.0 AppleWebKit/537.36 (KHTML, like Gecko; compatible; bingbot/2.0; +http://www.bing.com/bingbot.htm) Chrome/116.0.1938.76 Safari/537.36"
203.161.56.247 - - [07/Oct/2025:13:29:07 +0000] "POST /wp-cron.php?doing_wp_cron=1759843747.7745161056518554687500 HTTP/1.1" 200 - "-" "WordPress/6.8.3; https://klmalaygirl.net"
52.167.144.142 - - [07/Oct/2025:13:29:05 +0000] "GET /?s=1734661 HTTP/1.1" 200 32542 "-" "Mozilla/5.0 AppleWebKit/537.36 (KHTML, like Gecko; compatible; bingbot/2.0; +http://www.bing.com/bingbot.htm) Chrome/116.0.1938.76 Safari/537.36"
203.161.56.247 - - [07/Oct/2025:13:31:30 +0000] "POST /wp-cron.php?doing_wp_cron=1759843890.6923720836639404296875 HTTP/1.1" 200 - "-" "WordPress/6.8.3; https://klmalaygirl.net"
157.55.39.193 - - [07/Oct/2025:13:31:28 +0000] "GET /?s=RAM-63NP HTTP/1.1" 200 32550 "-" "Mozilla/5.0 AppleWebKit/537.36 (KHTML, like Gecko; compatible; bingbot/2.0; +http://www.bing.com/bingbot.htm) Chrome/116.0.1938.76 Safari/537.36"
157.55.39.48 - - [07/Oct/2025:13:31:49 +0000] "GET /?s=%E5%A3%B0%E6%8E%A7%E7%89%A9%E8%AF%AD HTTP/1.1" 200 32644 "-" "Mozilla/5.0 AppleWebKit/537.36 (KHTML, like Gecko; compatible; bingbot/2.0; +http://www.bing.com/bingbot.htm) Chrome/116.0.1938.76 Safari/537.36"
203.161.56.247 - - [07/Oct/2025:13:39:34 +0000] "POST /wp-cron.php?doing_wp_cron=1759844374.2150609493255615234375 HTTP/1.1" 200 - "-" "WordPress/6.8.3; https://klmalaygirl.net"
216.73.216.170 - - [07/Oct/2025:13:39:32 +0000] "GET /robots.txt HTTP/1.1" 200 150 "-" "Mozilla/5.0 AppleWebKit/537.36 (KHTML, like Gecko; compatible; ClaudeBot/1.0; +claudebot@anthropic.com)"
216.73.216.170 - - [07/Oct/2025:13:39:34 +0000] "GET /news-sitemap.xml HTTP/1.1" 404 196 "-" "Mozilla/5.0 AppleWebKit/537.36 (KHTML, like Gecko; compatible; ClaudeBot/1.0; +claudebot@anthropic.com)"
203.161.56.247 - - [07/Oct/2025:13:41:41 +0000] "POST /wp-cron.php?doing_wp_cron=1759844501.4015269279479980468750 HTTP/1.1" 200 - "-" "WordPress/6.8.3; https://klmalaygirl.net"
157.55.39.52 - - [07/Oct/2025:13:41:39 +0000] "GET /?s=nora+fatehi+sex+leaked HTTP/1.1" 200 32579 "-" "Mozilla/5.0 AppleWebKit/537.36 (KHTML, like Gecko; compatible; bingbot/2.0; +http://www.bing.com/bingbot.htm) Chrome/116.0.1938.76 Safari/537.36"
203.161.56.247 - - [07/Oct/2025:13:42:13 +0000] "POST /wp-cron.php?doing_wp_cron=1759844533.4731800556182861328125 HTTP/1.1" 200 - "-" "WordPress/6.8.3; https://klmalaygirl.net"
216.73.216.170 - - [07/Oct/2025:13:42:12 +0000] "GET /sitemap.xml HTTP/1.1" 200 406 "-" "Mozilla/5.0 AppleWebKit/537.36 (KHTML, like Gecko; compatible; ClaudeBot/1.0; +claudebot@anthropic.com)"
203.161.56.247 - - [07/Oct/2025:13:44:51 +0000] "POST /wp-cron.php?doing_wp_cron=1759844691.5904428958892822265625 HTTP/1.1" 200 - "-" "WordPress/6.8.3; https://klmalaygirl.net"
157.55.39.194 - - [07/Oct/2025:13:44:49 +0000] "GET /?s=%E3%82%B5%E3%83%B3%E3%83%A9%E3%82%A4%E3%83%95%E3%83%9E%E3%83%B3%E3%82%B7%E3%83%A7%E3%83%B3 HTTP/1.1" 200 32693 "-" "Mozilla/5.0 AppleWebKit/537.36 (KHTML, like Gecko; compatible; bingbot/2.0; +http://www.bing.com/bingbot.htm) Chrome/116.0.1938.76 Safari/537.36"
203.161.56.247 - - [07/Oct/2025:13:45:59 +0000] "POST /wp-cron.php?doing_wp_cron=1759844759.3097100257873535156250 HTTP/1.1" 200 - "-" "WordPress/6.8.3; https://klmalaygirl.net"
40.77.167.116 - - [07/Oct/2025:13:45:57 +0000] "GET /?s=xxxelizabeth+camwhores HTTP/1.1" 200 32573 "-" "Mozilla/5.0 AppleWebKit/537.36 (KHTML, like Gecko; compatible; bingbot/2.0; +http://www.bing.com/bingbot.htm) Chrome/116.0.1938.76 Safari/537.36"
203.161.56.247 - - [07/Oct/2025:13:47:52 +0000] "POST /wp-cron.php?doing_wp_cron=1759844872.6603949069976806640625 HTTP/1.1" 200 - "-" "WordPress/6.8.3; https://klmalaygirl.net"
157.55.39.194 - - [07/Oct/2025:13:47:50 +0000] "GET /video-sitemap.xml HTTP/1.1" 200 263 "-" "Mozilla/5.0 AppleWebKit/537.36 (KHTML, like Gecko; compatible; bingbot/2.0; +http://www.bing.com/bingbot.htm) Chrome/116.0.1938.76 Safari/537.36"
23.21.148.226 - - [07/Oct/2025:13:47:53 +0000] "GET /kl-escorts/kl-escort-emily/ HTTP/1.1" 200 44857 "-" "Mozilla/5.0 AppleWebKit/537.36 (KHTML, like Gecko; compatible; Amazonbot/0.1; +https://developer.amazon.com/support/amazonbot) Chrome/119.0.6045.214 Safari/537.36"
203.161.56.247 - - [07/Oct/2025:13:53:09 +0000] "POST /wp-cron.php?doing_wp_cron=1759845189.7268459796905517578125 HTTP/1.1" 200 - "-" "WordPress/6.8.3; https://klmalaygirl.net"
52.167.144.208 - - [07/Oct/2025:13:53:07 +0000] "GET /?s=what+to+do+in+vegga+de+terron+for+port+stop HTTP/1.1" 200 32627 "-" "Mozilla/5.0 AppleWebKit/537.36 (KHTML, like Gecko; compatible; bingbot/2.0; +http://www.bing.com/bingbot.htm) Chrome/116.0.1938.76 Safari/537.36"
51.77.245.241 - - [07/Oct/2025:13:57:03 +0000] "POST /xmlrpc.php HTTP/1.1" 405 216 "https://klmalaygirl.net" "Mozilla/5.0 (Macintosh; Intel Mac OS X 10_15_7) AppleWebKit/537.36 (KHTML, like Gecko) Chrome/114.0.5735.134 Safari/537.36"
51.77.245.241 - - [07/Oct/2025:13:57:05 +0000] "POST /wp-login.php HTTP/1.1" 200 2241 "https://klmalaygirl.net" "Mozilla/5.0 (Macintosh; Intel Mac OS X 10_15_7) AppleWebKit/537.36 (KHTML, like Gecko) Chrome/112.0.5615.138 Safari/537.36"
203.161.56.247 - - [07/Oct/2025:13:58:19 +0000] "POST /wp-cron.php?doing_wp_cron=1759845499.3448050022125244140625 HTTP/1.1" 200 - "-" "WordPress/6.8.3; https://klmalaygirl.net"
52.167.144.208 - - [07/Oct/2025:13:58:17 +0000] "GET /?s=%E6%AC%B2%E6%B1%82%E4%B8%8D%E6%BA%80%E3%81%AA%E3%83%9E%E3%83%9E%E3%81%95%E3%82%93%E3%83%90%E3%83%AC%E3%83%BC%E8%BB%8D%E5%9B%A3%E3%81%8C%E3%83%9E%E3%82%B8%E3%83%83%E3%82%AF%E3%83%9F%E3%83%A9%E3%83%BC%E5%8F%B7%E3%81%A7%E5%A4%A7%E4%B9%B1%E4%BA%A4+in%E7%99%BD%E5%AD%90%E7%94%BA%E3%81%9A%E3%81%8B%E3%81%97%E9%81%8E%E3%81%8E%E3%82%8B%E3%83%9F%E3%83%83%E3%82%B7%E3%83%A7%E3%83%B3%E3%81%AB%E5%8D%94%E5%8A%9B%E3%81%97%E3%81%A6%E3%81%84%E3%81%9FSOD%E5%A5%B3%E5%AD%90%E7%A4%BE%E5%93%A16%E5%90%8D%E5%A0%B1%E5%91%8A HTTP/1.1" 200 33451 "-" "Mozilla/5.0 AppleWebKit/537.36 (KHTML, like Gecko; compatible; bingbot/2.0; +http://www.bing.com/bingbot.htm) Chrome/116.0.1938.76 Safari/537.36"
157.55.39.53 - - [07/Oct/2025:13:58:22 +0000] "GET /?s=2023+ram+promaster+3500+cutaway+curb+weight HTTP/1.1" 200 32620 "-" "Mozilla/5.0 AppleWebKit/537.36 (KHTML, like Gecko; compatible; bingbot/2.0; +http://www.bing.com/bingbot.htm) Chrome/116.0.1938.76 Safari/537.36"
203.161.56.247 - - [07/Oct/2025:13:59:43 +0000] "POST /wp-cron.php?doing_wp_cron=1759845583.4848380088806152343750 HTTP/1.1" 200 - "-" "WordPress/6.8.3; https://klmalaygirl.net"
157.55.39.13 - - [07/Oct/2025:13:59:41 +0000] "GET /?s=La+tasa+de+transferencia+de+un+sistema+de+audio+digital+no+se+ve+afectada+por+el+n%C3%BAmero+de+canales+de+audio HTTP/1.1" 200 32755 "-" "Mozilla/5.0 AppleWebKit/537.36 (KHTML, like Gecko; compatible; bingbot/2.0; +http://www.bing.com/bingbot.htm) Chrome/116.0.1938.76 Safari/537.36"
23.23.99.55 - - [07/Oct/2025:14:08:02 +0000] "GET /kl-escorts/kl-escort-novita/ HTTP/1.1" 200 45144 "-" "Mozilla/5.0 AppleWebKit/537.36 (KHTML, like Gecko; compatible; Amazonbot/0.1; +https://developer.amazon.com/support/amazonbot) Chrome/119.0.6045.214 Safari/537.36"
52.204.89.12 - - [07/Oct/2025:14:08:05 +0000] "GET /kl-escorts/kl-escort-milk/ HTTP/1.1" 200 44583 "-" "Mozilla/5.0 AppleWebKit/537.36 (KHTML, like Gecko; compatible; Amazonbot/0.1; +https://developer.amazon.com/support/amazonbot) Chrome/119.0.6045.214 Safari/537.36"
203.161.56.247 - - [07/Oct/2025:14:12:41 +0000] "POST /wp-cron.php?doing_wp_cron=1759846361.6148099899291992187500 HTTP/1.1" 200 - "-" "WordPress/6.8.3; https://klmalaygirl.net"
45.119.84.83 - - [07/Oct/2025:14:12:37 +0000] "POST /xmlrpc.php HTTP/1.1" 405 216 "https://klmalaygirl.net" "Mozilla/5.0 (Windows NT 10.0; Win64; x64) AppleWebKit/537.36 (KHTML, like Gecko) Chrome/112.0.5615.138 Safari/537.36"
45.119.84.83 - - [07/Oct/2025:14:12:42 +0000] "POST /wp-login.php HTTP/1.1" 200 2241 "https://klmalaygirl.net" "Mozilla/5.0 (Macintosh; Intel Mac OS X 10_15_7) AppleWebKit/537.36 (KHTML, like Gecko) Chrome/112.0.5615.138 Safari/537.36"
203.161.56.247 - - [07/Oct/2025:14:15:45 +0000] "POST /wp-cron.php?doing_wp_cron=1759846545.4158549308776855468750 HTTP/1.1" 200 - "-" "WordPress/6.8.3; https://klmalaygirl.net"
207.46.13.31 - - [07/Oct/2025:14:15:43 +0000] "GET /?s=lo%E1%BA%A1t+tr%C3%B2+ch%C6%A1i+resident+evil HTTP/1.1" 200 32662 "-" "Mozilla/5.0 AppleWebKit/537.36 (KHTML, like Gecko; compatible; bingbot/2.0; +http://www.bing.com/bingbot.htm) Chrome/116.0.1938.76 Safari/537.36"
203.161.56.247 - - [07/Oct/2025:14:17:55 +0000] "POST /wp-cron.php?doing_wp_cron=1759846675.6164360046386718750000 HTTP/1.1" 200 - "-" "WordPress/6.8.3; https://klmalaygirl.net"
207.46.13.130 - - [07/Oct/2025:14:17:53 +0000] "GET /?s=cco+6+ntaions HTTP/1.1" 200 32557 "-" "Mozilla/5.0 AppleWebKit/537.36 (KHTML, like Gecko; compatible; bingbot/2.0; +http://www.bing.com/bingbot.htm) Chrome/116.0.1938.76 Safari/537.36"
203.161.56.247 - - [07/Oct/2025:14:22:21 +0000] "POST /wp-cron.php?doing_wp_cron=1759846941.8447620868682861328125 HTTP/1.1" 200 - "-" "WordPress/6.8.3; https://klmalaygirl.net"
52.167.144.203 - - [07/Oct/2025:14:22:19 +0000] "GET /?s=chinese+granny+porn HTTP/1.1" 200 32575 "-" "Mozilla/5.0 AppleWebKit/537.36 (KHTML, like Gecko; compatible; bingbot/2.0; +http://www.bing.com/bingbot.htm) Chrome/116.0.1938.76 Safari/537.36"
203.161.56.247 - - [07/Oct/2025:14:23:26 +0000] "POST /wp-cron.php?doing_wp_cron=1759847006.8141601085662841796875 HTTP/1.1" 200 - "-" "WordPress/6.8.3; https://klmalaygirl.net"
207.46.13.31 - - [07/Oct/2025:14:23:24 +0000] "GET /kl-escorts/kl-escort-chanel-lynn/feed/ HTTP/1.1" 200 447 "-" "Mozilla/5.0 AppleWebKit/537.36 (KHTML, like Gecko; compatible; bingbot/2.0; +http://www.bing.com/bingbot.htm) Chrome/116.0.1938.76 Safari/537.36"
203.161.56.247 - - [07/Oct/2025:14:31:49 +0000] "POST /wp-cron.php?doing_wp_cron=1759847509.8422739505767822265625 HTTP/1.1" 200 - "-" "WordPress/6.8.3; https://klmalaygirl.net"
57.141.0.46 - - [07/Oct/2025:14:31:45 +0000] "GET /index.html HTTP/1.1" 404 158281 "-" "meta-externalagent/1.1 (+https://developers.facebook.com/docs/sharing/webmasters/crawler)"
203.161.56.247 - - [07/Oct/2025:14:36:53 +0000] "POST /wp-cron.php?doing_wp_cron=1759847813.1848309040069580078125 HTTP/1.1" 200 - "-" "WordPress/6.8.3; https://klmalaygirl.net"
52.167.144.171 - - [07/Oct/2025:14:36:51 +0000] "GET /?s=%E9%87%91%E5%B1%B1%E4%B8%AD%E5%AD%A6%E7%AB%9E%E8%B5%9B%E6%88%90%E7%BB%A9 HTTP/1.1" 200 32739 "-" "Mozilla/5.0 AppleWebKit/537.36 (KHTML, like Gecko; compatible; bingbot/2.0; +http://www.bing.com/bingbot.htm) Chrome/116.0.1938.76 Safari/537.36"
203.161.56.247 - - [07/Oct/2025:14:38:47 +0000] "POST /wp-cron.php?doing_wp_cron=1759847927.5954630374908447265625 HTTP/1.1" 200 - "-" "WordPress/6.8.3; https://klmalaygirl.net"
178.239.147.108 - - [07/Oct/2025:14:38:45 +0000] "POST /xmlrpc.php HTTP/1.1" 405 216 "https://klmalaygirl.net" "Mozilla/5.0 (Windows NT 10.0; Win64; x64) AppleWebKit/537.36 (KHTML, like Gecko) Chrome/112.0.5615.138 Safari/537.36 Edg/112.0.1722.68"
178.239.147.108 - - [07/Oct/2025:14:38:48 +0000] "POST /wp-login.php HTTP/1.1" 200 2275 "https://klmalaygirl.net" "Mozilla/5.0 (Windows NT 10.0; Win64; x64; rv:126.0) Gecko/20100101 Firefox/126.0"
203.161.56.247 - - [07/Oct/2025:14:50:09 +0000] "POST /wp-cron.php?doing_wp_cron=1759848609.4092469215393066406250 HTTP/1.1" 200 - "-" "WordPress/6.8.3; https://klmalaygirl.net"
51.161.65.119 - - [07/Oct/2025:14:50:07 +0000] "GET /sitemap.rss HTTP/1.1" 200 1711 "-" "Mozilla/5.0 (compatible; AhrefsBot/7.0; +http://ahrefs.com/robot/)"
34.227.156.153 - - [07/Oct/2025:14:56:37 +0000] "GET /the-discerning-guide-to-reputable-malay-escort-services/ HTTP/1.1" 200 43897 "-" "Mozilla/5.0 AppleWebKit/537.36 (KHTML, like Gecko; compatible; Amazonbot/0.1; +https://developer.amazon.com/support/amazonbot) Chrome/119.0.6045.214 Safari/537.36"
86.48.10.140 - - [07/Oct/2025:14:58:31 +0000] "GET / HTTP/1.1" 200 47344 "https://openadultdirectory.com/" "Mozilla/5.0 (Windows NT 10.0; Win64; x64) AppleWebKit/537.36 (KHTML, like Gecko) Chrome/141.0.0.0 Safari/537.36"
86.48.10.140 - - [07/Oct/2025:14:58:32 +0000] "GET /meevyduh/2025/04/KL-Escort-Yasmine-1-852x1200.jpg HTTP/1.1" 200 146534 "https://klmalaygirl.net/" "Mozilla/5.0 (Windows NT 10.0; Win64; x64) AppleWebKit/537.36 (KHTML, like Gecko) Chrome/141.0.0.0 Safari/537.36"
86.48.10.140 - - [07/Oct/2025:14:58:33 +0000] "GET /xygansof/css/dist/block-library/style.min.css?ver=6.8.3 HTTP/1.1" 200 15315 "https://klmalaygirl.net/" "Mozilla/5.0 (Windows NT 10.0; Win64; x64) AppleWebKit/537.36 (KHTML, like Gecko) Chrome/141.0.0.0 Safari/537.36"
86.48.10.140 - - [07/Oct/2025:14:58:33 +0000] "GET /wystipoo/cache/min/1/wp-content/plugins/easy-video-player/lib/plyr.css?ver=1755441889 HTTP/1.1" 200 5279 "https://klmalaygirl.net/" "Mozilla/5.0 (Windows NT 10.0; Win64; x64) AppleWebKit/537.36 (KHTML, like Gecko) Chrome/141.0.0.0 Safari/537.36"
86.48.10.140 - - [07/Oct/2025:14:58:33 +0000] "GET /wystipoo/cache/min/1/wp-content/plugins/woocommerce/assets/css/woocommerce-layout.css?ver=1755441889 HTTP/1.1" 200 3414 "https://klmalaygirl.net/" "Mozilla/5.0 (Windows NT 10.0; Win64; x64) AppleWebKit/537.36 (KHTML, like Gecko) Chrome/141.0.0.0 Safari/537.36"
86.48.10.140 - - [07/Oct/2025:14:58:33 +0000] "GET /wystipoo/cache/min/1/wp-content/plugins/woocommerce/assets/css/woocommerce.css?ver=1755441889 HTTP/1.1" 200 10909 "https://klmalaygirl.net/" "Mozilla/5.0 (Windows NT 10.0; Win64; x64) AppleWebKit/537.36 (KHTML, like Gecko) Chrome/141.0.0.0 Safari/537.36"
86.48.10.140 - - [07/Oct/2025:14:58:33 +0000] "GET /wystipoo/cache/min/1/wp-content/plugins/woocommerce/assets/css/brands.css?ver=1755441889 HTTP/1.1" 200 684 "https://klmalaygirl.net/" "Mozilla/5.0 (Windows NT 10.0; Win64; x64) AppleWebKit/537.36 (KHTML, like Gecko) Chrome/141.0.0.0 Safari/537.36"
86.48.10.140 - - [07/Oct/2025:14:58:33 +0000] "GET /wholsoar/assets/animations/animations.min.css?ver=28.1.5 HTTP/1.1" 200 5588 "https://klmalaygirl.net/" "Mozilla/5.0 (Windows NT 10.0; Win64; x64) AppleWebKit/537.36 (KHTML, like Gecko) Chrome/141.0.0.0 Safari/537.36"
86.48.10.140 - - [07/Oct/2025:14:58:33 +0000] "GET /wystipoo/cache/min/1/wp-content/themes/betheme/css/be.css?ver=1755441891 HTTP/1.1" 200 71593 "https://klmalaygirl.net/" "Mozilla/5.0 (Windows NT 10.0; Win64; x64) AppleWebKit/537.36 (KHTML, like Gecko) Chrome/141.0.0.0 Safari/537.36"
86.48.10.140 - - [07/Oct/2025:14:58:33 +0000] "GET /wystipoo/cache/min/1/wp-content/themes/betheme/fonts/fontawesome/fontawesome.css?ver=1755441892 HTTP/1.1" 200 12757 "https://klmalaygirl.net/" "Mozilla/5.0 (Windows NT 10.0; Win64; x64) AppleWebKit/537.36 (KHTML, like Gecko) Chrome/141.0.0.0 Safari/537.36"
86.48.10.140 - - [07/Oct/2025:14:58:34 +0000] "GET /wystipoo/cache/min/1/wp-content/themes/betheme/css/responsive.css?ver=1755441892 HTTP/1.1" 200 9872 "https://klmalaygirl.net/" "Mozilla/5.0 (Windows NT 10.0; Win64; x64) AppleWebKit/537.36 (KHTML, like Gecko) Chrome/141.0.0.0 Safari/537.36"
86.48.10.140 - - [07/Oct/2025:14:58:34 +0000] "GET /wystipoo/cache/min/1/wp-content/themes/betheme/css/woocommerce.css?ver=1755441892 HTTP/1.1" 200 21488 "https://klmalaygirl.net/" "Mozilla/5.0 (Windows NT 10.0; Win64; x64) AppleWebKit/537.36 (KHTML, like Gecko) Chrome/141.0.0.0 Safari/537.36"
86.48.10.140 - - [07/Oct/2025:14:58:34 +0000] "GET /meevyduh/2025/02/kl-malay-girl-logo.png HTTP/1.1" 200 6967 "https://klmalaygirl.net/" "Mozilla/5.0 (Windows NT 10.0; Win64; x64) AppleWebKit/537.36 (KHTML, like Gecko) Chrome/141.0.0.0 Safari/537.36"
86.48.10.140 - - [07/Oct/2025:14:58:34 +0000] "GET /meevyduh/2022/09/lingerie-header-icon1.svg HTTP/1.1" 200 436 "https://klmalaygirl.net/" "Mozilla/5.0 (Windows NT 10.0; Win64; x64) AppleWebKit/537.36 (KHTML, like Gecko) Chrome/141.0.0.0 Safari/537.36"
86.48.10.140 - - [07/Oct/2025:14:58:34 +0000] "GET /jitchigr/revslider/sr6/assets/assets/dummy.png HTTP/1.1" 200 68 "https://klmalaygirl.net/" "Mozilla/5.0 (Windows NT 10.0; Win64; x64) AppleWebKit/537.36 (KHTML, like Gecko) Chrome/141.0.0.0 Safari/537.36"
86.48.10.140 - - [07/Oct/2025:14:58:34 +0000] "GET /wystipoo/cache/min/1/wp-content/plugins/woocommerce/assets/client/blocks/wc-blocks.css?ver=1755441892 HTTP/1.1" 200 2573 "https://klmalaygirl.net/" "Mozilla/5.0 (Windows NT 10.0; Win64; x64) AppleWebKit/537.36 (KHTML, like Gecko) Chrome/141.0.0.0 Safari/537.36"
86.48.10.140 - - [07/Oct/2025:14:58:34 +0000] "GET /wystipoo/cache/min/1/wp-content/uploads/betheme/css/post-315.css?ver=1755441892 HTTP/1.1" 200 531 "https://klmalaygirl.net/" "Mozilla/5.0 (Windows NT 10.0; Win64; x64) AppleWebKit/537.36 (KHTML, like Gecko) Chrome/141.0.0.0 Safari/537.36"
86.48.10.140 - - [07/Oct/2025:14:58:34 +0000] "GET /wystipoo/cache/min/1/wp-content/themes/betheme/css/elements/divider-2.css?ver=1755441892 HTTP/1.1" 200 49565 "https://klmalaygirl.net/" "Mozilla/5.0 (Windows NT 10.0; Win64; x64) AppleWebKit/537.36 (KHTML, like Gecko) Chrome/141.0.0.0 Safari/537.36"
86.48.10.140 - - [07/Oct/2025:14:58:34 +0000] "GET /meevyduh/2022/10/lingerie-category-underwear.webp HTTP/1.1" 200 188256 "https://klmalaygirl.net/" "Mozilla/5.0 (Windows NT 10.0; Win64; x64) AppleWebKit/537.36 (KHTML, like Gecko) Chrome/141.0.0.0 Safari/537.36"
203.161.56.247 - - [07/Oct/2025:14:58:34 +0000] "POST /wp-cron.php?doing_wp_cron=1759849114.8506131172180175781250 HTTP/1.1" 200 - "-" "WordPress/6.8.3; https://klmalaygirl.net"
86.48.10.140 - - [07/Oct/2025:14:58:34 +0000] "GET /wystipoo/cache/min/1/wp-content/uploads/betheme/css/post-814.css?ver=1755441892 HTTP/1.1" 200 1464 "https://klmalaygirl.net/" "Mozilla/5.0 (Windows NT 10.0; Win64; x64) AppleWebKit/537.36 (KHTML, like Gecko) Chrome/141.0.0.0 Safari/537.36"
86.48.10.140 - - [07/Oct/2025:14:58:34 +0000] "GET /wystipoo/cache/min/1/wp-content/uploads/betheme/css/post-235.css?ver=1755441892 HTTP/1.1" 200 831 "https://klmalaygirl.net/" "Mozilla/5.0 (Windows NT 10.0; Win64; x64) AppleWebKit/537.36 (KHTML, like Gecko) Chrome/141.0.0.0 Safari/537.36"
52.167.144.177 - - [07/Oct/2025:14:58:33 +0000] "GET /?s=breille+summers+solo+photos HTTP/1.1" 200 32588 "-" "Mozilla/5.0 AppleWebKit/537.36 (KHTML, like Gecko; compatible; bingbot/2.0; +http://www.bing.com/bingbot.htm) Chrome/116.0.1938.76 Safari/537.36"
86.48.10.140 - - [07/Oct/2025:14:58:35 +0000] "GET /wystipoo/cache/min/1/wp-content/uploads/betheme/css/post-807.css?ver=1755441892 HTTP/1.1" 200 676 "https://klmalaygirl.net/" "Mozilla/5.0 (Windows NT 10.0; Win64; x64) AppleWebKit/537.36 (KHTML, like Gecko) Chrome/141.0.0.0 Safari/537.36"
86.48.10.140 - - [07/Oct/2025:14:58:35 +0000] "GET /jitchigr/creame-whatsapp-me/public/css/joinchat.min.css?ver=6.0.8 HTTP/1.1" 200 5095 "https://klmalaygirl.net/" "Mozilla/5.0 (Windows NT 10.0; Win64; x64) AppleWebKit/537.36 (KHTML, like Gecko) Chrome/141.0.0.0 Safari/537.36"
86.48.10.140 - - [07/Oct/2025:14:58:35 +0000] "GET /wystipoo/cache/min/1/wp-content/plugins/revslider/sr6/assets/css/rs6.css?ver=1755441892 HTTP/1.1" 200 9593 "https://klmalaygirl.net/" "Mozilla/5.0 (Windows NT 10.0; Win64; x64) AppleWebKit/537.36 (KHTML, like Gecko) Chrome/141.0.0.0 Safari/537.36"
86.48.10.140 - - [07/Oct/2025:14:58:35 +0000] "GET /meevyduh/2025/03/KL-Escort-Sumi-1-852x1200.jpg HTTP/1.1" 200 117969 "https://klmalaygirl.net/" "Mozilla/5.0 (Windows NT 10.0; Win64; x64) AppleWebKit/537.36 (KHTML, like Gecko) Chrome/141.0.0.0 Safari/537.36"
86.48.10.140 - - [07/Oct/2025:14:58:35 +0000] "GET /meevyduh/2025/04/KL-Escort-Shelly-1-852x1200.jpg HTTP/1.1" 200 115095 "https://klmalaygirl.net/" "Mozilla/5.0 (Windows NT 10.0; Win64; x64) AppleWebKit/537.36 (KHTML, like Gecko) Chrome/141.0.0.0 Safari/537.36"
86.48.10.140 - - [07/Oct/2025:14:58:35 +0000] "GET /meevyduh/2025/03/KL-Escort-SanSan-1-852x1200.jpg HTTP/1.1" 200 117061 "https://klmalaygirl.net/" "Mozilla/5.0 (Windows NT 10.0; Win64; x64) AppleWebKit/537.36 (KHTML, like Gecko) Chrome/141.0.0.0 Safari/537.36"
86.48.10.140 - - [07/Oct/2025:14:58:35 +0000] "GET /meevyduh/2025/03/KL-Escort-Porscher-1-852x1200.jpg HTTP/1.1" 200 108191 "https://klmalaygirl.net/" "Mozilla/5.0 (Windows NT 10.0; Win64; x64) AppleWebKit/537.36 (KHTML, like Gecko) Chrome/141.0.0.0 Safari/537.36"
86.48.10.140 - - [07/Oct/2025:14:58:35 +0000] "GET /wholsoar/fonts/mfn/icons.woff2?3522148 HTTP/1.1" 200 72622 "https://klmalaygirl.net/wystipoo/cache/min/1/wp-content/themes/betheme/css/be.css?ver=1755441891" "Mozilla/5.0 (Windows NT 10.0; Win64; x64) AppleWebKit/537.36 (KHTML, like Gecko) Chrome/141.0.0.0 Safari/537.36"
86.48.10.140 - - [07/Oct/2025:14:58:36 +0000] "GET /meevyduh/2025/03/KL-Escort-Patty-1-852x1200.jpg HTTP/1.1" 200 94955 "https://klmalaygirl.net/" "Mozilla/5.0 (Windows NT 10.0; Win64; x64) AppleWebKit/537.36 (KHTML, like Gecko) Chrome/141.0.0.0 Safari/537.36"
86.48.10.140 - - [07/Oct/2025:14:58:36 +0000] "GET /meevyduh/2025/04/KL-Escort-Novita-2-852x1200.jpg HTTP/1.1" 200 119928 "https://klmalaygirl.net/" "Mozilla/5.0 (Windows NT 10.0; Win64; x64) AppleWebKit/537.36 (KHTML, like Gecko) Chrome/141.0.0.0 Safari/537.36"
86.48.10.140 - - [07/Oct/2025:14:58:36 +0000] "GET /meevyduh/2025/03/KL-Escort-Nina-1-852x1200.jpg HTTP/1.1" 200 96021 "https://klmalaygirl.net/" "Mozilla/5.0 (Windows NT 10.0; Win64; x64) AppleWebKit/537.36 (KHTML, like Gecko) Chrome/141.0.0.0 Safari/537.36"
86.48.10.140 - - [07/Oct/2025:14:58:36 +0000] "GET /xygansof/js/jquery/jquery.min.js?ver=3.7.1 HTTP/1.1" 200 30368 "https://klmalaygirl.net/" "Mozilla/5.0 (Windows NT 10.0; Win64; x64) AppleWebKit/537.36 (KHTML, like Gecko) Chrome/141.0.0.0 Safari/537.36"
86.48.10.140 - - [07/Oct/2025:14:58:36 +0000] "GET /meevyduh/2025/03/KL-Escort-Milk-1-852x1200.jpg HTTP/1.1" 200 170378 "https://klmalaygirl.net/" "Mozilla/5.0 (Windows NT 10.0; Win64; x64) AppleWebKit/537.36 (KHTML, like Gecko) Chrome/141.0.0.0 Safari/537.36"
86.48.10.140 - - [07/Oct/2025:14:58:36 +0000] "GET /meevyduh/2025/03/klmalaygirl-slider-pic2.webp HTTP/1.1" 200 73044 "https://klmalaygirl.net/" "Mozilla/5.0 (Windows NT 10.0; Win64; x64) AppleWebKit/537.36 (KHTML, like Gecko) Chrome/141.0.0.0 Safari/537.36"
86.48.10.140 - - [07/Oct/2025:14:58:36 +0000] "GET /meevyduh/2022/09/lingerie-slider-pic1.webp HTTP/1.1" 200 75866 "https://klmalaygirl.net/" "Mozilla/5.0 (Windows NT 10.0; Win64; x64) AppleWebKit/537.36 (KHTML, like Gecko) Chrome/141.0.0.0 Safari/537.36"
86.48.10.140 - - [07/Oct/2025:14:58:36 +0000] "GET /meevyduh/2025/03/KL-Escort-Nicha-1-852x1200.jpg HTTP/1.1" 200 139462 "https://klmalaygirl.net/" "Mozilla/5.0 (Windows NT 10.0; Win64; x64) AppleWebKit/537.36 (KHTML, like Gecko) Chrome/141.0.0.0 Safari/537.36"
86.48.10.140 - - [07/Oct/2025:14:58:36 +0000] "GET /meevyduh/2025/03/KL-Escort-Marry-1-852x1200.jpg HTTP/1.1" 200 128588 "https://klmalaygirl.net/" "Mozilla/5.0 (Windows NT 10.0; Win64; x64) AppleWebKit/537.36 (KHTML, like Gecko) Chrome/141.0.0.0 Safari/537.36"
86.48.10.140 - - [07/Oct/2025:14:58:36 +0000] "GET /xygansof/js/jquery/jquery-migrate.min.js?ver=3.4.1 HTTP/1.1" 200 4872 "https://klmalaygirl.net/" "Mozilla/5.0 (Windows NT 10.0; Win64; x64) AppleWebKit/537.36 (KHTML, like Gecko) Chrome/141.0.0.0 Safari/537.36"
86.48.10.140 - - [07/Oct/2025:14:58:36 +0000] "GET /meevyduh/2022/09/lingerie-slider-pic2.webp HTTP/1.1" 200 309396 "https://klmalaygirl.net/" "Mozilla/5.0 (Windows NT 10.0; Win64; x64) AppleWebKit/537.36 (KHTML, like Gecko) Chrome/141.0.0.0 Safari/537.36"
86.48.10.140 - - [07/Oct/2025:14:58:36 +0000] "GET /meevyduh/2025/03/KL-Escort-Lynn-1-852x1200.jpg HTTP/1.1" 200 161281 "https://klmalaygirl.net/" "Mozilla/5.0 (Windows NT 10.0; Win64; x64) AppleWebKit/537.36 (KHTML, like Gecko) Chrome/141.0.0.0 Safari/537.36"
86.48.10.140 - - [07/Oct/2025:14:58:37 +0000] "GET /wystipoo/cache/min/1/wp-content/plugins/easy-video-player/lib/plyr.js?ver=1755441892 HTTP/1.1" 200 31769 "https://klmalaygirl.net/" "Mozilla/5.0 (Windows NT 10.0; Win64; x64) AppleWebKit/537.36 (KHTML, like Gecko) Chrome/141.0.0.0 Safari/537.36"
86.48.10.140 - - [07/Oct/2025:14:58:37 +0000] "GET /meevyduh/2025/03/KL-Escort-Emily-1-852x1200.jpg HTTP/1.1" 200 77007 "https://klmalaygirl.net/" "Mozilla/5.0 (Windows NT 10.0; Win64; x64) AppleWebKit/537.36 (KHTML, like Gecko) Chrome/141.0.0.0 Safari/537.36"
86.48.10.140 - - [07/Oct/2025:14:58:37 +0000] "GET /meevyduh/2025/04/KL-Escort-Tania-1-852x1200.jpg HTTP/1.1" 200 90344 "https://klmalaygirl.net/" "Mozilla/5.0 (Windows NT 10.0; Win64; x64) AppleWebKit/537.36 (KHTML, like Gecko) Chrome/141.0.0.0 Safari/537.36"
86.48.10.140 - - [07/Oct/2025:14:58:37 +0000] "GET /meevyduh/2025/04/KL-Escort-Cinta-1-852x1200.jpg HTTP/1.1" 200 101394 "https://klmalaygirl.net/" "Mozilla/5.0 (Windows NT 10.0; Win64; x64) AppleWebKit/537.36 (KHTML, like Gecko) Chrome/141.0.0.0 Safari/537.36"
86.48.10.140 - - [07/Oct/2025:14:58:37 +0000] "GET /meevyduh/2025/03/KL-Escorts-Chanel-1-852x1200.jpg HTTP/1.1" 200 100800 "https://klmalaygirl.net/" "Mozilla/5.0 (Windows NT 10.0; Win64; x64) AppleWebKit/537.36 (KHTML, like Gecko) Chrome/141.0.0.0 Safari/537.36"
86.48.10.140 - - [07/Oct/2025:14:58:37 +0000] "GET /meevyduh/2025/03/KL-Escorts-Amy-1-852x1200.jpg HTTP/1.1" 200 147322 "https://klmalaygirl.net/" "Mozilla/5.0 (Windows NT 10.0; Win64; x64) AppleWebKit/537.36 (KHTML, like Gecko) Chrome/141.0.0.0 Safari/537.36"
86.48.10.140 - - [07/Oct/2025:14:58:37 +0000] "GET /meevyduh/2025/04/KL-Escort-Siti-1-852x1200.jpg HTTP/1.1" 200 162909 "https://klmalaygirl.net/" "Mozilla/5.0 (Windows NT 10.0; Win64; x64) AppleWebKit/537.36 (KHTML, like Gecko) Chrome/141.0.0.0 Safari/537.36"
86.48.10.140 - - [07/Oct/2025:14:58:37 +0000] "GET /jitchigr/woocommerce/assets/js/jquery-blockui/jquery.blockUI.min.js?ver=2.7.0-wc.10.2.1 HTTP/1.1" 200 3537 "https://klmalaygirl.net/" "Mozilla/5.0 (Windows NT 10.0; Win64; x64) AppleWebKit/537.36 (KHTML, like Gecko) Chrome/141.0.0.0 Safari/537.36"
86.48.10.140 - - [07/Oct/2025:14:58:37 +0000] "GET /meevyduh/2022/10/lingerie-home-pic1.webp HTTP/1.1" 200 58750 "https://klmalaygirl.net/" "Mozilla/5.0 (Windows NT 10.0; Win64; x64) AppleWebKit/537.36 (KHTML, like Gecko) Chrome/141.0.0.0 Safari/537.36"
86.48.10.140 - - [07/Oct/2025:14:58:37 +0000] "GET /meevyduh/2022/10/lingerie-home-pic2.webp HTTP/1.1" 200 45538 "https://klmalaygirl.net/" "Mozilla/5.0 (Windows NT 10.0; Win64; x64) AppleWebKit/537.36 (KHTML, like Gecko) Chrome/141.0.0.0 Safari/537.36"
86.48.10.140 - - [07/Oct/2025:14:58:37 +0000] "GET /meevyduh/2025/03/KL-Escort-Sumi-5.jpg HTTP/1.1" 200 158681 "https://klmalaygirl.net/" "Mozilla/5.0 (Windows NT 10.0; Win64; x64) AppleWebKit/537.36 (KHTML, like Gecko) Chrome/141.0.0.0 Safari/537.36"
86.48.10.140 - - [07/Oct/2025:14:58:37 +0000] "GET /meevyduh/2022/10/lingerie-home-pic9.webp HTTP/1.1" 200 26344 "https://klmalaygirl.net/" "Mozilla/5.0 (Windows NT 10.0; Win64; x64) AppleWebKit/537.36 (KHTML, like Gecko) Chrome/141.0.0.0 Safari/537.36"
86.48.10.140 - - [07/Oct/2025:14:58:37 +0000] "GET /jitchigr/woocommerce/assets/js/frontend/add-to-cart.min.js?ver=10.2.1 HTTP/1.1" 200 1368 "https://klmalaygirl.net/" "Mozilla/5.0 (Windows NT 10.0; Win64; x64) AppleWebKit/537.36 (KHTML, like Gecko) Chrome/141.0.0.0 Safari/537.36"
86.48.10.140 - - [07/Oct/2025:14:58:37 +0000] "GET /meevyduh/2025/03/KL-Escort-Sumi-3.jpg HTTP/1.1" 200 191815 "https://klmalaygirl.net/" "Mozilla/5.0 (Windows NT 10.0; Win64; x64) AppleWebKit/537.36 (KHTML, like Gecko) Chrome/141.0.0.0 Safari/537.36"
86.48.10.140 - - [07/Oct/2025:14:58:37 +0000] "GET /meevyduh/2025/03/KL-Escort-Marry-2.jpg HTTP/1.1" 200 157969 "https://klmalaygirl.net/" "Mozilla/5.0 (Windows NT 10.0; Win64; x64) AppleWebKit/537.36 (KHTML, like Gecko) Chrome/141.0.0.0 Safari/537.36"
86.48.10.140 - - [07/Oct/2025:14:58:37 +0000] "GET /meevyduh/2022/11/lingerie-post7.webp HTTP/1.1" 200 180256 "https://klmalaygirl.net/" "Mozilla/5.0 (Windows NT 10.0; Win64; x64) AppleWebKit/537.36 (KHTML, like Gecko) Chrome/141.0.0.0 Safari/537.36"
104.37.46.6 - - [07/Oct/2025:14:59:06 +0000] "GET / HTTP/1.1" 200 47344 "-" "Mozilla/5.0 (Macintosh; Intel Mac OS X 10_15_7) AppleWebKit/537.36 (KHTML, like Gecko) Chrome/129.0.0.0 Safari/537.36"
203.161.56.247 - - [07/Oct/2025:14:59:08 +0000] "POST /wp-cron.php?doing_wp_cron=1759849148.1367189884185791015625 HTTP/1.1" 200 - "-" "WordPress/6.8.3; https://klmalaygirl.net"
104.37.46.6 - - [07/Oct/2025:14:59:06 +0000] "GET /robots.txt HTTP/1.1" 200 150 "-" "Mozilla/5.0 (Windows NT 10.0; Win64; x64; rv:134.0) Gecko/20100101 Firefox/134.0"
104.37.46.6 - - [07/Oct/2025:14:59:08 +0000] "GET /news-sitemap.xml HTTP/1.1" 404 196 "-" "Mozilla/5.0 (Windows NT 10.0; Win64; x64) AppleWebKit/537.36 (KHTML, like Gecko) Chrome/109.0.0.0 Safari/537.36"
119.45.20.16 - - [07/Oct/2025:14:59:41 +0000] "GET / HTTP/1.1" 200 47342 "http://klmalaygirl.net" "Mozilla/5.0 (iPhone; CPU iPhone OS 13_2_3 like Mac OS X) AppleWebKit/605.1.15 (KHTML, like Gecko) Version/13.0.3 Mobile/15E148 Safari/604.1"
216.73.216.170 - - [07/Oct/2025:14:59:46 +0000] "GET /robots.txt HTTP/1.1" 200 150 "-" "Mozilla/5.0 AppleWebKit/537.36 (KHTML, like Gecko; compatible; ClaudeBot/1.0; +claudebot@anthropic.com)"
216.73.216.170 - - [07/Oct/2025:14:59:47 +0000] "GET /video-sitemap.xml HTTP/1.1" 200 263 "-" "Mozilla/5.0 AppleWebKit/537.36 (KHTML, like Gecko; compatible; ClaudeBot/1.0; +claudebot@anthropic.com)"
203.161.56.247 - - [07/Oct/2025:15:02:35 +0000] "POST /wp-cron.php?doing_wp_cron=1759849355.9001789093017578125000 HTTP/1.1" 200 - "-" "WordPress/6.8.3; https://klmalaygirl.net"
52.167.144.177 - - [07/Oct/2025:15:02:34 +0000] "GET /?s=banco+de+prec%C3%A7os HTTP/1.1" 200 32586 "-" "Mozilla/5.0 AppleWebKit/537.36 (KHTML, like Gecko; compatible; bingbot/2.0; +http://www.bing.com/bingbot.htm) Chrome/116.0.1938.76 Safari/537.36"
203.161.56.247 - - [07/Oct/2025:15:03:19 +0000] "POST /wp-cron.php?doing_wp_cron=1759849399.3328559398651123046875 HTTP/1.1" 200 - "-" "WordPress/6.8.3; https://klmalaygirl.net"
157.55.39.63 - - [07/Oct/2025:15:03:17 +0000] "GET /?s=%E0%B8%9A%E0%B8%A3%E0%B8%B4%E0%B8%A9%E0%B8%B1%E0%B8%97+%E0%B8%A1%E0%B8%B4%E0%B8%97%E0%B8%95%E0%B8%AD%E0%B8%A1+%E0%B8%AD%E0%B8%AD%E0%B8%99%E0%B9%84%E0%B8%A5%E0%B8%99%E0%B9%8C+%E0%B8%A1%E0%B8%B5%E0%B9%80%E0%B8%94%E0%B8%B5%E0%B8%A2+%E0%B8%88%E0%B8%B3%E0%B8%81%E0%B8%B1%E0%B8%94 HTTP/1.1" 200 32911 "-" "Mozilla/5.0 AppleWebKit/537.36 (KHTML, like Gecko; compatible; bingbot/2.0; +http://www.bing.com/bingbot.htm) Chrome/116.0.1938.76 Safari/537.36"
159.203.58.244 - - [07/Oct/2025:15:03:24 +0000] "GET / HTTP/1.1" 200 47344 "-" "Mozilla/5.0 (X11; Linux x86_64) AppleWebKit/537.36 (KHTML, like Gecko) Chrome/139.0.0.0 Safari/537.36"
159.203.58.244 - - [07/Oct/2025:15:03:27 +0000] "GET /meevyduh/2025/02/cropped-iconfinder_kl-malay-girl-escort-32x32.png HTTP/1.1" 200 781 "https://klmalaygirl.net/" "Mozilla/5.0 (X11; Linux x86_64) AppleWebKit/537.36 (KHTML, like Gecko) Chrome/139.0.0.0 Safari/537.36"
203.161.56.247 - - [07/Oct/2025:15:06:36 +0000] "POST /wp-cron.php?doing_wp_cron=1759849596.0663650035858154296875 HTTP/1.1" 200 - "-" "WordPress/6.8.3; https://klmalaygirl.net"
85.208.96.197 - - [07/Oct/2025:15:06:33 +0000] "GET /robots.txt HTTP/1.1" 200 150 "-" "Mozilla/5.0 (compatible; SemrushBot/7~bl; +http://www.semrush.com/bot.html)"
185.191.171.3 - - [07/Oct/2025:15:06:37 +0000] "GET /selecting-the-best-escort-service-in-kuala-lumpur/ HTTP/1.1" 200 44972 "-" "Mozilla/5.0 (compatible; SemrushBot/7~bl; +http://www.semrush.com/bot.html)"
203.161.56.247 - - [07/Oct/2025:15:12:23 +0000] "POST /wp-cron.php?doing_wp_cron=1759849943.6563410758972167968750 HTTP/1.1" 200 - "-" "WordPress/6.8.3; https://klmalaygirl.net"
165.22.218.230 - - [07/Oct/2025:15:12:21 +0000] "POST /xmlrpc.php HTTP/1.1" 405 216 "https://klmalaygirl.net" "Mozilla/5.0 (Macintosh; Intel Mac OS X 10_15_7) AppleWebKit/537.36 (KHTML, like Gecko) Chrome/114.0.5735.134 Safari/537.36"
165.22.218.230 - - [07/Oct/2025:15:12:24 +0000] "POST /wp-login.php HTTP/1.1" 200 2241 "https://klmalaygirl.net" "Mozilla/5.0 (Macintosh; Intel Mac OS X 13_3) AppleWebKit/537.36 (KHTML, like Gecko) Chrome/126.0.0.0 Safari/537.36 Edg/126.0.0.0"
185.191.171.5 - - [07/Oct/2025:15:14:19 +0000] "GET /blog/ HTTP/1.1" 200 40881 "-" "Mozilla/5.0 (compatible; SemrushBot/7~bl; +http://www.semrush.com/bot.html)"
77.75.76.160 - - [07/Oct/2025:15:17:03 +0000] "GET /meevyduh/2025/03/KL-Escort-Milk-2.jpg HTTP/1.1" 304 - "-" "Mozilla/5.0 (compatible; SeznamBot/4.0; +https://o-seznam.cz/napoveda/vyhledavani/en/seznambot-crawler/)"
203.161.56.247 - - [07/Oct/2025:15:17:05 +0000] "POST /wp-cron.php?doing_wp_cron=1759850225.6429979801177978515625 HTTP/1.1" 200 - "-" "WordPress/6.8.3; https://klmalaygirl.net"
77.75.76.160 - - [07/Oct/2025:15:17:03 +0000] "GET /robots.txt HTTP/1.1" 200 150 "-" "Mozilla/5.0 (compatible; SeznamBot/4.0; +https://o-seznam.cz/napoveda/vyhledavani/en/seznambot-crawler/)"
203.161.56.247 - - [07/Oct/2025:15:20:07 +0000] "POST /wp-cron.php?doing_wp_cron=1759850407.9216039180755615234375 HTTP/1.1" 200 - "-" "WordPress/6.8.3; https://klmalaygirl.net"
