1.9.4.81 - - [08/Oct/2025:02:41:57 +0000] "GET /meevyduh/2025/03/KL-Escort-Lynn-2.jpg HTTP/1.1" 200 201652 "https://klmalaygirl.net/" "Mozilla/5.0 (Windows NT 10.0; Win64; x64) AppleWebKit/537.36 (KHTML, like Gecko) Chrome/141.0.0.0 Safari/537.36"
1.9.4.81 - - [08/Oct/2025:02:41:57 +0000] "GET /meevyduh/2025/02/kl-malay-girl-logo-footer.png HTTP/1.1" 200 7089 "https://klmalaygirl.net/" "Mozilla/5.0 (Windows NT 10.0; Win64; x64) AppleWebKit/537.36 (KHTML, like Gecko) Chrome/141.0.0.0 Safari/537.36"
165.154.157.40 - - [08/Oct/2025:02:42:45 +0000] "GET /wholsoar/images/payment-methods/Visa.svg HTTP/1.1" 200 649 "https://klmalaygirl.net/" "Mozilla/5.0 (Windows NT 10.0; Win64; x64) AppleWebKit/537.36 (KHTML, like Gecko) Chrome/141.0.0.0 Safari/537.36"
165.154.157.40 - - [08/Oct/2025:02:42:45 +0000] "GET /wholsoar/images/payment-methods/DinersClub.svg HTTP/1.1" 200 520 "https://klmalaygirl.net/" "Mozilla/5.0 (Windows NT 10.0; Win64; x64) AppleWebKit/537.36 (KHTML, like Gecko) Chrome/141.0.0.0 Safari/537.36"
165.154.157.40 - - [08/Oct/2025:02:42:45 +0000] "GET /wholsoar/images/payment-methods/Amex.svg HTTP/1.1" 200 585 "https://klmalaygirl.net/" "Mozilla/5.0 (Windows NT 10.0; Win64; x64) AppleWebKit/537.36 (KHTML, like Gecko) Chrome/141.0.0.0 Safari/537.36"
165.154.157.40 - - [08/Oct/2025:02:42:46 +0000] "GET /wholsoar/images/payment-methods/Discover.svg HTTP/1.1" 200 1142 "https://klmalaygirl.net/" "Mozilla/5.0 (Windows NT 10.0; Win64; x64) AppleWebKit/537.36 (KHTML, like Gecko) Chrome/141.0.0.0 Safari/537.36"
165.154.157.43 - - [08/Oct/2025:02:42:48 +0000] "GET /wholsoar/images/payment-methods/Mastercard.svg HTTP/1.1" 200 394 "https://klmalaygirl.net/" "Mozilla/5.0 (Windows NT 10.0; Win64; x64) AppleWebKit/537.36 (KHTML, like Gecko) Chrome/141.0.0.0 Safari/537.36"
165.154.157.43 - - [08/Oct/2025:02:42:48 +0000] "GET /wholsoar/images/payment-methods/Maestro.svg HTTP/1.1" 200 382 "https://klmalaygirl.net/" "Mozilla/5.0 (Windows NT 10.0; Win64; x64) AppleWebKit/537.36 (KHTML, like Gecko) Chrome/141.0.0.0 Safari/537.36"
165.154.157.43 - - [08/Oct/2025:02:42:48 +0000] "GET /wholsoar/images/payment-methods/Stripe.svg HTTP/1.1" 200 1073 "https://klmalaygirl.net/" "Mozilla/5.0 (Windows NT 10.0; Win64; x64) AppleWebKit/537.36 (KHTML, like Gecko) Chrome/141.0.0.0 Safari/537.36"
165.154.157.43 - - [08/Oct/2025:02:42:49 +0000] "GET /wholsoar/images/payment-methods/PayPal.svg HTTP/1.1" 200 2792 "https://klmalaygirl.net/" "Mozilla/5.0 (Windows NT 10.0; Win64; x64) AppleWebKit/537.36 (KHTML, like Gecko) Chrome/141.0.0.0 Safari/537.36"
165.154.157.43 - - [08/Oct/2025:02:42:55 +0000] "GET /meevyduh/2022/09/lingerie-slider-pic1.webp HTTP/1.1" 200 75866 "https://klmalaygirl.net/" "Mozilla/5.0 (Windows NT 10.0; Win64; x64) AppleWebKit/537.36 (KHTML, like Gecko) Chrome/141.0.0.0 Safari/537.36"
165.154.157.43 - - [08/Oct/2025:02:42:55 +0000] "GET /meevyduh/2022/09/lingerie-slider-pic2.webp HTTP/1.1" 200 309396 "https://klmalaygirl.net/" "Mozilla/5.0 (Windows NT 10.0; Win64; x64) AppleWebKit/537.36 (KHTML, like Gecko) Chrome/141.0.0.0 Safari/537.36"
165.154.157.43 - - [08/Oct/2025:02:42:57 +0000] "GET /wystipoo/cache/min/1/wp-content/plugins/woocommerce/assets/css/woocommerce-smallscreen.css?ver=1755441889 HTTP/1.1" 200 1279 "https://klmalaygirl.net/" "Mozilla/5.0 (Windows NT 10.0; Win64; x64) AppleWebKit/537.36 (KHTML, like Gecko) Chrome/141.0.0.0 Safari/537.36"
165.154.157.42 - - [08/Oct/2025:02:42:57 +0000] "GET /meevyduh/2025/03/klmalaygirl-slider-pic2.webp HTTP/1.1" 200 73044 "https://klmalaygirl.net/" "Mozilla/5.0 (Windows NT 10.0; Win64; x64) AppleWebKit/537.36 (KHTML, like Gecko) Chrome/141.0.0.0 Safari/537.36"
165.154.157.44 - - [08/Oct/2025:02:43:13 +0000] "GET /wholsoar/images/payment-methods/Discover.svg HTTP/1.1" 200 1142 "https://klmalaygirl.net/" "Mozilla/5.0 (Windows NT 10.0; Win64; x64) AppleWebKit/537.36 (KHTML, like Gecko) Chrome/141.0.0.0 Safari/537.36"
165.154.157.44 - - [08/Oct/2025:02:43:13 +0000] "GET /meevyduh/2025/02/cropped-iconfinder_kl-malay-girl-escort-32x32.png HTTP/1.1" 200 781 "https://klmalaygirl.net/" "Mozilla/5.0 (Windows NT 10.0; Win64; x64) AppleWebKit/537.36 (KHTML, like Gecko) Chrome/141.0.0.0 Safari/537.36"
203.161.56.247 - - [08/Oct/2025:02:46:10 +0000] "POST /wp-cron.php?doing_wp_cron=1759891570.8494639396667480468750 HTTP/1.1" 200 - "-" "WordPress/6.8.3; https://klmalaygirl.net"
157.55.39.13 - - [08/Oct/2025:02:46:07 +0000] "GET /?s=%E6%88%AA%E5%9B%BE%E5%B7%A5%E5%85%B7121 HTTP/1.1" 200 32637 "-" "Mozilla/5.0 AppleWebKit/537.36 (KHTML, like Gecko; compatible; bingbot/2.0; +http://www.bing.com/bingbot.htm) Chrome/116.0.1938.76 Safari/537.36"
40.172.203.98 - - [08/Oct/2025:02:49:33 +0000] "GET /xygansof/js/jquery/jquery.min.js?ver=3.7.1 HTTP/1.1" 200 30368 "https://klmalaygirl.net/" "Mozilla/5.0 (Windows NT 10.0; Win64; x64) AppleWebKit/537.36 (KHTML, like Gecko) Chrome/141.0.0.0 Safari/537.36"
40.172.203.98 - - [08/Oct/2025:02:49:33 +0000] "GET /wystipoo/cache/min/1/wp-content/plugins/easy-video-player/lib/plyr.js?ver=1755441892 HTTP/1.1" 200 31769 "https://klmalaygirl.net/" "Mozilla/5.0 (Windows NT 10.0; Win64; x64) AppleWebKit/537.36 (KHTML, like Gecko) Chrome/141.0.0.0 Safari/537.36"
40.172.203.98 - - [08/Oct/2025:02:49:33 +0000] "GET /xygansof/js/jquery/jquery-migrate.min.js?ver=3.4.1 HTTP/1.1" 200 4872 "https://klmalaygirl.net/" "Mozilla/5.0 (Windows NT 10.0; Win64; x64) AppleWebKit/537.36 (KHTML, like Gecko) Chrome/141.0.0.0 Safari/537.36"
40.172.203.98 - - [08/Oct/2025:02:49:33 +0000] "GET /jitchigr/woocommerce/assets/js/jquery-blockui/jquery.blockUI.min.js?ver=2.7.0-wc.10.2.1 HTTP/1.1" 200 3537 "https://klmalaygirl.net/" "Mozilla/5.0 (Windows NT 10.0; Win64; x64) AppleWebKit/537.36 (KHTML, like Gecko) Chrome/141.0.0.0 Safari/537.36"
40.172.203.98 - - [08/Oct/2025:02:49:33 +0000] "GET /jitchigr/woocommerce/assets/js/js-cookie/js.cookie.min.js?ver=2.1.4-wc.10.2.1 HTTP/1.1" 200 833 "https://klmalaygirl.net/" "Mozilla/5.0 (Windows NT 10.0; Win64; x64) AppleWebKit/537.36 (KHTML, like Gecko) Chrome/141.0.0.0 Safari/537.36"
40.172.203.98 - - [08/Oct/2025:02:49:34 +0000] "GET /jitchigr/woocommerce/assets/js/frontend/cart-fragments.min.js?ver=10.2.1 HTTP/1.1" 200 1045 "https://klmalaygirl.net/" "Mozilla/5.0 (Windows NT 10.0; Win64; x64) AppleWebKit/537.36 (KHTML, like Gecko) Chrome/141.0.0.0 Safari/537.36"
40.172.203.98 - - [08/Oct/2025:02:49:34 +0000] "GET /xygansof/js/jquery/ui/core.min.js?ver=1.13.3 HTTP/1.1" 200 7106 "https://klmalaygirl.net/" "Mozilla/5.0 (Windows NT 10.0; Win64; x64) AppleWebKit/537.36 (KHTML, like Gecko) Chrome/141.0.0.0 Safari/537.36"
40.172.203.98 - - [08/Oct/2025:02:49:35 +0000] "GET /jitchigr/woocommerce/assets/js/frontend/add-to-cart.min.js?ver=10.2.1 HTTP/1.1" 200 1368 "https://klmalaygirl.net/" "Mozilla/5.0 (Windows NT 10.0; Win64; x64) AppleWebKit/537.36 (KHTML, like Gecko) Chrome/141.0.0.0 Safari/537.36"
40.172.203.98 - - [08/Oct/2025:02:49:35 +0000] "GET /xygansof/js/jquery/ui/tabs.min.js?ver=1.13.3 HTTP/1.1" 200 3945 "https://klmalaygirl.net/" "Mozilla/5.0 (Windows NT 10.0; Win64; x64) AppleWebKit/537.36 (KHTML, like Gecko) Chrome/141.0.0.0 Safari/537.36"
40.172.203.98 - - [08/Oct/2025:02:49:35 +0000] "GET /wholsoar/js/plugins/debouncedresize.min.js?ver=28.1.5 HTTP/1.1" 200 297 "https://klmalaygirl.net/" "Mozilla/5.0 (Windows NT 10.0; Win64; x64) AppleWebKit/537.36 (KHTML, like Gecko) Chrome/141.0.0.0 Safari/537.36"
40.172.203.98 - - [08/Oct/2025:02:49:35 +0000] "GET /wholsoar/js/plugins/magnificpopup.min.js?ver=28.1.5 HTTP/1.1" 200 7323 "https://klmalaygirl.net/" "Mozilla/5.0 (Windows NT 10.0; Win64; x64) AppleWebKit/537.36 (KHTML, like Gecko) Chrome/141.0.0.0 Safari/537.36"
40.172.203.98 - - [08/Oct/2025:02:49:36 +0000] "GET /wystipoo/cache/min/1/wp-content/themes/betheme/js/menu.js?ver=1755441892 HTTP/1.1" 200 748 "https://klmalaygirl.net/" "Mozilla/5.0 (Windows NT 10.0; Win64; x64) AppleWebKit/537.36 (KHTML, like Gecko) Chrome/141.0.0.0 Safari/537.36"
40.172.203.98 - - [08/Oct/2025:02:49:36 +0000] "GET /wholsoar/js/plugins/visible.min.js?ver=28.1.5 HTTP/1.1" 200 378 "https://klmalaygirl.net/" "Mozilla/5.0 (Windows NT 10.0; Win64; x64) AppleWebKit/537.36 (KHTML, like Gecko) Chrome/141.0.0.0 Safari/537.36"
40.172.203.98 - - [08/Oct/2025:02:49:36 +0000] "GET /wholsoar/assets/animations/animations.min.js?ver=28.1.5 HTTP/1.1" 200 627 "https://klmalaygirl.net/" "Mozilla/5.0 (Windows NT 10.0; Win64; x64) AppleWebKit/537.36 (KHTML, like Gecko) Chrome/141.0.0.0 Safari/537.36"
40.172.203.98 - - [08/Oct/2025:02:49:36 +0000] "GET /wholsoar/js/plugins/enllax.min.js?ver=28.1.5 HTTP/1.1" 200 529 "https://klmalaygirl.net/" "Mozilla/5.0 (Windows NT 10.0; Win64; x64) AppleWebKit/537.36 (KHTML, like Gecko) Chrome/141.0.0.0 Safari/537.36"
40.172.203.98 - - [08/Oct/2025:02:49:36 +0000] "GET /wystipoo/cache/min/1/wp-content/themes/betheme/js/parallax/translate3d.js?ver=1755441892 HTTP/1.1" 200 963 "https://klmalaygirl.net/" "Mozilla/5.0 (Windows NT 10.0; Win64; x64) AppleWebKit/537.36 (KHTML, like Gecko) Chrome/141.0.0.0 Safari/537.36"
40.172.203.98 - - [08/Oct/2025:02:49:36 +0000] "GET /wystipoo/cache/min/1/wp-content/themes/betheme/js/scripts.js?ver=1755441893 HTTP/1.1" 200 24370 "https://klmalaygirl.net/" "Mozilla/5.0 (Windows NT 10.0; Win64; x64) AppleWebKit/537.36 (KHTML, like Gecko) Chrome/141.0.0.0 Safari/537.36"
40.172.203.98 - - [08/Oct/2025:02:49:36 +0000] "GET /wholsoar/js/plugins/imagesloaded.min.js?ver=28.1.5 HTTP/1.1" 200 1784 "https://klmalaygirl.net/" "Mozilla/5.0 (Windows NT 10.0; Win64; x64) AppleWebKit/537.36 (KHTML, like Gecko) Chrome/141.0.0.0 Safari/537.36"
40.172.203.98 - - [08/Oct/2025:02:49:37 +0000] "GET /wystipoo/cache/min/1/wp-content/themes/betheme/js/woocommerce.js?ver=1755441893 HTTP/1.1" 200 8614 "https://klmalaygirl.net/" "Mozilla/5.0 (Windows NT 10.0; Win64; x64) AppleWebKit/537.36 (KHTML, like Gecko) Chrome/141.0.0.0 Safari/537.36"
40.172.203.98 - - [08/Oct/2025:02:49:37 +0000] "GET /jitchigr/creame-whatsapp-me/public/js/joinchat.min.js?ver=6.0.8 HTTP/1.1" 200 3372 "https://klmalaygirl.net/" "Mozilla/5.0 (Windows NT 10.0; Win64; x64) AppleWebKit/537.36 (KHTML, like Gecko) Chrome/141.0.0.0 Safari/537.36"
40.172.203.98 - - [08/Oct/2025:02:49:38 +0000] "GET /wholsoar/js/plugins/slick.min.js?ver=28.1.5 HTTP/1.1" 200 10586 "https://klmalaygirl.net/" "Mozilla/5.0 (Windows NT 10.0; Win64; x64) AppleWebKit/537.36 (KHTML, like Gecko) Chrome/141.0.0.0 Safari/537.36"
40.172.203.98 - - [08/Oct/2025:02:49:38 +0000] "GET /wholsoar/js/plugins/waypoints.min.js?ver=28.1.5 HTTP/1.1" 200 2746 "https://klmalaygirl.net/" "Mozilla/5.0 (Windows NT 10.0; Win64; x64) AppleWebKit/537.36 (KHTML, like Gecko) Chrome/141.0.0.0 Safari/537.36"
40.172.203.98 - - [08/Oct/2025:02:49:39 +0000] "GET /jitchigr/woocommerce/assets/js/sourcebuster/sourcebuster.min.js?ver=10.2.1 HTTP/1.1" 200 4807 "https://klmalaygirl.net/" "Mozilla/5.0 (Windows NT 10.0; Win64; x64) AppleWebKit/537.36 (KHTML, like Gecko) Chrome/141.0.0.0 Safari/537.36"
40.172.203.98 - - [08/Oct/2025:02:49:39 +0000] "GET /jitchigr/revslider/sr6/assets/js/rbtools.min.js?ver=6.7.2 HTTP/1.1" 200 61824 "https://klmalaygirl.net/" "Mozilla/5.0 (Windows NT 10.0; Win64; x64) AppleWebKit/537.36 (KHTML, like Gecko) Chrome/141.0.0.0 Safari/537.36"
40.172.203.98 - - [08/Oct/2025:02:49:40 +0000] "GET /jitchigr/woocommerce/assets/js/frontend/order-attribution.min.js?ver=10.2.1 HTTP/1.1" 200 1128 "https://klmalaygirl.net/" "Mozilla/5.0 (Windows NT 10.0; Win64; x64) AppleWebKit/537.36 (KHTML, like Gecko) Chrome/141.0.0.0 Safari/537.36"
40.172.203.98 - - [08/Oct/2025:02:49:40 +0000] "GET /jitchigr/revslider/sr6/assets/js/rs6.min.js?ver=6.7.4 HTTP/1.1" 200 108700 "https://klmalaygirl.net/" "Mozilla/5.0 (Windows NT 10.0; Win64; x64) AppleWebKit/537.36 (KHTML, like Gecko) Chrome/141.0.0.0 Safari/537.36"
40.172.203.98 - - [08/Oct/2025:02:49:41 +0000] "GET /xygansof/js/comment-reply.min.js?ver=6.8.3 HTTP/1.1" 200 1375 "https://klmalaygirl.net/" "Mozilla/5.0 (Windows NT 10.0; Win64; x64) AppleWebKit/537.36 (KHTML, like Gecko) Chrome/141.0.0.0 Safari/537.36"
40.172.203.98 - - [08/Oct/2025:02:49:43 +0000] "POST /?wc-ajax=get_refreshed_fragments HTTP/1.1" 200 226 "https://klmalaygirl.net/" "Mozilla/5.0 (Windows NT 10.0; Win64; x64) AppleWebKit/537.36 (KHTML, like Gecko) Chrome/141.0.0.0 Safari/537.36"
203.161.56.247 - - [08/Oct/2025:02:49:45 +0000] "POST /wp-cron.php?doing_wp_cron=1759891785.7766559123992919921875 HTTP/1.1" 200 - "-" "WordPress/6.8.3; https://klmalaygirl.net"
40.172.203.98 - - [08/Oct/2025:02:49:42 +0000] "POST /wp-admin/admin-ajax.php HTTP/1.1" 200 441 "https://klmalaygirl.net/" "Mozilla/5.0 (Windows NT 10.0; Win64; x64) AppleWebKit/537.36 (KHTML, like Gecko) Chrome/141.0.0.0 Safari/537.36"
40.172.203.98 - - [08/Oct/2025:02:49:46 +0000] "GET /meevyduh/2023/04/lingerie-popup-bg.webp HTTP/1.1" 200 197238 "https://klmalaygirl.net/wystipoo/cache/min/1/wp-content/uploads/betheme/css/post-807.css?ver=1755441892" "Mozilla/5.0 (Windows NT 10.0; Win64; x64) AppleWebKit/537.36 (KHTML, like Gecko) Chrome/141.0.0.0 Safari/537.36"
203.161.56.247 - - [08/Oct/2025:02:49:45 +0000] "POST /wp-admin/admin-ajax.php?action=as_async_request_queue_runner&nonce=6e0e18e998 HTTP/1.1" 200 - "-" "WordPress/6.8.3; https://klmalaygirl.net"
203.161.56.247 - - [08/Oct/2025:02:53:50 +0000] "POST /wp-cron.php?doing_wp_cron=1759892030.0691549777984619140625 HTTP/1.1" 200 - "-" "WordPress/6.8.3; https://klmalaygirl.net"
207.46.13.17 - - [08/Oct/2025:02:53:48 +0000] "GET /?s=tl+9015 HTTP/1.1" 200 32542 "-" "Mozilla/5.0 AppleWebKit/537.36 (KHTML, like Gecko; compatible; bingbot/2.0; +http://www.bing.com/bingbot.htm) Chrome/116.0.1938.76 Safari/537.36"
203.161.56.247 - - [08/Oct/2025:02:54:49 +0000] "POST /wp-cron.php?doing_wp_cron=1759892088.9930579662322998046875 HTTP/1.1" 200 - "-" "WordPress/6.8.3; https://klmalaygirl.net"
216.73.216.82 - - [08/Oct/2025:02:54:47 +0000] "GET /robots.txt HTTP/1.1" 200 150 "-" "Mozilla/5.0 AppleWebKit/537.36 (KHTML, like Gecko; compatible; ClaudeBot/1.0; +claudebot@anthropic.com)"
216.73.216.82 - - [08/Oct/2025:02:54:49 +0000] "GET /sitemap.xml HTTP/1.1" 200 406 "-" "Mozilla/5.0 AppleWebKit/537.36 (KHTML, like Gecko; compatible; ClaudeBot/1.0; +claudebot@anthropic.com)"
43.166.255.102 - - [08/Oct/2025:02:58:44 +0000] "GET / HTTP/1.1" 200 47343 "http://klmalaygirl.net" "Mozilla/5.0 (iPhone; CPU iPhone OS 13_2_3 like Mac OS X) AppleWebKit/605.1.15 (KHTML, like Gecko) Version/13.0.3 Mobile/15E148 Safari/604.1"
203.161.56.247 - - [08/Oct/2025:03:01:22 +0000] "POST /wp-cron.php?doing_wp_cron=1759892482.8259789943695068359375 HTTP/1.1" 200 - "-" "WordPress/6.8.3; https://klmalaygirl.net"
207.46.13.128 - - [08/Oct/2025:03:01:20 +0000] "GET /?s=%E6%AF%94%E4%BC%81%E7%97%85%E9%99%A2 HTTP/1.1" 200 32645 "-" "Mozilla/5.0 AppleWebKit/537.36 (KHTML, like Gecko; compatible; bingbot/2.0; +http://www.bing.com/bingbot.htm) Chrome/116.0.1938.76 Safari/537.36"
203.161.56.247 - - [08/Oct/2025:03:05:56 +0000] "POST /wp-cron.php?doing_wp_cron=1759892756.8923940658569335937500 HTTP/1.1" 200 - "-" "WordPress/6.8.3; https://klmalaygirl.net"
217.113.196.15 - - [08/Oct/2025:03:05:55 +0000] "GET /robots.txt HTTP/1.1" 200 150 "-" "Mozilla/5.0 (compatible; IbouBot/1.0; +bot@ibou.io; +https://ibou.io/iboubot.html)"
217.113.196.33 - - [08/Oct/2025:03:06:12 +0000] "GET / HTTP/1.1" 200 47346 "-" "Mozilla/5.0 (compatible; IbouBot/1.0; +bot@ibou.io; +https://ibou.io/iboubot.html)"
217.113.196.55 - - [08/Oct/2025:03:06:28 +0000] "GET /blog/ HTTP/1.1" 200 40883 "-" "Mozilla/5.0 (compatible; IbouBot/1.0; +bot@ibou.io; +https://ibou.io/iboubot.html)"
203.161.56.247 - - [08/Oct/2025:03:06:46 +0000] "POST /wp-cron.php?doing_wp_cron=1759892806.2503130435943603515625 HTTP/1.1" 200 - "-" "WordPress/6.8.3; https://klmalaygirl.net"
217.113.196.55 - - [08/Oct/2025:03:06:44 +0000] "GET /feed/ HTTP/1.1" 200 9620 "-" "Mozilla/5.0 (compatible; IbouBot/1.0; +bot@ibou.io; +https://ibou.io/iboubot.html)"
203.161.56.247 - - [08/Oct/2025:03:07:03 +0000] "POST /wp-cron.php?doing_wp_cron=1759892823.4962680339813232421875 HTTP/1.1" 200 - "-" "WordPress/6.8.3; https://klmalaygirl.net"
217.113.196.40 - - [08/Oct/2025:03:07:02 +0000] "GET /checkout/ HTTP/1.1" 302 - "-" "Mozilla/5.0 (compatible; IbouBot/1.0; +bot@ibou.io; +https://ibou.io/iboubot.html)"
217.113.196.10 - - [08/Oct/2025:03:07:19 +0000] "GET /about-us/ HTTP/1.1" 200 39642 "-" "Mozilla/5.0 (compatible; IbouBot/1.0; +bot@ibou.io; +https://ibou.io/iboubot.html)"
217.113.196.19 - - [08/Oct/2025:03:07:34 +0000] "GET /contact-us/ HTTP/1.1" 200 39801 "-" "Mozilla/5.0 (compatible; IbouBot/1.0; +bot@ibou.io; +https://ibou.io/iboubot.html)"
203.161.56.247 - - [08/Oct/2025:03:07:51 +0000] "POST /wp-cron.php?doing_wp_cron=1759892871.8068010807037353515625 HTTP/1.1" 200 - "-" "WordPress/6.8.3; https://klmalaygirl.net"
217.113.196.49 - - [08/Oct/2025:03:07:50 +0000] "GET /comments/feed/ HTTP/1.1" 200 420 "-" "Mozilla/5.0 (compatible; IbouBot/1.0; +bot@ibou.io; +https://ibou.io/iboubot.html)"
217.113.196.55 - - [08/Oct/2025:03:08:07 +0000] "GET /cart-2/ HTTP/1.1" 200 87612 "-" "Mozilla/5.0 (compatible; IbouBot/1.0; +bot@ibou.io; +https://ibou.io/iboubot.html)"
203.161.56.247 - - [08/Oct/2025:03:08:27 +0000] "POST /wp-cron.php?doing_wp_cron=1759892907.2652308940887451171875 HTTP/1.1" 200 - "-" "WordPress/6.8.3; https://klmalaygirl.net"
217.113.196.56 - - [08/Oct/2025:03:08:25 +0000] "GET /contact-us/feed/ HTTP/1.1" 200 405 "-" "Mozilla/5.0 (compatible; IbouBot/1.0; +bot@ibou.io; +https://ibou.io/iboubot.html)"
217.113.196.43 - - [08/Oct/2025:03:08:44 +0000] "GET /find-your-own-style/ HTTP/1.1" 200 43050 "-" "Mozilla/5.0 (compatible; IbouBot/1.0; +bot@ibou.io; +https://ibou.io/iboubot.html)"
217.113.196.42 - - [08/Oct/2025:03:09:01 +0000] "GET /escorts-gallery/lingerie/ HTTP/1.1" 200 44352 "-" "Mozilla/5.0 (compatible; IbouBot/1.0; +bot@ibou.io; +https://ibou.io/iboubot.html)"
203.161.56.247 - - [08/Oct/2025:03:09:07 +0000] "POST /wp-cron.php?doing_wp_cron=1759892947.7567129135131835937500 HTTP/1.1" 200 - "-" "WordPress/6.8.3; https://klmalaygirl.net"
157.55.39.49 - - [08/Oct/2025:03:09:06 +0000] "GET /?s=d%C4%91i%E1%BB%83m+th%C6%B0%E1%BB%9Fng+giao+d%E1%BB%8Bch+ng%C3%A2n+h%C3%A0ng+c%C3%B3+%C4%91%E1%BB%95i+%C4%91%C6%B0%E1%BB%A3c+kh%C3%B4ng+bc+bank HTTP/1.1" 200 32862 "-" "Mozilla/5.0 AppleWebKit/537.36 (KHTML, like Gecko; compatible; bingbot/2.0; +http://www.bing.com/bingbot.htm) Chrome/116.0.1938.76 Safari/537.36"
217.113.196.51 - - [08/Oct/2025:03:09:18 +0000] "GET /Escorts/vietnam-girls/ HTTP/1.1" 200 46060 "-" "Mozilla/5.0 (compatible; IbouBot/1.0; +bot@ibou.io; +https://ibou.io/iboubot.html)"
217.113.196.24 - - [08/Oct/2025:03:09:34 +0000] "GET /Escorts/thailand-girls/ HTTP/1.1" 200 46043 "-" "Mozilla/5.0 (compatible; IbouBot/1.0; +bot@ibou.io; +https://ibou.io/iboubot.html)"
217.113.196.56 - - [08/Oct/2025:03:09:50 +0000] "GET /kl-escorts/sansan/ HTTP/1.1" 200 44816 "-" "Mozilla/5.0 (compatible; IbouBot/1.0; +bot@ibou.io; +https://ibou.io/iboubot.html)"
217.113.196.64 - - [08/Oct/2025:03:10:06 +0000] "GET /author/kl-malay-girl/ HTTP/1.1" 200 40852 "-" "Mozilla/5.0 (compatible; IbouBot/1.0; +bot@ibou.io; +https://ibou.io/iboubot.html)"
203.161.56.247 - - [08/Oct/2025:03:10:12 +0000] "POST /wp-cron.php?doing_wp_cron=1759893012.0680830478668212890625 HTTP/1.1" 200 - "-" "WordPress/6.8.3; https://klmalaygirl.net"
216.73.216.82 - - [08/Oct/2025:03:10:10 +0000] "GET /news-sitemap.xml HTTP/1.1" 404 196 "-" "Mozilla/5.0 AppleWebKit/537.36 (KHTML, like Gecko; compatible; ClaudeBot/1.0; +claudebot@anthropic.com)"
217.113.196.24 - - [08/Oct/2025:03:10:22 +0000] "GET /nightdress-versus-pajama/ HTTP/1.1" 200 42946 "-" "Mozilla/5.0 (compatible; IbouBot/1.0; +bot@ibou.io; +https://ibou.io/iboubot.html)"
203.161.56.247 - - [08/Oct/2025:03:10:40 +0000] "POST /wp-cron.php?doing_wp_cron=1759893040.4713261127471923828125 HTTP/1.1" 200 - "-" "WordPress/6.8.3; https://klmalaygirl.net"
217.113.196.27 - - [08/Oct/2025:03:10:39 +0000] "GET /kl-escorts/sansan/feed/ HTTP/1.1" 200 442 "-" "Mozilla/5.0 (compatible; IbouBot/1.0; +bot@ibou.io; +https://ibou.io/iboubot.html)"
203.161.56.247 - - [08/Oct/2025:03:10:57 +0000] "POST /wp-cron.php?doing_wp_cron=1759893057.3052461147308349609375 HTTP/1.1" 200 - "-" "WordPress/6.8.3; https://klmalaygirl.net"
217.113.196.25 - - [08/Oct/2025:03:10:55 +0000] "GET /author/kl-malay-girl/feed/ HTTP/1.1" 200 9620 "-" "Mozilla/5.0 (compatible; IbouBot/1.0; +bot@ibou.io; +https://ibou.io/iboubot.html)"
217.113.196.25 - - [08/Oct/2025:03:11:12 +0000] "GET /Escorts/local-malay-girls/ HTTP/1.1" 200 46383 "-" "Mozilla/5.0 (compatible; IbouBot/1.0; +bot@ibou.io; +https://ibou.io/iboubot.html)"
217.113.196.61 - - [08/Oct/2025:03:11:28 +0000] "GET /how-to-match-lingerie-to-outfit/ HTTP/1.1" 200 43025 "-" "Mozilla/5.0 (compatible; IbouBot/1.0; +bot@ibou.io; +https://ibou.io/iboubot.html)"
217.113.196.45 - - [08/Oct/2025:03:11:45 +0000] "GET /escorts-gallery/klcc-escort/ HTTP/1.1" 200 47407 "-" "Mozilla/5.0 (compatible; IbouBot/1.0; +bot@ibou.io; +https://ibou.io/iboubot.html)"
203.161.56.247 - - [08/Oct/2025:03:12:03 +0000] "POST /wp-cron.php?doing_wp_cron=1759893123.0080831050872802734375 HTTP/1.1" 200 - "-" "WordPress/6.8.3; https://klmalaygirl.net"
217.113.196.64 - - [08/Oct/2025:03:12:01 +0000] "GET /escorts-gallery/mid-valley-escort/page/2/ HTTP/1.1" 200 46600 "-" "Mozilla/5.0 (compatible; IbouBot/1.0; +bot@ibou.io; +https://ibou.io/iboubot.html)"
217.113.196.42 - - [08/Oct/2025:03:12:21 +0000] "GET /kl-escorts/kl-escort-marry/ HTTP/1.1" 200 45406 "-" "Mozilla/5.0 (compatible; IbouBot/1.0; +bot@ibou.io; +https://ibou.io/iboubot.html)"
217.113.196.24 - - [08/Oct/2025:03:12:37 +0000] "GET /kl-escorts/kl-escort-shelly/ HTTP/1.1" 200 44624 "-" "Mozilla/5.0 (compatible; IbouBot/1.0; +bot@ibou.io; +https://ibou.io/iboubot.html)"
217.113.196.11 - - [08/Oct/2025:03:12:53 +0000] "GET /kl-escorts/kl-escort-porscher/ HTTP/1.1" 200 44758 "-" "Mozilla/5.0 (compatible; IbouBot/1.0; +bot@ibou.io; +https://ibou.io/iboubot.html)"
217.113.196.50 - - [08/Oct/2025:03:13:09 +0000] "GET /kl-escorts/kl-escort-chanel/ HTTP/1.1" 200 45683 "-" "Mozilla/5.0 (compatible; IbouBot/1.0; +bot@ibou.io; +https://ibou.io/iboubot.html)"
203.161.56.247 - - [08/Oct/2025:03:13:26 +0000] "POST /wp-cron.php?doing_wp_cron=1759893206.9507679939270019531250 HTTP/1.1" 200 - "-" "WordPress/6.8.3; https://klmalaygirl.net"
217.113.196.7 - - [08/Oct/2025:03:13:25 +0000] "GET /kl-escorts/kl-escort-chanel/feed/ HTTP/1.1" 200 446 "-" "Mozilla/5.0 (compatible; IbouBot/1.0; +bot@ibou.io; +https://ibou.io/iboubot.html)"
217.113.196.62 - - [08/Oct/2025:03:13:42 +0000] "GET /kl-escorts/kl-escort-tania/ HTTP/1.1" 200 45163 "-" "Mozilla/5.0 (compatible; IbouBot/1.0; +bot@ibou.io; +https://ibou.io/iboubot.html)"
217.113.196.36 - - [08/Oct/2025:03:13:58 +0000] "GET /kl-escorts/kl-escort-patty/ HTTP/1.1" 200 44794 "-" "Mozilla/5.0 (compatible; IbouBot/1.0; +bot@ibou.io; +https://ibou.io/iboubot.html)"
217.113.196.20 - - [08/Oct/2025:03:14:14 +0000] "GET /kl-escorts/kl-escort-siti/ HTTP/1.1" 200 45252 "-" "Mozilla/5.0 (compatible; IbouBot/1.0; +bot@ibou.io; +https://ibou.io/iboubot.html)"
217.113.196.33 - - [08/Oct/2025:03:14:30 +0000] "GET /kl-escorts/kl-escort-nina/ HTTP/1.1" 200 44745 "-" "Mozilla/5.0 (compatible; IbouBot/1.0; +bot@ibou.io; +https://ibou.io/iboubot.html)"
217.113.196.24 - - [08/Oct/2025:03:14:47 +0000] "GET /kl-escorts/kl_escort_amy/ HTTP/1.1" 200 45789 "-" "Mozilla/5.0 (compatible; IbouBot/1.0; +bot@ibou.io; +https://ibou.io/iboubot.html)"
203.161.56.247 - - [08/Oct/2025:03:15:05 +0000] "POST /wp-cron.php?doing_wp_cron=1759893305.7117099761962890625000 HTTP/1.1" 200 - "-" "WordPress/6.8.3; https://klmalaygirl.net"
217.113.196.20 - - [08/Oct/2025:03:15:03 +0000] "GET /escorts-gallery/klcc-escort/page/2/ HTTP/1.1" 200 46595 "-" "Mozilla/5.0 (compatible; IbouBot/1.0; +bot@ibou.io; +https://ibou.io/iboubot.html)"
203.161.56.247 - - [08/Oct/2025:03:15:14 +0000] "POST /wp-cron.php?doing_wp_cron=1759893314.7355690002441406250000 HTTP/1.1" 200 - "-" "WordPress/6.8.3; https://klmalaygirl.net"
52.167.144.142 - - [08/Oct/2025:03:15:13 +0000] "GET /?s=%E8%83%BD%E5%B8%B6%E7%90%86%E8%AB%96 HTTP/1.1" 200 32639 "-" "Mozilla/5.0 AppleWebKit/537.36 (KHTML, like Gecko; compatible; bingbot/2.0; +http://www.bing.com/bingbot.htm) Chrome/116.0.1938.76 Safari/537.36"
217.113.196.61 - - [08/Oct/2025:03:15:23 +0000] "GET /kl-escorts/kl-escort-marry/feed/ HTTP/1.1" 200 445 "-" "Mozilla/5.0 (compatible; IbouBot/1.0; +bot@ibou.io; +https://ibou.io/iboubot.html)"
217.113.196.58 - - [08/Oct/2025:03:15:40 +0000] "GET /kl-escorts/kl-escort-yasmine/ HTTP/1.1" 200 45052 "-" "Mozilla/5.0 (compatible; IbouBot/1.0; +bot@ibou.io; +https://ibou.io/iboubot.html)"
203.161.56.247 - - [08/Oct/2025:03:15:58 +0000] "POST /wp-cron.php?doing_wp_cron=1759893358.4559569358825683593750 HTTP/1.1" 200 - "-" "WordPress/6.8.3; https://klmalaygirl.net"
217.113.196.46 - - [08/Oct/2025:03:15:57 +0000] "GET /kl-escorts/kl-escort-porscher/feed/ HTTP/1.1" 200 447 "-" "Mozilla/5.0 (compatible; IbouBot/1.0; +bot@ibou.io; +https://ibou.io/iboubot.html)"
203.161.56.247 - - [08/Oct/2025:03:16:15 +0000] "POST /wp-cron.php?doing_wp_cron=1759893375.2483010292053222656250 HTTP/1.1" 200 - "-" "WordPress/6.8.3; https://klmalaygirl.net"
217.113.196.6 - - [08/Oct/2025:03:16:13 +0000] "GET /kl-escorts/kl-escort-sumi/feed/ HTTP/1.1" 200 441 "-" "Mozilla/5.0 (compatible; IbouBot/1.0; +bot@ibou.io; +https://ibou.io/iboubot.html)"
217.113.196.14 - - [08/Oct/2025:03:16:30 +0000] "GET /kl-escorts/kl-escort-sumi/ HTTP/1.1" 200 45189 "-" "Mozilla/5.0 (compatible; IbouBot/1.0; +bot@ibou.io; +https://ibou.io/iboubot.html)"
203.161.56.247 - - [08/Oct/2025:03:16:48 +0000] "POST /wp-cron.php?doing_wp_cron=1759893407.9928600788116455078125 HTTP/1.1" 200 - "-" "WordPress/6.8.3; https://klmalaygirl.net"
217.113.196.49 - - [08/Oct/2025:03:16:46 +0000] "GET /kl-escorts/kl-escort-cinta/feed/ HTTP/1.1" 200 445 "-" "Mozilla/5.0 (compatible; IbouBot/1.0; +bot@ibou.io; +https://ibou.io/iboubot.html)"
203.161.56.247 - - [08/Oct/2025:03:17:04 +0000] "POST /wp-cron.php?doing_wp_cron=1759893424.8394060134887695312500 HTTP/1.1" 200 - "-" "WordPress/6.8.3; https://klmalaygirl.net"
217.113.196.45 - - [08/Oct/2025:03:17:03 +0000] "GET /kl-escorts/kl-escort-emily/feed/ HTTP/1.1" 200 444 "-" "Mozilla/5.0 (compatible; IbouBot/1.0; +bot@ibou.io; +https://ibou.io/iboubot.html)"
217.113.196.49 - - [08/Oct/2025:03:17:20 +0000] "GET /escorts-gallery/kl-sentral-escort/ HTTP/1.1" 200 47408 "-" "Mozilla/5.0 (compatible; IbouBot/1.0; +bot@ibou.io; +https://ibou.io/iboubot.html)"
217.113.196.49 - - [08/Oct/2025:03:17:36 +0000] "GET /escorts-gallery/petaling-jaya-escort/ HTTP/1.1" 200 47410 "-" "Mozilla/5.0 (compatible; IbouBot/1.0; +bot@ibou.io; +https://ibou.io/iboubot.html)"
217.113.196.33 - - [08/Oct/2025:03:17:53 +0000] "GET /kl-escorts/kl-escort-chanel-lynn/ HTTP/1.1" 200 45199 "-" "Mozilla/5.0 (compatible; IbouBot/1.0; +bot@ibou.io; +https://ibou.io/iboubot.html)"
203.161.56.247 - - [08/Oct/2025:03:18:56 +0000] "POST /wp-cron.php?doing_wp_cron=1759893535.9953019618988037109375 HTTP/1.1" 200 - "-" "WordPress/6.8.3; https://klmalaygirl.net"
52.167.144.142 - - [08/Oct/2025:03:18:54 +0000] "GET /?s=berteduh+di+bawah+atap+keluarga HTTP/1.1" 200 32597 "-" "Mozilla/5.0 AppleWebKit/537.36 (KHTML, like Gecko; compatible; bingbot/2.0; +http://www.bing.com/bingbot.htm) Chrome/116.0.1938.76 Safari/537.36"
195.47.238.83 - - [08/Oct/2025:03:19:27 +0000] "GET / HTTP/1.1" 200 279689 "klmalaygirl.net" "Mozilla/5.0 (Linux; Android 7.0; PMT3151_3G Build/NRD90M) AppleWebKit/537.36 (KHTML, like Gecko) Chrome/81.0.4044.117 Mobile Safari/537.36 YaApp_Android/10.61/apad YaSearchBrowser/10.61"
107.189.30.69 - - [08/Oct/2025:03:19:52 +0000] "GET / HTTP/1.1" 200 279689 "https://klmalaygirl.net" "Mozilla/5.0 (Linux; Android 7.0; PMT3151_3G Build/NRD90M) AppleWebKit/537.36 (KHTML, like Gecko) Chrome/81.0.4044.117 Mobile Safari/537.36 YaApp_Android/10.61/apad YaSearchBrowser/10.61"
203.161.56.247 - - [08/Oct/2025:03:20:03 +0000] "POST /wp-cron.php?doing_wp_cron=1759893603.5153179168701171875000 HTTP/1.1" 200 - "-" "WordPress/6.8.3; https://klmalaygirl.net"
107.189.3.94 - - [08/Oct/2025:03:20:01 +0000] "GET /Escorts/thailand-girls HTTP/1.1" 301 - "https://klmalaygirl.net/Escorts/thailand-girls" "Mozilla/5.0 (Linux; Android 7.0; PMT3151_3G Build/NRD90M) AppleWebKit/537.36 (KHTML, like Gecko) Chrome/81.0.4044.117 Mobile Safari/537.36 YaApp_Android/10.61/apad YaSearchBrowser/10.61"
107.189.3.94 - - [08/Oct/2025:03:20:03 +0000] "GET /Escorts/thailand-girls/ HTTP/1.1" 200 239382 "https://klmalaygirl.net/Escorts/thailand-girls" "Mozilla/5.0 (Linux; Android 7.0; PMT3151_3G Build/NRD90M) AppleWebKit/537.36 (KHTML, like Gecko) Chrome/81.0.4044.117 Mobile Safari/537.36 YaApp_Android/10.61/apad YaSearchBrowser/10.61"
107.189.3.94 - - [08/Oct/2025:03:20:07 +0000] "GET /Escorts/vietnam-girls HTTP/1.1" 301 - "https://klmalaygirl.net/Escorts/vietnam-girls" "Mozilla/5.0 (Linux; Android 7.0; PMT3151_3G Build/NRD90M) AppleWebKit/537.36 (KHTML, like Gecko) Chrome/81.0.4044.117 Mobile Safari/537.36 YaApp_Android/10.61/apad YaSearchBrowser/10.61"
107.189.3.94 - - [08/Oct/2025:03:20:08 +0000] "GET /Escorts/vietnam-girls/ HTTP/1.1" 200 239244 "https://klmalaygirl.net/Escorts/vietnam-girls" "Mozilla/5.0 (Linux; Android 7.0; PMT3151_3G Build/NRD90M) AppleWebKit/537.36 (KHTML, like Gecko) Chrome/81.0.4044.117 Mobile Safari/537.36 YaApp_Android/10.61/apad YaSearchBrowser/10.61"
203.161.56.247 - - [08/Oct/2025:03:20:13 +0000] "POST /wp-cron.php?doing_wp_cron=1759893613.6108860969543457031250 HTTP/1.1" 200 - "-" "WordPress/6.8.3; https://klmalaygirl.net"
185.220.101.172 - - [08/Oct/2025:03:20:12 +0000] "GET /about-us HTTP/1.1" 301 - "https://klmalaygirl.net/about-us" "Mozilla/5.0 (Linux; Android 7.0; PMT3151_3G Build/NRD90M) AppleWebKit/537.36 (KHTML, like Gecko) Chrome/81.0.4044.117 Mobile Safari/537.36 YaApp_Android/10.61/apad YaSearchBrowser/10.61"
185.220.101.172 - - [08/Oct/2025:03:20:13 +0000] "GET /about-us/ HTTP/1.1" 200 189143 "https://klmalaygirl.net/about-us" "Mozilla/5.0 (Linux; Android 7.0; PMT3151_3G Build/NRD90M) AppleWebKit/537.36 (KHTML, like Gecko) Chrome/81.0.4044.117 Mobile Safari/537.36 YaApp_Android/10.61/apad YaSearchBrowser/10.61"
45.138.16.76 - - [08/Oct/2025:03:20:17 +0000] "GET /author/kl-malay-girl HTTP/1.1" 301 - "https://klmalaygirl.net/author/kl-malay-girl" "Mozilla/5.0 (Linux; Android 7.0; PMT3151_3G Build/NRD90M) AppleWebKit/537.36 (KHTML, like Gecko) Chrome/81.0.4044.117 Mobile Safari/537.36 YaApp_Android/10.61/apad YaSearchBrowser/10.61"
45.138.16.76 - - [08/Oct/2025:03:20:19 +0000] "GET /author/kl-malay-girl/ HTTP/1.1" 200 215266 "https://klmalaygirl.net/author/kl-malay-girl" "Mozilla/5.0 (Linux; Android 7.0; PMT3151_3G Build/NRD90M) AppleWebKit/537.36 (KHTML, like Gecko) Chrome/81.0.4044.117 Mobile Safari/537.36 YaApp_Android/10.61/apad YaSearchBrowser/10.61"
45.138.16.76 - - [08/Oct/2025:03:20:22 +0000] "GET /blog HTTP/1.1" 301 - "https://klmalaygirl.net/blog" "Mozilla/5.0 (Linux; Android 7.0; PMT3151_3G Build/NRD90M) AppleWebKit/537.36 (KHTML, like Gecko) Chrome/81.0.4044.117 Mobile Safari/537.36 YaApp_Android/10.61/apad YaSearchBrowser/10.61"
45.138.16.76 - - [08/Oct/2025:03:20:24 +0000] "GET /blog/ HTTP/1.1" 200 218335 "https://klmalaygirl.net/blog" "Mozilla/5.0 (Linux; Android 7.0; PMT3151_3G Build/NRD90M) AppleWebKit/537.36 (KHTML, like Gecko) Chrome/81.0.4044.117 Mobile Safari/537.36 YaApp_Android/10.61/apad YaSearchBrowser/10.61"
203.161.56.247 - - [08/Oct/2025:03:20:39 +0000] "POST /wp-cron.php?doing_wp_cron=1759893639.8465409278869628906250 HTTP/1.1" 200 - "-" "WordPress/6.8.3; https://klmalaygirl.net"
45.84.107.33 - - [08/Oct/2025:03:20:38 +0000] "GET /cart-2 HTTP/1.1" 301 - "https://klmalaygirl.net/cart-2" "Mozilla/5.0 (Linux; Android 7.0; PMT3151_3G Build/NRD90M) AppleWebKit/537.36 (KHTML, like Gecko) Chrome/81.0.4044.117 Mobile Safari/537.36 YaApp_Android/10.61/apad YaSearchBrowser/10.61"
45.84.107.33 - - [08/Oct/2025:03:20:40 +0000] "GET /cart-2/ HTTP/1.1" 200 430205 "https://klmalaygirl.net/cart-2" "Mozilla/5.0 (Linux; Android 7.0; PMT3151_3G Build/NRD90M) AppleWebKit/537.36 (KHTML, like Gecko) Chrome/81.0.4044.117 Mobile Safari/537.36 YaApp_Android/10.61/apad YaSearchBrowser/10.61"
45.84.107.33 - - [08/Oct/2025:03:20:45 +0000] "GET /checkout HTTP/1.1" 301 - "https://klmalaygirl.net/checkout" "Mozilla/5.0 (Linux; Android 7.0; PMT3151_3G Build/NRD90M) AppleWebKit/537.36 (KHTML, like Gecko) Chrome/81.0.4044.117 Mobile Safari/537.36 YaApp_Android/10.61/apad YaSearchBrowser/10.61"
45.84.107.33 - - [08/Oct/2025:03:20:46 +0000] "GET /checkout/ HTTP/1.1" 302 - "https://klmalaygirl.net/checkout" "Mozilla/5.0 (Linux; Android 7.0; PMT3151_3G Build/NRD90M) AppleWebKit/537.36 (KHTML, like Gecko) Chrome/81.0.4044.117 Mobile Safari/537.36 YaApp_Android/10.61/apad YaSearchBrowser/10.61"
45.84.107.33 - - [08/Oct/2025:03:20:48 +0000] "GET /cart-2/ HTTP/1.1" 200 430205 "https://klmalaygirl.net/checkout" "Mozilla/5.0 (Linux; Android 7.0; PMT3151_3G Build/NRD90M) AppleWebKit/537.36 (KHTML, like Gecko) Chrome/81.0.4044.117 Mobile Safari/537.36 YaApp_Android/10.61/apad YaSearchBrowser/10.61"
203.161.56.247 - - [08/Oct/2025:03:20:55 +0000] "POST /wp-cron.php?doing_wp_cron=1759893655.4455950260162353515625 HTTP/1.1" 200 - "-" "WordPress/6.8.3; https://klmalaygirl.net"
45.84.107.54 - - [08/Oct/2025:03:20:54 +0000] "GET /comments/feed HTTP/1.1" 301 - "https://klmalaygirl.net/comments/feed" "Mozilla/5.0 (Linux; Android 7.0; PMT3151_3G Build/NRD90M) AppleWebKit/537.36 (KHTML, like Gecko) Chrome/81.0.4044.117 Mobile Safari/537.36 YaApp_Android/10.61/apad YaSearchBrowser/10.61"
45.84.107.54 - - [08/Oct/2025:03:20:55 +0000] "GET /comments/feed/ HTTP/1.1" 200 728 "https://klmalaygirl.net/comments/feed" "Mozilla/5.0 (Linux; Android 7.0; PMT3151_3G Build/NRD90M) AppleWebKit/537.36 (KHTML, like Gecko) Chrome/81.0.4044.117 Mobile Safari/537.36 YaApp_Android/10.61/apad YaSearchBrowser/10.61"
45.84.107.54 - - [08/Oct/2025:03:20:58 +0000] "GET /contact-us HTTP/1.1" 301 - "https://klmalaygirl.net/contact-us" "Mozilla/5.0 (Linux; Android 7.0; PMT3151_3G Build/NRD90M) AppleWebKit/537.36 (KHTML, like Gecko) Chrome/81.0.4044.117 Mobile Safari/537.36 YaApp_Android/10.61/apad YaSearchBrowser/10.61"
45.84.107.54 - - [08/Oct/2025:03:21:00 +0000] "GET /contact-us/ HTTP/1.1" 200 191048 "https://klmalaygirl.net/contact-us" "Mozilla/5.0 (Linux; Android 7.0; PMT3151_3G Build/NRD90M) AppleWebKit/537.36 (KHTML, like Gecko) Chrome/81.0.4044.117 Mobile Safari/537.36 YaApp_Android/10.61/apad YaSearchBrowser/10.61"
185.220.101.160 - - [08/Oct/2025:03:21:03 +0000] "POST /contact-us/ HTTP/1.1" 200 171155 "https://klmalaygirl.net/contact-us/#wpcf7-f1-p17-o1" "Mozilla/5.0 (Linux; Android 7.0; PMT3151_3G Build/NRD90M) AppleWebKit/537.36 (KHTML, like Gecko) Chrome/81.0.4044.117 Mobile Safari/537.36 YaApp_Android/10.61/apad YaSearchBrowser/10.61"
203.161.56.247 - - [08/Oct/2025:03:21:09 +0000] "POST /wp-cron.php?doing_wp_cron=1759893669.9378089904785156250000 HTTP/1.1" 200 - "-" "WordPress/6.8.3; https://klmalaygirl.net"
157.55.39.63 - - [08/Oct/2025:03:21:08 +0000] "GET /?s=18plus+adult+4k+movies+pakistan HTTP/1.1" 200 32597 "-" "Mozilla/5.0 AppleWebKit/537.36 (KHTML, like Gecko; compatible; bingbot/2.0; +http://www.bing.com/bingbot.htm) Chrome/116.0.1938.76 Safari/537.36"
185.183.159.40 - - [08/Oct/2025:03:21:09 +0000] "GET /escorts-gallery/bukit-bintang-escort HTTP/1.1" 301 - "https://klmalaygirl.net/escorts-gallery/bukit-bintang-escort" "Mozilla/5.0 (Linux; Android 7.0; PMT3151_3G Build/NRD90M) AppleWebKit/537.36 (KHTML, like Gecko) Chrome/81.0.4044.117 Mobile Safari/537.36 YaApp_Android/10.61/apad YaSearchBrowser/10.61"
185.183.159.40 - - [08/Oct/2025:03:21:11 +0000] "GET /escorts-gallery/bukit-bintang-escort/ HTTP/1.1" 200 256253 "https://klmalaygirl.net/escorts-gallery/bukit-bintang-escort" "Mozilla/5.0 (Linux; Android 7.0; PMT3151_3G Build/NRD90M) AppleWebKit/537.36 (KHTML, like Gecko) Chrome/81.0.4044.117 Mobile Safari/537.36 YaApp_Android/10.61/apad YaSearchBrowser/10.61"
185.183.159.40 - - [08/Oct/2025:03:21:14 +0000] "GET /escorts-gallery/bukit-jalil-escort HTTP/1.1" 301 - "https://klmalaygirl.net/escorts-gallery/bukit-jalil-escort" "Mozilla/5.0 (Linux; Android 7.0; PMT3151_3G Build/NRD90M) AppleWebKit/537.36 (KHTML, like Gecko) Chrome/81.0.4044.117 Mobile Safari/537.36 YaApp_Android/10.61/apad YaSearchBrowser/10.61"
185.183.159.40 - - [08/Oct/2025:03:21:16 +0000] "GET /escorts-gallery/bukit-jalil-escort/ HTTP/1.1" 200 256973 "https://klmalaygirl.net/escorts-gallery/bukit-jalil-escort" "Mozilla/5.0 (Linux; Android 7.0; PMT3151_3G Build/NRD90M) AppleWebKit/537.36 (KHTML, like Gecko) Chrome/81.0.4044.117 Mobile Safari/537.36 YaApp_Android/10.61/apad YaSearchBrowser/10.61"
203.161.56.247 - - [08/Oct/2025:03:21:31 +0000] "POST /wp-cron.php?doing_wp_cron=1759893691.8755149841308593750000 HTTP/1.1" 200 - "-" "WordPress/6.8.3; https://klmalaygirl.net"
195.47.238.91 - - [08/Oct/2025:03:21:30 +0000] "GET /escorts-gallery/jalan-klang-lama-escort HTTP/1.1" 301 - "https://klmalaygirl.net/escorts-gallery/jalan-klang-lama-escort" "Mozilla/5.0 (Linux; Android 7.0; PMT3151_3G Build/NRD90M) AppleWebKit/537.36 (KHTML, like Gecko) Chrome/81.0.4044.117 Mobile Safari/537.36 YaApp_Android/10.61/apad YaSearchBrowser/10.61"
195.47.238.91 - - [08/Oct/2025:03:21:32 +0000] "GET /escorts-gallery/jalan-klang-lama-escort/ HTTP/1.1" 200 256330 "https://klmalaygirl.net/escorts-gallery/jalan-klang-lama-escort" "Mozilla/5.0 (Linux; Android 7.0; PMT3151_3G Build/NRD90M) AppleWebKit/537.36 (KHTML, like Gecko) Chrome/81.0.4044.117 Mobile Safari/537.36 YaApp_Android/10.61/apad YaSearchBrowser/10.61"
195.47.238.91 - - [08/Oct/2025:03:21:35 +0000] "GET /escorts-gallery/kl-sentral-escort HTTP/1.1" 301 - "https://klmalaygirl.net/escorts-gallery/kl-sentral-escort" "Mozilla/5.0 (Linux; Android 7.0; PMT3151_3G Build/NRD90M) AppleWebKit/537.36 (KHTML, like Gecko) Chrome/81.0.4044.117 Mobile Safari/537.36 YaApp_Android/10.61/apad YaSearchBrowser/10.61"
195.47.238.91 - - [08/Oct/2025:03:21:37 +0000] "GET /escorts-gallery/kl-sentral-escort/ HTTP/1.1" 200 259611 "https://klmalaygirl.net/escorts-gallery/kl-sentral-escort" "Mozilla/5.0 (Linux; Android 7.0; PMT3151_3G Build/NRD90M) AppleWebKit/537.36 (KHTML, like Gecko) Chrome/81.0.4044.117 Mobile Safari/537.36 YaApp_Android/10.61/apad YaSearchBrowser/10.61"
195.47.238.91 - - [08/Oct/2025:03:21:40 +0000] "GET /escorts-gallery/klcc-escort HTTP/1.1" 301 - "https://klmalaygirl.net/escorts-gallery/klcc-escort" "Mozilla/5.0 (Linux; Android 7.0; PMT3151_3G Build/NRD90M) AppleWebKit/537.36 (KHTML, like Gecko) Chrome/81.0.4044.117 Mobile Safari/537.36 YaApp_Android/10.61/apad YaSearchBrowser/10.61"
195.47.238.91 - - [08/Oct/2025:03:21:41 +0000] "GET /escorts-gallery/klcc-escort/ HTTP/1.1" 200 260243 "https://klmalaygirl.net/escorts-gallery/klcc-escort" "Mozilla/5.0 (Linux; Android 7.0; PMT3151_3G Build/NRD90M) AppleWebKit/537.36 (KHTML, like Gecko) Chrome/81.0.4044.117 Mobile Safari/537.36 YaApp_Android/10.61/apad YaSearchBrowser/10.61"
171.25.193.37 - - [08/Oct/2025:03:21:44 +0000] "GET /escorts-gallery/kuala-lumpur-escort HTTP/1.1" 301 - "https://klmalaygirl.net/escorts-gallery/kuala-lumpur-escort" "Mozilla/5.0 (Linux; Android 7.0; PMT3151_3G Build/NRD90M) AppleWebKit/537.36 (KHTML, like Gecko) Chrome/81.0.4044.117 Mobile Safari/537.36 YaApp_Android/10.61/apad YaSearchBrowser/10.61"
171.25.193.37 - - [08/Oct/2025:03:21:46 +0000] "GET /escorts-gallery/kuala-lumpur-escort/ HTTP/1.1" 200 259627 "https://klmalaygirl.net/escorts-gallery/kuala-lumpur-escort" "Mozilla/5.0 (Linux; Android 7.0; PMT3151_3G Build/NRD90M) AppleWebKit/537.36 (KHTML, like Gecko) Chrome/81.0.4044.117 Mobile Safari/537.36 YaApp_Android/10.61/apad YaSearchBrowser/10.61"
171.25.193.37 - - [08/Oct/2025:03:21:49 +0000] "GET /escorts-gallery/lingerie HTTP/1.1" 301 - "https://klmalaygirl.net/escorts-gallery/lingerie" "Mozilla/5.0 (Linux; Android 7.0; PMT3151_3G Build/NRD90M) AppleWebKit/537.36 (KHTML, like Gecko) Chrome/81.0.4044.117 Mobile Safari/537.36 YaApp_Android/10.61/apad YaSearchBrowser/10.61"
171.25.193.37 - - [08/Oct/2025:03:21:51 +0000] "GET /escorts-gallery/lingerie/ HTTP/1.1" 200 219177 "https://klmalaygirl.net/escorts-gallery/lingerie" "Mozilla/5.0 (Linux; Android 7.0; PMT3151_3G Build/NRD90M) AppleWebKit/537.36 (KHTML, like Gecko) Chrome/81.0.4044.117 Mobile Safari/537.36 YaApp_Android/10.61/apad YaSearchBrowser/10.61"
203.161.56.247 - - [08/Oct/2025:03:21:56 +0000] "POST /wp-cron.php?doing_wp_cron=1759893716.0688960552215576171875 HTTP/1.1" 200 - "-" "WordPress/6.8.3; https://klmalaygirl.net"
192.42.116.173 - - [08/Oct/2025:03:21:54 +0000] "GET /escorts-gallery/mid-valley-escort HTTP/1.1" 301 - "https://klmalaygirl.net/escorts-gallery/mid-valley-escort" "Mozilla/5.0 (Linux; Android 7.0; PMT3151_3G Build/NRD90M) AppleWebKit/537.36 (KHTML, like Gecko) Chrome/81.0.4044.117 Mobile Safari/537.36 YaApp_Android/10.61/apad YaSearchBrowser/10.61"
192.42.116.173 - - [08/Oct/2025:03:21:56 +0000] "GET /escorts-gallery/mid-valley-escort/ HTTP/1.1" 200 259607 "https://klmalaygirl.net/escorts-gallery/mid-valley-escort" "Mozilla/5.0 (Linux; Android 7.0; PMT3151_3G Build/NRD90M) AppleWebKit/537.36 (KHTML, like Gecko) Chrome/81.0.4044.117 Mobile Safari/537.36 YaApp_Android/10.61/apad YaSearchBrowser/10.61"
192.42.116.173 - - [08/Oct/2025:03:21:59 +0000] "GET /escorts-gallery/mont-kiara-escort HTTP/1.1" 301 - "https://klmalaygirl.net/escorts-gallery/mont-kiara-escort" "Mozilla/5.0 (Linux; Android 7.0; PMT3151_3G Build/NRD90M) AppleWebKit/537.36 (KHTML, like Gecko) Chrome/81.0.4044.117 Mobile Safari/537.36 YaApp_Android/10.61/apad YaSearchBrowser/10.61"
192.42.116.173 - - [08/Oct/2025:03:22:01 +0000] "GET /escorts-gallery/mont-kiara-escort/ HTTP/1.1" 200 260249 "https://klmalaygirl.net/escorts-gallery/mont-kiara-escort" "Mozilla/5.0 (Linux; Android 7.0; PMT3151_3G Build/NRD90M) AppleWebKit/537.36 (KHTML, like Gecko) Chrome/81.0.4044.117 Mobile Safari/537.36 YaApp_Android/10.61/apad YaSearchBrowser/10.61"
195.47.238.176 - - [08/Oct/2025:03:22:04 +0000] "GET /escorts-gallery/petaling-jaya-escort HTTP/1.1" 301 - "https://klmalaygirl.net/escorts-gallery/petaling-jaya-escort" "Mozilla/5.0 (Linux; Android 7.0; PMT3151_3G Build/NRD90M) AppleWebKit/537.36 (KHTML, like Gecko) Chrome/81.0.4044.117 Mobile Safari/537.36 YaApp_Android/10.61/apad YaSearchBrowser/10.61"
195.47.238.176 - - [08/Oct/2025:03:22:05 +0000] "GET /escorts-gallery/petaling-jaya-escort/ HTTP/1.1" 200 260376 "https://klmalaygirl.net/escorts-gallery/petaling-jaya-escort" "Mozilla/5.0 (Linux; Android 7.0; PMT3151_3G Build/NRD90M) AppleWebKit/537.36 (KHTML, like Gecko) Chrome/81.0.4044.117 Mobile Safari/537.36 YaApp_Android/10.61/apad YaSearchBrowser/10.61"
203.161.56.247 - - [08/Oct/2025:03:22:10 +0000] "POST /wp-cron.php?doing_wp_cron=1759893730.7532060146331787109375 HTTP/1.1" 200 - "-" "WordPress/6.8.3; https://klmalaygirl.net"
195.47.238.176 - - [08/Oct/2025:03:22:09 +0000] "GET /escorts-gallery/subang-usj-escort HTTP/1.1" 301 - "https://klmalaygirl.net/escorts-gallery/subang-usj-escort" "Mozilla/5.0 (Linux; Android 7.0; PMT3151_3G Build/NRD90M) AppleWebKit/537.36 (KHTML, like Gecko) Chrome/81.0.4044.117 Mobile Safari/537.36 YaApp_Android/10.61/apad YaSearchBrowser/10.61"
195.47.238.176 - - [08/Oct/2025:03:22:11 +0000] "GET /escorts-gallery/subang-usj-escort/ HTTP/1.1" 200 260446 "https://klmalaygirl.net/escorts-gallery/subang-usj-escort" "Mozilla/5.0 (Linux; Android 7.0; PMT3151_3G Build/NRD90M) AppleWebKit/537.36 (KHTML, like Gecko) Chrome/81.0.4044.117 Mobile Safari/537.36 YaApp_Android/10.61/apad YaSearchBrowser/10.61"
195.47.238.176 - - [08/Oct/2025:03:22:14 +0000] "GET /feed HTTP/1.1" 301 - "https://klmalaygirl.net/feed" "Mozilla/5.0 (Linux; Android 7.0; PMT3151_3G Build/NRD90M) AppleWebKit/537.36 (KHTML, like Gecko) Chrome/81.0.4044.117 Mobile Safari/537.36 YaApp_Android/10.61/apad YaSearchBrowser/10.61"
195.47.238.176 - - [08/Oct/2025:03:22:16 +0000] "GET /feed/ HTTP/1.1" 200 146127 "https://klmalaygirl.net/feed" "Mozilla/5.0 (Linux; Android 7.0; PMT3151_3G Build/NRD90M) AppleWebKit/537.36 (KHTML, like Gecko) Chrome/81.0.4044.117 Mobile Safari/537.36 YaApp_Android/10.61/apad YaSearchBrowser/10.61"
185.40.4.38 - - [08/Oct/2025:03:22:18 +0000] "GET /girls HTTP/1.1" 301 - "https://klmalaygirl.net/girls" "Mozilla/5.0 (Linux; Android 7.0; PMT3151_3G Build/NRD90M) AppleWebKit/537.36 (KHTML, like Gecko) Chrome/81.0.4044.117 Mobile Safari/537.36 YaApp_Android/10.61/apad YaSearchBrowser/10.61"
185.40.4.38 - - [08/Oct/2025:03:22:20 +0000] "GET /girls/ HTTP/1.1" 200 222098 "https://klmalaygirl.net/girls" "Mozilla/5.0 (Linux; Android 7.0; PMT3151_3G Build/NRD90M) AppleWebKit/537.36 (KHTML, like Gecko) Chrome/81.0.4044.117 Mobile Safari/537.36 YaApp_Android/10.61/apad YaSearchBrowser/10.61"
185.40.4.38 - - [08/Oct/2025:03:22:24 +0000] "GET /home/feed HTTP/1.1" 301 - "https://klmalaygirl.net/home/feed" "Mozilla/5.0 (Linux; Android 7.0; PMT3151_3G Build/NRD90M) AppleWebKit/537.36 (KHTML, like Gecko) Chrome/81.0.4044.117 Mobile Safari/537.36 YaApp_Android/10.61/apad YaSearchBrowser/10.61"
185.40.4.38 - - [08/Oct/2025:03:22:25 +0000] "GET /home/feed/ HTTP/1.1" 200 687 "https://klmalaygirl.net/home/feed" "Mozilla/5.0 (Linux; Android 7.0; PMT3151_3G Build/NRD90M) AppleWebKit/537.36 (KHTML, like Gecko) Chrome/81.0.4044.117 Mobile Safari/537.36 YaApp_Android/10.61/apad YaSearchBrowser/10.61"
203.161.56.247 - - [08/Oct/2025:03:22:29 +0000] "POST /wp-cron.php?doing_wp_cron=1759893749.0104858875274658203125 HTTP/1.1" 200 - "-" "WordPress/6.8.3; https://klmalaygirl.net"
185.40.4.38 - - [08/Oct/2025:03:22:27 +0000] "GET /kl-escorts/kl-escort-chanel HTTP/1.1" 301 - "https://klmalaygirl.net/kl-escorts/kl-escort-chanel" "Mozilla/5.0 (Linux; Android 7.0; PMT3151_3G Build/NRD90M) AppleWebKit/537.36 (KHTML, like Gecko) Chrome/81.0.4044.117 Mobile Safari/537.36 YaApp_Android/10.61/apad YaSearchBrowser/10.61"
185.40.4.38 - - [08/Oct/2025:03:22:29 +0000] "GET /kl-escorts/kl-escort-chanel/ HTTP/1.1" 200 234183 "https://klmalaygirl.net/kl-escorts/kl-escort-chanel" "Mozilla/5.0 (Linux; Android 7.0; PMT3151_3G Build/NRD90M) AppleWebKit/537.36 (KHTML, like Gecko) Chrome/81.0.4044.117 Mobile Safari/537.36 YaApp_Android/10.61/apad YaSearchBrowser/10.61"
185.40.4.38 - - [08/Oct/2025:03:22:31 +0000] "POST /pokseeft.php HTTP/1.1" 403 13 "https://klmalaygirl.net/pokseeft.php" "Mozilla/5.0 (Linux; Android 7.0; PMT3151_3G Build/NRD90M) AppleWebKit/537.36 (KHTML, like Gecko) Chrome/81.0.4044.117 Mobile Safari/537.36 YaApp_Android/10.61/apad YaSearchBrowser/10.61"
185.40.4.38 - - [08/Oct/2025:03:22:35 +0000] "GET /kl-escorts/kl-escort-chanel-lynn HTTP/1.1" 301 - "https://klmalaygirl.net/kl-escorts/kl-escort-chanel-lynn" "Mozilla/5.0 (Linux; Android 7.0; PMT3151_3G Build/NRD90M) AppleWebKit/537.36 (KHTML, like Gecko) Chrome/81.0.4044.117 Mobile Safari/537.36 YaApp_Android/10.61/apad YaSearchBrowser/10.61"
185.40.4.38 - - [08/Oct/2025:03:22:36 +0000] "GET /kl-escorts/kl-escort-chanel-lynn/ HTTP/1.1" 200 229893 "https://klmalaygirl.net/kl-escorts/kl-escort-chanel-lynn" "Mozilla/5.0 (Linux; Android 7.0; PMT3151_3G Build/NRD90M) AppleWebKit/537.36 (KHTML, like Gecko) Chrome/81.0.4044.117 Mobile Safari/537.36 YaApp_Android/10.61/apad YaSearchBrowser/10.61"
185.40.4.38 - - [08/Oct/2025:03:22:38 +0000] "POST /pokseeft.php HTTP/1.1" 403 13 "https://klmalaygirl.net/pokseeft.php" "Mozilla/5.0 (Linux; Android 7.0; PMT3151_3G Build/NRD90M) AppleWebKit/537.36 (KHTML, like Gecko) Chrome/81.0.4044.117 Mobile Safari/537.36 YaApp_Android/10.61/apad YaSearchBrowser/10.61"
185.220.101.170 - - [08/Oct/2025:03:22:42 +0000] "GET /kl-escorts/kl-escort-cinta HTTP/1.1" 301 - "https://klmalaygirl.net/kl-escorts/kl-escort-cinta" "Mozilla/5.0 (Linux; Android 7.0; PMT3151_3G Build/NRD90M) AppleWebKit/537.36 (KHTML, like Gecko) Chrome/81.0.4044.117 Mobile Safari/537.36 YaApp_Android/10.61/apad YaSearchBrowser/10.61"
185.220.101.170 - - [08/Oct/2025:03:22:43 +0000] "GET /kl-escorts/kl-escort-cinta/ HTTP/1.1" 200 230533 "https://klmalaygirl.net/kl-escorts/kl-escort-cinta" "Mozilla/5.0 (Linux; Android 7.0; PMT3151_3G Build/NRD90M) AppleWebKit/537.36 (KHTML, like Gecko) Chrome/81.0.4044.117 Mobile Safari/537.36 YaApp_Android/10.61/apad YaSearchBrowser/10.61"
185.220.101.170 - - [08/Oct/2025:03:22:45 +0000] "POST /pokseeft.php HTTP/1.1" 403 13 "https://klmalaygirl.net/pokseeft.php" "Mozilla/5.0 (Linux; Android 7.0; PMT3151_3G Build/NRD90M) AppleWebKit/537.36 (KHTML, like Gecko) Chrome/81.0.4044.117 Mobile Safari/537.36 YaApp_Android/10.61/apad YaSearchBrowser/10.61"
45.84.107.47 - - [08/Oct/2025:03:22:49 +0000] "GET /kl-escorts/kl-escort-emily HTTP/1.1" 301 - "https://klmalaygirl.net/kl-escorts/kl-escort-emily" "Mozilla/5.0 (Linux; Android 7.0; PMT3151_3G Build/NRD90M) AppleWebKit/537.36 (KHTML, like Gecko) Chrome/81.0.4044.117 Mobile Safari/537.36 YaApp_Android/10.61/apad YaSearchBrowser/10.61"
45.84.107.47 - - [08/Oct/2025:03:22:51 +0000] "GET /kl-escorts/kl-escort-emily/ HTTP/1.1" 200 231910 "https://klmalaygirl.net/kl-escorts/kl-escort-emily" "Mozilla/5.0 (Linux; Android 7.0; PMT3151_3G Build/NRD90M) AppleWebKit/537.36 (KHTML, like Gecko) Chrome/81.0.4044.117 Mobile Safari/537.36 YaApp_Android/10.61/apad YaSearchBrowser/10.61"
203.161.56.247 - - [08/Oct/2025:03:22:54 +0000] "POST /wp-cron.php?doing_wp_cron=1759893774.0309638977050781250000 HTTP/1.1" 200 - "-" "WordPress/6.8.3; https://klmalaygirl.net"
45.84.107.47 - - [08/Oct/2025:03:22:52 +0000] "POST /pokseeft.php HTTP/1.1" 403 13 "https://klmalaygirl.net/pokseeft.php" "Mozilla/5.0 (Linux; Android 7.0; PMT3151_3G Build/NRD90M) AppleWebKit/537.36 (KHTML, like Gecko) Chrome/81.0.4044.117 Mobile Safari/537.36 YaApp_Android/10.61/apad YaSearchBrowser/10.61"
