113.211.106.158 - - [07/Oct/2025:18:31:31 +0000] "GET /meevyduh/2025/03/KL-Escort-SanSan-3-300x300.jpg HTTP/1.1" 200 16207 "https://klmalaygirl.net/kl-escorts/sansan/" "Mozilla/5.0 (Linux; Android 10; K) AppleWebKit/537.36 (KHTML, like Gecko) Chrome/140.0.0.0 Mobile Safari/537.36"
113.211.106.158 - - [07/Oct/2025:18:31:31 +0000] "GET /meevyduh/2025/03/KL-Escort-SanSan-2-300x300.jpg HTTP/1.1" 200 16041 "https://klmalaygirl.net/kl-escorts/sansan/" "Mozilla/5.0 (Linux; Android 10; K) AppleWebKit/537.36 (KHTML, like Gecko) Chrome/140.0.0.0 Mobile Safari/537.36"
113.211.106.158 - - [07/Oct/2025:18:31:31 +0000] "GET /meevyduh/2025/03/KL-Escort-SanSan-3.jpg HTTP/1.1" 200 161102 "https://klmalaygirl.net/kl-escorts/sansan/" "Mozilla/5.0 (Linux; Android 10; K) AppleWebKit/537.36 (KHTML, like Gecko) Chrome/140.0.0.0 Mobile Safari/537.36"
113.211.106.158 - - [07/Oct/2025:18:31:31 +0000] "GET /meevyduh/2025/03/KL-Escort-SanSan-mov.mov HTTP/1.1" 206 1292677 "https://klmalaygirl.net/kl-escorts/sansan/" "Mozilla/5.0 (Linux; Android 10; K) AppleWebKit/537.36 (KHTML, like Gecko) Chrome/140.0.0.0 Mobile Safari/537.36"
113.211.106.158 - - [07/Oct/2025:18:31:32 +0000] "GET /meevyduh/2025/03/KL-Escort-SanSan-3-675x1200.jpg HTTP/1.1" 200 102821 "https://klmalaygirl.net/kl-escorts/sansan/" "Mozilla/5.0 (Linux; Android 10; K) AppleWebKit/537.36 (KHTML, like Gecko) Chrome/140.0.0.0 Mobile Safari/537.36"
113.211.106.158 - - [07/Oct/2025:18:31:32 +0000] "GET /meevyduh/2025/03/KL-Escort-SanSan-2-675x1200.jpg HTTP/1.1" 200 96334 "https://klmalaygirl.net/kl-escorts/sansan/" "Mozilla/5.0 (Linux; Android 10; K) AppleWebKit/537.36 (KHTML, like Gecko) Chrome/140.0.0.0 Mobile Safari/537.36"
113.211.106.158 - - [07/Oct/2025:18:31:31 +0000] "GET /meevyduh/2025/03/KL-Escort-SanSan-2.jpg HTTP/1.1" 200 156082 "https://klmalaygirl.net/kl-escorts/sansan/" "Mozilla/5.0 (Linux; Android 10; K) AppleWebKit/537.36 (KHTML, like Gecko) Chrome/140.0.0.0 Mobile Safari/537.36"
113.211.106.158 - - [07/Oct/2025:18:31:32 +0000] "GET /meevyduh/2025/03/KL-Escort-SanSan-mov.mov HTTP/1.1" 206 14725 "https://klmalaygirl.net/kl-escorts/sansan/" "Mozilla/5.0 (Linux; Android 10; K) AppleWebKit/537.36 (KHTML, like Gecko) Chrome/140.0.0.0 Mobile Safari/537.36"
113.211.106.158 - - [07/Oct/2025:18:31:32 +0000] "GET /meevyduh/2025/03/KL-Escort-SanSan-mov.mov HTTP/1.1" 206 1198435 "https://klmalaygirl.net/kl-escorts/sansan/" "Mozilla/5.0 (Linux; Android 10; K) AppleWebKit/537.36 (KHTML, like Gecko) Chrome/140.0.0.0 Mobile Safari/537.36"
113.211.106.158 - - [07/Oct/2025:18:31:33 +0000] "GET /wystipoo/cache/min/1/wp-content/themes/betheme/js/swiper.js?ver=1755442295 HTTP/1.1" 200 41562 "https://klmalaygirl.net/kl-escorts/sansan/" "Mozilla/5.0 (Linux; Android 10; K) AppleWebKit/537.36 (KHTML, like Gecko) Chrome/140.0.0.0 Mobile Safari/537.36"
113.211.106.158 - - [07/Oct/2025:18:31:33 +0000] "GET /xygansof/js/comment-reply.min.js?ver=6.8.3 HTTP/1.1" 200 1375 "https://klmalaygirl.net/kl-escorts/sansan/" "Mozilla/5.0 (Linux; Android 10; K) AppleWebKit/537.36 (KHTML, like Gecko) Chrome/140.0.0.0 Mobile Safari/537.36"
203.161.56.247 - - [07/Oct/2025:18:31:36 +0000] "POST /wp-cron.php?doing_wp_cron=1759861896.4514429569244384765625 HTTP/1.1" 200 - "-" "WordPress/6.8.3; https://klmalaygirl.net"
113.211.106.158 - - [07/Oct/2025:18:31:34 +0000] "POST /wp-admin/admin-ajax.php HTTP/1.1" 200 441 "https://klmalaygirl.net/kl-escorts/sansan/" "Mozilla/5.0 (Linux; Android 10; K) AppleWebKit/537.36 (KHTML, like Gecko) Chrome/140.0.0.0 Mobile Safari/537.36"
113.211.106.158 - - [07/Oct/2025:18:31:50 +0000] "GET /meevyduh/2025/03/KL-Escort-Porscher-1-852x1200.jpg HTTP/1.1" 200 108191 "https://klmalaygirl.net/kl-escorts/sansan/" "Mozilla/5.0 (Linux; Android 10; K) AppleWebKit/537.36 (KHTML, like Gecko) Chrome/140.0.0.0 Mobile Safari/537.36"
203.161.56.247 - - [07/Oct/2025:18:32:17 +0000] "POST /wp-cron.php?doing_wp_cron=1759861937.7327010631561279296875 HTTP/1.1" 200 - "-" "WordPress/6.8.3; https://klmalaygirl.net"
113.211.106.158 - - [07/Oct/2025:18:32:15 +0000] "GET /kl-escorts/sansan HTTP/1.1" 301 - "-" "WhatsApp/2.23.20.0"
113.211.106.158 - - [07/Oct/2025:18:32:18 +0000] "GET /kl-escorts/sansan/ HTTP/1.1" 200 39763 "-" "WhatsApp/2.23.20.0"
113.211.106.158 - - [07/Oct/2025:18:32:21 +0000] "GET /kl-escorts/sansan/ HTTP/1.1" 200 39759 "-" "WhatsApp/2.23.20.0"
113.211.106.158 - - [07/Oct/2025:18:32:23 +0000] "GET /meevyduh/2025/02/cropped-iconfinder_kl-malay-girl-escort-180x180.png HTTP/1.1" 200 15296 "-" "WhatsApp/2.23.20.0"
113.211.106.158 - - [07/Oct/2025:18:32:24 +0000] "GET /meevyduh/2025/02/cropped-iconfinder_kl-malay-girl-escort-192x192.png HTTP/1.1" 200 16931 "-" "WhatsApp/2.23.20.0"
113.211.106.158 - - [07/Oct/2025:18:33:00 +0000] "GET /kl-escorts/kl-escort-nicha/ HTTP/1.1" 304 - "https://klmalaygirl.net/kl-escorts/sansan/" "Mozilla/5.0 (Linux; Android 10; K) AppleWebKit/537.36 (KHTML, like Gecko) Chrome/140.0.0.0 Mobile Safari/537.36"
113.211.106.158 - - [07/Oct/2025:18:33:00 +0000] "GET /kl-escorts/kl-escort-nicha/ HTTP/1.1" 304 - "https://klmalaygirl.net/kl-escorts/sansan/" "Mozilla/5.0 (Linux; Android 10; K) AppleWebKit/537.36 (KHTML, like Gecko) Chrome/140.0.0.0 Mobile Safari/537.36"
113.211.106.158 - - [07/Oct/2025:18:33:05 +0000] "GET /kl-escorts/kl-escort-chanel-lynn/ HTTP/1.1" 304 - "https://klmalaygirl.net/kl-escorts/sansan/" "Mozilla/5.0 (Linux; Android 10; K) AppleWebKit/537.36 (KHTML, like Gecko) Chrome/140.0.0.0 Mobile Safari/537.36"
113.211.106.158 - - [07/Oct/2025:18:33:05 +0000] "GET /kl-escorts/kl-escort-chanel-lynn/ HTTP/1.1" 304 - "https://klmalaygirl.net/kl-escorts/sansan/" "Mozilla/5.0 (Linux; Android 10; K) AppleWebKit/537.36 (KHTML, like Gecko) Chrome/140.0.0.0 Mobile Safari/537.36"
113.211.106.158 - - [07/Oct/2025:18:33:21 +0000] "GET /contact-us/ HTTP/1.1" 200 39804 "https://klmalaygirl.net/kl-escorts/sansan/" "Mozilla/5.0 (Linux; Android 10; K) AppleWebKit/537.36 (KHTML, like Gecko) Chrome/140.0.0.0 Mobile Safari/537.36"
113.211.106.158 - - [07/Oct/2025:18:33:21 +0000] "GET /contact-us/ HTTP/1.1" 304 - "https://klmalaygirl.net/kl-escorts/sansan/" "Mozilla/5.0 (Linux; Android 10; K) AppleWebKit/537.36 (KHTML, like Gecko) Chrome/140.0.0.0 Mobile Safari/537.36"
113.211.106.158 - - [07/Oct/2025:18:33:23 +0000] "GET /escorts-gallery/mid-valley-escort/ HTTP/1.1" 200 47041 "https://klmalaygirl.net/escorts-gallery/mid-valley-escort/" "Mozilla/5.0 (Linux; Android 10; K) AppleWebKit/537.36 (KHTML, like Gecko) Chrome/140.0.0.0 Mobile Safari/537.36"
203.161.56.247 - - [07/Oct/2025:18:33:37 +0000] "POST /wp-cron.php?doing_wp_cron=1759862017.3518209457397460937500 HTTP/1.1" 200 - "-" "WordPress/6.8.3; https://klmalaygirl.net"
216.73.216.82 - - [07/Oct/2025:18:33:36 +0000] "GET /news-sitemap.xml HTTP/1.1" 404 196 "-" "Mozilla/5.0 AppleWebKit/537.36 (KHTML, like Gecko; compatible; ClaudeBot/1.0; +claudebot@anthropic.com)"
20.191.45.212 - - [07/Oct/2025:18:35:53 +0000] "GET / HTTP/1.1" 200 47344 "https://klmalaygirl.net/" "DuckDuckBot/1.1; (+http://duckduckgo.com/duckduckbot.html)"
20.191.45.212 - - [07/Oct/2025:18:35:53 +0000] "GET /meevyduh/2025/02/cropped-iconfinder_kl-malay-girl-escort-32x32.png HTTP/1.1" 200 781 "https://klmalaygirl.net/meevyduh/2025/02/cropped-iconfinder_kl-malay-girl-escort-32x32.png" "DuckDuckBot/1.1; (+http://duckduckgo.com/duckduckbot.html)"
203.161.56.247 - - [07/Oct/2025:18:39:20 +0000] "POST /wp-cron.php?doing_wp_cron=1759862360.7137660980224609375000 HTTP/1.1" 200 - "-" "WordPress/6.8.3; https://klmalaygirl.net"
51.75.31.113 - - [07/Oct/2025:18:39:18 +0000] "POST /xmlrpc.php HTTP/1.1" 405 216 "https://klmalaygirl.net" "Mozilla/5.0 (Macintosh; Intel Mac OS X 13.3; rv:126.0) Gecko/20100101 Firefox/126.0"
51.75.31.113 - - [07/Oct/2025:18:39:21 +0000] "POST /wp-login.php HTTP/1.1" 200 2241 "https://klmalaygirl.net" "Mozilla/5.0 (Macintosh; Intel Mac OS X 10_15_7) AppleWebKit/537.36 (KHTML, like Gecko) Chrome/116.0.5845.96 Safari/537.36"
203.161.56.247 - - [07/Oct/2025:18:40:20 +0000] "POST /wp-cron.php?doing_wp_cron=1759862420.1965548992156982421875 HTTP/1.1" 200 - "-" "WordPress/6.8.3; https://klmalaygirl.net"
49.51.195.195 - - [07/Oct/2025:18:40:18 +0000] "GET /how-to-match-lingerie-to-outfit/feed/ HTTP/1.1" 200 477 "-" "Mozilla/5.0 (iPhone; CPU iPhone OS 13_2_3 like Mac OS X) AppleWebKit/605.1.15 (KHTML, like Gecko) Version/13.0.3 Mobile/15E148 Safari/604.1"
185.191.171.4 - - [07/Oct/2025:18:46:56 +0000] "GET /escorts-gallery/jalan-klang-lama-escort/ HTTP/1.1" 200 47209 "-" "Mozilla/5.0 (compatible; SemrushBot/7~bl; +http://www.semrush.com/bot.html)"
203.161.56.247 - - [07/Oct/2025:18:47:16 +0000] "POST /wp-cron.php?doing_wp_cron=1759862836.8742570877075195312500 HTTP/1.1" 200 - "-" "WordPress/6.8.3; https://klmalaygirl.net"
52.167.144.206 - - [07/Oct/2025:18:47:15 +0000] "GET /?s=dreamhouse+barbie+selgros+gazetka HTTP/1.1" 200 32598 "-" "Mozilla/5.0 AppleWebKit/537.36 (KHTML, like Gecko; compatible; bingbot/2.0; +http://www.bing.com/bingbot.htm) Chrome/116.0.1938.76 Safari/537.36"
157.55.39.8 - - [07/Oct/2025:18:47:50 +0000] "GET /kl-escorts/kl-escort-emily/ HTTP/1.1" 200 44857 "-" "Mozilla/5.0 AppleWebKit/537.36 (KHTML, like Gecko; compatible; bingbot/2.0; +http://www.bing.com/bingbot.htm) Chrome/116.0.1938.76 Safari/537.36"
203.161.56.247 - - [07/Oct/2025:18:48:01 +0000] "POST /wp-cron.php?doing_wp_cron=1759862881.6435759067535400390625 HTTP/1.1" 200 - "-" "WordPress/6.8.3; https://klmalaygirl.net"
43.135.142.37 - - [07/Oct/2025:18:48:00 +0000] "GET /the-discerning-guide-to-reputable-malay-escort-services/feed/ HTTP/1.1" 200 485 "-" "Mozilla/5.0 (iPhone; CPU iPhone OS 13_2_3 like Mac OS X) AppleWebKit/605.1.15 (KHTML, like Gecko) Version/13.0.3 Mobile/15E148 Safari/604.1"
157.55.39.8 - - [07/Oct/2025:18:48:09 +0000] "GET /wholsoar/assets/animations/animations.min.css?ver=28.1.5 HTTP/1.1" 200 5588 "-" "Mozilla/5.0 AppleWebKit/537.36 (KHTML, like Gecko; compatible; bingbot/2.0; +http://www.bing.com/bingbot.htm) Chrome/116.0.1938.76 Safari/537.36"
157.55.39.8 - - [07/Oct/2025:18:48:09 +0000] "GET /jitchigr/creame-whatsapp-me/public/css/joinchat.min.css?ver=6.0.8 HTTP/1.1" 200 5095 "-" "Mozilla/5.0 AppleWebKit/537.36 (KHTML, like Gecko; compatible; bingbot/2.0; +http://www.bing.com/bingbot.htm) Chrome/116.0.1938.76 Safari/537.36"
157.55.39.61 - - [07/Oct/2025:18:48:14 +0000] "GET /jitchigr/woocommerce/assets/js/zoom/jquery.zoom.min.js?ver=1.7.21-wc.10.2.1 HTTP/1.1" 200 1192 "-" "Mozilla/5.0 AppleWebKit/537.36 (KHTML, like Gecko; compatible; bingbot/2.0; +http://www.bing.com/bingbot.htm) Chrome/116.0.1938.76 Safari/537.36"
157.55.39.61 - - [07/Oct/2025:18:48:14 +0000] "GET /meevyduh/betheme/css/post-925.css?ver=1759831700 HTTP/1.1" 200 - "-" "Mozilla/5.0 AppleWebKit/537.36 (KHTML, like Gecko; compatible; bingbot/2.0; +http://www.bing.com/bingbot.htm) Chrome/116.0.1938.76 Safari/537.36"
52.167.144.206 - - [07/Oct/2025:18:48:19 +0000] "GET /xygansof/css/dist/block-library/style.min.css?ver=6.8.3 HTTP/1.1" 200 15315 "-" "Mozilla/5.0 AppleWebKit/537.36 (KHTML, like Gecko; compatible; bingbot/2.0; +http://www.bing.com/bingbot.htm) Chrome/116.0.1938.76 Safari/537.36"
52.167.144.206 - - [07/Oct/2025:18:48:19 +0000] "GET /xygansof/js/jquery/jquery.min.js?ver=3.7.1 HTTP/1.1" 200 30368 "-" "Mozilla/5.0 AppleWebKit/537.36 (KHTML, like Gecko; compatible; bingbot/2.0; +http://www.bing.com/bingbot.htm) Chrome/116.0.1938.76 Safari/537.36"
52.167.144.206 - - [07/Oct/2025:18:48:20 +0000] "GET /jitchigr/woocommerce/assets/js/photoswipe/photoswipe-ui-default.min.js?ver=4.1.1-wc.10.2.1 HTTP/1.1" 200 3674 "-" "Mozilla/5.0 AppleWebKit/537.36 (KHTML, like Gecko; compatible; bingbot/2.0; +http://www.bing.com/bingbot.htm) Chrome/116.0.1938.76 Safari/537.36"
203.161.56.247 - - [07/Oct/2025:18:50:51 +0000] "POST /wp-cron.php?doing_wp_cron=1759863051.0051019191741943359375 HTTP/1.1" 200 - "-" "WordPress/6.8.3; https://klmalaygirl.net"
216.73.216.82 - - [07/Oct/2025:18:50:49 +0000] "GET /video-sitemap.xml HTTP/1.1" 200 263 "-" "Mozilla/5.0 AppleWebKit/537.36 (KHTML, like Gecko; compatible; ClaudeBot/1.0; +claudebot@anthropic.com)"
203.161.56.247 - - [07/Oct/2025:18:53:37 +0000] "POST /wp-cron.php?doing_wp_cron=1759863216.9822049140930175781250 HTTP/1.1" 200 - "-" "WordPress/6.8.3; https://klmalaygirl.net"
216.73.216.82 - - [07/Oct/2025:18:53:34 +0000] "GET /sitemap.rss HTTP/1.1" 200 1711 "-" "Mozilla/5.0 AppleWebKit/537.36 (KHTML, like Gecko; compatible; ClaudeBot/1.0; +claudebot@anthropic.com)"
203.161.56.247 - - [07/Oct/2025:18:54:19 +0000] "POST /wp-cron.php?doing_wp_cron=1759863259.6156148910522460937500 HTTP/1.1" 200 - "-" "WordPress/6.8.3; https://klmalaygirl.net"
85.208.96.199 - - [07/Oct/2025:18:54:18 +0000] "GET /robots.txt HTTP/1.1" 200 150 "-" "Mozilla/5.0 (compatible; SemrushBot/7~bl; +http://www.semrush.com/bot.html)"
185.191.171.11 - - [07/Oct/2025:18:54:21 +0000] "GET /escorts-gallery/uncategorized/ HTTP/1.1" 200 44722 "-" "Mozilla/5.0 (compatible; SemrushBot/7~bl; +http://www.semrush.com/bot.html)"
43.159.140.236 - - [07/Oct/2025:19:01:10 +0000] "GET /selecting-the-best-escort-service-in-kuala-lumpur/?utm_source=rss&utm_medium=rss&utm_campaign=selecting-the-best-escort-service-in-kuala-lumpur HTTP/1.1" 200 44976 "-" "Mozilla/5.0 (iPhone; CPU iPhone OS 13_2_3 like Mac OS X) AppleWebKit/605.1.15 (KHTML, like Gecko) Version/13.0.3 Mobile/15E148 Safari/604.1"
40.77.177.65 - - [07/Oct/2025:19:03:59 +0000] "GET /jitchigr/woocommerce/assets/fonts/WooCommerce.woff2 HTTP/1.1" 200 6498 "https://klmalaygirl.net/wystipoo/cache/min/1/wp-content/plugins/woocommerce/assets/css/woocommerce.css?ver=1755441889" "Mozilla/5.0 AppleWebKit/537.36 (KHTML, like Gecko; compatible; bingbot/2.0; +http://www.bing.com/bingbot.htm) Chrome/136.0.0.0 Safari/537.36"
40.77.177.65 - - [07/Oct/2025:19:03:59 +0000] "GET /wholsoar/fonts/mfn/icons.woff2?3522148 HTTP/1.1" 200 72622 "https://klmalaygirl.net/wystipoo/cache/min/1/wp-content/themes/betheme/css/be.css?ver=1755441891" "Mozilla/5.0 AppleWebKit/537.36 (KHTML, like Gecko; compatible; bingbot/2.0; +http://www.bing.com/bingbot.htm) Chrome/136.0.0.0 Safari/537.36"
77.75.78.160 - - [07/Oct/2025:19:04:04 +0000] "GET /meevyduh/2025/03/KL-Escort-Emily-1.jpg HTTP/1.1" 304 - "-" "Mozilla/5.0 (compatible; SeznamBot/4.0; +https://o-seznam.cz/napoveda/vyhledavani/en/seznambot-crawler/)"
203.161.56.247 - - [07/Oct/2025:19:08:24 +0000] "POST /wp-cron.php?doing_wp_cron=1759864104.0416829586029052734375 HTTP/1.1" 200 - "-" "WordPress/6.8.3; https://klmalaygirl.net"
148.113.128.148 - - [07/Oct/2025:19:08:21 +0000] "GET /sitemap.rss HTTP/1.1" 200 1711 "-" "Mozilla/5.0 (compatible; AhrefsBot/7.0; +http://ahrefs.com/robot/)"
203.161.56.247 - - [07/Oct/2025:19:13:20 +0000] "POST /wp-cron.php?doing_wp_cron=1759864400.2135710716247558593750 HTTP/1.1" 200 - "-" "WordPress/6.8.3; https://klmalaygirl.net"
43.173.1.69 - - [07/Oct/2025:19:13:18 +0000] "GET /nightdress-versus-pajama/feed/ HTTP/1.1" 200 471 "-" "Mozilla/5.0 (iPhone; CPU iPhone OS 13_2_3 like Mac OS X) AppleWebKit/605.1.15 (KHTML, like Gecko) Version/13.0.3 Mobile/15E148 Safari/604.1"
203.161.56.247 - - [07/Oct/2025:19:13:21 +0000] "GET /blog/ HTTP/1.1" 200 40867 "-" "WP Rocket/Preload"
203.161.56.247 - - [07/Oct/2025:19:13:24 +0000] "GET /blog/ HTTP/1.1" 200 41147 "-" "WP Rocket/Preload Mozilla/5.0 (iPhone; CPU iPhone OS 9_1 like Mac OS X) AppleWebKit/601.1.46 (KHTML, like Gecko) Version/9.0 Mobile/13B143 Safari/601.1"
203.161.56.247 - - [07/Oct/2025:19:13:25 +0000] "GET /the-discerning-guide-to-reputable-malay-escort-services/ HTTP/1.1" 200 43883 "-" "WP Rocket/Preload"
203.161.56.247 - - [07/Oct/2025:19:13:27 +0000] "GET /the-discerning-guide-to-reputable-malay-escort-services/ HTTP/1.1" 200 44193 "-" "WP Rocket/Preload Mozilla/5.0 (iPhone; CPU iPhone OS 9_1 like Mac OS X) AppleWebKit/601.1.46 (KHTML, like Gecko) Version/9.0 Mobile/13B143 Safari/601.1"
203.161.56.247 - - [07/Oct/2025:19:13:28 +0000] "GET /selecting-the-best-escort-service-in-kuala-lumpur/ HTTP/1.1" 200 44955 "-" "WP Rocket/Preload"
203.161.56.247 - - [07/Oct/2025:19:13:30 +0000] "GET /selecting-the-best-escort-service-in-kuala-lumpur/ HTTP/1.1" 200 44958 "-" "WP Rocket/Preload Mozilla/5.0 (iPhone; CPU iPhone OS 9_1 like Mac OS X) AppleWebKit/601.1.46 (KHTML, like Gecko) Version/9.0 Mobile/13B143 Safari/601.1"
203.161.56.247 - - [07/Oct/2025:19:13:31 +0000] "GET /the-choice-of-underwear-for-all-occasions/ HTTP/1.1" 200 42994 "-" "WP Rocket/Preload"
203.161.56.247 - - [07/Oct/2025:19:13:33 +0000] "GET /the-choice-of-underwear-for-all-occasions/ HTTP/1.1" 200 43000 "-" "WP Rocket/Preload Mozilla/5.0 (iPhone; CPU iPhone OS 9_1 like Mac OS X) AppleWebKit/601.1.46 (KHTML, like Gecko) Version/9.0 Mobile/13B143 Safari/601.1"
203.161.56.247 - - [07/Oct/2025:19:13:36 +0000] "GET /how-to-choose-perfect-underwear/ HTTP/1.1" 200 43096 "-" "WP Rocket/Preload Mozilla/5.0 (iPhone; CPU iPhone OS 9_1 like Mac OS X) AppleWebKit/601.1.46 (KHTML, like Gecko) Version/9.0 Mobile/13B143 Safari/601.1"
203.161.56.247 - - [07/Oct/2025:19:13:34 +0000] "GET /how-to-choose-perfect-underwear/ HTTP/1.1" 200 43076 "-" "WP Rocket/Preload"
203.161.56.247 - - [07/Oct/2025:19:14:51 +0000] "POST /wp-cron.php?doing_wp_cron=1759864491.2238559722900390625000 HTTP/1.1" 200 - "-" "WordPress/6.8.3; https://klmalaygirl.net"
207.46.13.151 - - [07/Oct/2025:19:14:49 +0000] "GET /?s=5+years+reading+action+plan HTTP/1.1" 200 32578 "-" "Mozilla/5.0 AppleWebKit/537.36 (KHTML, like Gecko; compatible; bingbot/2.0; +http://www.bing.com/bingbot.htm) Chrome/116.0.1938.76 Safari/537.36"
66.249.73.2 - - [07/Oct/2025:19:15:59 +0000] "GET /meevyduh/2025/04/KL-Escort-Shelly-4-300x300.jpg HTTP/1.1" 200 17934 "-" "Googlebot-Image/1.0"
203.161.56.247 - - [07/Oct/2025:19:19:57 +0000] "POST /wp-cron.php?doing_wp_cron=1759864797.7906670570373535156250 HTTP/1.1" 200 - "-" "WordPress/6.8.3; https://klmalaygirl.net"
167.235.70.62 - - [07/Oct/2025:19:19:55 +0000] "POST /xmlrpc.php HTTP/1.1" 405 216 "https://klmalaygirl.net" "Mozilla/5.0 (Macintosh; Intel Mac OS X 10_15_7) AppleWebKit/537.36 (KHTML, like Gecko) Chrome/113.0.5672.93 Safari/537.36"
167.235.70.62 - - [07/Oct/2025:19:20:00 +0000] "POST /wp-login.php HTTP/1.1" 200 2241 "https://klmalaygirl.net" "Mozilla/5.0 (Windows NT 10.0; Win64; x64; rv:126.0) Gecko/20100101 Firefox/126.0"
203.161.56.247 - - [07/Oct/2025:19:22:29 +0000] "POST /wp-cron.php?doing_wp_cron=1759864949.9663538932800292968750 HTTP/1.1" 200 - "-" "WordPress/6.8.3; https://klmalaygirl.net"
52.167.144.160 - - [07/Oct/2025:19:22:27 +0000] "GET /?s=vacina+para+hpv+em+homem+com+mais+de+60+anos+%C3%A9+indicado%3F HTTP/1.1" 200 32684 "-" "Mozilla/5.0 AppleWebKit/537.36 (KHTML, like Gecko; compatible; bingbot/2.0; +http://www.bing.com/bingbot.htm) Chrome/116.0.1938.76 Safari/537.36"
203.161.56.247 - - [07/Oct/2025:19:25:02 +0000] "POST /wp-cron.php?doing_wp_cron=1759865102.6420769691467285156250 HTTP/1.1" 200 - "-" "WordPress/6.8.3; https://klmalaygirl.net"
216.73.216.82 - - [07/Oct/2025:19:24:59 +0000] "GET /robots.txt HTTP/1.1" 200 150 "-" "Mozilla/5.0 AppleWebKit/537.36 (KHTML, like Gecko; compatible; ClaudeBot/1.0; +claudebot@anthropic.com)"
216.73.216.82 - - [07/Oct/2025:19:25:02 +0000] "GET /sitemap.rss HTTP/1.1" 200 1711 "-" "Mozilla/5.0 AppleWebKit/537.36 (KHTML, like Gecko; compatible; ClaudeBot/1.0; +claudebot@anthropic.com)"
203.161.56.247 - - [07/Oct/2025:19:31:44 +0000] "POST /wp-cron.php?doing_wp_cron=1759865504.0844841003417968750000 HTTP/1.1" 200 - "-" "WordPress/6.8.3; https://klmalaygirl.net"
216.73.216.82 - - [07/Oct/2025:19:31:42 +0000] "GET /news-sitemap.xml HTTP/1.1" 404 196 "-" "Mozilla/5.0 AppleWebKit/537.36 (KHTML, like Gecko; compatible; ClaudeBot/1.0; +claudebot@anthropic.com)"
3.213.46.222 - - [07/Oct/2025:19:32:50 +0000] "GET /kl-escorts/kl-escort-nina/ HTTP/1.1" 200 44753 "-" "Mozilla/5.0 AppleWebKit/537.36 (KHTML, like Gecko; compatible; Amazonbot/0.1; +https://developer.amazon.com/support/amazonbot) Chrome/119.0.6045.214 Safari/537.36"
203.161.56.247 - - [07/Oct/2025:19:33:16 +0000] "POST /wp-cron.php?doing_wp_cron=1759865596.5926868915557861328125 HTTP/1.1" 200 - "-" "WordPress/6.8.3; https://klmalaygirl.net"
207.46.13.151 - - [07/Oct/2025:19:33:15 +0000] "GET /?s=lucky+macho HTTP/1.1" 200 32555 "-" "Mozilla/5.0 AppleWebKit/537.36 (KHTML, like Gecko; compatible; bingbot/2.0; +http://www.bing.com/bingbot.htm) Chrome/116.0.1938.76 Safari/537.36"
203.161.56.247 - - [07/Oct/2025:19:33:49 +0000] "POST /wp-cron.php?doing_wp_cron=1759865629.0600180625915527343750 HTTP/1.1" 200 - "-" "WordPress/6.8.3; https://klmalaygirl.net"
216.73.216.82 - - [07/Oct/2025:19:33:47 +0000] "GET /news-sitemap.xml HTTP/1.1" 404 196 "-" "Mozilla/5.0 AppleWebKit/537.36 (KHTML, like Gecko; compatible; ClaudeBot/1.0; +claudebot@anthropic.com)"
85.208.96.196 - - [07/Oct/2025:19:41:43 +0000] "GET /escorts-gallery/klcc-escort/ HTTP/1.1" 200 47404 "-" "Mozilla/5.0 (compatible; SemrushBot/7~bl; +http://www.semrush.com/bot.html)"
66.249.73.2 - - [07/Oct/2025:19:42:46 +0000] "GET /meevyduh/2025/04/KL-Escort-Shelly-1-300x300.jpg HTTP/1.1" 200 17423 "-" "Googlebot-Image/1.0"
203.161.56.247 - - [07/Oct/2025:19:45:37 +0000] "POST /wp-cron.php?doing_wp_cron=1759866337.0635280609130859375000 HTTP/1.1" 200 - "-" "WordPress/6.8.3; https://klmalaygirl.net"
216.73.216.82 - - [07/Oct/2025:19:45:35 +0000] "GET /sitemap.rss HTTP/1.1" 200 1711 "-" "Mozilla/5.0 AppleWebKit/537.36 (KHTML, like Gecko; compatible; ClaudeBot/1.0; +claudebot@anthropic.com)"
203.161.56.247 - - [07/Oct/2025:19:45:40 +0000] "POST /wp-admin/admin-ajax.php?action=wp_1_wc_privacy_cleanup&nonce=cbcfc39f47 HTTP/1.1" 200 - "-" "WordPress/6.8.3; https://klmalaygirl.net"
203.161.56.247 - - [07/Oct/2025:19:45:46 +0000] "POST /wp-cron.php?doing_wp_cron=1759866346.4166378974914550781250 HTTP/1.1" 200 - "-" "WordPress/6.8.3; https://klmalaygirl.net"
203.161.56.247 - - [07/Oct/2025:19:45:44 +0000] "POST /wp-admin/admin-ajax.php?action=as_async_request_queue_runner&nonce=973dc2a140 HTTP/1.1" 200 - "-" "WordPress/6.8.3; https://klmalaygirl.net"
203.161.56.247 - - [07/Oct/2025:19:45:53 +0000] "POST /wp-cron.php?doing_wp_cron=1759866353.2587330341339111328125 HTTP/1.1" 200 - "-" "WordPress/6.8.3; https://klmalaygirl.net"
203.161.56.247 - - [07/Oct/2025:19:45:51 +0000] "POST /wp-admin/admin-ajax.php?action=as_async_request_queue_runner&nonce=973dc2a140 HTTP/1.1" 200 - "-" "WordPress/6.8.3; https://klmalaygirl.net"
203.161.56.247 - - [07/Oct/2025:19:55:54 +0000] "POST /wp-cron.php?doing_wp_cron=1759866954.1207311153411865234375 HTTP/1.1" 200 - "-" "WordPress/6.8.3; https://klmalaygirl.net"
216.73.216.82 - - [07/Oct/2025:19:55:52 +0000] "GET /video-sitemap.xml HTTP/1.1" 200 263 "-" "Mozilla/5.0 AppleWebKit/537.36 (KHTML, like Gecko; compatible; ClaudeBot/1.0; +claudebot@anthropic.com)"
203.161.56.247 - - [07/Oct/2025:20:06:27 +0000] "POST /wp-cron.php?doing_wp_cron=1759867587.4141650199890136718750 HTTP/1.1" 200 - "-" "WordPress/6.8.3; https://klmalaygirl.net"
54.39.6.41 - - [07/Oct/2025:20:06:25 +0000] "GET /robots.txt HTTP/1.1" 200 150 "-" "Mozilla/5.0 (compatible; AhrefsBot/7.0; +http://ahrefs.com/robot/)"
51.161.37.97 - - [07/Oct/2025:20:06:28 +0000] "GET /what-is-new-in-2023-collection/feed/ HTTP/1.1" 200 475 "-" "Mozilla/5.0 (compatible; AhrefsBot/7.0; +http://ahrefs.com/robot/)"
66.249.73.2 - - [07/Oct/2025:20:09:35 +0000] "GET /meevyduh/2025/04/KL-Escort-Shelly-1-800x1423.jpg HTTP/1.1" 200 129325 "-" "Googlebot-Image/1.0"
203.161.56.247 - - [07/Oct/2025:20:16:17 +0000] "POST /wp-cron.php?doing_wp_cron=1759868177.6329669952392578125000 HTTP/1.1" 200 - "-" "WordPress/6.8.3; https://klmalaygirl.net"
207.46.13.127 - - [07/Oct/2025:20:16:15 +0000] "GET /?s=jav+aunt+porno HTTP/1.1" 200 32562 "-" "Mozilla/5.0 AppleWebKit/537.36 (KHTML, like Gecko; compatible; bingbot/2.0; +http://www.bing.com/bingbot.htm) Chrome/116.0.1938.76 Safari/537.36"
203.161.56.247 - - [07/Oct/2025:20:16:19 +0000] "GET /how-to-choose-perfect-underwear/ HTTP/1.1" 200 43091 "-" "WP Rocket/Preload"
203.161.56.247 - - [07/Oct/2025:20:16:19 +0000] "GET /how-to-choose-perfect-underwear/ HTTP/1.1" 200 43082 "-" "WP Rocket/Preload Mozilla/5.0 (iPhone; CPU iPhone OS 9_1 like Mac OS X) AppleWebKit/601.1.46 (KHTML, like Gecko) Version/9.0 Mobile/13B143 Safari/601.1"
203.161.56.247 - - [07/Oct/2025:20:16:21 +0000] "GET /best-choices-for-summer/ HTTP/1.1" 200 43053 "-" "WP Rocket/Preload"
203.161.56.247 - - [07/Oct/2025:20:16:22 +0000] "GET /best-choices-for-summer/ HTTP/1.1" 200 43059 "-" "WP Rocket/Preload Mozilla/5.0 (iPhone; CPU iPhone OS 9_1 like Mac OS X) AppleWebKit/601.1.46 (KHTML, like Gecko) Version/9.0 Mobile/13B143 Safari/601.1"
203.161.56.247 - - [07/Oct/2025:20:16:24 +0000] "GET /what-is-new-in-2023-collection/ HTTP/1.1" 200 43056 "-" "WP Rocket/Preload"
203.161.56.247 - - [07/Oct/2025:20:16:25 +0000] "GET /what-is-new-in-2023-collection/ HTTP/1.1" 200 43061 "-" "WP Rocket/Preload Mozilla/5.0 (iPhone; CPU iPhone OS 9_1 like Mac OS X) AppleWebKit/601.1.46 (KHTML, like Gecko) Version/9.0 Mobile/13B143 Safari/601.1"
203.161.56.247 - - [07/Oct/2025:20:16:27 +0000] "GET /find-your-own-style/ HTTP/1.1" 200 43035 "-" "WP Rocket/Preload"
203.161.56.247 - - [07/Oct/2025:20:16:28 +0000] "GET /find-your-own-style/ HTTP/1.1" 200 43043 "-" "WP Rocket/Preload Mozilla/5.0 (iPhone; CPU iPhone OS 9_1 like Mac OS X) AppleWebKit/601.1.46 (KHTML, like Gecko) Version/9.0 Mobile/13B143 Safari/601.1"
203.161.56.247 - - [07/Oct/2025:20:16:30 +0000] "GET /how-to-match-lingerie-to-outfit/ HTTP/1.1" 200 43011 "-" "WP Rocket/Preload"
203.161.56.247 - - [07/Oct/2025:20:16:31 +0000] "GET /how-to-match-lingerie-to-outfit/ HTTP/1.1" 200 43016 "-" "WP Rocket/Preload Mozilla/5.0 (iPhone; CPU iPhone OS 9_1 like Mac OS X) AppleWebKit/601.1.46 (KHTML, like Gecko) Version/9.0 Mobile/13B143 Safari/601.1"
77.75.78.160 - - [07/Oct/2025:20:18:19 +0000] "GET /kl-escorts/kl-escort-tania/ HTTP/1.1" 200 45148 "-" "Mozilla/5.0 (compatible; SeznamBot/4.0; +https://o-seznam.cz/napoveda/vyhledavani/en/seznambot-crawler/)"
203.161.56.247 - - [07/Oct/2025:20:23:51 +0000] "POST /wp-cron.php?doing_wp_cron=1759868631.1380600929260253906250 HTTP/1.1" 200 - "-" "WordPress/6.8.3; https://klmalaygirl.net"
157.55.39.13 - - [07/Oct/2025:20:23:49 +0000] "GET /?s=M%E1%BA%B7c+V%C5%A9+V%C3%A2n+Gian+%E5%85%8D%E8%B4%B9%E8%A7%82%E7%9C%8B HTTP/1.1" 200 32746 "-" "Mozilla/5.0 AppleWebKit/537.36 (KHTML, like Gecko; compatible; bingbot/2.0; +http://www.bing.com/bingbot.htm) Chrome/116.0.1938.76 Safari/537.36"
203.161.56.247 - - [07/Oct/2025:20:23:53 +0000] "GET /meet-the-secret-world-of-lingerie/ HTTP/1.1" 200 43004 "-" "WP Rocket/Preload"
203.161.56.247 - - [07/Oct/2025:20:23:56 +0000] "GET /meet-the-secret-world-of-lingerie/ HTTP/1.1" 200 43009 "-" "WP Rocket/Preload Mozilla/5.0 (iPhone; CPU iPhone OS 9_1 like Mac OS X) AppleWebKit/601.1.46 (KHTML, like Gecko) Version/9.0 Mobile/13B143 Safari/601.1"
203.161.56.247 - - [07/Oct/2025:20:23:57 +0000] "GET /nightdress-versus-pajama/ HTTP/1.1" 200 42932 "-" "WP Rocket/Preload"
203.161.56.247 - - [07/Oct/2025:20:23:59 +0000] "GET /nightdress-versus-pajama/ HTTP/1.1" 200 42937 "-" "WP Rocket/Preload Mozilla/5.0 (iPhone; CPU iPhone OS 9_1 like Mac OS X) AppleWebKit/601.1.46 (KHTML, like Gecko) Version/9.0 Mobile/13B143 Safari/601.1"
203.161.56.247 - - [07/Oct/2025:20:24:00 +0000] "GET /girls/ HTTP/1.1" 200 40441 "-" "WP Rocket/Preload"
203.161.56.247 - - [07/Oct/2025:20:24:02 +0000] "GET /girls/ HTTP/1.1" 200 40447 "-" "WP Rocket/Preload Mozilla/5.0 (iPhone; CPU iPhone OS 9_1 like Mac OS X) AppleWebKit/601.1.46 (KHTML, like Gecko) Version/9.0 Mobile/13B143 Safari/601.1"
203.161.56.247 - - [07/Oct/2025:20:24:03 +0000] "GET /about-us/ HTTP/1.1" 200 39625 "-" "WP Rocket/Preload"
203.161.56.247 - - [07/Oct/2025:20:24:05 +0000] "GET /about-us/ HTTP/1.1" 200 39987 "-" "WP Rocket/Preload Mozilla/5.0 (iPhone; CPU iPhone OS 9_1 like Mac OS X) AppleWebKit/601.1.46 (KHTML, like Gecko) Version/9.0 Mobile/13B143 Safari/601.1"
203.161.56.247 - - [07/Oct/2025:20:24:06 +0000] "GET /shop-2/ HTTP/1.1" 200 40057 "-" "WP Rocket/Preload"
203.161.56.247 - - [07/Oct/2025:20:24:08 +0000] "GET /shop-2/ HTTP/1.1" 200 40063 "-" "WP Rocket/Preload Mozilla/5.0 (iPhone; CPU iPhone OS 9_1 like Mac OS X) AppleWebKit/601.1.46 (KHTML, like Gecko) Version/9.0 Mobile/13B143 Safari/601.1"
66.249.73.2 - - [07/Oct/2025:20:30:59 +0000] "GET /meevyduh/2025/04/KL-Escort-Shelly-4-800x1423.jpg HTTP/1.1" 200 129375 "-" "Googlebot-Image/1.0"
203.161.56.247 - - [07/Oct/2025:20:33:31 +0000] "POST /wp-cron.php?doing_wp_cron=1759869211.0415580272674560546875 HTTP/1.1" 200 - "-" "WordPress/6.8.3; https://klmalaygirl.net"
147.92.54.7 - - [07/Oct/2025:20:33:29 +0000] "GET /contact-us/ HTTP/1.1" 200 39787 "-" "Mozilla/5.0 (Linux x86_64; rv:114.0) Gecko/20100101 Firefox/114.0"
147.92.54.7 - - [07/Oct/2025:20:33:32 +0000] "GET /wystipoo/cache/min/1/wp-content/plugins/contact-form-7/includes/js/index.js?ver=1755442263 HTTP/1.1" 200 4264 "https://klmalaygirl.net/contact-us/" "Mozilla/5.0 (Linux x86_64; rv:114.0) Gecko/20100101 Firefox/114.0"
147.92.54.7 - - [07/Oct/2025:20:33:32 +0000] "POST /wp-json/contact-form-7/v1/contact-forms/1/feedback HTTP/1.1" 200 180 "https://klmalaygirl.net/contact-us/" "Mozilla/5.0 (Linux x86_64; rv:114.0) Gecko/20100101 Firefox/114.0"
203.161.56.247 - - [07/Oct/2025:20:35:58 +0000] "POST /wp-cron.php?doing_wp_cron=1759869358.4907479286193847656250 HTTP/1.1" 200 - "-" "WordPress/6.8.3; https://klmalaygirl.net"
85.208.96.201 - - [07/Oct/2025:20:35:56 +0000] "GET /robots.txt HTTP/1.1" 200 150 "-" "Mozilla/5.0 (compatible; SemrushBot/7~bl; +http://www.semrush.com/bot.html)"
85.208.96.201 - - [07/Oct/2025:20:35:59 +0000] "GET /the-choice-of-underwear-for-all-occasions/ HTTP/1.1" 200 43009 "-" "Mozilla/5.0 (compatible; SemrushBot/7~bl; +http://www.semrush.com/bot.html)"
203.161.56.247 - - [07/Oct/2025:20:36:00 +0000] "GET /shop/ HTTP/1.1" 200 47192 "-" "WP Rocket/Preload"
203.161.56.247 - - [07/Oct/2025:20:36:04 +0000] "GET /contact-us/ HTTP/1.1" 200 39801 "-" "WP Rocket/Preload"
203.161.56.247 - - [07/Oct/2025:20:36:02 +0000] "GET /shop/ HTTP/1.1" 200 47198 "-" "WP Rocket/Preload Mozilla/5.0 (iPhone; CPU iPhone OS 9_1 like Mac OS X) AppleWebKit/601.1.46 (KHTML, like Gecko) Version/9.0 Mobile/13B143 Safari/601.1"
203.161.56.247 - - [07/Oct/2025:20:36:04 +0000] "GET /contact-us/ HTTP/1.1" 200 39793 "-" "WP Rocket/Preload Mozilla/5.0 (iPhone; CPU iPhone OS 9_1 like Mac OS X) AppleWebKit/601.1.46 (KHTML, like Gecko) Version/9.0 Mobile/13B143 Safari/601.1"
203.161.56.247 - - [07/Oct/2025:20:36:06 +0000] "GET /cart/ HTTP/1.1" 200 59071 "-" "WP Rocket/Preload"
203.161.56.247 - - [07/Oct/2025:20:36:07 +0000] "GET /cart/ HTTP/1.1" 200 59076 "-" "WP Rocket/Preload Mozilla/5.0 (iPhone; CPU iPhone OS 9_1 like Mac OS X) AppleWebKit/601.1.46 (KHTML, like Gecko) Version/9.0 Mobile/13B143 Safari/601.1"
203.161.56.247 - - [07/Oct/2025:20:36:09 +0000] "GET /kl-escorts/kl-escort-milk/ HTTP/1.1" 200 44580 "-" "WP Rocket/Preload"
203.161.56.247 - - [07/Oct/2025:20:36:10 +0000] "GET /kl-escorts/kl-escort-milk/ HTTP/1.1" 200 44711 "-" "WP Rocket/Preload Mozilla/5.0 (iPhone; CPU iPhone OS 9_1 like Mac OS X) AppleWebKit/601.1.46 (KHTML, like Gecko) Version/9.0 Mobile/13B143 Safari/601.1"
203.161.56.247 - - [07/Oct/2025:20:36:12 +0000] "GET /kl-escorts/kl-escort-chanel/ HTTP/1.1" 200 45668 "-" "WP Rocket/Preload"
203.161.56.247 - - [07/Oct/2025:20:36:13 +0000] "GET /kl-escorts/kl-escort-chanel/ HTTP/1.1" 200 45677 "-" "WP Rocket/Preload Mozilla/5.0 (iPhone; CPU iPhone OS 9_1 like Mac OS X) AppleWebKit/601.1.46 (KHTML, like Gecko) Version/9.0 Mobile/13B143 Safari/601.1"
185.191.171.19 - - [07/Oct/2025:20:36:34 +0000] "GET /kl-escorts/kl_escort_amy/ HTTP/1.1" 200 45789 "-" "Mozilla/5.0 (compatible; SemrushBot/7~bl; +http://www.semrush.com/bot.html)"
203.161.56.247 - - [07/Oct/2025:20:42:46 +0000] "POST /wp-cron.php?doing_wp_cron=1759869766.5495789051055908203125 HTTP/1.1" 200 - "-" "WordPress/6.8.3; https://klmalaygirl.net"
216.73.216.82 - - [07/Oct/2025:20:42:43 +0000] "GET /robots.txt HTTP/1.1" 200 150 "-" "Mozilla/5.0 AppleWebKit/537.36 (KHTML, like Gecko; compatible; ClaudeBot/1.0; +claudebot@anthropic.com)"
216.73.216.82 - - [07/Oct/2025:20:42:46 +0000] "GET /news-sitemap.xml HTTP/1.1" 404 196 "-" "Mozilla/5.0 AppleWebKit/537.36 (KHTML, like Gecko; compatible; ClaudeBot/1.0; +claudebot@anthropic.com)"
183.171.101.130 - - [07/Oct/2025:20:53:38 +0000] "GET /Escorts/local-malay-girls/ HTTP/1.1" 200 45999 "https://www.google.com/" "Mozilla/5.0 (Linux; Android 10; K) AppleWebKit/537.36 (KHTML, like Gecko) Chrome/140.0.0.0 Mobile Safari/537.36"
183.171.101.130 - - [07/Oct/2025:20:53:39 +0000] "GET /xygansof/css/dist/block-library/style.min.css?ver=6.8.3 HTTP/1.1" 200 15315 "https://klmalaygirl.net/Escorts/local-malay-girls/" "Mozilla/5.0 (Linux; Android 10; K) AppleWebKit/537.36 (KHTML, like Gecko) Chrome/140.0.0.0 Mobile Safari/537.36"
183.171.101.130 - - [07/Oct/2025:20:53:39 +0000] "GET /wystipoo/cache/min/1/wp-content/plugins/easy-video-player/lib/plyr.css?ver=1755441889 HTTP/1.1" 200 5279 "https://klmalaygirl.net/Escorts/local-malay-girls/" "Mozilla/5.0 (Linux; Android 10; K) AppleWebKit/537.36 (KHTML, like Gecko) Chrome/140.0.0.0 Mobile Safari/537.36"
183.171.101.130 - - [07/Oct/2025:20:53:39 +0000] "GET /meevyduh/2025/03/KL-Escort-Lynn-2.jpg HTTP/1.1" 200 201652 "https://klmalaygirl.net/Escorts/local-malay-girls/" "Mozilla/5.0 (Linux; Android 10; K) AppleWebKit/537.36 (KHTML, like Gecko) Chrome/140.0.0.0 Mobile Safari/537.36"
183.171.101.130 - - [07/Oct/2025:20:53:39 +0000] "GET /wystipoo/cache/min/1/wp-content/plugins/woocommerce/assets/css/woocommerce-layout.css?ver=1755441889 HTTP/1.1" 200 3414 "https://klmalaygirl.net/Escorts/local-malay-girls/" "Mozilla/5.0 (Linux; Android 10; K) AppleWebKit/537.36 (KHTML, like Gecko) Chrome/140.0.0.0 Mobile Safari/537.36"
183.171.101.130 - - [07/Oct/2025:20:53:39 +0000] "GET /wystipoo/cache/min/1/wp-content/plugins/woocommerce/assets/css/woocommerce-smallscreen.css?ver=1755441889 HTTP/1.1" 200 1279 "https://klmalaygirl.net/Escorts/local-malay-girls/" "Mozilla/5.0 (Linux; Android 10; K) AppleWebKit/537.36 (KHTML, like Gecko) Chrome/140.0.0.0 Mobile Safari/537.36"
183.171.101.130 - - [07/Oct/2025:20:53:39 +0000] "GET /wystipoo/cache/min/1/wp-content/plugins/woocommerce/assets/css/woocommerce.css?ver=1755441889 HTTP/1.1" 200 10909 "https://klmalaygirl.net/Escorts/local-malay-girls/" "Mozilla/5.0 (Linux; Android 10; K) AppleWebKit/537.36 (KHTML, like Gecko) Chrome/140.0.0.0 Mobile Safari/537.36"
183.171.101.130 - - [07/Oct/2025:20:53:39 +0000] "GET /wystipoo/cache/min/1/wp-content/plugins/woocommerce/assets/css/brands.css?ver=1755441889 HTTP/1.1" 200 684 "https://klmalaygirl.net/Escorts/local-malay-girls/" "Mozilla/5.0 (Linux; Android 10; K) AppleWebKit/537.36 (KHTML, like Gecko) Chrome/140.0.0.0 Mobile Safari/537.36"
183.171.101.130 - - [07/Oct/2025:20:53:39 +0000] "GET /wholsoar/assets/animations/animations.min.css?ver=28.1.5 HTTP/1.1" 200 5588 "https://klmalaygirl.net/Escorts/local-malay-girls/" "Mozilla/5.0 (Linux; Android 10; K) AppleWebKit/537.36 (KHTML, like Gecko) Chrome/140.0.0.0 Mobile Safari/537.36"
183.171.101.130 - - [07/Oct/2025:20:53:39 +0000] "GET /wystipoo/cache/min/1/wp-content/themes/betheme/fonts/fontawesome/fontawesome.css?ver=1755441892 HTTP/1.1" 200 12757 "https://klmalaygirl.net/Escorts/local-malay-girls/" "Mozilla/5.0 (Linux; Android 10; K) AppleWebKit/537.36 (KHTML, like Gecko) Chrome/140.0.0.0 Mobile Safari/537.36"
183.171.101.130 - - [07/Oct/2025:20:53:39 +0000] "GET /wystipoo/cache/min/1/wp-content/themes/betheme/css/be.css?ver=1755441891 HTTP/1.1" 200 71593 "https://klmalaygirl.net/Escorts/local-malay-girls/" "Mozilla/5.0 (Linux; Android 10; K) AppleWebKit/537.36 (KHTML, like Gecko) Chrome/140.0.0.0 Mobile Safari/537.36"
183.171.101.130 - - [07/Oct/2025:20:53:40 +0000] "GET /wystipoo/cache/min/1/wp-content/themes/betheme/css/responsive.css?ver=1755441892 HTTP/1.1" 200 9872 "https://klmalaygirl.net/Escorts/local-malay-girls/" "Mozilla/5.0 (Linux; Android 10; K) AppleWebKit/537.36 (KHTML, like Gecko) Chrome/140.0.0.0 Mobile Safari/537.36"
183.171.101.130 - - [07/Oct/2025:20:53:40 +0000] "GET /wystipoo/cache/min/1/wp-content/themes/betheme/css/woocommerce.css?ver=1755441892 HTTP/1.1" 200 21488 "https://klmalaygirl.net/Escorts/local-malay-girls/" "Mozilla/5.0 (Linux; Android 10; K) AppleWebKit/537.36 (KHTML, like Gecko) Chrome/140.0.0.0 Mobile Safari/537.36"
183.171.101.130 - - [07/Oct/2025:20:53:40 +0000] "GET /meevyduh/2022/10/lingerie-category-underwear.webp HTTP/1.1" 200 188256 "https://klmalaygirl.net/Escorts/local-malay-girls/" "Mozilla/5.0 (Linux; Android 10; K) AppleWebKit/537.36 (KHTML, like Gecko) Chrome/140.0.0.0 Mobile Safari/537.36"
183.171.101.130 - - [07/Oct/2025:20:53:40 +0000] "GET /meevyduh/2022/09/lingerie-header-icon1.svg HTTP/1.1" 200 436 "https://klmalaygirl.net/Escorts/local-malay-girls/" "Mozilla/5.0 (Linux; Android 10; K) AppleWebKit/537.36 (KHTML, like Gecko) Chrome/140.0.0.0 Mobile Safari/537.36"
183.171.101.130 - - [07/Oct/2025:20:53:40 +0000] "GET /meevyduh/2025/02/kl-malay-girl-logo.png HTTP/1.1" 200 6967 "https://klmalaygirl.net/Escorts/local-malay-girls/" "Mozilla/5.0 (Linux; Android 10; K) AppleWebKit/537.36 (KHTML, like Gecko) Chrome/140.0.0.0 Mobile Safari/537.36"
183.171.101.130 - - [07/Oct/2025:20:53:40 +0000] "GET /meevyduh/2022/09/lingerie-header-icon4.svg HTTP/1.1" 200 194 "https://klmalaygirl.net/Escorts/local-malay-girls/" "Mozilla/5.0 (Linux; Android 10; K) AppleWebKit/537.36 (KHTML, like Gecko) Chrome/140.0.0.0 Mobile Safari/537.36"
183.171.101.130 - - [07/Oct/2025:20:53:40 +0000] "GET /wystipoo/cache/min/1/wp-content/uploads/betheme/css/post-173.css?ver=1755442258 HTTP/1.1" 200 259 "https://klmalaygirl.net/Escorts/local-malay-girls/" "Mozilla/5.0 (Linux; Android 10; K) AppleWebKit/537.36 (KHTML, like Gecko) Chrome/140.0.0.0 Mobile Safari/537.36"
183.171.101.130 - - [07/Oct/2025:20:53:40 +0000] "GET /wystipoo/cache/min/1/wp-content/plugins/woocommerce/assets/client/blocks/wc-blocks.css?ver=1755441892 HTTP/1.1" 200 2573 "https://klmalaygirl.net/Escorts/local-malay-girls/" "Mozilla/5.0 (Linux; Android 10; K) AppleWebKit/537.36 (KHTML, like Gecko) Chrome/140.0.0.0 Mobile Safari/537.36"
183.171.101.130 - - [07/Oct/2025:20:53:40 +0000] "GET /wystipoo/cache/min/1/wp-content/uploads/betheme/css/post-16.css?ver=1755442258 HTTP/1.1" 200 318 "https://klmalaygirl.net/Escorts/local-malay-girls/" "Mozilla/5.0 (Linux; Android 10; K) AppleWebKit/537.36 (KHTML, like Gecko) Chrome/140.0.0.0 Mobile Safari/537.36"
183.171.101.130 - - [07/Oct/2025:20:53:40 +0000] "GET /wystipoo/cache/min/1/wp-content/uploads/betheme/css/post-315.css?ver=1755441892 HTTP/1.1" 200 531 "https://klmalaygirl.net/Escorts/local-malay-girls/" "Mozilla/5.0 (Linux; Android 10; K) AppleWebKit/537.36 (KHTML, like Gecko) Chrome/140.0.0.0 Mobile Safari/537.36"
183.171.101.130 - - [07/Oct/2025:20:53:40 +0000] "GET /wystipoo/cache/min/1/wp-content/themes/betheme/css/elements/divider-2.css?ver=1755441892 HTTP/1.1" 200 49565 "https://klmalaygirl.net/Escorts/local-malay-girls/" "Mozilla/5.0 (Linux; Android 10; K) AppleWebKit/537.36 (KHTML, like Gecko) Chrome/140.0.0.0 Mobile Safari/537.36"
183.171.101.130 - - [07/Oct/2025:20:53:40 +0000] "GET /wholsoar/fonts/mfn/icons.woff2?3522148 HTTP/1.1" 200 72622 "https://klmalaygirl.net/wystipoo/cache/min/1/wp-content/themes/betheme/css/be.css?ver=1755441891" "Mozilla/5.0 (Linux; Android 10; K) AppleWebKit/537.36 (KHTML, like Gecko) Chrome/140.0.0.0 Mobile Safari/537.36"
183.171.101.130 - - [07/Oct/2025:20:53:40 +0000] "GET /wystipoo/cache/min/1/wp-content/plugins/woocommerce/assets/client/blocks/product-categories.css?ver=1755442258 HTTP/1.1" 200 555 "https://klmalaygirl.net/Escorts/local-malay-girls/" "Mozilla/5.0 (Linux; Android 10; K) AppleWebKit/537.36 (KHTML, like Gecko) Chrome/140.0.0.0 Mobile Safari/537.36"
183.171.101.130 - - [07/Oct/2025:20:53:40 +0000] "GET /wystipoo/cache/min/1/wp-content/plugins/woocommerce/assets/client/blocks/price-filter.css?ver=1755442258 HTTP/1.1" 200 2349 "https://klmalaygirl.net/Escorts/local-malay-girls/" "Mozilla/5.0 (Linux; Android 10; K) AppleWebKit/537.36 (KHTML, like Gecko) Chrome/140.0.0.0 Mobile Safari/537.36"
183.171.101.130 - - [07/Oct/2025:20:53:40 +0000] "GET /meevyduh/2025/04/KL-Escort-Cinta-1-852x1200.jpg HTTP/1.1" 200 101394 "https://klmalaygirl.net/Escorts/local-malay-girls/" "Mozilla/5.0 (Linux; Android 10; K) AppleWebKit/537.36 (KHTML, like Gecko) Chrome/140.0.0.0 Mobile Safari/537.36"
183.171.101.130 - - [07/Oct/2025:20:53:41 +0000] "GET /wystipoo/cache/min/1/wp-content/uploads/betheme/css/post-235.css?ver=1755441892 HTTP/1.1" 200 831 "https://klmalaygirl.net/Escorts/local-malay-girls/" "Mozilla/5.0 (Linux; Android 10; K) AppleWebKit/537.36 (KHTML, like Gecko) Chrome/140.0.0.0 Mobile Safari/537.36"
183.171.101.130 - - [07/Oct/2025:20:53:41 +0000] "GET /wystipoo/cache/min/1/wp-content/uploads/betheme/css/post-807.css?ver=1755441892 HTTP/1.1" 200 676 "https://klmalaygirl.net/Escorts/local-malay-girls/" "Mozilla/5.0 (Linux; Android 10; K) AppleWebKit/537.36 (KHTML, like Gecko) Chrome/140.0.0.0 Mobile Safari/537.36"
183.171.101.130 - - [07/Oct/2025:20:53:41 +0000] "GET /jitchigr/creame-whatsapp-me/public/css/joinchat.min.css?ver=6.0.8 HTTP/1.1" 200 5095 "https://klmalaygirl.net/Escorts/local-malay-girls/" "Mozilla/5.0 (Linux; Android 10; K) AppleWebKit/537.36 (KHTML, like Gecko) Chrome/140.0.0.0 Mobile Safari/537.36"
183.171.101.130 - - [07/Oct/2025:20:53:40 +0000] "GET /meevyduh/2025/04/KL-Escort-Siti-1-852x1200.jpg HTTP/1.1" 200 162909 "https://klmalaygirl.net/Escorts/local-malay-girls/" "Mozilla/5.0 (Linux; Android 10; K) AppleWebKit/537.36 (KHTML, like Gecko) Chrome/140.0.0.0 Mobile Safari/537.36"
183.171.101.130 - - [07/Oct/2025:20:53:41 +0000] "GET /wystipoo/cache/min/1/wp-content/plugins/revslider/sr6/assets/css/rs6.css?ver=1755441892 HTTP/1.1" 200 9593 "https://klmalaygirl.net/Escorts/local-malay-girls/" "Mozilla/5.0 (Linux; Android 10; K) AppleWebKit/537.36 (KHTML, like Gecko) Chrome/140.0.0.0 Mobile Safari/537.36"
183.171.101.130 - - [07/Oct/2025:20:53:41 +0000] "GET /meevyduh/2025/03/KL-Escort-Sumi-3.jpg HTTP/1.1" 200 191815 "https://klmalaygirl.net/Escorts/local-malay-girls/" "Mozilla/5.0 (Linux; Android 10; K) AppleWebKit/537.36 (KHTML, like Gecko) Chrome/140.0.0.0 Mobile Safari/537.36"
183.171.101.130 - - [07/Oct/2025:20:53:41 +0000] "GET /meevyduh/2025/03/KL-Escort-Marry-2.jpg HTTP/1.1" 200 157969 "https://klmalaygirl.net/Escorts/local-malay-girls/" "Mozilla/5.0 (Linux; Android 10; K) AppleWebKit/537.36 (KHTML, like Gecko) Chrome/140.0.0.0 Mobile Safari/537.36"
183.171.101.130 - - [07/Oct/2025:20:53:41 +0000] "GET /meevyduh/2025/02/kl-malay-girl-logo-footer.png HTTP/1.1" 200 7089 "https://klmalaygirl.net/Escorts/local-malay-girls/" "Mozilla/5.0 (Linux; Android 10; K) AppleWebKit/537.36 (KHTML, like Gecko) Chrome/140.0.0.0 Mobile Safari/537.36"
183.171.101.130 - - [07/Oct/2025:20:53:41 +0000] "GET /xygansof/js/jquery/jquery.min.js?ver=3.7.1 HTTP/1.1" 200 30368 "https://klmalaygirl.net/Escorts/local-malay-girls/" "Mozilla/5.0 (Linux; Android 10; K) AppleWebKit/537.36 (KHTML, like Gecko) Chrome/140.0.0.0 Mobile Safari/537.36"
183.171.101.130 - - [07/Oct/2025:20:53:41 +0000] "GET /meevyduh/2025/03/KL-Escort-SanSan-4.jpg HTTP/1.1" 200 154930 "https://klmalaygirl.net/Escorts/local-malay-girls/" "Mozilla/5.0 (Linux; Android 10; K) AppleWebKit/537.36 (KHTML, like Gecko) Chrome/140.0.0.0 Mobile Safari/537.36"
183.171.101.130 - - [07/Oct/2025:20:53:41 +0000] "GET /meevyduh/2025/04/KL-Escort-Novita-2-852x1200.jpg HTTP/1.1" 200 119928 "https://klmalaygirl.net/Escorts/local-malay-girls/" "Mozilla/5.0 (Linux; Android 10; K) AppleWebKit/537.36 (KHTML, like Gecko) Chrome/140.0.0.0 Mobile Safari/537.36"
183.171.101.130 - - [07/Oct/2025:20:53:41 +0000] "GET /meevyduh/2025/04/KL-Escort-Shelly-1-852x1200.jpg HTTP/1.1" 200 115095 "https://klmalaygirl.net/Escorts/local-malay-girls/" "Mozilla/5.0 (Linux; Android 10; K) AppleWebKit/537.36 (KHTML, like Gecko) Chrome/140.0.0.0 Mobile Safari/537.36"
183.171.101.130 - - [07/Oct/2025:20:53:41 +0000] "GET /xygansof/js/jquery/jquery-migrate.min.js?ver=3.4.1 HTTP/1.1" 200 4872 "https://klmalaygirl.net/Escorts/local-malay-girls/" "Mozilla/5.0 (Linux; Android 10; K) AppleWebKit/537.36 (KHTML, like Gecko) Chrome/140.0.0.0 Mobile Safari/537.36"
183.171.101.130 - - [07/Oct/2025:20:53:41 +0000] "GET /meevyduh/2025/04/KL-Escort-Yasmine-1-852x1200.jpg HTTP/1.1" 200 146534 "https://klmalaygirl.net/Escorts/local-malay-girls/" "Mozilla/5.0 (Linux; Android 10; K) AppleWebKit/537.36 (KHTML, like Gecko) Chrome/140.0.0.0 Mobile Safari/537.36"
183.171.101.130 - - [07/Oct/2025:20:53:41 +0000] "GET /meevyduh/2025/04/KL-Escort-Tania-1-852x1200.jpg HTTP/1.1" 200 90344 "https://klmalaygirl.net/Escorts/local-malay-girls/" "Mozilla/5.0 (Linux; Android 10; K) AppleWebKit/537.36 (KHTML, like Gecko) Chrome/140.0.0.0 Mobile Safari/537.36"
183.171.101.130 - - [07/Oct/2025:20:53:42 +0000] "GET /xygansof/js/dist/vendor/wp-polyfill.min.js?ver=3.15.0 HTTP/1.1" 200 14471 "https://klmalaygirl.net/Escorts/local-malay-girls/" "Mozilla/5.0 (Linux; Android 10; K) AppleWebKit/537.36 (KHTML, like Gecko) Chrome/140.0.0.0 Mobile Safari/537.36"
183.171.101.130 - - [07/Oct/2025:20:53:42 +0000] "GET /xygansof/js/dist/hooks.min.js?ver=4d63a3d491d11ffd8ac6 HTTP/1.1" 200 1648 "https://klmalaygirl.net/Escorts/local-malay-girls/" "Mozilla/5.0 (Linux; Android 10; K) AppleWebKit/537.36 (KHTML, like Gecko) Chrome/140.0.0.0 Mobile Safari/537.36"
183.171.101.130 - - [07/Oct/2025:20:53:42 +0000] "GET /xygansof/js/dist/i18n.min.js?ver=5e580eb46a90c2b997e6 HTTP/1.1" 200 3667 "https://klmalaygirl.net/Escorts/local-malay-girls/" "Mozilla/5.0 (Linux; Android 10; K) AppleWebKit/537.36 (KHTML, like Gecko) Chrome/140.0.0.0 Mobile Safari/537.36"
183.171.101.130 - - [07/Oct/2025:20:53:42 +0000] "GET /xygansof/js/dist/url.min.js?ver=c2964167dfe2477c14ea HTTP/1.1" 200 3851 "https://klmalaygirl.net/Escorts/local-malay-girls/" "Mozilla/5.0 (Linux; Android 10; K) AppleWebKit/537.36 (KHTML, like Gecko) Chrome/140.0.0.0 Mobile Safari/537.36"
183.171.101.130 - - [07/Oct/2025:20:53:42 +0000] "GET /xygansof/js/dist/api-fetch.min.js?ver=3623a576c78df404ff20 HTTP/1.1" 200 2419 "https://klmalaygirl.net/Escorts/local-malay-girls/" "Mozilla/5.0 (Linux; Android 10; K) AppleWebKit/537.36 (KHTML, like Gecko) Chrome/140.0.0.0 Mobile Safari/537.36"
183.171.101.130 - - [07/Oct/2025:20:53:42 +0000] "GET /wystipoo/cache/min/1/wp-content/plugins/easy-video-player/lib/plyr.js?ver=1755441892 HTTP/1.1" 200 31769 "https://klmalaygirl.net/Escorts/local-malay-girls/" "Mozilla/5.0 (Linux; Android 10; K) AppleWebKit/537.36 (KHTML, like Gecko) Chrome/140.0.0.0 Mobile Safari/537.36"
183.171.101.130 - - [07/Oct/2025:20:53:42 +0000] "GET /jitchigr/woocommerce/assets/js/jquery-blockui/jquery.blockUI.min.js?ver=2.7.0-wc.10.2.1 HTTP/1.1" 200 3537 "https://klmalaygirl.net/Escorts/local-malay-girls/" "Mozilla/5.0 (Linux; Android 10; K) AppleWebKit/537.36 (KHTML, like Gecko) Chrome/140.0.0.0 Mobile Safari/537.36"
183.171.101.130 - - [07/Oct/2025:20:53:42 +0000] "GET /jitchigr/woocommerce/assets/js/frontend/add-to-cart.min.js?ver=10.2.1 HTTP/1.1" 200 1368 "https://klmalaygirl.net/Escorts/local-malay-girls/" "Mozilla/5.0 (Linux; Android 10; K) AppleWebKit/537.36 (KHTML, like Gecko) Chrome/140.0.0.0 Mobile Safari/537.36"
183.171.101.130 - - [07/Oct/2025:20:53:42 +0000] "GET /jitchigr/woocommerce/assets/js/js-cookie/js.cookie.min.js?ver=2.1.4-wc.10.2.1 HTTP/1.1" 200 833 "https://klmalaygirl.net/Escorts/local-malay-girls/" "Mozilla/5.0 (Linux; Android 10; K) AppleWebKit/537.36 (KHTML, like Gecko) Chrome/140.0.0.0 Mobile Safari/537.36"
183.171.101.130 - - [07/Oct/2025:20:53:42 +0000] "GET /jitchigr/woocommerce/assets/js/frontend/woocommerce.min.js?ver=10.2.1 HTTP/1.1" 200 1474 "https://klmalaygirl.net/Escorts/local-malay-girls/" "Mozilla/5.0 (Linux; Android 10; K) AppleWebKit/537.36 (KHTML, like Gecko) Chrome/140.0.0.0 Mobile Safari/537.36"
183.171.101.130 - - [07/Oct/2025:20:53:42 +0000] "GET /jitchigr/woocommerce/assets/js/frontend/cart-fragments.min.js?ver=10.2.1 HTTP/1.1" 200 1045 "https://klmalaygirl.net/Escorts/local-malay-girls/" "Mozilla/5.0 (Linux; Android 10; K) AppleWebKit/537.36 (KHTML, like Gecko) Chrome/140.0.0.0 Mobile Safari/537.36"
183.171.101.130 - - [07/Oct/2025:20:53:42 +0000] "GET /xygansof/js/jquery/ui/core.min.js?ver=1.13.3 HTTP/1.1" 200 7106 "https://klmalaygirl.net/Escorts/local-malay-girls/" "Mozilla/5.0 (Linux; Android 10; K) AppleWebKit/537.36 (KHTML, like Gecko) Chrome/140.0.0.0 Mobile Safari/537.36"
183.171.101.130 - - [07/Oct/2025:20:53:42 +0000] "GET /xygansof/js/jquery/ui/tabs.min.js?ver=1.13.3 HTTP/1.1" 200 3945 "https://klmalaygirl.net/Escorts/local-malay-girls/" "Mozilla/5.0 (Linux; Android 10; K) AppleWebKit/537.36 (KHTML, like Gecko) Chrome/140.0.0.0 Mobile Safari/537.36"
183.171.101.130 - - [07/Oct/2025:20:53:42 +0000] "GET /wholsoar/js/plugins/debouncedresize.min.js?ver=28.1.5 HTTP/1.1" 200 297 "https://klmalaygirl.net/Escorts/local-malay-girls/" "Mozilla/5.0 (Linux; Android 10; K) AppleWebKit/537.36 (KHTML, like Gecko) Chrome/140.0.0.0 Mobile Safari/537.36"
183.171.101.130 - - [07/Oct/2025:20:53:42 +0000] "GET /wholsoar/js/plugins/magnificpopup.min.js?ver=28.1.5 HTTP/1.1" 200 7323 "https://klmalaygirl.net/Escorts/local-malay-girls/" "Mozilla/5.0 (Linux; Android 10; K) AppleWebKit/537.36 (KHTML, like Gecko) Chrome/140.0.0.0 Mobile Safari/537.36"
183.171.101.130 - - [07/Oct/2025:20:53:42 +0000] "GET /wystipoo/cache/min/1/wp-content/themes/betheme/js/menu.js?ver=1755441892 HTTP/1.1" 200 748 "https://klmalaygirl.net/Escorts/local-malay-girls/" "Mozilla/5.0 (Linux; Android 10; K) AppleWebKit/537.36 (KHTML, like Gecko) Chrome/140.0.0.0 Mobile Safari/537.36"
