172.249.67.206 - - [07/Oct/2025:22:03:31 +0000] "GET /meevyduh/2025/03/KL-Escort-Emily-1-852x1200.jpg HTTP/1.1" 200 77007 "https://klmalaygirl.net/" "Mozilla/5.0 (Linux; Android 10; K) AppleWebKit/537.36 (KHTML, like Gecko) Chrome/141.0.0.0 Mobile Safari/537.36"
172.249.67.206 - - [07/Oct/2025:22:03:31 +0000] "GET /meevyduh/2025/04/KL-Escort-Tania-1-852x1200.jpg HTTP/1.1" 200 90344 "https://klmalaygirl.net/" "Mozilla/5.0 (Linux; Android 10; K) AppleWebKit/537.36 (KHTML, like Gecko) Chrome/141.0.0.0 Mobile Safari/537.36"
172.249.67.206 - - [07/Oct/2025:22:03:31 +0000] "GET /meevyduh/2025/04/KL-Escort-Siti-1-852x1200.jpg HTTP/1.1" 200 162909 "https://klmalaygirl.net/" "Mozilla/5.0 (Linux; Android 10; K) AppleWebKit/537.36 (KHTML, like Gecko) Chrome/141.0.0.0 Mobile Safari/537.36"
172.249.67.206 - - [07/Oct/2025:22:03:31 +0000] "GET /meevyduh/2025/04/KL-Escort-Cinta-1-852x1200.jpg HTTP/1.1" 200 101394 "https://klmalaygirl.net/" "Mozilla/5.0 (Linux; Android 10; K) AppleWebKit/537.36 (KHTML, like Gecko) Chrome/141.0.0.0 Mobile Safari/537.36"
172.249.67.206 - - [07/Oct/2025:22:03:31 +0000] "GET /meevyduh/2025/03/KL-Escorts-Chanel-1-852x1200.jpg HTTP/1.1" 200 100800 "https://klmalaygirl.net/" "Mozilla/5.0 (Linux; Android 10; K) AppleWebKit/537.36 (KHTML, like Gecko) Chrome/141.0.0.0 Mobile Safari/537.36"
172.249.67.206 - - [07/Oct/2025:22:03:31 +0000] "GET /meevyduh/2025/03/KL-Escorts-Amy-1-852x1200.jpg HTTP/1.1" 200 147322 "https://klmalaygirl.net/" "Mozilla/5.0 (Linux; Android 10; K) AppleWebKit/537.36 (KHTML, like Gecko) Chrome/141.0.0.0 Mobile Safari/537.36"
172.249.67.206 - - [07/Oct/2025:22:03:31 +0000] "GET /meevyduh/2022/10/lingerie-home-pic1.webp HTTP/1.1" 200 58750 "https://klmalaygirl.net/" "Mozilla/5.0 (Linux; Android 10; K) AppleWebKit/537.36 (KHTML, like Gecko) Chrome/141.0.0.0 Mobile Safari/537.36"
172.249.67.206 - - [07/Oct/2025:22:03:31 +0000] "GET /meevyduh/2022/10/lingerie-home-pic2.webp HTTP/1.1" 200 45538 "https://klmalaygirl.net/" "Mozilla/5.0 (Linux; Android 10; K) AppleWebKit/537.36 (KHTML, like Gecko) Chrome/141.0.0.0 Mobile Safari/537.36"
172.249.67.206 - - [07/Oct/2025:22:03:31 +0000] "GET /meevyduh/2025/03/KL-Escort-Sumi-5.jpg HTTP/1.1" 200 158681 "https://klmalaygirl.net/" "Mozilla/5.0 (Linux; Android 10; K) AppleWebKit/537.36 (KHTML, like Gecko) Chrome/141.0.0.0 Mobile Safari/537.36"
172.249.67.206 - - [07/Oct/2025:22:03:31 +0000] "GET /meevyduh/2022/10/lingerie-home-pic9.webp HTTP/1.1" 200 26344 "https://klmalaygirl.net/" "Mozilla/5.0 (Linux; Android 10; K) AppleWebKit/537.36 (KHTML, like Gecko) Chrome/141.0.0.0 Mobile Safari/537.36"
172.249.67.206 - - [07/Oct/2025:22:03:31 +0000] "GET /meevyduh/2025/03/KL-Escort-Sumi-3.jpg HTTP/1.1" 200 191815 "https://klmalaygirl.net/" "Mozilla/5.0 (Linux; Android 10; K) AppleWebKit/537.36 (KHTML, like Gecko) Chrome/141.0.0.0 Mobile Safari/537.36"
172.249.67.206 - - [07/Oct/2025:22:03:31 +0000] "GET /meevyduh/2022/11/lingerie-post7.webp HTTP/1.1" 200 180256 "https://klmalaygirl.net/" "Mozilla/5.0 (Linux; Android 10; K) AppleWebKit/537.36 (KHTML, like Gecko) Chrome/141.0.0.0 Mobile Safari/537.36"
172.249.67.206 - - [07/Oct/2025:22:03:31 +0000] "GET /meevyduh/2025/03/KL-Escort-Marry-2.jpg HTTP/1.1" 200 157969 "https://klmalaygirl.net/" "Mozilla/5.0 (Linux; Android 10; K) AppleWebKit/537.36 (KHTML, like Gecko) Chrome/141.0.0.0 Mobile Safari/537.36"
172.249.67.206 - - [07/Oct/2025:22:03:31 +0000] "GET /meevyduh/2025/03/KL-Escort-SanSan-4.jpg HTTP/1.1" 200 154930 "https://klmalaygirl.net/" "Mozilla/5.0 (Linux; Android 10; K) AppleWebKit/537.36 (KHTML, like Gecko) Chrome/141.0.0.0 Mobile Safari/537.36"
172.249.67.206 - - [07/Oct/2025:22:03:31 +0000] "GET /meevyduh/2025/03/KL-Escort-Lynn-2.jpg HTTP/1.1" 200 201652 "https://klmalaygirl.net/" "Mozilla/5.0 (Linux; Android 10; K) AppleWebKit/537.36 (KHTML, like Gecko) Chrome/141.0.0.0 Mobile Safari/537.36"
172.249.67.206 - - [07/Oct/2025:22:03:31 +0000] "GET /meevyduh/2025/02/kl-malay-girl-logo-footer.png HTTP/1.1" 200 7089 "https://klmalaygirl.net/" "Mozilla/5.0 (Linux; Android 10; K) AppleWebKit/537.36 (KHTML, like Gecko) Chrome/141.0.0.0 Mobile Safari/537.36"
172.249.67.206 - - [07/Oct/2025:22:03:32 +0000] "GET /wholsoar/images/payment-methods/Visa.svg HTTP/1.1" 200 649 "https://klmalaygirl.net/" "Mozilla/5.0 (Linux; Android 10; K) AppleWebKit/537.36 (KHTML, like Gecko) Chrome/141.0.0.0 Mobile Safari/537.36"
172.249.67.206 - - [07/Oct/2025:22:03:32 +0000] "GET /wholsoar/images/payment-methods/DinersClub.svg HTTP/1.1" 200 520 "https://klmalaygirl.net/" "Mozilla/5.0 (Linux; Android 10; K) AppleWebKit/537.36 (KHTML, like Gecko) Chrome/141.0.0.0 Mobile Safari/537.36"
172.249.67.206 - - [07/Oct/2025:22:03:33 +0000] "GET /wholsoar/images/payment-methods/Amex.svg HTTP/1.1" 200 585 "https://klmalaygirl.net/" "Mozilla/5.0 (Linux; Android 10; K) AppleWebKit/537.36 (KHTML, like Gecko) Chrome/141.0.0.0 Mobile Safari/537.36"
172.249.67.206 - - [07/Oct/2025:22:03:33 +0000] "GET /wholsoar/images/payment-methods/Discover.svg HTTP/1.1" 200 1142 "https://klmalaygirl.net/" "Mozilla/5.0 (Linux; Android 10; K) AppleWebKit/537.36 (KHTML, like Gecko) Chrome/141.0.0.0 Mobile Safari/537.36"
172.249.67.206 - - [07/Oct/2025:22:03:33 +0000] "GET /wholsoar/images/payment-methods/Mastercard.svg HTTP/1.1" 200 394 "https://klmalaygirl.net/" "Mozilla/5.0 (Linux; Android 10; K) AppleWebKit/537.36 (KHTML, like Gecko) Chrome/141.0.0.0 Mobile Safari/537.36"
172.249.67.206 - - [07/Oct/2025:22:03:33 +0000] "GET /wholsoar/images/payment-methods/Maestro.svg HTTP/1.1" 200 382 "https://klmalaygirl.net/" "Mozilla/5.0 (Linux; Android 10; K) AppleWebKit/537.36 (KHTML, like Gecko) Chrome/141.0.0.0 Mobile Safari/537.36"
172.249.67.206 - - [07/Oct/2025:22:03:33 +0000] "GET /wholsoar/images/payment-methods/Stripe.svg HTTP/1.1" 200 1073 "https://klmalaygirl.net/" "Mozilla/5.0 (Linux; Android 10; K) AppleWebKit/537.36 (KHTML, like Gecko) Chrome/141.0.0.0 Mobile Safari/537.36"
172.249.67.206 - - [07/Oct/2025:22:03:33 +0000] "GET /wholsoar/images/payment-methods/PayPal.svg HTTP/1.1" 200 2792 "https://klmalaygirl.net/" "Mozilla/5.0 (Linux; Android 10; K) AppleWebKit/537.36 (KHTML, like Gecko) Chrome/141.0.0.0 Mobile Safari/537.36"
172.249.67.206 - - [07/Oct/2025:22:03:33 +0000] "GET /meevyduh/2022/09/lingerie-slider-pic1.webp HTTP/1.1" 200 75866 "https://klmalaygirl.net/" "Mozilla/5.0 (Linux; Android 10; K) AppleWebKit/537.36 (KHTML, like Gecko) Chrome/141.0.0.0 Mobile Safari/537.36"
172.249.67.206 - - [07/Oct/2025:22:03:33 +0000] "GET /meevyduh/2022/09/lingerie-slider-pic2.webp HTTP/1.1" 200 309396 "https://klmalaygirl.net/" "Mozilla/5.0 (Linux; Android 10; K) AppleWebKit/537.36 (KHTML, like Gecko) Chrome/141.0.0.0 Mobile Safari/537.36"
172.249.67.206 - - [07/Oct/2025:22:03:33 +0000] "GET /meevyduh/2025/03/klmalaygirl-slider-pic2.webp HTTP/1.1" 200 73044 "https://klmalaygirl.net/" "Mozilla/5.0 (Linux; Android 10; K) AppleWebKit/537.36 (KHTML, like Gecko) Chrome/141.0.0.0 Mobile Safari/537.36"
172.249.67.206 - - [07/Oct/2025:22:03:33 +0000] "GET / HTTP/1.1" 304 - "https://openadultdirectory.com/" "Mozilla/5.0 (Linux; Android 10; K) AppleWebKit/537.36 (KHTML, like Gecko) Chrome/141.0.0.0 Mobile Safari/537.36"
172.249.67.206 - - [07/Oct/2025:22:03:34 +0000] "GET /meevyduh/2025/02/cropped-iconfinder_kl-malay-girl-escort-192x192.png HTTP/1.1" 200 16931 "https://klmalaygirl.net/" "Mozilla/5.0 (Linux; Android 10; K) AppleWebKit/537.36 (KHTML, like Gecko) Chrome/141.0.0.0 Mobile Safari/537.36"
172.249.67.206 - - [07/Oct/2025:22:03:34 +0000] "GET /meevyduh/2025/02/cropped-iconfinder_kl-malay-girl-escort-180x180.png HTTP/1.1" 200 15296 "https://klmalaygirl.net/" "Mozilla/5.0 (Linux; Android 10; K) AppleWebKit/537.36 (KHTML, like Gecko) Chrome/141.0.0.0 Mobile Safari/537.36"
203.161.56.247 - - [07/Oct/2025:22:04:57 +0000] "POST /wp-cron.php?doing_wp_cron=1759874697.2508649826049804687500 HTTP/1.1" 200 - "-" "WordPress/6.8.3; https://klmalaygirl.net"
157.55.39.14 - - [07/Oct/2025:22:04:55 +0000] "GET /?s=video+of+filipina+girl+having+sex HTTP/1.1" 200 32597 "-" "Mozilla/5.0 AppleWebKit/537.36 (KHTML, like Gecko; compatible; bingbot/2.0; +http://www.bing.com/bingbot.htm) Chrome/116.0.1938.76 Safari/537.36"
203.161.56.247 - - [07/Oct/2025:22:06:38 +0000] "POST /wp-cron.php?doing_wp_cron=1759874798.6837050914764404296875 HTTP/1.1" 200 - "-" "WordPress/6.8.3; https://klmalaygirl.net"
40.77.167.15 - - [07/Oct/2025:22:06:36 +0000] "GET /?s=%E9%83%91%E5%AE%9A HTTP/1.1" 200 32586 "-" "Mozilla/5.0 (Windows NT 10.0; Win64; x64) AppleWebKit/537.36 (KHTML, like Gecko) Chrome/112.0.0.0 Safari/537.36 Edg/112.0.1722.68"
66.249.73.2 - - [07/Oct/2025:22:09:12 +0000] "GET /meevyduh/2025/04/KL-Escort-Shelly-2-800x1423.jpg HTTP/1.1" 200 138101 "-" "Googlebot-Image/1.0"
172.249.67.206 - - [07/Oct/2025:22:12:07 +0000] "GET /jitchigr/woocommerce/assets/js/frontend/add-to-cart.min.js?ver=10.2.1 HTTP/1.1" 200 1368 "https://klmalaygirl.net/" "Mozilla/5.0 (Linux; Android 10; K) AppleWebKit/537.36 (KHTML, like Gecko) Chrome/141.0.0.0 Mobile Safari/537.36"
172.249.67.206 - - [07/Oct/2025:22:12:07 +0000] "GET /xygansof/js/jquery/jquery.min.js?ver=3.7.1 HTTP/1.1" 200 30368 "https://klmalaygirl.net/" "Mozilla/5.0 (Linux; Android 10; K) AppleWebKit/537.36 (KHTML, like Gecko) Chrome/141.0.0.0 Mobile Safari/537.36"
172.249.67.206 - - [07/Oct/2025:22:12:07 +0000] "GET /jitchigr/woocommerce/assets/js/js-cookie/js.cookie.min.js?ver=2.1.4-wc.10.2.1 HTTP/1.1" 200 833 "https://klmalaygirl.net/" "Mozilla/5.0 (Linux; Android 10; K) AppleWebKit/537.36 (KHTML, like Gecko) Chrome/141.0.0.0 Mobile Safari/537.36"
172.249.67.206 - - [07/Oct/2025:22:12:07 +0000] "GET /xygansof/js/jquery/jquery-migrate.min.js?ver=3.4.1 HTTP/1.1" 200 4872 "https://klmalaygirl.net/" "Mozilla/5.0 (Linux; Android 10; K) AppleWebKit/537.36 (KHTML, like Gecko) Chrome/141.0.0.0 Mobile Safari/537.36"
172.249.67.206 - - [07/Oct/2025:22:12:07 +0000] "GET /jitchigr/woocommerce/assets/js/jquery-blockui/jquery.blockUI.min.js?ver=2.7.0-wc.10.2.1 HTTP/1.1" 200 3537 "https://klmalaygirl.net/" "Mozilla/5.0 (Linux; Android 10; K) AppleWebKit/537.36 (KHTML, like Gecko) Chrome/141.0.0.0 Mobile Safari/537.36"
172.249.67.206 - - [07/Oct/2025:22:12:07 +0000] "GET /wystipoo/cache/min/1/wp-content/plugins/easy-video-player/lib/plyr.js?ver=1755441892 HTTP/1.1" 200 31769 "https://klmalaygirl.net/" "Mozilla/5.0 (Linux; Android 10; K) AppleWebKit/537.36 (KHTML, like Gecko) Chrome/141.0.0.0 Mobile Safari/537.36"
172.249.67.206 - - [07/Oct/2025:22:12:07 +0000] "GET /jitchigr/woocommerce/assets/js/frontend/woocommerce.min.js?ver=10.2.1 HTTP/1.1" 200 1474 "https://klmalaygirl.net/" "Mozilla/5.0 (Linux; Android 10; K) AppleWebKit/537.36 (KHTML, like Gecko) Chrome/141.0.0.0 Mobile Safari/537.36"
172.249.67.206 - - [07/Oct/2025:22:12:07 +0000] "GET /jitchigr/woocommerce/assets/js/frontend/cart-fragments.min.js?ver=10.2.1 HTTP/1.1" 200 1045 "https://klmalaygirl.net/" "Mozilla/5.0 (Linux; Android 10; K) AppleWebKit/537.36 (KHTML, like Gecko) Chrome/141.0.0.0 Mobile Safari/537.36"
172.249.67.206 - - [07/Oct/2025:22:12:07 +0000] "GET /xygansof/js/jquery/ui/tabs.min.js?ver=1.13.3 HTTP/1.1" 200 3945 "https://klmalaygirl.net/" "Mozilla/5.0 (Linux; Android 10; K) AppleWebKit/537.36 (KHTML, like Gecko) Chrome/141.0.0.0 Mobile Safari/537.36"
172.249.67.206 - - [07/Oct/2025:22:12:07 +0000] "GET /xygansof/js/jquery/ui/core.min.js?ver=1.13.3 HTTP/1.1" 200 7106 "https://klmalaygirl.net/" "Mozilla/5.0 (Linux; Android 10; K) AppleWebKit/537.36 (KHTML, like Gecko) Chrome/141.0.0.0 Mobile Safari/537.36"
172.249.67.206 - - [07/Oct/2025:22:12:07 +0000] "GET /wholsoar/js/plugins/debouncedresize.min.js?ver=28.1.5 HTTP/1.1" 200 297 "https://klmalaygirl.net/" "Mozilla/5.0 (Linux; Android 10; K) AppleWebKit/537.36 (KHTML, like Gecko) Chrome/141.0.0.0 Mobile Safari/537.36"
172.249.67.206 - - [07/Oct/2025:22:12:07 +0000] "GET /wystipoo/cache/min/1/wp-content/themes/betheme/js/menu.js?ver=1755441892 HTTP/1.1" 200 748 "https://klmalaygirl.net/" "Mozilla/5.0 (Linux; Android 10; K) AppleWebKit/537.36 (KHTML, like Gecko) Chrome/141.0.0.0 Mobile Safari/537.36"
172.249.67.206 - - [07/Oct/2025:22:12:07 +0000] "GET /wholsoar/js/plugins/visible.min.js?ver=28.1.5 HTTP/1.1" 200 378 "https://klmalaygirl.net/" "Mozilla/5.0 (Linux; Android 10; K) AppleWebKit/537.36 (KHTML, like Gecko) Chrome/141.0.0.0 Mobile Safari/537.36"
172.249.67.206 - - [07/Oct/2025:22:12:07 +0000] "GET /wholsoar/js/plugins/magnificpopup.min.js?ver=28.1.5 HTTP/1.1" 200 7323 "https://klmalaygirl.net/" "Mozilla/5.0 (Linux; Android 10; K) AppleWebKit/537.36 (KHTML, like Gecko) Chrome/141.0.0.0 Mobile Safari/537.36"
172.249.67.206 - - [07/Oct/2025:22:12:07 +0000] "GET /wholsoar/js/plugins/enllax.min.js?ver=28.1.5 HTTP/1.1" 200 529 "https://klmalaygirl.net/" "Mozilla/5.0 (Linux; Android 10; K) AppleWebKit/537.36 (KHTML, like Gecko) Chrome/141.0.0.0 Mobile Safari/537.36"
172.249.67.206 - - [07/Oct/2025:22:12:07 +0000] "GET /wholsoar/assets/animations/animations.min.js?ver=28.1.5 HTTP/1.1" 200 627 "https://klmalaygirl.net/" "Mozilla/5.0 (Linux; Android 10; K) AppleWebKit/537.36 (KHTML, like Gecko) Chrome/141.0.0.0 Mobile Safari/537.36"
172.249.67.206 - - [07/Oct/2025:22:12:07 +0000] "GET /wystipoo/cache/min/1/wp-content/themes/betheme/js/parallax/translate3d.js?ver=1755441892 HTTP/1.1" 200 963 "https://klmalaygirl.net/" "Mozilla/5.0 (Linux; Android 10; K) AppleWebKit/537.36 (KHTML, like Gecko) Chrome/141.0.0.0 Mobile Safari/537.36"
172.249.67.206 - - [07/Oct/2025:22:12:07 +0000] "GET /wystipoo/cache/min/1/wp-content/themes/betheme/js/woocommerce.js?ver=1755441893 HTTP/1.1" 200 8614 "https://klmalaygirl.net/" "Mozilla/5.0 (Linux; Android 10; K) AppleWebKit/537.36 (KHTML, like Gecko) Chrome/141.0.0.0 Mobile Safari/537.36"
172.249.67.206 - - [07/Oct/2025:22:12:07 +0000] "GET /wholsoar/js/plugins/slick.min.js?ver=28.1.5 HTTP/1.1" 200 10586 "https://klmalaygirl.net/" "Mozilla/5.0 (Linux; Android 10; K) AppleWebKit/537.36 (KHTML, like Gecko) Chrome/141.0.0.0 Mobile Safari/537.36"
172.249.67.206 - - [07/Oct/2025:22:12:07 +0000] "GET /wholsoar/js/plugins/imagesloaded.min.js?ver=28.1.5 HTTP/1.1" 200 1784 "https://klmalaygirl.net/" "Mozilla/5.0 (Linux; Android 10; K) AppleWebKit/537.36 (KHTML, like Gecko) Chrome/141.0.0.0 Mobile Safari/537.36"
172.249.67.206 - - [07/Oct/2025:22:12:07 +0000] "GET /jitchigr/creame-whatsapp-me/public/js/joinchat.min.js?ver=6.0.8 HTTP/1.1" 200 3372 "https://klmalaygirl.net/" "Mozilla/5.0 (Linux; Android 10; K) AppleWebKit/537.36 (KHTML, like Gecko) Chrome/141.0.0.0 Mobile Safari/537.36"
172.249.67.206 - - [07/Oct/2025:22:12:07 +0000] "GET /wystipoo/cache/min/1/wp-content/themes/betheme/js/scripts.js?ver=1755441893 HTTP/1.1" 200 24370 "https://klmalaygirl.net/" "Mozilla/5.0 (Linux; Android 10; K) AppleWebKit/537.36 (KHTML, like Gecko) Chrome/141.0.0.0 Mobile Safari/537.36"
172.249.67.206 - - [07/Oct/2025:22:12:07 +0000] "GET /jitchigr/woocommerce/assets/js/sourcebuster/sourcebuster.min.js?ver=10.2.1 HTTP/1.1" 200 4807 "https://klmalaygirl.net/" "Mozilla/5.0 (Linux; Android 10; K) AppleWebKit/537.36 (KHTML, like Gecko) Chrome/141.0.0.0 Mobile Safari/537.36"
172.249.67.206 - - [07/Oct/2025:22:12:07 +0000] "GET /jitchigr/woocommerce/assets/js/frontend/order-attribution.min.js?ver=10.2.1 HTTP/1.1" 200 1128 "https://klmalaygirl.net/" "Mozilla/5.0 (Linux; Android 10; K) AppleWebKit/537.36 (KHTML, like Gecko) Chrome/141.0.0.0 Mobile Safari/537.36"
172.249.67.206 - - [07/Oct/2025:22:12:07 +0000] "GET /xygansof/js/comment-reply.min.js?ver=6.8.3 HTTP/1.1" 200 1375 "https://klmalaygirl.net/" "Mozilla/5.0 (Linux; Android 10; K) AppleWebKit/537.36 (KHTML, like Gecko) Chrome/141.0.0.0 Mobile Safari/537.36"
172.249.67.206 - - [07/Oct/2025:22:12:07 +0000] "GET /wholsoar/js/plugins/waypoints.min.js?ver=28.1.5 HTTP/1.1" 200 2746 "https://klmalaygirl.net/" "Mozilla/5.0 (Linux; Android 10; K) AppleWebKit/537.36 (KHTML, like Gecko) Chrome/141.0.0.0 Mobile Safari/537.36"
172.249.67.206 - - [07/Oct/2025:22:12:07 +0000] "GET /jitchigr/revslider/sr6/assets/js/rbtools.min.js?ver=6.7.2 HTTP/1.1" 200 61824 "https://klmalaygirl.net/" "Mozilla/5.0 (Linux; Android 10; K) AppleWebKit/537.36 (KHTML, like Gecko) Chrome/141.0.0.0 Mobile Safari/537.36"
172.249.67.206 - - [07/Oct/2025:22:12:07 +0000] "GET /jitchigr/revslider/sr6/assets/js/rs6.min.js?ver=6.7.4 HTTP/1.1" 200 108700 "https://klmalaygirl.net/" "Mozilla/5.0 (Linux; Android 10; K) AppleWebKit/537.36 (KHTML, like Gecko) Chrome/141.0.0.0 Mobile Safari/537.36"
172.249.67.206 - - [07/Oct/2025:22:12:07 +0000] "GET /jitchigr/revslider/sr6/assets/assets/transparent.png HTTP/1.1" 200 122 "https://klmalaygirl.net/" "Mozilla/5.0 (Linux; Android 10; K) AppleWebKit/537.36 (KHTML, like Gecko) Chrome/141.0.0.0 Mobile Safari/537.36"
172.249.67.206 - - [07/Oct/2025:22:12:07 +0000] "POST /?wc-ajax=get_refreshed_fragments HTTP/1.1" 200 226 "https://klmalaygirl.net/" "Mozilla/5.0 (Linux; Android 10; K) AppleWebKit/537.36 (KHTML, like Gecko) Chrome/141.0.0.0 Mobile Safari/537.36"
203.161.56.247 - - [07/Oct/2025:22:12:10 +0000] "POST /wp-cron.php?doing_wp_cron=1759875130.2553730010986328125000 HTTP/1.1" 200 - "-" "WordPress/6.8.3; https://klmalaygirl.net"
172.249.67.206 - - [07/Oct/2025:22:12:07 +0000] "POST /wp-admin/admin-ajax.php HTTP/1.1" 200 441 "https://klmalaygirl.net/" "Mozilla/5.0 (Linux; Android 10; K) AppleWebKit/537.36 (KHTML, like Gecko) Chrome/141.0.0.0 Mobile Safari/537.36"
172.249.67.206 - - [07/Oct/2025:22:12:12 +0000] "GET /kl-escorts/kl-escort-porscher/ HTTP/1.1" 200 44944 "https://klmalaygirl.net/" "Mozilla/5.0 (Linux; Android 10; K) AppleWebKit/537.36 (KHTML, like Gecko) Chrome/141.0.0.0 Mobile Safari/537.36"
172.249.67.206 - - [07/Oct/2025:22:12:12 +0000] "GET /kl-escorts/kl-escort-porscher/ HTTP/1.1" 304 - "https://klmalaygirl.net/" "Mozilla/5.0 (Linux; Android 10; K) AppleWebKit/537.36 (KHTML, like Gecko) Chrome/141.0.0.0 Mobile Safari/537.36"
203.161.56.247 - - [07/Oct/2025:22:12:11 +0000] "GET /escorts-gallery/mont-kiara-escort/ HTTP/1.1" 200 47384 "-" "WP Rocket/Preload"
172.249.67.206 - - [07/Oct/2025:22:12:16 +0000] "GET /meevyduh/2025/03/KL-Escort-Porscher-1.jpg HTTP/1.1" 200 169063 "https://klmalaygirl.net/kl-escorts/kl-escort-porscher/" "Mozilla/5.0 (Linux; Android 10; K) AppleWebKit/537.36 (KHTML, like Gecko) Chrome/141.0.0.0 Mobile Safari/537.36"
172.249.67.206 - - [07/Oct/2025:22:12:16 +0000] "GET /jitchigr/woocommerce/assets/css/photoswipe/photoswipe.min.css?ver=10.2.1 HTTP/1.1" 200 997 "https://klmalaygirl.net/kl-escorts/kl-escort-porscher/" "Mozilla/5.0 (Linux; Android 10; K) AppleWebKit/537.36 (KHTML, like Gecko) Chrome/141.0.0.0 Mobile Safari/537.36"
172.249.67.206 - - [07/Oct/2025:22:12:16 +0000] "GET /jitchigr/woocommerce/assets/css/photoswipe/default-skin/default-skin.min.css?ver=10.2.1 HTTP/1.1" 200 1952 "https://klmalaygirl.net/kl-escorts/kl-escort-porscher/" "Mozilla/5.0 (Linux; Android 10; K) AppleWebKit/537.36 (KHTML, like Gecko) Chrome/141.0.0.0 Mobile Safari/537.36"
172.249.67.206 - - [07/Oct/2025:22:12:16 +0000] "GET /wystipoo/cache/min/1/wp-content/uploads/betheme/css/post-55.css?ver=1755442294 HTTP/1.1" 200 712 "https://klmalaygirl.net/kl-escorts/kl-escort-porscher/" "Mozilla/5.0 (Linux; Android 10; K) AppleWebKit/537.36 (KHTML, like Gecko) Chrome/141.0.0.0 Mobile Safari/537.36"
172.249.67.206 - - [07/Oct/2025:22:12:16 +0000] "GET /meevyduh/betheme/css/post-954.css?ver=1759871113 HTTP/1.1" 200 - "https://klmalaygirl.net/kl-escorts/kl-escort-porscher/" "Mozilla/5.0 (Linux; Android 10; K) AppleWebKit/537.36 (KHTML, like Gecko) Chrome/141.0.0.0 Mobile Safari/537.36"
172.249.67.206 - - [07/Oct/2025:22:12:16 +0000] "GET /wystipoo/cache/min/1/wp-content/uploads/betheme/css/post-59.css?ver=1755442294 HTTP/1.1" 200 360 "https://klmalaygirl.net/kl-escorts/kl-escort-porscher/" "Mozilla/5.0 (Linux; Android 10; K) AppleWebKit/537.36 (KHTML, like Gecko) Chrome/141.0.0.0 Mobile Safari/537.36"
172.249.67.206 - - [07/Oct/2025:22:12:16 +0000] "GET /meevyduh/2025/03/KL-Escort-Porscher-3.jpg HTTP/1.1" 200 149301 "https://klmalaygirl.net/kl-escorts/kl-escort-porscher/" "Mozilla/5.0 (Linux; Android 10; K) AppleWebKit/537.36 (KHTML, like Gecko) Chrome/141.0.0.0 Mobile Safari/537.36"
172.249.67.206 - - [07/Oct/2025:22:12:16 +0000] "GET /jitchigr/woocommerce/assets/js/zoom/jquery.zoom.min.js?ver=1.7.21-wc.10.2.1 HTTP/1.1" 200 1192 "https://klmalaygirl.net/kl-escorts/kl-escort-porscher/" "Mozilla/5.0 (Linux; Android 10; K) AppleWebKit/537.36 (KHTML, like Gecko) Chrome/141.0.0.0 Mobile Safari/537.36"
203.161.56.247 - - [07/Oct/2025:22:12:14 +0000] "GET /escorts-gallery/mont-kiara-escort/ HTTP/1.1" 200 47393 "-" "WP Rocket/Preload Mozilla/5.0 (iPhone; CPU iPhone OS 9_1 like Mac OS X) AppleWebKit/601.1.46 (KHTML, like Gecko) Version/9.0 Mobile/13B143 Safari/601.1"
172.249.67.206 - - [07/Oct/2025:22:12:16 +0000] "GET /jitchigr/woocommerce/assets/js/flexslider/jquery.flexslider.min.js?ver=2.7.2-wc.10.2.1 HTTP/1.1" 200 6204 "https://klmalaygirl.net/kl-escorts/kl-escort-porscher/" "Mozilla/5.0 (Linux; Android 10; K) AppleWebKit/537.36 (KHTML, like Gecko) Chrome/141.0.0.0 Mobile Safari/537.36"
172.249.67.206 - - [07/Oct/2025:22:12:16 +0000] "GET /jitchigr/woocommerce/assets/js/photoswipe/photoswipe.min.js?ver=4.1.1-wc.10.2.1 HTTP/1.1" 200 12042 "https://klmalaygirl.net/kl-escorts/kl-escort-porscher/" "Mozilla/5.0 (Linux; Android 10; K) AppleWebKit/537.36 (KHTML, like Gecko) Chrome/141.0.0.0 Mobile Safari/537.36"
172.249.67.206 - - [07/Oct/2025:22:12:16 +0000] "GET /jitchigr/woocommerce/assets/js/photoswipe/photoswipe-ui-default.min.js?ver=4.1.1-wc.10.2.1 HTTP/1.1" 200 3674 "https://klmalaygirl.net/kl-escorts/kl-escort-porscher/" "Mozilla/5.0 (Linux; Android 10; K) AppleWebKit/537.36 (KHTML, like Gecko) Chrome/141.0.0.0 Mobile Safari/537.36"
172.249.67.206 - - [07/Oct/2025:22:12:16 +0000] "GET /jitchigr/woocommerce/assets/js/frontend/single-product.min.js?ver=10.2.1 HTTP/1.1" 200 2917 "https://klmalaygirl.net/kl-escorts/kl-escort-porscher/" "Mozilla/5.0 (Linux; Android 10; K) AppleWebKit/537.36 (KHTML, like Gecko) Chrome/141.0.0.0 Mobile Safari/537.36"
172.249.67.206 - - [07/Oct/2025:22:12:16 +0000] "GET /meevyduh/2022/10/lingerie-product-icon2.svg HTTP/1.1" 200 863 "https://klmalaygirl.net/kl-escorts/kl-escort-porscher/" "Mozilla/5.0 (Linux; Android 10; K) AppleWebKit/537.36 (KHTML, like Gecko) Chrome/141.0.0.0 Mobile Safari/537.36"
172.249.67.206 - - [07/Oct/2025:22:12:16 +0000] "GET /meevyduh/2025/03/KL-Escort-Porscher-1-480x854.jpg HTTP/1.1" 200 62423 "https://klmalaygirl.net/kl-escorts/kl-escort-porscher/" "Mozilla/5.0 (Linux; Android 10; K) AppleWebKit/537.36 (KHTML, like Gecko) Chrome/141.0.0.0 Mobile Safari/537.36"
172.249.67.206 - - [07/Oct/2025:22:12:16 +0000] "GET /meevyduh/2025/03/KL-Escort-Porscher-2-480x854.jpg HTTP/1.1" 200 53594 "https://klmalaygirl.net/kl-escorts/kl-escort-porscher/" "Mozilla/5.0 (Linux; Android 10; K) AppleWebKit/537.36 (KHTML, like Gecko) Chrome/141.0.0.0 Mobile Safari/537.36"
172.249.67.206 - - [07/Oct/2025:22:12:16 +0000] "GET /meevyduh/2025/02/suria-klcc_escort.webp HTTP/1.1" 200 68964 "https://klmalaygirl.net/wystipoo/cache/min/1/wp-content/uploads/betheme/css/post-59.css?ver=1755442294" "Mozilla/5.0 (Linux; Android 10; K) AppleWebKit/537.36 (KHTML, like Gecko) Chrome/141.0.0.0 Mobile Safari/537.36"
172.249.67.206 - - [07/Oct/2025:22:12:16 +0000] "GET /meevyduh/2025/03/KL-Escort-Porscher-4-480x854.jpg HTTP/1.1" 200 63124 "https://klmalaygirl.net/kl-escorts/kl-escort-porscher/" "Mozilla/5.0 (Linux; Android 10; K) AppleWebKit/537.36 (KHTML, like Gecko) Chrome/141.0.0.0 Mobile Safari/537.36"
172.249.67.206 - - [07/Oct/2025:22:12:16 +0000] "GET /meevyduh/2025/03/KL-Escort-Porscher-5-480x854.jpg HTTP/1.1" 200 53411 "https://klmalaygirl.net/kl-escorts/kl-escort-porscher/" "Mozilla/5.0 (Linux; Android 10; K) AppleWebKit/537.36 (KHTML, like Gecko) Chrome/141.0.0.0 Mobile Safari/537.36"
172.249.67.206 - - [07/Oct/2025:22:12:16 +0000] "GET /meevyduh/2025/03/KL-Escort-Porscher-6-480x854.jpg HTTP/1.1" 200 51611 "https://klmalaygirl.net/kl-escorts/kl-escort-porscher/" "Mozilla/5.0 (Linux; Android 10; K) AppleWebKit/537.36 (KHTML, like Gecko) Chrome/141.0.0.0 Mobile Safari/537.36"
172.249.67.206 - - [07/Oct/2025:22:12:16 +0000] "GET /jitchigr/woocommerce/assets/fonts/WooCommerce.woff2 HTTP/1.1" 200 6498 "https://klmalaygirl.net/wystipoo/cache/min/1/wp-content/plugins/woocommerce/assets/css/woocommerce.css?ver=1755441889" "Mozilla/5.0 (Linux; Android 10; K) AppleWebKit/537.36 (KHTML, like Gecko) Chrome/141.0.0.0 Mobile Safari/537.36"
172.249.67.206 - - [07/Oct/2025:22:12:16 +0000] "GET /meevyduh/2025/02/hotel-svgrepo-com.svg HTTP/1.1" 200 1146 "https://klmalaygirl.net/kl-escorts/kl-escort-porscher/" "Mozilla/5.0 (Linux; Android 10; K) AppleWebKit/537.36 (KHTML, like Gecko) Chrome/141.0.0.0 Mobile Safari/537.36"
172.249.67.206 - - [07/Oct/2025:22:12:16 +0000] "GET /meevyduh/2025/02/whatsapp-button.png HTTP/1.1" 200 31650 "https://klmalaygirl.net/kl-escorts/kl-escort-porscher/" "Mozilla/5.0 (Linux; Android 10; K) AppleWebKit/537.36 (KHTML, like Gecko) Chrome/141.0.0.0 Mobile Safari/537.36"
172.249.67.206 - - [07/Oct/2025:22:12:16 +0000] "GET /meevyduh/2025/02/car-svgrepo-com.svg HTTP/1.1" 200 716 "https://klmalaygirl.net/kl-escorts/kl-escort-porscher/" "Mozilla/5.0 (Linux; Android 10; K) AppleWebKit/537.36 (KHTML, like Gecko) Chrome/141.0.0.0 Mobile Safari/537.36"
172.249.67.206 - - [07/Oct/2025:22:12:16 +0000] "GET /meevyduh/2025/03/KL-Escort-Porscher-1-300x300.jpg HTTP/1.1" 200 15301 "https://klmalaygirl.net/kl-escorts/kl-escort-porscher/" "Mozilla/5.0 (Linux; Android 10; K) AppleWebKit/537.36 (KHTML, like Gecko) Chrome/141.0.0.0 Mobile Safari/537.36"
172.249.67.206 - - [07/Oct/2025:22:12:16 +0000] "GET /meevyduh/2025/03/KL-Escort-Porscher-2-300x300.jpg HTTP/1.1" 200 14774 "https://klmalaygirl.net/kl-escorts/kl-escort-porscher/" "Mozilla/5.0 (Linux; Android 10; K) AppleWebKit/537.36 (KHTML, like Gecko) Chrome/141.0.0.0 Mobile Safari/537.36"
172.249.67.206 - - [07/Oct/2025:22:12:16 +0000] "GET /meevyduh/2025/03/KL-Escort-Porscher-4-300x300.jpg HTTP/1.1" 200 17076 "https://klmalaygirl.net/kl-escorts/kl-escort-porscher/" "Mozilla/5.0 (Linux; Android 10; K) AppleWebKit/537.36 (KHTML, like Gecko) Chrome/141.0.0.0 Mobile Safari/537.36"
172.249.67.206 - - [07/Oct/2025:22:12:16 +0000] "GET /meevyduh/2025/03/KL-Escort-Porscher-3-300x300.jpg HTTP/1.1" 200 17147 "https://klmalaygirl.net/kl-escorts/kl-escort-porscher/" "Mozilla/5.0 (Linux; Android 10; K) AppleWebKit/537.36 (KHTML, like Gecko) Chrome/141.0.0.0 Mobile Safari/537.36"
172.249.67.206 - - [07/Oct/2025:22:12:16 +0000] "GET /meevyduh/2025/03/KL-Escort-Porscher-5-300x300.jpg HTTP/1.1" 200 14636 "https://klmalaygirl.net/kl-escorts/kl-escort-porscher/" "Mozilla/5.0 (Linux; Android 10; K) AppleWebKit/537.36 (KHTML, like Gecko) Chrome/141.0.0.0 Mobile Safari/537.36"
172.249.67.206 - - [07/Oct/2025:22:12:16 +0000] "GET /meevyduh/2025/03/KL-Escort-Porscher-6-300x300.jpg HTTP/1.1" 200 13271 "https://klmalaygirl.net/kl-escorts/kl-escort-porscher/" "Mozilla/5.0 (Linux; Android 10; K) AppleWebKit/537.36 (KHTML, like Gecko) Chrome/141.0.0.0 Mobile Safari/537.36"
172.249.67.206 - - [07/Oct/2025:22:12:16 +0000] "GET /meevyduh/2025/03/KL-Escort-Porscher-2.jpg HTTP/1.1" 200 148391 "https://klmalaygirl.net/kl-escorts/kl-escort-porscher/" "Mozilla/5.0 (Linux; Android 10; K) AppleWebKit/537.36 (KHTML, like Gecko) Chrome/141.0.0.0 Mobile Safari/537.36"
172.249.67.206 - - [07/Oct/2025:22:12:16 +0000] "GET /meevyduh/2025/03/KL-Escort-Porscher-6.jpg HTTP/1.1" 200 142082 "https://klmalaygirl.net/kl-escorts/kl-escort-porscher/" "Mozilla/5.0 (Linux; Android 10; K) AppleWebKit/537.36 (KHTML, like Gecko) Chrome/141.0.0.0 Mobile Safari/537.36"
172.249.67.206 - - [07/Oct/2025:22:12:16 +0000] "GET /meevyduh/2025/03/KL-Escort-Porscher-4.jpg HTTP/1.1" 200 166987 "https://klmalaygirl.net/kl-escorts/kl-escort-porscher/" "Mozilla/5.0 (Linux; Android 10; K) AppleWebKit/537.36 (KHTML, like Gecko) Chrome/141.0.0.0 Mobile Safari/537.36"
172.249.67.206 - - [07/Oct/2025:22:12:16 +0000] "GET /meevyduh/2025/03/KL-Escort-Porscher-5.jpg HTTP/1.1" 200 145895 "https://klmalaygirl.net/kl-escorts/kl-escort-porscher/" "Mozilla/5.0 (Linux; Android 10; K) AppleWebKit/537.36 (KHTML, like Gecko) Chrome/141.0.0.0 Mobile Safari/537.36"
203.161.56.247 - - [07/Oct/2025:22:12:10 +0000] "POST /wp-admin/admin-ajax.php?action=as_async_request_queue_runner&nonce=973dc2a140 HTTP/1.1" 200 - "-" "WordPress/6.8.3; https://klmalaygirl.net"
172.249.67.206 - - [07/Oct/2025:22:12:17 +0000] "GET /wystipoo/cache/min/1/wp-content/themes/betheme/js/swiper.js?ver=1755442295 HTTP/1.1" 200 41562 "https://klmalaygirl.net/kl-escorts/kl-escort-porscher/" "Mozilla/5.0 (Linux; Android 10; K) AppleWebKit/537.36 (KHTML, like Gecko) Chrome/141.0.0.0 Mobile Safari/537.36"
203.161.56.247 - - [07/Oct/2025:22:12:16 +0000] "GET /escorts-gallery/mid-valley-escort/ HTTP/1.1" 200 47403 "-" "WP Rocket/Preload"
203.161.56.247 - - [07/Oct/2025:22:12:17 +0000] "GET /escorts-gallery/mid-valley-escort/ HTTP/1.1" 200 47025 "-" "WP Rocket/Preload Mozilla/5.0 (iPhone; CPU iPhone OS 9_1 like Mac OS X) AppleWebKit/601.1.46 (KHTML, like Gecko) Version/9.0 Mobile/13B143 Safari/601.1"
172.249.67.206 - - [07/Oct/2025:22:12:17 +0000] "POST /wp-admin/admin-ajax.php HTTP/1.1" 200 441 "https://klmalaygirl.net/kl-escorts/kl-escort-porscher/" "Mozilla/5.0 (Linux; Android 10; K) AppleWebKit/537.36 (KHTML, like Gecko) Chrome/141.0.0.0 Mobile Safari/537.36"
203.161.56.247 - - [07/Oct/2025:22:12:19 +0000] "GET /escorts-gallery/kuala-lumpur-escort/ HTTP/1.1" 200 47009 "-" "WP Rocket/Preload"
203.161.56.247 - - [07/Oct/2025:22:12:20 +0000] "GET /escorts-gallery/kuala-lumpur-escort/ HTTP/1.1" 200 46989 "-" "WP Rocket/Preload Mozilla/5.0 (iPhone; CPU iPhone OS 9_1 like Mac OS X) AppleWebKit/601.1.46 (KHTML, like Gecko) Version/9.0 Mobile/13B143 Safari/601.1"
203.161.56.247 - - [07/Oct/2025:22:12:22 +0000] "GET /escorts-gallery/klcc-escort/ HTTP/1.1" 200 47392 "-" "WP Rocket/Preload"
203.161.56.247 - - [07/Oct/2025:22:12:23 +0000] "GET /escorts-gallery/klcc-escort/ HTTP/1.1" 200 47397 "-" "WP Rocket/Preload Mozilla/5.0 (iPhone; CPU iPhone OS 9_1 like Mac OS X) AppleWebKit/601.1.46 (KHTML, like Gecko) Version/9.0 Mobile/13B143 Safari/601.1"
203.161.56.247 - - [07/Oct/2025:22:12:25 +0000] "GET /escorts-gallery/kl-sentral-escort/ HTTP/1.1" 200 47393 "-" "WP Rocket/Preload"
203.161.56.247 - - [07/Oct/2025:22:12:26 +0000] "GET /escorts-gallery/kl-sentral-escort/ HTTP/1.1" 200 47015 "-" "WP Rocket/Preload Mozilla/5.0 (iPhone; CPU iPhone OS 9_1 like Mac OS X) AppleWebKit/601.1.46 (KHTML, like Gecko) Version/9.0 Mobile/13B143 Safari/601.1"
172.249.67.206 - - [07/Oct/2025:22:12:56 +0000] "POST /?wc-ajax=get_refreshed_fragments HTTP/1.1" 200 226 "https://klmalaygirl.net/" "Mozilla/5.0 (Linux; Android 10; K) AppleWebKit/537.36 (KHTML, like Gecko) Chrome/141.0.0.0 Mobile Safari/537.36"
203.161.56.247 - - [07/Oct/2025:22:12:58 +0000] "POST /wp-cron.php?doing_wp_cron=1759875178.8852200508117675781250 HTTP/1.1" 200 - "-" "WordPress/6.8.3; https://klmalaygirl.net"
172.249.67.206 - - [07/Oct/2025:22:12:56 +0000] "POST /wp-admin/admin-ajax.php HTTP/1.1" 200 441 "https://klmalaygirl.net/" "Mozilla/5.0 (Linux; Android 10; K) AppleWebKit/537.36 (KHTML, like Gecko) Chrome/141.0.0.0 Mobile Safari/537.36"
203.161.56.247 - - [07/Oct/2025:22:13:42 +0000] "POST /wp-cron.php?doing_wp_cron=1759875222.6492629051208496093750 HTTP/1.1" 200 - "-" "WordPress/6.8.3; https://klmalaygirl.net"
15.235.98.247 - - [07/Oct/2025:22:13:40 +0000] "GET /how-to-choose-perfect-underwear/feed/ HTTP/1.1" 200 481 "-" "Mozilla/5.0 (compatible; AhrefsBot/7.0; +http://ahrefs.com/robot/)"
203.161.56.247 - - [07/Oct/2025:22:13:44 +0000] "GET /escorts-gallery/jalan-klang-lama-escort/ HTTP/1.1" 200 47194 "-" "WP Rocket/Preload"
203.161.56.247 - - [07/Oct/2025:22:13:46 +0000] "GET /escorts-gallery/jalan-klang-lama-escort/ HTTP/1.1" 200 46828 "-" "WP Rocket/Preload Mozilla/5.0 (iPhone; CPU iPhone OS 9_1 like Mac OS X) AppleWebKit/601.1.46 (KHTML, like Gecko) Version/9.0 Mobile/13B143 Safari/601.1"
203.161.56.247 - - [07/Oct/2025:22:13:48 +0000] "GET /escorts-gallery/bukit-jalil-escort/ HTTP/1.1" 200 47200 "-" "WP Rocket/Preload Mozilla/5.0 (iPhone; CPU iPhone OS 9_1 like Mac OS X) AppleWebKit/601.1.46 (KHTML, like Gecko) Version/9.0 Mobile/13B143 Safari/601.1"
203.161.56.247 - - [07/Oct/2025:22:13:47 +0000] "GET /escorts-gallery/bukit-jalil-escort/ HTTP/1.1" 200 47182 "-" "WP Rocket/Preload"
203.161.56.247 - - [07/Oct/2025:22:13:51 +0000] "GET /escorts-gallery/bukit-bintang-escort/ HTTP/1.1" 200 46818 "-" "WP Rocket/Preload Mozilla/5.0 (iPhone; CPU iPhone OS 9_1 like Mac OS X) AppleWebKit/601.1.46 (KHTML, like Gecko) Version/9.0 Mobile/13B143 Safari/601.1"
203.161.56.247 - - [07/Oct/2025:22:13:49 +0000] "GET /escorts-gallery/bukit-bintang-escort/ HTTP/1.1" 200 46803 "-" "WP Rocket/Preload"
203.161.56.247 - - [07/Oct/2025:22:13:51 +0000] "GET /author/kl-malay-girl/ HTTP/1.1" 200 40837 "-" "WP Rocket/Preload"
203.161.56.247 - - [07/Oct/2025:22:13:53 +0000] "GET /author/kl-malay-girl/ HTTP/1.1" 200 40860 "-" "WP Rocket/Preload Mozilla/5.0 (iPhone; CPU iPhone OS 9_1 like Mac OS X) AppleWebKit/601.1.46 (KHTML, like Gecko) Version/9.0 Mobile/13B143 Safari/601.1"
203.161.56.247 - - [07/Oct/2025:22:18:51 +0000] "POST /wp-cron.php?doing_wp_cron=1759875531.4716010093688964843750 HTTP/1.1" 200 - "-" "WordPress/6.8.3; https://klmalaygirl.net"
185.191.171.3 - - [07/Oct/2025:22:18:49 +0000] "GET /robots.txt HTTP/1.1" 200 150 "-" "Mozilla/5.0 (compatible; SemrushBot/7~bl; +http://www.semrush.com/bot.html)"
85.208.96.201 - - [07/Oct/2025:22:18:51 +0000] "GET /kl-malay-girl-tag/escort-girl/ HTTP/1.1" 200 47272 "-" "Mozilla/5.0 (compatible; SemrushBot/7~bl; +http://www.semrush.com/bot.html)"
66.249.73.1 - - [07/Oct/2025:22:21:42 +0000] "GET /kl-escorts/kl-escort-tania/ HTTP/1.1" 200 45163 "-" "Googlebot-Image/1.0"
203.161.56.247 - - [07/Oct/2025:22:22:21 +0000] "POST /wp-cron.php?doing_wp_cron=1759875741.1734170913696289062500 HTTP/1.1" 200 - "-" "WordPress/6.8.3; https://klmalaygirl.net"
157.55.39.61 - - [07/Oct/2025:22:22:19 +0000] "GET /?s=Malin+Akerman+tits HTTP/1.1" 200 32567 "-" "Mozilla/5.0 AppleWebKit/537.36 (KHTML, like Gecko; compatible; bingbot/2.0; +http://www.bing.com/bingbot.htm) Chrome/116.0.1938.76 Safari/537.36"
203.161.56.247 - - [07/Oct/2025:22:28:32 +0000] "POST /wp-cron.php?doing_wp_cron=1759876112.7578649520874023437500 HTTP/1.1" 200 - "-" "WordPress/6.8.3; https://klmalaygirl.net"
77.75.76.160 - - [07/Oct/2025:22:28:30 +0000] "GET /post-sitemap.xml HTTP/1.1" 200 1073 "-" "Mozilla/5.0 (compatible; SeznamBot/4.0; +https://o-seznam.cz/napoveda/vyhledavani/en/seznambot-crawler/)"
203.161.56.247 - - [07/Oct/2025:22:28:52 +0000] "POST /wp-cron.php?doing_wp_cron=1759876132.2139420509338378906250 HTTP/1.1" 200 - "-" "WordPress/6.8.3; https://klmalaygirl.net"
157.55.39.193 - - [07/Oct/2025:22:28:50 +0000] "GET /?s=Government+Contracting+jobs+atlanta+ga HTTP/1.1" 200 32602 "-" "Mozilla/5.0 AppleWebKit/537.36 (KHTML, like Gecko; compatible; bingbot/2.0; +http://www.bing.com/bingbot.htm) Chrome/116.0.1938.76 Safari/537.36"
114.79.0.3 - - [07/Oct/2025:22:30:14 +0000] "GET /app_porfirioloredanabattistiyezCakc.php HTTP/1.1" 200 1799 "-" "Mozilla/5.0 (Windows NT 10.0; Win64; x64) AppleWebKit/537.36 (KHTML, like Gecko) HeadlessChrome/136.0.7103.25 Safari/537.36"
66.249.73.1 - - [07/Oct/2025:22:30:32 +0000] "GET /kl-escorts/kl-escort-cinta/ HTTP/1.1" 200 44892 "-" "Mozilla/5.0 (Linux; Android 6.0.1; Nexus 5X Build/MMB29P) AppleWebKit/537.36 (KHTML, like Gecko) Chrome/140.0.7339.207 Mobile Safari/537.36 (compatible; Googlebot/2.1; +http://www.google.com/bot.html)"
66.249.73.15 - - [07/Oct/2025:22:30:36 +0000] "GET /wystipoo/cache/min/1/wp-content/plugins/easy-video-player/lib/plyr.css?ver=1755441889 HTTP/1.1" 200 5279 "https://klmalaygirl.net/kl-escorts/kl-escort-cinta/" "Mozilla/5.0 (Linux; Android 6.0.1; Nexus 5X Build/MMB29P) AppleWebKit/537.36 (KHTML, like Gecko) Chrome/139.0.7258.127 Mobile Safari/537.36 (compatible; Googlebot/2.1; +http://www.google.com/bot.html)"
66.249.73.15 - - [07/Oct/2025:22:30:36 +0000] "GET /wystipoo/cache/min/1/wp-content/themes/betheme/css/responsive.css?ver=1755441892 HTTP/1.1" 200 9872 "https://klmalaygirl.net/kl-escorts/kl-escort-cinta/" "Mozilla/5.0 (Linux; Android 6.0.1; Nexus 5X Build/MMB29P) AppleWebKit/537.36 (KHTML, like Gecko) Chrome/139.0.7258.127 Mobile Safari/537.36 (compatible; Googlebot/2.1; +http://www.google.com/bot.html)"
66.249.73.15 - - [07/Oct/2025:22:30:37 +0000] "GET /wystipoo/cache/min/1/wp-content/themes/betheme/css/be.css?ver=1755441891 HTTP/1.1" 200 71593 "https://klmalaygirl.net/kl-escorts/kl-escort-cinta/" "Mozilla/5.0 (Linux; Android 6.0.1; Nexus 5X Build/MMB29P) AppleWebKit/537.36 (KHTML, like Gecko) Chrome/139.0.7258.127 Mobile Safari/537.36 (compatible; Googlebot/2.1; +http://www.google.com/bot.html)"
66.249.73.15 - - [07/Oct/2025:22:30:37 +0000] "GET /wystipoo/cache/min/1/wp-content/themes/betheme/css/elements/divider-2.css?ver=1755441892 HTTP/1.1" 200 49565 "https://klmalaygirl.net/kl-escorts/kl-escort-cinta/" "Mozilla/5.0 (Linux; Android 6.0.1; Nexus 5X Build/MMB29P) AppleWebKit/537.36 (KHTML, like Gecko) Chrome/139.0.7258.127 Mobile Safari/537.36 (compatible; Googlebot/2.1; +http://www.google.com/bot.html)"
66.249.73.15 - - [07/Oct/2025:22:30:38 +0000] "GET /meevyduh/betheme/css/post-971.css?ver=1757376000 HTTP/1.1" 200 - "https://klmalaygirl.net/kl-escorts/kl-escort-cinta/" "Mozilla/5.0 (Linux; Android 6.0.1; Nexus 5X Build/MMB29P) AppleWebKit/537.36 (KHTML, like Gecko) Chrome/139.0.7258.127 Mobile Safari/537.36 (compatible; Googlebot/2.1; +http://www.google.com/bot.html)"
66.249.73.1 - - [07/Oct/2025:22:30:39 +0000] "GET /wholsoar/images/payment-methods/Amex.svg HTTP/1.1" 200 585 "https://klmalaygirl.net/kl-escorts/kl-escort-cinta/" "Mozilla/5.0 (Linux; Android 6.0.1; Nexus 5X Build/MMB29P) AppleWebKit/537.36 (KHTML, like Gecko) Chrome/139.0.7258.127 Mobile Safari/537.36 (compatible; Googlebot/2.1; +http://www.google.com/bot.html)"
203.161.56.247 - - [07/Oct/2025:22:33:13 +0000] "POST /wp-cron.php?doing_wp_cron=1759876393.8011770248413085937500 HTTP/1.1" 200 - "-" "WordPress/6.8.3; https://klmalaygirl.net"
216.73.216.82 - - [07/Oct/2025:22:33:11 +0000] "GET /sitemap.xml HTTP/1.1" 200 406 "-" "Mozilla/5.0 AppleWebKit/537.36 (KHTML, like Gecko; compatible; ClaudeBot/1.0; +claudebot@anthropic.com)"
162.14.210.15 - - [07/Oct/2025:22:37:44 +0000] "GET / HTTP/1.1" 200 47343 "http://klmalaygirl.net" "Mozilla/5.0 (iPhone; CPU iPhone OS 13_2_3 like Mac OS X) AppleWebKit/605.1.15 (KHTML, like Gecko) Version/13.0.3 Mobile/15E148 Safari/604.1"
203.161.56.247 - - [07/Oct/2025:22:40:57 +0000] "POST /wp-cron.php?doing_wp_cron=1759876857.4723989963531494140625 HTTP/1.1" 200 - "-" "WordPress/6.8.3; https://klmalaygirl.net"
157.55.39.52 - - [07/Oct/2025:22:40:55 +0000] "GET /?s=%E3%82%AB%E3%83%B3%E3%83%9C%E3%82%B8%E3%82%A2+esim HTTP/1.1" 200 32645 "-" "Mozilla/5.0 AppleWebKit/537.36 (KHTML, like Gecko; compatible; bingbot/2.0; +http://www.bing.com/bingbot.htm) Chrome/116.0.1938.76 Safari/537.36"
203.161.56.247 - - [07/Oct/2025:22:51:18 +0000] "POST /wp-cron.php?doing_wp_cron=1759877478.9023540019989013671875 HTTP/1.1" 200 - "-" "WordPress/6.8.3; https://klmalaygirl.net"
216.73.216.82 - - [07/Oct/2025:22:51:16 +0000] "GET /robots.txt HTTP/1.1" 200 150 "-" "Mozilla/5.0 AppleWebKit/537.36 (KHTML, like Gecko; compatible; ClaudeBot/1.0; +claudebot@anthropic.com)"
216.73.216.82 - - [07/Oct/2025:22:51:19 +0000] "GET /news-sitemap.xml HTTP/1.1" 404 196 "-" "Mozilla/5.0 AppleWebKit/537.36 (KHTML, like Gecko; compatible; ClaudeBot/1.0; +claudebot@anthropic.com)"
34.23.21.14 - - [07/Oct/2025:22:53:11 +0000] "HEAD / HTTP/1.1" 200 - "http://klmalaygirl.net/" "Mozilla/5.0 (Windows NT 11.0; Win64; x64; rv:126.0) Gecko/20100101 Firefox/126.0"
34.23.21.14 - - [07/Oct/2025:22:53:18 +0000] "HEAD / HTTP/1.1" 200 - "http://klmalaygirl.net/home" "Mozilla/5.0 (Macintosh; Intel Mac OS X 13_6) AppleWebKit/537.36 (KHTML, like Gecko) Chrome/122.0.6280.88 Safari/537.36"
203.161.56.247 - - [07/Oct/2025:22:54:49 +0000] "POST /wp-cron.php?doing_wp_cron=1759877689.0678670406341552734375 HTTP/1.1" 200 - "-" "WordPress/6.8.3; https://klmalaygirl.net"
148.113.128.209 - - [07/Oct/2025:22:54:47 +0000] "GET /sitemap.rss HTTP/1.1" 200 1711 "-" "Mozilla/5.0 (compatible; AhrefsBot/7.0; +http://ahrefs.com/robot/)"
203.161.56.247 - - [07/Oct/2025:23:01:48 +0000] "POST /wp-cron.php?doing_wp_cron=1759878108.2281138896942138671875 HTTP/1.1" 200 - "-" "WordPress/6.8.3; https://klmalaygirl.net"
216.73.216.82 - - [07/Oct/2025:23:01:46 +0000] "GET /video-sitemap.xml HTTP/1.1" 200 263 "-" "Mozilla/5.0 AppleWebKit/537.36 (KHTML, like Gecko; compatible; ClaudeBot/1.0; +claudebot@anthropic.com)"
203.161.56.247 - - [07/Oct/2025:23:02:44 +0000] "POST /wp-cron.php?doing_wp_cron=1759878164.7238810062408447265625 HTTP/1.1" 200 - "-" "WordPress/6.8.3; https://klmalaygirl.net"
44.212.232.231 - - [07/Oct/2025:23:02:42 +0000] "GET /robots.txt HTTP/1.1" 200 150 "-" "Mozilla/5.0 AppleWebKit/537.36 (KHTML, like Gecko; compatible; Amazonbot/0.1; +https://developer.amazon.com/support/amazonbot) Chrome/119.0.6045.214 Safari/537.36"
203.161.56.247 - - [07/Oct/2025:23:02:46 +0000] "GET /escorts-gallery/jalan-klang-lama-escort/ HTTP/1.1" 200 47209 "-" "WP Rocket/Preload"
203.161.56.247 - - [07/Oct/2025:23:02:48 +0000] "GET /escorts-gallery/bukit-jalil-escort/ HTTP/1.1" 200 47197 "-" "WP Rocket/Preload"
203.161.56.247 - - [07/Oct/2025:23:02:47 +0000] "GET /escorts-gallery/jalan-klang-lama-escort/ HTTP/1.1" 200 46811 "-" "WP Rocket/Preload Mozilla/5.0 (iPhone; CPU iPhone OS 9_1 like Mac OS X) AppleWebKit/601.1.46 (KHTML, like Gecko) Version/9.0 Mobile/13B143 Safari/601.1"
18.205.91.101 - - [07/Oct/2025:23:02:49 +0000] "GET /kl-escorts/kl-escort-nicha/ HTTP/1.1" 200 44566 "-" "Mozilla/5.0 AppleWebKit/537.36 (KHTML, like Gecko; compatible; Amazonbot/0.1; +https://developer.amazon.com/support/amazonbot) Chrome/119.0.6045.214 Safari/537.36"
203.161.56.247 - - [07/Oct/2025:23:02:50 +0000] "GET /escorts-gallery/bukit-bintang-escort/ HTTP/1.1" 200 46819 "-" "WP Rocket/Preload"
203.161.56.247 - - [07/Oct/2025:23:02:49 +0000] "GET /escorts-gallery/bukit-jalil-escort/ HTTP/1.1" 200 47183 "-" "WP Rocket/Preload Mozilla/5.0 (iPhone; CPU iPhone OS 9_1 like Mac OS X) AppleWebKit/601.1.46 (KHTML, like Gecko) Version/9.0 Mobile/13B143 Safari/601.1"
203.161.56.247 - - [07/Oct/2025:23:02:51 +0000] "GET /escorts-gallery/bukit-bintang-escort/ HTTP/1.1" 200 46802 "-" "WP Rocket/Preload Mozilla/5.0 (iPhone; CPU iPhone OS 9_1 like Mac OS X) AppleWebKit/601.1.46 (KHTML, like Gecko) Version/9.0 Mobile/13B143 Safari/601.1"
203.161.56.247 - - [07/Oct/2025:23:02:52 +0000] "GET /kl-malay-girl-tag/kl-escort/ HTTP/1.1" 200 47255 "-" "WP Rocket/Preload"
203.161.56.247 - - [07/Oct/2025:23:02:54 +0000] "GET /kl-malay-girl-tag/kl-escort/ HTTP/1.1" 200 47259 "-" "WP Rocket/Preload Mozilla/5.0 (iPhone; CPU iPhone OS 9_1 like Mac OS X) AppleWebKit/601.1.46 (KHTML, like Gecko) Version/9.0 Mobile/13B143 Safari/601.1"
203.161.56.247 - - [07/Oct/2025:23:02:55 +0000] "GET /kl-malay-girl-tag/malaysia-escort/ HTTP/1.1" 200 47271 "-" "WP Rocket/Preload"
203.161.56.247 - - [07/Oct/2025:23:02:57 +0000] "GET /kl-malay-girl-tag/malaysia-escort/ HTTP/1.1" 200 47282 "-" "WP Rocket/Preload Mozilla/5.0 (iPhone; CPU iPhone OS 9_1 like Mac OS X) AppleWebKit/601.1.46 (KHTML, like Gecko) Version/9.0 Mobile/13B143 Safari/601.1"
203.161.56.247 - - [07/Oct/2025:23:07:12 +0000] "POST /wp-cron.php?doing_wp_cron=1759878432.7026360034942626953125 HTTP/1.1" 200 - "-" "WordPress/6.8.3; https://klmalaygirl.net"
52.167.144.161 - - [07/Oct/2025:23:07:10 +0000] "GET /?s=se+vende+en+el+pueblo+de+juncos+puerto+rico HTTP/1.1" 200 32621 "-" "Mozilla/5.0 AppleWebKit/537.36 (KHTML, like Gecko; compatible; bingbot/2.0; +http://www.bing.com/bingbot.htm) Chrome/116.0.1938.76 Safari/537.36"
203.161.56.247 - - [07/Oct/2025:23:07:14 +0000] "GET /kl-malay-girl-tag/escort-kl/ HTTP/1.1" 200 47258 "-" "WP Rocket/Preload"
203.161.56.247 - - [07/Oct/2025:23:07:17 +0000] "GET /kl-malay-girl-tag/escort-kl/ HTTP/1.1" 200 47267 "-" "WP Rocket/Preload Mozilla/5.0 (iPhone; CPU iPhone OS 9_1 like Mac OS X) AppleWebKit/601.1.46 (KHTML, like Gecko) Version/9.0 Mobile/13B143 Safari/601.1"
203.161.56.247 - - [07/Oct/2025:23:07:19 +0000] "GET /kl-malay-girl-tag/escort/ HTTP/1.1" 200 47244 "-" "WP Rocket/Preload"
203.161.56.247 - - [07/Oct/2025:23:07:20 +0000] "GET /kl-malay-girl-tag/escort/ HTTP/1.1" 200 47250 "-" "WP Rocket/Preload Mozilla/5.0 (iPhone; CPU iPhone OS 9_1 like Mac OS X) AppleWebKit/601.1.46 (KHTML, like Gecko) Version/9.0 Mobile/13B143 Safari/601.1"
203.161.56.247 - - [07/Oct/2025:23:07:22 +0000] "GET /kl-malay-girl-tag/escort-girl-malaysia/ HTTP/1.1" 200 47285 "-" "WP Rocket/Preload"
203.161.56.247 - - [07/Oct/2025:23:07:23 +0000] "GET /kl-malay-girl-tag/escort-girl-malaysia/ HTTP/1.1" 200 47292 "-" "WP Rocket/Preload Mozilla/5.0 (iPhone; CPU iPhone OS 9_1 like Mac OS X) AppleWebKit/601.1.46 (KHTML, like Gecko) Version/9.0 Mobile/13B143 Safari/601.1"
203.161.56.247 - - [07/Oct/2025:23:07:25 +0000] "GET /kl-malay-girl-tag/viva3-escort/ HTTP/1.1" 200 47270 "-" "WP Rocket/Preload"
203.161.56.247 - - [07/Oct/2025:23:07:26 +0000] "GET /kl-malay-girl-tag/viva3-escort/ HTTP/1.1" 200 47275 "-" "WP Rocket/Preload Mozilla/5.0 (iPhone; CPU iPhone OS 9_1 like Mac OS X) AppleWebKit/601.1.46 (KHTML, like Gecko) Version/9.0 Mobile/13B143 Safari/601.1"
203.161.56.247 - - [07/Oct/2025:23:07:28 +0000] "GET /kl-malay-girl-tag/escort-girl/ HTTP/1.1" 200 47257 "-" "WP Rocket/Preload"
203.161.56.247 - - [07/Oct/2025:23:07:29 +0000] "GET /kl-malay-girl-tag/escort-girl/ HTTP/1.1" 200 47264 "-" "WP Rocket/Preload Mozilla/5.0 (iPhone; CPU iPhone OS 9_1 like Mac OS X) AppleWebKit/601.1.46 (KHTML, like Gecko) Version/9.0 Mobile/13B143 Safari/601.1"
203.161.56.247 - - [07/Oct/2025:23:07:31 +0000] "GET /kl-malay-girl-tag/klpj-escort/ HTTP/1.1" 200 47268 "-" "WP Rocket/Preload"
203.161.56.247 - - [07/Oct/2025:23:07:32 +0000] "GET /kl-malay-girl-tag/klpj-escort/ HTTP/1.1" 200 47274 "-" "WP Rocket/Preload Mozilla/5.0 (iPhone; CPU iPhone OS 9_1 like Mac OS X) AppleWebKit/601.1.46 (KHTML, like Gecko) Version/9.0 Mobile/13B143 Safari/601.1"
203.161.56.247 - - [07/Oct/2025:23:07:34 +0000] "GET /kl-malay-girl-tag/kl-escort-girl/ HTTP/1.1" 200 47267 "-" "WP Rocket/Preload"
203.161.56.247 - - [07/Oct/2025:23:07:35 +0000] "GET /kl-malay-girl-tag/kl-escort-girl/ HTTP/1.1" 200 47272 "-" "WP Rocket/Preload Mozilla/5.0 (iPhone; CPU iPhone OS 9_1 like Mac OS X) AppleWebKit/601.1.46 (KHTML, like Gecko) Version/9.0 Mobile/13B143 Safari/601.1"
203.161.56.247 - - [07/Oct/2025:23:07:37 +0000] "GET /kl-malay-girl-tag/kl-escorts/ HTTP/1.1" 200 47255 "-" "WP Rocket/Preload"
203.161.56.247 - - [07/Oct/2025:23:07:38 +0000] "GET /kl-malay-girl-tag/kl-escorts/ HTTP/1.1" 200 47260 "-" "WP Rocket/Preload Mozilla/5.0 (iPhone; CPU iPhone OS 9_1 like Mac OS X) AppleWebKit/601.1.46 (KHTML, like Gecko) Version/9.0 Mobile/13B143 Safari/601.1"
203.161.56.247 - - [07/Oct/2025:23:11:47 +0000] "POST /wp-cron.php?doing_wp_cron=1759878707.0798749923706054687500 HTTP/1.1" 200 - "-" "WordPress/6.8.3; https://klmalaygirl.net"
103.149.169.122 - - [07/Oct/2025:23:11:45 +0000] "POST /xmlrpc.php HTTP/1.1" 405 216 "https://klmalaygirl.net" "Mozilla/5.0 (Windows NT 10.0; Win64; x64; rv:129.0) Gecko/20100101 Firefox/129.0"
103.149.169.122 - - [07/Oct/2025:23:11:47 +0000] "POST /wp-login.php HTTP/1.1" 200 2241 "https://klmalaygirl.net" "Mozilla/5.0 (Macintosh; Intel Mac OS X 10_15_7) AppleWebKit/537.36 (KHTML, like Gecko) Chrome/112.0.5615.138 Safari/537.36"
203.161.56.247 - - [07/Oct/2025:23:11:48 +0000] "GET /kl-malay-girl-tag/kl-freelance-escort/ HTTP/1.1" 200 47286 "-" "WP Rocket/Preload"
203.161.56.247 - - [07/Oct/2025:23:11:51 +0000] "GET /kl-malay-girl-tag/kl-freelance-escort/ HTTP/1.1" 200 47291 "-" "WP Rocket/Preload Mozilla/5.0 (iPhone; CPU iPhone OS 9_1 like Mac OS X) AppleWebKit/601.1.46 (KHTML, like Gecko) Version/9.0 Mobile/13B143 Safari/601.1"
203.161.56.247 - - [07/Oct/2025:23:11:52 +0000] "GET /kl-malay-girl-tag/kl-local-escort/ HTTP/1.1" 200 47276 "-" "WP Rocket/Preload"
203.161.56.247 - - [07/Oct/2025:23:11:56 +0000] "GET /author/kl-malay-girl/ HTTP/1.1" 200 40852 "-" "WP Rocket/Preload"
203.161.56.247 - - [07/Oct/2025:23:11:54 +0000] "GET /kl-malay-girl-tag/kl-local-escort/ HTTP/1.1" 200 47284 "-" "WP Rocket/Preload Mozilla/5.0 (iPhone; CPU iPhone OS 9_1 like Mac OS X) AppleWebKit/601.1.46 (KHTML, like Gecko) Version/9.0 Mobile/13B143 Safari/601.1"
203.161.56.247 - - [07/Oct/2025:23:11:56 +0000] "GET /author/kl-malay-girl/ HTTP/1.1" 200 40846 "-" "WP Rocket/Preload Mozilla/5.0 (iPhone; CPU iPhone OS 9_1 like Mac OS X) AppleWebKit/601.1.46 (KHTML, like Gecko) Version/9.0 Mobile/13B143 Safari/601.1"
203.161.56.247 - - [07/Oct/2025:23:11:58 +0000] "GET /escorts-gallery/lingerie/ HTTP/1.1" 200 44336 "-" "WP Rocket/Preload"
203.161.56.247 - - [07/Oct/2025:23:11:59 +0000] "GET /escorts-gallery/lingerie/ HTTP/1.1" 200 44732 "-" "WP Rocket/Preload Mozilla/5.0 (iPhone; CPU iPhone OS 9_1 like Mac OS X) AppleWebKit/601.1.46 (KHTML, like Gecko) Version/9.0 Mobile/13B143 Safari/601.1"
203.161.56.247 - - [07/Oct/2025:23:12:01 +0000] "GET /escorts-gallery/uncategorized/ HTTP/1.1" 200 44706 "-" "WP Rocket/Preload"
203.161.56.247 - - [07/Oct/2025:23:12:02 +0000] "GET /escorts-gallery/uncategorized/ HTTP/1.1" 200 44343 "-" "WP Rocket/Preload Mozilla/5.0 (iPhone; CPU iPhone OS 9_1 like Mac OS X) AppleWebKit/601.1.46 (KHTML, like Gecko) Version/9.0 Mobile/13B143 Safari/601.1"
203.161.56.247 - - [07/Oct/2025:23:12:04 +0000] "GET /Escorts/china-girls/ HTTP/1.1" 200 44784 "-" "WP Rocket/Preload"
