45.84.107.47 - - [08/Oct/2025:03:22:56 +0000] "GET /kl-escorts/kl-escort-marry HTTP/1.1" 301 - "https://klmalaygirl.net/kl-escorts/kl-escort-marry" "Mozilla/5.0 (Linux; Android 7.0; PMT3151_3G Build/NRD90M) AppleWebKit/537.36 (KHTML, like Gecko) Chrome/81.0.4044.117 Mobile Safari/537.36 YaApp_Android/10.61/apad YaSearchBrowser/10.61"
45.84.107.47 - - [08/Oct/2025:03:22:59 +0000] "GET /kl-escorts/kl-escort-marry/ HTTP/1.1" 200 232164 "https://klmalaygirl.net/kl-escorts/kl-escort-marry" "Mozilla/5.0 (Linux; Android 7.0; PMT3151_3G Build/NRD90M) AppleWebKit/537.36 (KHTML, like Gecko) Chrome/81.0.4044.117 Mobile Safari/537.36 YaApp_Android/10.61/apad YaSearchBrowser/10.61"
45.154.98.33 - - [08/Oct/2025:03:23:01 +0000] "POST /pokseeft.php HTTP/1.1" 403 13 "https://klmalaygirl.net/pokseeft.php" "Mozilla/5.0 (Linux; Android 7.0; PMT3151_3G Build/NRD90M) AppleWebKit/537.36 (KHTML, like Gecko) Chrome/81.0.4044.117 Mobile Safari/537.36 YaApp_Android/10.61/apad YaSearchBrowser/10.61"
45.154.98.33 - - [08/Oct/2025:03:23:05 +0000] "GET /kl-escorts/kl-escort-milk HTTP/1.1" 301 - "https://klmalaygirl.net/kl-escorts/kl-escort-milk" "Mozilla/5.0 (Linux; Android 7.0; PMT3151_3G Build/NRD90M) AppleWebKit/537.36 (KHTML, like Gecko) Chrome/81.0.4044.117 Mobile Safari/537.36 YaApp_Android/10.61/apad YaSearchBrowser/10.61"
45.154.98.33 - - [08/Oct/2025:03:23:07 +0000] "GET /kl-escorts/kl-escort-milk/ HTTP/1.1" 200 226808 "https://klmalaygirl.net/kl-escorts/kl-escort-milk" "Mozilla/5.0 (Linux; Android 7.0; PMT3151_3G Build/NRD90M) AppleWebKit/537.36 (KHTML, like Gecko) Chrome/81.0.4044.117 Mobile Safari/537.36 YaApp_Android/10.61/apad YaSearchBrowser/10.61"
203.161.56.247 - - [08/Oct/2025:03:23:09 +0000] "POST /wp-cron.php?doing_wp_cron=1759893789.9722390174865722656250 HTTP/1.1" 200 - "-" "WordPress/6.8.3; https://klmalaygirl.net"
45.154.98.33 - - [08/Oct/2025:03:23:08 +0000] "POST /pokseeft.php HTTP/1.1" 403 13 "https://klmalaygirl.net/pokseeft.php" "Mozilla/5.0 (Linux; Android 7.0; PMT3151_3G Build/NRD90M) AppleWebKit/537.36 (KHTML, like Gecko) Chrome/81.0.4044.117 Mobile Safari/537.36 YaApp_Android/10.61/apad YaSearchBrowser/10.61"
185.220.101.109 - - [08/Oct/2025:03:23:22 +0000] "GET /kl-escorts/kl-escort-nicha HTTP/1.1" 301 - "https://klmalaygirl.net/kl-escorts/kl-escort-nicha" "Mozilla/5.0 (Linux; Android 7.0; PMT3151_3G Build/NRD90M) AppleWebKit/537.36 (KHTML, like Gecko) Chrome/81.0.4044.117 Mobile Safari/537.36 YaApp_Android/10.61/apad YaSearchBrowser/10.61"
185.220.101.109 - - [08/Oct/2025:03:23:24 +0000] "GET /kl-escorts/kl-escort-nicha/ HTTP/1.1" 200 226825 "https://klmalaygirl.net/kl-escorts/kl-escort-nicha" "Mozilla/5.0 (Linux; Android 7.0; PMT3151_3G Build/NRD90M) AppleWebKit/537.36 (KHTML, like Gecko) Chrome/81.0.4044.117 Mobile Safari/537.36 YaApp_Android/10.61/apad YaSearchBrowser/10.61"
203.161.56.247 - - [08/Oct/2025:03:23:27 +0000] "POST /wp-cron.php?doing_wp_cron=1759893807.1686720848083496093750 HTTP/1.1" 200 - "-" "WordPress/6.8.3; https://klmalaygirl.net"
185.220.101.109 - - [08/Oct/2025:03:23:25 +0000] "POST /pokseeft.php HTTP/1.1" 403 13 "https://klmalaygirl.net/pokseeft.php" "Mozilla/5.0 (Linux; Android 7.0; PMT3151_3G Build/NRD90M) AppleWebKit/537.36 (KHTML, like Gecko) Chrome/81.0.4044.117 Mobile Safari/537.36 YaApp_Android/10.61/apad YaSearchBrowser/10.61"
185.231.33.38 - - [08/Oct/2025:03:23:29 +0000] "GET /kl-escorts/kl-escort-nina HTTP/1.1" 301 - "https://klmalaygirl.net/kl-escorts/kl-escort-nina" "Mozilla/5.0 (Linux; Android 7.0; PMT3151_3G Build/NRD90M) AppleWebKit/537.36 (KHTML, like Gecko) Chrome/81.0.4044.117 Mobile Safari/537.36 YaApp_Android/10.61/apad YaSearchBrowser/10.61"
185.231.33.38 - - [08/Oct/2025:03:23:31 +0000] "GET /kl-escorts/kl-escort-nina/ HTTP/1.1" 200 228625 "https://klmalaygirl.net/kl-escorts/kl-escort-nina" "Mozilla/5.0 (Linux; Android 7.0; PMT3151_3G Build/NRD90M) AppleWebKit/537.36 (KHTML, like Gecko) Chrome/81.0.4044.117 Mobile Safari/537.36 YaApp_Android/10.61/apad YaSearchBrowser/10.61"
85.208.96.211 - - [08/Oct/2025:03:23:33 +0000] "GET /robots.txt HTTP/1.1" 200 150 "-" "Mozilla/5.0 (compatible; SemrushBot/7~bl; +http://www.semrush.com/bot.html)"
185.231.33.38 - - [08/Oct/2025:03:23:33 +0000] "POST /pokseeft.php HTTP/1.1" 403 13 "https://klmalaygirl.net/pokseeft.php" "Mozilla/5.0 (Linux; Android 7.0; PMT3151_3G Build/NRD90M) AppleWebKit/537.36 (KHTML, like Gecko) Chrome/81.0.4044.117 Mobile Safari/537.36 YaApp_Android/10.61/apad YaSearchBrowser/10.61"
185.191.171.1 - - [08/Oct/2025:03:23:35 +0000] "GET /kl-malay-girl-tag/malaysia-escort/ HTTP/1.1" 200 47285 "-" "Mozilla/5.0 (compatible; SemrushBot/7~bl; +http://www.semrush.com/bot.html)"
185.231.33.38 - - [08/Oct/2025:03:23:37 +0000] "GET /kl-escorts/kl-escort-novita HTTP/1.1" 301 - "https://klmalaygirl.net/kl-escorts/kl-escort-novita" "Mozilla/5.0 (Linux; Android 7.0; PMT3151_3G Build/NRD90M) AppleWebKit/537.36 (KHTML, like Gecko) Chrome/81.0.4044.117 Mobile Safari/537.36 YaApp_Android/10.61/apad YaSearchBrowser/10.61"
185.231.33.38 - - [08/Oct/2025:03:23:38 +0000] "GET /kl-escorts/kl-escort-novita/ HTTP/1.1" 200 230717 "https://klmalaygirl.net/kl-escorts/kl-escort-novita" "Mozilla/5.0 (Linux; Android 7.0; PMT3151_3G Build/NRD90M) AppleWebKit/537.36 (KHTML, like Gecko) Chrome/81.0.4044.117 Mobile Safari/537.36 YaApp_Android/10.61/apad YaSearchBrowser/10.61"
185.231.33.38 - - [08/Oct/2025:03:23:40 +0000] "POST /pokseeft.php HTTP/1.1" 403 13 "https://klmalaygirl.net/pokseeft.php" "Mozilla/5.0 (Linux; Android 7.0; PMT3151_3G Build/NRD90M) AppleWebKit/537.36 (KHTML, like Gecko) Chrome/81.0.4044.117 Mobile Safari/537.36 YaApp_Android/10.61/apad YaSearchBrowser/10.61"
176.65.149.88 - - [08/Oct/2025:03:23:44 +0000] "GET /kl-escorts/kl-escort-patty HTTP/1.1" 301 - "https://klmalaygirl.net/kl-escorts/kl-escort-patty" "Mozilla/5.0 (Linux; Android 7.0; PMT3151_3G Build/NRD90M) AppleWebKit/537.36 (KHTML, like Gecko) Chrome/81.0.4044.117 Mobile Safari/537.36 YaApp_Android/10.61/apad YaSearchBrowser/10.61"
52.167.144.197 - - [08/Oct/2025:03:23:44 +0000] "GET /?s=Mental+Agent+1%2F12+MAZ-01+%E7%94%84%E7%95%B0%E9%8C%84%E6%9E%97%E9%B3%B3%E5%AC%8C HTTP/1.1" 200 32751 "-" "Mozilla/5.0 AppleWebKit/537.36 (KHTML, like Gecko; compatible; bingbot/2.0; +http://www.bing.com/bingbot.htm) Chrome/116.0.1938.76 Safari/537.36"
176.65.149.88 - - [08/Oct/2025:03:23:46 +0000] "GET /kl-escorts/kl-escort-patty/ HTTP/1.1" 200 231683 "https://klmalaygirl.net/kl-escorts/kl-escort-patty" "Mozilla/5.0 (Linux; Android 7.0; PMT3151_3G Build/NRD90M) AppleWebKit/537.36 (KHTML, like Gecko) Chrome/81.0.4044.117 Mobile Safari/537.36 YaApp_Android/10.61/apad YaSearchBrowser/10.61"
176.65.149.88 - - [08/Oct/2025:03:23:47 +0000] "POST /pokseeft.php HTTP/1.1" 403 13 "https://klmalaygirl.net/pokseeft.php" "Mozilla/5.0 (Linux; Android 7.0; PMT3151_3G Build/NRD90M) AppleWebKit/537.36 (KHTML, like Gecko) Chrome/81.0.4044.117 Mobile Safari/537.36 YaApp_Android/10.61/apad YaSearchBrowser/10.61"
203.161.56.247 - - [08/Oct/2025:03:23:53 +0000] "POST /wp-cron.php?doing_wp_cron=1759893833.3710699081420898437500 HTTP/1.1" 200 - "-" "WordPress/6.8.3; https://klmalaygirl.net"
45.84.107.47 - - [08/Oct/2025:03:23:52 +0000] "GET /kl-escorts/kl-escort-porscher HTTP/1.1" 301 - "https://klmalaygirl.net/kl-escorts/kl-escort-porscher" "Mozilla/5.0 (Linux; Android 7.0; PMT3151_3G Build/NRD90M) AppleWebKit/537.36 (KHTML, like Gecko) Chrome/81.0.4044.117 Mobile Safari/537.36 YaApp_Android/10.61/apad YaSearchBrowser/10.61"
45.84.107.47 - - [08/Oct/2025:03:23:53 +0000] "GET /kl-escorts/kl-escort-porscher/ HTTP/1.1" 200 232015 "https://klmalaygirl.net/kl-escorts/kl-escort-porscher" "Mozilla/5.0 (Linux; Android 7.0; PMT3151_3G Build/NRD90M) AppleWebKit/537.36 (KHTML, like Gecko) Chrome/81.0.4044.117 Mobile Safari/537.36 YaApp_Android/10.61/apad YaSearchBrowser/10.61"
45.84.107.47 - - [08/Oct/2025:03:23:55 +0000] "POST /pokseeft.php HTTP/1.1" 403 13 "https://klmalaygirl.net/pokseeft.php" "Mozilla/5.0 (Linux; Android 7.0; PMT3151_3G Build/NRD90M) AppleWebKit/537.36 (KHTML, like Gecko) Chrome/81.0.4044.117 Mobile Safari/537.36 YaApp_Android/10.61/apad YaSearchBrowser/10.61"
45.84.107.47 - - [08/Oct/2025:03:23:59 +0000] "GET /kl-escorts/kl-escort-shelly HTTP/1.1" 301 - "https://klmalaygirl.net/kl-escorts/kl-escort-shelly" "Mozilla/5.0 (Linux; Android 7.0; PMT3151_3G Build/NRD90M) AppleWebKit/537.36 (KHTML, like Gecko) Chrome/81.0.4044.117 Mobile Safari/537.36 YaApp_Android/10.61/apad YaSearchBrowser/10.61"
45.84.107.47 - - [08/Oct/2025:03:24:00 +0000] "GET /kl-escorts/kl-escort-shelly/ HTTP/1.1" 200 228264 "https://klmalaygirl.net/kl-escorts/kl-escort-shelly" "Mozilla/5.0 (Linux; Android 7.0; PMT3151_3G Build/NRD90M) AppleWebKit/537.36 (KHTML, like Gecko) Chrome/81.0.4044.117 Mobile Safari/537.36 YaApp_Android/10.61/apad YaSearchBrowser/10.61"
45.84.107.101 - - [08/Oct/2025:03:24:03 +0000] "POST /pokseeft.php HTTP/1.1" 403 13 "https://klmalaygirl.net/pokseeft.php" "Mozilla/5.0 (Linux; Android 7.0; PMT3151_3G Build/NRD90M) AppleWebKit/537.36 (KHTML, like Gecko) Chrome/81.0.4044.117 Mobile Safari/537.36 YaApp_Android/10.61/apad YaSearchBrowser/10.61"
45.84.107.101 - - [08/Oct/2025:03:24:07 +0000] "GET /kl-escorts/kl-escort-siti HTTP/1.1" 301 - "https://klmalaygirl.net/kl-escorts/kl-escort-siti" "Mozilla/5.0 (Linux; Android 7.0; PMT3151_3G Build/NRD90M) AppleWebKit/537.36 (KHTML, like Gecko) Chrome/81.0.4044.117 Mobile Safari/537.36 YaApp_Android/10.61/apad YaSearchBrowser/10.61"
45.84.107.101 - - [08/Oct/2025:03:24:09 +0000] "GET /kl-escorts/kl-escort-siti/ HTTP/1.1" 200 230615 "https://klmalaygirl.net/kl-escorts/kl-escort-siti" "Mozilla/5.0 (Linux; Android 7.0; PMT3151_3G Build/NRD90M) AppleWebKit/537.36 (KHTML, like Gecko) Chrome/81.0.4044.117 Mobile Safari/537.36 YaApp_Android/10.61/apad YaSearchBrowser/10.61"
203.161.56.247 - - [08/Oct/2025:03:24:11 +0000] "POST /wp-cron.php?doing_wp_cron=1759893851.9592509269714355468750 HTTP/1.1" 200 - "-" "WordPress/6.8.3; https://klmalaygirl.net"
45.84.107.101 - - [08/Oct/2025:03:24:10 +0000] "POST /pokseeft.php HTTP/1.1" 403 13 "https://klmalaygirl.net/pokseeft.php" "Mozilla/5.0 (Linux; Android 7.0; PMT3151_3G Build/NRD90M) AppleWebKit/537.36 (KHTML, like Gecko) Chrome/81.0.4044.117 Mobile Safari/537.36 YaApp_Android/10.61/apad YaSearchBrowser/10.61"
52.167.144.197 - - [08/Oct/2025:03:24:13 +0000] "GET /?s=forgot+pin+streaming HTTP/1.1" 200 32567 "-" "Mozilla/5.0 AppleWebKit/537.36 (KHTML, like Gecko; compatible; bingbot/2.0; +http://www.bing.com/bingbot.htm) Chrome/116.0.1938.76 Safari/537.36"
185.220.101.12 - - [08/Oct/2025:03:24:23 +0000] "GET /kl-escorts/kl-escort-sumi HTTP/1.1" 301 - "https://klmalaygirl.net/kl-escorts/kl-escort-sumi" "Mozilla/5.0 (Linux; Android 7.0; PMT3151_3G Build/NRD90M) AppleWebKit/537.36 (KHTML, like Gecko) Chrome/81.0.4044.117 Mobile Safari/537.36 YaApp_Android/10.61/apad YaSearchBrowser/10.61"
185.220.101.12 - - [08/Oct/2025:03:24:25 +0000] "GET /kl-escorts/kl-escort-sumi/ HTTP/1.1" 200 229448 "https://klmalaygirl.net/kl-escorts/kl-escort-sumi" "Mozilla/5.0 (Linux; Android 7.0; PMT3151_3G Build/NRD90M) AppleWebKit/537.36 (KHTML, like Gecko) Chrome/81.0.4044.117 Mobile Safari/537.36 YaApp_Android/10.61/apad YaSearchBrowser/10.61"
203.161.56.247 - - [08/Oct/2025:03:24:28 +0000] "POST /wp-cron.php?doing_wp_cron=1759893868.4843120574951171875000 HTTP/1.1" 200 - "-" "WordPress/6.8.3; https://klmalaygirl.net"
185.220.101.12 - - [08/Oct/2025:03:24:27 +0000] "POST /pokseeft.php HTTP/1.1" 403 13 "https://klmalaygirl.net/pokseeft.php" "Mozilla/5.0 (Linux; Android 7.0; PMT3151_3G Build/NRD90M) AppleWebKit/537.36 (KHTML, like Gecko) Chrome/81.0.4044.117 Mobile Safari/537.36 YaApp_Android/10.61/apad YaSearchBrowser/10.61"
185.220.101.12 - - [08/Oct/2025:03:24:31 +0000] "GET /kl-escorts/kl-escort-tania HTTP/1.1" 301 - "https://klmalaygirl.net/kl-escorts/kl-escort-tania" "Mozilla/5.0 (Linux; Android 7.0; PMT3151_3G Build/NRD90M) AppleWebKit/537.36 (KHTML, like Gecko) Chrome/81.0.4044.117 Mobile Safari/537.36 YaApp_Android/10.61/apad YaSearchBrowser/10.61"
185.220.101.12 - - [08/Oct/2025:03:24:33 +0000] "GET /kl-escorts/kl-escort-tania/ HTTP/1.1" 200 229047 "https://klmalaygirl.net/kl-escorts/kl-escort-tania" "Mozilla/5.0 (Linux; Android 7.0; PMT3151_3G Build/NRD90M) AppleWebKit/537.36 (KHTML, like Gecko) Chrome/81.0.4044.117 Mobile Safari/537.36 YaApp_Android/10.61/apad YaSearchBrowser/10.61"
157.55.39.63 - - [08/Oct/2025:03:24:40 +0000] "GET /?s=ai+t-shirt+design+free HTTP/1.1" 200 32572 "-" "Mozilla/5.0 AppleWebKit/537.36 (KHTML, like Gecko; compatible; bingbot/2.0; +http://www.bing.com/bingbot.htm) Chrome/116.0.1938.76 Safari/537.36"
51.38.225.46 - - [08/Oct/2025:03:24:45 +0000] "POST /pokseeft.php HTTP/1.1" 403 13 "https://klmalaygirl.net/pokseeft.php" "Mozilla/5.0 (Linux; Android 7.0; PMT3151_3G Build/NRD90M) AppleWebKit/537.36 (KHTML, like Gecko) Chrome/81.0.4044.117 Mobile Safari/537.36 YaApp_Android/10.61/apad YaSearchBrowser/10.61"
51.38.225.46 - - [08/Oct/2025:03:24:49 +0000] "GET /kl-escorts/kl-escort-yasmine HTTP/1.1" 301 - "https://klmalaygirl.net/kl-escorts/kl-escort-yasmine" "Mozilla/5.0 (Linux; Android 7.0; PMT3151_3G Build/NRD90M) AppleWebKit/537.36 (KHTML, like Gecko) Chrome/81.0.4044.117 Mobile Safari/537.36 YaApp_Android/10.61/apad YaSearchBrowser/10.61"
51.38.225.46 - - [08/Oct/2025:03:24:51 +0000] "GET /kl-escorts/kl-escort-yasmine/ HTTP/1.1" 200 231880 "https://klmalaygirl.net/kl-escorts/kl-escort-yasmine" "Mozilla/5.0 (Linux; Android 7.0; PMT3151_3G Build/NRD90M) AppleWebKit/537.36 (KHTML, like Gecko) Chrome/81.0.4044.117 Mobile Safari/537.36 YaApp_Android/10.61/apad YaSearchBrowser/10.61"
203.161.56.247 - - [08/Oct/2025:03:24:53 +0000] "POST /wp-cron.php?doing_wp_cron=1759893893.9554629325866699218750 HTTP/1.1" 200 - "-" "WordPress/6.8.3; https://klmalaygirl.net"
51.38.225.46 - - [08/Oct/2025:03:24:52 +0000] "POST /pokseeft.php HTTP/1.1" 403 13 "https://klmalaygirl.net/pokseeft.php" "Mozilla/5.0 (Linux; Android 7.0; PMT3151_3G Build/NRD90M) AppleWebKit/537.36 (KHTML, like Gecko) Chrome/81.0.4044.117 Mobile Safari/537.36 YaApp_Android/10.61/apad YaSearchBrowser/10.61"
195.47.238.176 - - [08/Oct/2025:03:24:57 +0000] "GET /kl-escorts/kl_escort_amy HTTP/1.1" 301 - "https://klmalaygirl.net/kl-escorts/kl_escort_amy" "Mozilla/5.0 (Linux; Android 7.0; PMT3151_3G Build/NRD90M) AppleWebKit/537.36 (KHTML, like Gecko) Chrome/81.0.4044.117 Mobile Safari/537.36 YaApp_Android/10.61/apad YaSearchBrowser/10.61"
195.47.238.176 - - [08/Oct/2025:03:24:59 +0000] "GET /kl-escorts/kl_escort_amy/ HTTP/1.1" 200 232551 "https://klmalaygirl.net/kl-escorts/kl_escort_amy" "Mozilla/5.0 (Linux; Android 7.0; PMT3151_3G Build/NRD90M) AppleWebKit/537.36 (KHTML, like Gecko) Chrome/81.0.4044.117 Mobile Safari/537.36 YaApp_Android/10.61/apad YaSearchBrowser/10.61"
195.47.238.176 - - [08/Oct/2025:03:25:00 +0000] "POST /pokseeft.php HTTP/1.1" 403 13 "https://klmalaygirl.net/pokseeft.php" "Mozilla/5.0 (Linux; Android 7.0; PMT3151_3G Build/NRD90M) AppleWebKit/537.36 (KHTML, like Gecko) Chrome/81.0.4044.117 Mobile Safari/537.36 YaApp_Android/10.61/apad YaSearchBrowser/10.61"
203.161.56.247 - - [08/Oct/2025:03:25:09 +0000] "POST /wp-cron.php?doing_wp_cron=1759893909.3824000358581542968750 HTTP/1.1" 200 - "-" "WordPress/6.8.3; https://klmalaygirl.net"
195.47.238.176 - - [08/Oct/2025:03:25:08 +0000] "GET /kl-escorts/sansan HTTP/1.1" 301 - "https://klmalaygirl.net/kl-escorts/sansan" "Mozilla/5.0 (Linux; Android 7.0; PMT3151_3G Build/NRD90M) AppleWebKit/537.36 (KHTML, like Gecko) Chrome/81.0.4044.117 Mobile Safari/537.36 YaApp_Android/10.61/apad YaSearchBrowser/10.61"
195.47.238.176 - - [08/Oct/2025:03:25:10 +0000] "GET /kl-escorts/sansan/ HTTP/1.1" 200 228938 "https://klmalaygirl.net/kl-escorts/sansan" "Mozilla/5.0 (Linux; Android 7.0; PMT3151_3G Build/NRD90M) AppleWebKit/537.36 (KHTML, like Gecko) Chrome/81.0.4044.117 Mobile Safari/537.36 YaApp_Android/10.61/apad YaSearchBrowser/10.61"
88.80.26.2 - - [08/Oct/2025:03:25:13 +0000] "POST /pokseeft.php HTTP/1.1" 403 13 "https://klmalaygirl.net/pokseeft.php" "Mozilla/5.0 (Linux; Android 7.0; PMT3151_3G Build/NRD90M) AppleWebKit/537.36 (KHTML, like Gecko) Chrome/81.0.4044.117 Mobile Safari/537.36 YaApp_Android/10.61/apad YaSearchBrowser/10.61"
88.80.26.2 - - [08/Oct/2025:03:25:17 +0000] "GET /meevyduh/2022/10/lingerie-home-pic9.webp HTTP/1.1" 200 26344 "https://klmalaygirl.net/meevyduh/2022/10/lingerie-home-pic9.webp" "Mozilla/5.0 (Linux; Android 7.0; PMT3151_3G Build/NRD90M) AppleWebKit/537.36 (KHTML, like Gecko) Chrome/81.0.4044.117 Mobile Safari/537.36 YaApp_Android/10.61/apad YaSearchBrowser/10.61"
88.80.26.2 - - [08/Oct/2025:03:25:19 +0000] "GET /meevyduh/2022/11/lingerie-post7.webp HTTP/1.1" 200 180256 "https://klmalaygirl.net/meevyduh/2022/11/lingerie-post7.webp" "Mozilla/5.0 (Linux; Android 7.0; PMT3151_3G Build/NRD90M) AppleWebKit/537.36 (KHTML, like Gecko) Chrome/81.0.4044.117 Mobile Safari/537.36 YaApp_Android/10.61/apad YaSearchBrowser/10.61"
88.80.26.2 - - [08/Oct/2025:03:25:20 +0000] "GET /selecting-the-best-escort-service-in-kuala-lumpur HTTP/1.1" 301 - "https://klmalaygirl.net/selecting-the-best-escort-service-in-kuala-lumpur" "Mozilla/5.0 (Linux; Android 7.0; PMT3151_3G Build/NRD90M) AppleWebKit/537.36 (KHTML, like Gecko) Chrome/81.0.4044.117 Mobile Safari/537.36 YaApp_Android/10.61/apad YaSearchBrowser/10.61"
88.80.26.2 - - [08/Oct/2025:03:25:22 +0000] "GET /selecting-the-best-escort-service-in-kuala-lumpur/ HTTP/1.1" 200 212110 "https://klmalaygirl.net/selecting-the-best-escort-service-in-kuala-lumpur" "Mozilla/5.0 (Linux; Android 7.0; PMT3151_3G Build/NRD90M) AppleWebKit/537.36 (KHTML, like Gecko) Chrome/81.0.4044.117 Mobile Safari/537.36 YaApp_Android/10.61/apad YaSearchBrowser/10.61"
203.161.56.247 - - [08/Oct/2025:03:25:35 +0000] "POST /wp-cron.php?doing_wp_cron=1759893935.5341100692749023437500 HTTP/1.1" 200 - "-" "WordPress/6.8.3; https://klmalaygirl.net"
78.142.18.219 - - [08/Oct/2025:03:25:34 +0000] "POST /pokseeft.php HTTP/1.1" 403 13 "https://klmalaygirl.net/pokseeft.php" "Mozilla/5.0 (Linux; Android 7.0; PMT3151_3G Build/NRD90M) AppleWebKit/537.36 (KHTML, like Gecko) Chrome/81.0.4044.117 Mobile Safari/537.36 YaApp_Android/10.61/apad YaSearchBrowser/10.61"
78.142.18.219 - - [08/Oct/2025:03:25:38 +0000] "GET /the-discerning-guide-to-reputable-malay-escort-services HTTP/1.1" 301 - "https://klmalaygirl.net/the-discerning-guide-to-reputable-malay-escort-services" "Mozilla/5.0 (Linux; Android 7.0; PMT3151_3G Build/NRD90M) AppleWebKit/537.36 (KHTML, like Gecko) Chrome/81.0.4044.117 Mobile Safari/537.36 YaApp_Android/10.61/apad YaSearchBrowser/10.61"
78.142.18.219 - - [08/Oct/2025:03:25:40 +0000] "GET /the-discerning-guide-to-reputable-malay-escort-services/ HTTP/1.1" 200 209050 "https://klmalaygirl.net/the-discerning-guide-to-reputable-malay-escort-services" "Mozilla/5.0 (Linux; Android 7.0; PMT3151_3G Build/NRD90M) AppleWebKit/537.36 (KHTML, like Gecko) Chrome/81.0.4044.117 Mobile Safari/537.36 YaApp_Android/10.61/apad YaSearchBrowser/10.61"
192.42.116.178 - - [08/Oct/2025:03:25:41 +0000] "POST /pokseeft.php HTTP/1.1" 403 13 "https://klmalaygirl.net/pokseeft.php" "Mozilla/5.0 (Linux; Android 7.0; PMT3151_3G Build/NRD90M) AppleWebKit/537.36 (KHTML, like Gecko) Chrome/81.0.4044.117 Mobile Safari/537.36 YaApp_Android/10.61/apad YaSearchBrowser/10.61"
192.42.116.178 - - [08/Oct/2025:03:25:46 +0000] "GET /woocommerce-placeholder/https://klmalaygirl.net/escorts-gallery/kuala-lumpur-escort HTTP/1.1" 301 - "https://klmalaygirl.net/woocommerce-placeholder/https://klmalaygirl.net/escorts-gallery/kuala-lumpur-escort" "Mozilla/5.0 (Linux; Android 7.0; PMT3151_3G Build/NRD90M) AppleWebKit/537.36 (KHTML, like Gecko) Chrome/81.0.4044.117 Mobile Safari/537.36 YaApp_Android/10.61/apad YaSearchBrowser/10.61"
192.42.116.178 - - [08/Oct/2025:03:25:47 +0000] "GET /woocommerce-placeholder/https:/klmalaygirl.net/escorts-gallery/kuala-lumpur-escort HTTP/1.1" 404 158964 "https://klmalaygirl.net/woocommerce-placeholder/https://klmalaygirl.net/escorts-gallery/kuala-lumpur-escort" "Mozilla/5.0 (Linux; Android 7.0; PMT3151_3G Build/NRD90M) AppleWebKit/537.36 (KHTML, like Gecko) Chrome/81.0.4044.117 Mobile Safari/537.36 YaApp_Android/10.61/apad YaSearchBrowser/10.61"
192.42.116.178 - - [08/Oct/2025:03:25:50 +0000] "GET /wp-json/oembed/1.0/embed?url=https%3A%2F%2Fklmalaygirl.net%2F HTTP/1.1" 200 2143 "https://klmalaygirl.net/wp-json/oembed/1.0/embed?url=https%3A%2F%2Fklmalaygirl.net%2F" "Mozilla/5.0 (Linux; Android 7.0; PMT3151_3G Build/NRD90M) AppleWebKit/537.36 (KHTML, like Gecko) Chrome/81.0.4044.117 Mobile Safari/537.36 YaApp_Android/10.61/apad YaSearchBrowser/10.61"
203.161.56.247 - - [08/Oct/2025:03:25:55 +0000] "POST /wp-cron.php?doing_wp_cron=1759893955.3480861186981201171875 HTTP/1.1" 200 - "-" "WordPress/6.8.3; https://klmalaygirl.net"
192.42.116.209 - - [08/Oct/2025:03:25:54 +0000] "GET /wp-json/oembed/1.0/embed?url=https%3A%2F%2Fklmalaygirl.net%2F&format=xml HTTP/1.1" 200 2302 "https://klmalaygirl.net/wp-json/oembed/1.0/embed?url=https%3A%2F%2Fklmalaygirl.net%2F&format=xml" "Mozilla/5.0 (Linux; Android 7.0; PMT3151_3G Build/NRD90M) AppleWebKit/537.36 (KHTML, like Gecko) Chrome/81.0.4044.117 Mobile Safari/537.36 YaApp_Android/10.61/apad YaSearchBrowser/10.61"
203.161.56.247 - - [08/Oct/2025:03:27:34 +0000] "POST /wp-cron.php?doing_wp_cron=1759894054.0569438934326171875000 HTTP/1.1" 200 - "-" "WordPress/6.8.3; https://klmalaygirl.net"
157.55.39.63 - - [08/Oct/2025:03:27:32 +0000] "GET /?s=%E0%B8%AB%E0%B8%99%E0%B8%B1%E0%B8%87%E0%B8%AA%E0%B8%B7%E0%B8%AD%E0%B9%81%E0%B8%88%E0%B9%89%E0%B8%87%E0%B8%9B%E0%B8%B1%E0%B8%8D%E0%B8%AB%E0%B8%B2 HTTP/1.1" 200 32758 "-" "Mozilla/5.0 AppleWebKit/537.36 (KHTML, like Gecko; compatible; bingbot/2.0; +http://www.bing.com/bingbot.htm) Chrome/116.0.1938.76 Safari/537.36"
203.161.56.247 - - [08/Oct/2025:03:31:13 +0000] "POST /wp-cron.php?doing_wp_cron=1759894273.9290668964385986328125 HTTP/1.1" 200 - "-" "WordPress/6.8.3; https://klmalaygirl.net"
207.46.13.51 - - [08/Oct/2025:03:31:12 +0000] "GET /?s=car+panel+remover HTTP/1.1" 200 32559 "-" "Mozilla/5.0 AppleWebKit/537.36 (KHTML, like Gecko; compatible; bingbot/2.0; +http://www.bing.com/bingbot.htm) Chrome/116.0.1938.76 Safari/537.36"
203.161.56.247 - - [08/Oct/2025:03:34:08 +0000] "POST /wp-cron.php?doing_wp_cron=1759894448.1009008884429931640625 HTTP/1.1" 200 - "-" "WordPress/6.8.3; https://klmalaygirl.net"
207.46.13.7 - - [08/Oct/2025:03:34:06 +0000] "GET /?s=rica+residence+sentul+studio+for+rent HTTP/1.1" 200 32605 "-" "Mozilla/5.0 AppleWebKit/537.36 (KHTML, like Gecko; compatible; bingbot/2.0; +http://www.bing.com/bingbot.htm) Chrome/116.0.1938.76 Safari/537.36"
203.161.56.247 - - [08/Oct/2025:03:35:45 +0000] "POST /wp-cron.php?doing_wp_cron=1759894545.3497979640960693359375 HTTP/1.1" 200 - "-" "WordPress/6.8.3; https://klmalaygirl.net"
157.55.39.205 - - [08/Oct/2025:03:35:43 +0000] "GET /?s=%E5%86%A8%E9%87%8C%E5%A5%88%E5%A4%AE%E3%80%80%E8%83%B8 HTTP/1.1" 200 32689 "-" "Mozilla/5.0 AppleWebKit/537.36 (KHTML, like Gecko; compatible; bingbot/2.0; +http://www.bing.com/bingbot.htm) Chrome/116.0.1938.76 Safari/537.36"
203.161.56.247 - - [08/Oct/2025:03:36:49 +0000] "POST /wp-cron.php?doing_wp_cron=1759894609.6158769130706787109375 HTTP/1.1" 200 - "-" "WordPress/6.8.3; https://klmalaygirl.net"
207.46.13.7 - - [08/Oct/2025:03:36:47 +0000] "GET /?s=tanjung+malim+property HTTP/1.1" 200 32570 "-" "Mozilla/5.0 AppleWebKit/537.36 (KHTML, like Gecko; compatible; bingbot/2.0; +http://www.bing.com/bingbot.htm) Chrome/116.0.1938.76 Safari/537.36"
203.161.56.247 - - [08/Oct/2025:03:38:02 +0000] "POST /wp-cron.php?doing_wp_cron=1759894682.8435211181640625000000 HTTP/1.1" 200 - "-" "WordPress/6.8.3; https://klmalaygirl.net"
216.73.216.82 - - [08/Oct/2025:03:38:00 +0000] "GET /video-sitemap.xml HTTP/1.1" 200 263 "-" "Mozilla/5.0 AppleWebKit/537.36 (KHTML, like Gecko; compatible; ClaudeBot/1.0; +claudebot@anthropic.com)"
103.116.44.91 - - [08/Oct/2025:03:41:14 +0000] "GET / HTTP/1.1" 200 47346 "http://klmalaygirl.net" "Mozilla/5.0 (Windows NT 10.0; Win64; x64) AppleWebKit/537.36 (KHTML, like Gecko) Chrome/90.0.4430.212 Safari/537.36"
103.116.44.113 - - [08/Oct/2025:03:41:31 +0000] "GET / HTTP/1.1" 200 47346 "http://klmalaygirl.net" "Mozilla/5.0+(compatible;+Googlebot/2.1;++http://www.google.com/bot.html)"
203.161.56.247 - - [08/Oct/2025:03:42:04 +0000] "POST /wp-cron.php?doing_wp_cron=1759894924.4976499080657958984375 HTTP/1.1" 200 - "-" "WordPress/6.8.3; https://klmalaygirl.net"
198.54.126.241 - - [08/Oct/2025:03:42:03 +0000] "POST /xmlrpc.php HTTP/1.1" 405 216 "https://klmalaygirl.net" "Mozilla/5.0 (Macintosh; Intel Mac OS X 14.5) AppleWebKit/618.3.5 (KHTML, like Gecko) Version/17.4 Safari/618.3.5"
198.54.126.241 - - [08/Oct/2025:03:42:04 +0000] "POST /wp-login.php HTTP/1.1" 200 2242 "https://klmalaygirl.net" "Mozilla/5.0 (Macintosh; Intel Mac OS X 10_15_7; rv:129.0) Gecko/20100101 Firefox/129.0"
203.161.56.247 - - [08/Oct/2025:03:46:28 +0000] "POST /wp-cron.php?doing_wp_cron=1759895188.1786000728607177734375 HTTP/1.1" 200 - "-" "WordPress/6.8.3; https://klmalaygirl.net"
207.46.13.7 - - [08/Oct/2025:03:46:26 +0000] "GET /?s=omo+5kg HTTP/1.1" 200 32544 "-" "Mozilla/5.0 AppleWebKit/537.36 (KHTML, like Gecko; compatible; bingbot/2.0; +http://www.bing.com/bingbot.htm) Chrome/116.0.1938.76 Safari/537.36"
203.161.56.247 - - [08/Oct/2025:03:47:36 +0000] "POST /wp-cron.php?doing_wp_cron=1759895256.0233399868011474609375 HTTP/1.1" 200 - "-" "WordPress/6.8.3; https://klmalaygirl.net"
216.73.216.82 - - [08/Oct/2025:03:47:34 +0000] "GET /video-sitemap.xml HTTP/1.1" 200 263 "-" "Mozilla/5.0 AppleWebKit/537.36 (KHTML, like Gecko; compatible; ClaudeBot/1.0; +claudebot@anthropic.com)"
203.161.56.247 - - [08/Oct/2025:03:55:49 +0000] "POST /wp-cron.php?doing_wp_cron=1759895749.4083731174468994140625 HTTP/1.1" 200 - "-" "WordPress/6.8.3; https://klmalaygirl.net"
216.73.216.82 - - [08/Oct/2025:03:55:47 +0000] "GET /robots.txt HTTP/1.1" 200 150 "-" "Mozilla/5.0 AppleWebKit/537.36 (KHTML, like Gecko; compatible; ClaudeBot/1.0; +claudebot@anthropic.com)"
216.73.216.82 - - [08/Oct/2025:03:55:49 +0000] "GET /video-sitemap.xml HTTP/1.1" 200 263 "-" "Mozilla/5.0 AppleWebKit/537.36 (KHTML, like Gecko; compatible; ClaudeBot/1.0; +claudebot@anthropic.com)"
203.161.56.247 - - [08/Oct/2025:03:58:10 +0000] "POST /wp-cron.php?doing_wp_cron=1759895890.1729419231414794921875 HTTP/1.1" 200 - "-" "WordPress/6.8.3; https://klmalaygirl.net"
216.73.216.82 - - [08/Oct/2025:03:58:08 +0000] "GET /sitemap.xml HTTP/1.1" 200 406 "-" "Mozilla/5.0 AppleWebKit/537.36 (KHTML, like Gecko; compatible; ClaudeBot/1.0; +claudebot@anthropic.com)"
203.161.56.247 - - [08/Oct/2025:03:59:32 +0000] "POST /wp-cron.php?doing_wp_cron=1759895972.3610439300537109375000 HTTP/1.1" 200 - "-" "WordPress/6.8.3; https://klmalaygirl.net"
207.46.13.18 - - [08/Oct/2025:03:59:30 +0000] "GET /?s=call+me+black+angel+porn HTTP/1.1" 200 32579 "-" "Mozilla/5.0 AppleWebKit/537.36 (KHTML, like Gecko; compatible; bingbot/2.0; +http://www.bing.com/bingbot.htm) Chrome/116.0.1938.76 Safari/537.36"
207.46.13.78 - - [08/Oct/2025:03:59:34 +0000] "GET /?s=buy+the+met+corporate+towers HTTP/1.1" 200 32590 "-" "Mozilla/5.0 AppleWebKit/537.36 (KHTML, like Gecko; compatible; bingbot/2.0; +http://www.bing.com/bingbot.htm) Chrome/116.0.1938.76 Safari/537.36"
203.161.56.247 - - [08/Oct/2025:04:05:26 +0000] "POST /wp-cron.php?doing_wp_cron=1759896326.1880030632019042968750 HTTP/1.1" 200 - "-" "WordPress/6.8.3; https://klmalaygirl.net"
207.46.13.78 - - [08/Oct/2025:04:05:24 +0000] "GET /?s=trung+t%C3%A2m+tin+h%E1%BB%8Dc+%C4%91%E1%BA%A1i+h%E1%BB%8Dc+b%C3%A1ch+khoa+h%C3%A0+n%E1%BB%99i HTTP/1.1" 200 32759 "-" "Mozilla/5.0 AppleWebKit/537.36 (KHTML, like Gecko; compatible; bingbot/2.0; +http://www.bing.com/bingbot.htm) Chrome/116.0.1938.76 Safari/537.36"
203.161.56.247 - - [08/Oct/2025:04:21:14 +0000] "POST /wp-cron.php?doing_wp_cron=1759897274.7394349575042724609375 HTTP/1.1" 200 - "-" "WordPress/6.8.3; https://klmalaygirl.net"
207.46.13.130 - - [08/Oct/2025:04:21:12 +0000] "GET /?s=in%2Fon+%2B+month HTTP/1.1" 200 32572 "-" "Mozilla/5.0 AppleWebKit/537.36 (KHTML, like Gecko; compatible; bingbot/2.0; +http://www.bing.com/bingbot.htm) Chrome/116.0.1938.76 Safari/537.36"
45.94.31.49 - - [08/Oct/2025:04:24:08 +0000] "GET / HTTP/1.1" 200 279689 "-" "Mozlila/5.0 (Linux; Android 7.0; SM-G892A Bulid/NRD90M; wv) AppleWebKit/537.36 (KHTML, like Gecko) Version/4.0 Chrome/60.0.3112.107 Moblie Safari/537.36"
45.94.31.49 - - [08/Oct/2025:04:24:08 +0000] "GET /wp-content/plugins/apikey/apikey.php?test=hello HTTP/1.1" 404 158453 "-" "Mozlila/5.0 (Linux; Android 7.0; SM-G892A Bulid/NRD90M; wv) AppleWebKit/537.36 (KHTML, like Gecko) Version/4.0 Chrome/60.0.3112.107 Moblie Safari/537.36"
45.94.31.49 - - [08/Oct/2025:04:24:09 +0000] "GET /wp-content/themes/seotheme/db.php?u HTTP/1.1" 404 158497 "www.google.com" "Mozlila/5.0 (Linux; Android 7.0; SM-G892A Bulid/NRD90M; wv) AppleWebKit/537.36 (KHTML, like Gecko) Version/4.0 Chrome/60.0.3112.107 Moblie Safari/537.36"
45.94.31.49 - - [08/Oct/2025:04:24:11 +0000] "GET /plugins/content/apismtp/apismtp.php?test=hello HTTP/1.1" 404 158542 "-" "Mozlila/5.0 (Linux; Android 7.0; SM-G892A Bulid/NRD90M; wv) AppleWebKit/537.36 (KHTML, like Gecko) Version/4.0 Chrome/60.0.3112.107 Moblie Safari/537.36"
45.94.31.49 - - [08/Oct/2025:04:24:11 +0000] "POST /wp-plain.php HTTP/1.1" 404 158299 "www.google.com" "Mozilla/5.0 (Linux; Android 7.0; SM-G892A Bulid/NRD90M; wv) AppleWebKit/537.36 (KHTML, like Gecko) Version/4.0 Chrome/60.0.3112.107 Moblie Safari/537.36"
45.94.31.49 - - [08/Oct/2025:04:24:13 +0000] "GET /wp-content/plugins/apikey/apikey.php.suspected?test=hello HTTP/1.1" 404 158543 "-" "Mozlila/5.0 (Linux; Android 7.0; SM-G892A Bulid/NRD90M; wv) AppleWebKit/537.36 (KHTML, like Gecko) Version/4.0 Chrome/60.0.3112.107 Moblie Safari/537.36"
45.94.31.49 - - [08/Oct/2025:04:24:13 +0000] "GET /eomswnhp.php?Fox=d3wL7 HTTP/1.1" 404 158309 "www.google.com" "Mozilla/5.0 (Linux; Android 7.0; SM-G892A Bulid/NRD90M; wv) AppleWebKit/537.36 (KHTML, like Gecko) Version/4.0 Chrome/60.0.3112.107 Moblie Safari/537.36"
45.94.31.49 - - [08/Oct/2025:04:24:15 +0000] "GET /plugins/content/apismtp/apismtp.php.suspected?test=hello HTTP/1.1" 404 158632 "-" "Mozlila/5.0 (Linux; Android 7.0; SM-G892A Bulid/NRD90M; wv) AppleWebKit/537.36 (KHTML, like Gecko) Version/4.0 Chrome/60.0.3112.107 Moblie Safari/537.36"
203.161.56.247 - - [08/Oct/2025:04:26:11 +0000] "POST /wp-cron.php?doing_wp_cron=1759897571.4763240814208984375000 HTTP/1.1" 200 - "-" "WordPress/6.8.3; https://klmalaygirl.net"
207.46.13.64 - - [08/Oct/2025:04:26:08 +0000] "GET /?s=kh%E1%BB%9Bp+c%C3%A1c+%C4%91%C4%83ng+RPM+2000 HTTP/1.1" 200 32670 "-" "Mozilla/5.0 AppleWebKit/537.36 (KHTML, like Gecko; compatible; bingbot/2.0; +http://www.bing.com/bingbot.htm) Chrome/116.0.1938.76 Safari/537.36"
203.161.56.247 - - [08/Oct/2025:04:26:57 +0000] "POST /wp-cron.php?doing_wp_cron=1759897616.9909839630126953125000 HTTP/1.1" 200 - "-" "WordPress/6.8.3; https://klmalaygirl.net"
207.46.13.124 - - [08/Oct/2025:04:26:55 +0000] "GET /?s=%E7%94%B5%E8%84%91%E7%9D%A1%E7%9C%A0%E6%A8%A1%E5%BC%8F%E7%9A%84%E5%A3%81%E7%BA%B8%E6%80%8E%E4%B9%88%E6%8D%A2 HTTP/1.1" 200 32807 "-" "Mozilla/5.0 AppleWebKit/537.36 (KHTML, like Gecko; compatible; bingbot/2.0; +http://www.bing.com/bingbot.htm) Chrome/116.0.1938.76 Safari/537.36"
203.161.56.247 - - [08/Oct/2025:04:30:05 +0000] "POST /wp-cron.php?doing_wp_cron=1759897805.1955120563507080078125 HTTP/1.1" 200 - "-" "WordPress/6.8.3; https://klmalaygirl.net"
52.167.144.177 - - [08/Oct/2025:04:30:01 +0000] "GET /?s=berjaya+tradepoint+shoplot+for+rent HTTP/1.1" 200 32596 "-" "Mozilla/5.0 AppleWebKit/537.36 (KHTML, like Gecko; compatible; bingbot/2.0; +http://www.bing.com/bingbot.htm) Chrome/116.0.1938.76 Safari/537.36"
203.161.56.247 - - [08/Oct/2025:04:37:02 +0000] "POST /wp-cron.php?doing_wp_cron=1759898222.3289411067962646484375 HTTP/1.1" 200 - "-" "WordPress/6.8.3; https://klmalaygirl.net"
207.46.13.17 - - [08/Oct/2025:04:37:00 +0000] "GET /?s=%E7%A5%9E%E5%A5%88%E5%B7%9D%E7%9C%8C%E6%A8%AA%E9%A0%88%E8%B3%80%E5%B8%82%E8%88%B9%E8%B6%8A%E7%94%BA6-16-55 HTTP/1.1" 200 32805 "-" "Mozilla/5.0 AppleWebKit/537.36 (KHTML, like Gecko; compatible; bingbot/2.0; +http://www.bing.com/bingbot.htm) Chrome/116.0.1938.76 Safari/537.36"
203.161.56.247 - - [08/Oct/2025:04:43:54 +0000] "POST /wp-cron.php?doing_wp_cron=1759898634.6479330062866210937500 HTTP/1.1" 200 - "-" "WordPress/6.8.3; https://klmalaygirl.net"
52.167.144.212 - - [08/Oct/2025:04:43:51 +0000] "GET /?s=Polycrystalline+Diamond HTTP/1.1" 200 32575 "-" "Mozilla/5.0 AppleWebKit/537.36 (KHTML, like Gecko; compatible; bingbot/2.0; +http://www.bing.com/bingbot.htm) Chrome/116.0.1938.76 Safari/537.36"
216.73.216.82 - - [08/Oct/2025:04:43:53 +0000] "GET /sitemap.xml HTTP/1.1" 200 406 "-" "Mozilla/5.0 AppleWebKit/537.36 (KHTML, like Gecko; compatible; ClaudeBot/1.0; +claudebot@anthropic.com)"
203.161.56.247 - - [08/Oct/2025:04:44:26 +0000] "POST /wp-cron.php?doing_wp_cron=1759898666.0744791030883789062500 HTTP/1.1" 200 - "-" "WordPress/6.8.3; https://klmalaygirl.net"
157.55.39.13 - - [08/Oct/2025:04:44:24 +0000] "GET /?s=%E0%B9%81%E0%B8%9C%E0%B8%99%E0%B8%9E%E0%B8%B1%E0%B8%92%E0%B8%99%E0%B8%B2%E0%B8%94%E0%B9%89%E0%B8%B2%E0%B8%99%E0%B8%81%E0%B8%B2%E0%B8%A3%E0%B8%9E%E0%B8%B1%E0%B8%92%E0%B8%99%E0%B8%B2%E0%B8%AA%E0%B8%B7%E0%B9%88%E0%B8%AD%E0%B8%9B%E0%B8%A5%E0%B8%AD%E0%B8%94%E0%B8%A0%E0%B8%B1%E0%B8%A2%E0%B9%81%E0%B8%A5%E0%B8%B0%E0%B8%AA%E0%B8%A3%E0%B9%89%E0%B8%B2%E0%B8%87%E0%B8%AA%E0%B8%A3%E0%B8%A3%E0%B8%84%E0%B9%8C+%E0%B8%A3%E0%B8%B0%E0%B8%A2%E0%B8%B0%E0%B8%97%E0%B8%B5%E0%B9%88+2+(%E0%B8%9E.%E0%B8%A8.+2566+%E2%80%93+2570) HTTP/1.1" 200 33135 "-" "Mozilla/5.0 AppleWebKit/537.36 (KHTML, like Gecko; compatible; bingbot/2.0; +http://www.bing.com/bingbot.htm) Chrome/116.0.1938.76 Safari/537.36"
203.161.56.247 - - [08/Oct/2025:04:45:46 +0000] "POST /wp-cron.php?doing_wp_cron=1759898746.2559649944305419921875 HTTP/1.1" 200 - "-" "WordPress/6.8.3; https://klmalaygirl.net"
58.27.215.5 - - [08/Oct/2025:04:45:44 +0000] "POST /xmlrpc.php HTTP/1.1" 405 415 "-" "Mozilla/5.0 (Windows NT 6.2; x86) AppleWebKit/537.36 (KHTML, like Gecko) Safari/12.0.0.0 Safari/537.36"
203.161.56.247 - - [08/Oct/2025:04:47:42 +0000] "POST /wp-cron.php?doing_wp_cron=1759898862.1958079338073730468750 HTTP/1.1" 200 - "-" "WordPress/6.8.3; https://klmalaygirl.net"
85.208.96.196 - - [08/Oct/2025:04:47:39 +0000] "GET /robots.txt HTTP/1.1" 200 150 "-" "Mozilla/5.0 (compatible; SemrushBot/7~bl; +http://www.semrush.com/bot.html)"
185.191.171.11 - - [08/Oct/2025:04:47:43 +0000] "GET /kl-escorts/kl-escort-marry/ HTTP/1.1" 200 45406 "-" "Mozilla/5.0 (compatible; SemrushBot/7~bl; +http://www.semrush.com/bot.html)"
52.204.37.237 - - [08/Oct/2025:04:50:48 +0000] "GET /selecting-the-best-escort-service-in-kuala-lumpur/ HTTP/1.1" 200 44970 "-" "Mozilla/5.0 AppleWebKit/537.36 (KHTML, like Gecko; compatible; Amazonbot/0.1; +https://developer.amazon.com/support/amazonbot) Chrome/119.0.6045.214 Safari/537.36"
203.161.56.247 - - [08/Oct/2025:04:51:28 +0000] "POST /wp-cron.php?doing_wp_cron=1759899088.6946189403533935546875 HTTP/1.1" 200 - "-" "WordPress/6.8.3; https://klmalaygirl.net"
207.46.13.141 - - [08/Oct/2025:04:51:27 +0000] "GET /?s=v%C4%83n+b%E1%BA%A3n+qu%E1%BB%B9+l%C6%B0%C6%A1ng+ph%E1%BA%A3i+chi+trong+6+th%C3%A1ng+n%C4%83m+sau HTTP/1.1" 200 32776 "-" "Mozilla/5.0 AppleWebKit/537.36 (KHTML, like Gecko; compatible; bingbot/2.0; +http://www.bing.com/bingbot.htm) Chrome/116.0.1938.76 Safari/537.36"
203.161.56.247 - - [08/Oct/2025:04:53:06 +0000] "POST /wp-cron.php?doing_wp_cron=1759899186.9291129112243652343750 HTTP/1.1" 200 - "-" "WordPress/6.8.3; https://klmalaygirl.net"
116.58.75.150 - - [08/Oct/2025:04:53:04 +0000] "GET /wp-json/wp/v2/users HTTP/1.1" 200 1484 "-" "Mozilla/4.0 (compatible; Win32; WinHttp.WinHttpRequest.5)"
203.161.56.247 - - [08/Oct/2025:04:54:32 +0000] "POST /wp-cron.php?doing_wp_cron=1759899272.1177670955657958984375 HTTP/1.1" 200 - "-" "WordPress/6.8.3; https://klmalaygirl.net"
116.58.75.150 - - [08/Oct/2025:04:54:30 +0000] "POST /xmlrpc.php HTTP/1.1" 405 415 "-" "Mozilla/5.0 (Linux; Android 10; x64) AppleWebKit/537.36 (KHTML, like Gecko) Edge/86.0.0.0 Safari/537.36"
203.161.56.247 - - [08/Oct/2025:04:55:35 +0000] "POST /wp-cron.php?doing_wp_cron=1759899335.0275681018829345703125 HTTP/1.1" 200 - "-" "WordPress/6.8.3; https://klmalaygirl.net"
52.167.144.147 - - [08/Oct/2025:04:55:33 +0000] "GET /?s=best+roi+and+capital+appreciation+properties+in+malaysia HTTP/1.1" 200 32633 "-" "Mozilla/5.0 AppleWebKit/537.36 (KHTML, like Gecko; compatible; bingbot/2.0; +http://www.bing.com/bingbot.htm) Chrome/116.0.1938.76 Safari/537.36"
58.27.215.5 - - [08/Oct/2025:04:55:44 +0000] "POST /xmlrpc.php HTTP/1.1" 405 415 "-" "Mozilla/5.0 (Windows NT 6.2; x64) AppleWebKit/537.36 (KHTML, like Gecko) Safari/12.0.0.0 Safari/537.36"
203.161.56.247 - - [08/Oct/2025:04:56:56 +0000] "POST /wp-cron.php?doing_wp_cron=1759899416.3708450794219970703125 HTTP/1.1" 200 - "-" "WordPress/6.8.3; https://klmalaygirl.net"
58.27.215.5 - - [08/Oct/2025:04:56:54 +0000] "POST /xmlrpc.php HTTP/1.1" 405 415 "-" "Mozilla/5.0 (Windows NT 6.3; x86) AppleWebKit/537.36 (KHTML, like Gecko) Edge/96.0.0.0 Safari/537.36"
203.161.56.247 - - [08/Oct/2025:04:58:10 +0000] "POST /wp-cron.php?doing_wp_cron=1759899490.2018349170684814453125 HTTP/1.1" 200 - "-" "WordPress/6.8.3; https://klmalaygirl.net"
58.27.215.5 - - [08/Oct/2025:04:58:08 +0000] "POST /xmlrpc.php HTTP/1.1" 405 415 "-" "Mozilla/5.0 (Windows NT 6.2; x86) AppleWebKit/537.36 (KHTML, like Gecko) Firefox/81.0.0.0 Safari/537.36"
157.55.39.48 - - [08/Oct/2025:04:58:21 +0000] "GET /?s=jiezi+ancient+town+adalah HTTP/1.1" 200 32584 "-" "Mozilla/5.0 AppleWebKit/537.36 (KHTML, like Gecko; compatible; bingbot/2.0; +http://www.bing.com/bingbot.htm) Chrome/116.0.1938.76 Safari/537.36"
203.161.56.247 - - [08/Oct/2025:04:59:22 +0000] "POST /wp-cron.php?doing_wp_cron=1759899562.7254579067230224609375 HTTP/1.1" 200 - "-" "WordPress/6.8.3; https://klmalaygirl.net"
58.27.215.5 - - [08/Oct/2025:04:59:20 +0000] "POST /xmlrpc.php HTTP/1.1" 405 415 "-" "Mozilla/5.0 (Windows NT 6.2; x64) AppleWebKit/537.36 (KHTML, like Gecko) Opera/74.0.0.0 Safari/537.36"
203.161.56.247 - - [08/Oct/2025:05:00:51 +0000] "POST /wp-cron.php?doing_wp_cron=1759899651.2557680606842041015625 HTTP/1.1" 200 - "-" "WordPress/6.8.3; https://klmalaygirl.net"
58.27.215.5 - - [08/Oct/2025:05:00:49 +0000] "POST /xmlrpc.php HTTP/1.1" 405 415 "-" "Mozilla/5.0 (X11; Ubuntu; Linux x86_64; x86) AppleWebKit/537.36 (KHTML, like Gecko) Safari/11.0.0.0 Safari/537.36"
203.161.56.247 - - [08/Oct/2025:05:01:47 +0000] "POST /wp-cron.php?doing_wp_cron=1759899707.1776959896087646484375 HTTP/1.1" 200 - "-" "WordPress/6.8.3; https://klmalaygirl.net"
157.55.39.48 - - [08/Oct/2025:05:01:45 +0000] "GET /?s=kedai+untuk+disewa+cyberjaya HTTP/1.1" 200 32589 "-" "Mozilla/5.0 AppleWebKit/537.36 (KHTML, like Gecko; compatible; bingbot/2.0; +http://www.bing.com/bingbot.htm) Chrome/116.0.1938.76 Safari/537.36"
203.161.56.247 - - [08/Oct/2025:05:02:11 +0000] "POST /wp-cron.php?doing_wp_cron=1759899731.2815899848937988281250 HTTP/1.1" 200 - "-" "WordPress/6.8.3; https://klmalaygirl.net"
58.27.215.5 - - [08/Oct/2025:05:02:09 +0000] "POST /xmlrpc.php HTTP/1.1" 405 415 "-" "Mozilla/5.0 (Macintosh; Intel Mac OS X 10_15_7; arm64) AppleWebKit/537.36 (KHTML, like Gecko) Edge/88.0.0.0 Safari/537.36"
203.161.56.247 - - [08/Oct/2025:05:02:36 +0000] "POST /wp-cron.php?doing_wp_cron=1759899756.3312709331512451171875 HTTP/1.1" 200 - "-" "WordPress/6.8.3; https://klmalaygirl.net"
37.59.204.154 - - [08/Oct/2025:05:02:34 +0000] "GET /robots.txt HTTP/1.1" 200 150 "-" "Mozilla/5.0 (compatible; AhrefsBot/7.0; +http://ahrefs.com/robot/)"
167.114.139.235 - - [08/Oct/2025:05:02:37 +0000] "GET /sitemap.rss HTTP/1.1" 200 1711 "-" "Mozilla/5.0 (compatible; AhrefsBot/7.0; +http://ahrefs.com/robot/)"
203.161.56.247 - - [08/Oct/2025:05:03:34 +0000] "POST /wp-cron.php?doing_wp_cron=1759899814.9499750137329101562500 HTTP/1.1" 200 - "-" "WordPress/6.8.3; https://klmalaygirl.net"
58.27.215.5 - - [08/Oct/2025:05:03:32 +0000] "POST /xmlrpc.php HTTP/1.1" 405 415 "-" "Mozilla/5.0 (Linux; Android 10; x86) AppleWebKit/537.36 (KHTML, like Gecko) Opera/60.0.0.0 Safari/537.36"
203.161.56.247 - - [08/Oct/2025:05:04:50 +0000] "POST /wp-cron.php?doing_wp_cron=1759899890.3242459297180175781250 HTTP/1.1" 200 - "-" "WordPress/6.8.3; https://klmalaygirl.net"
116.58.75.150 - - [08/Oct/2025:05:04:48 +0000] "POST /xmlrpc.php HTTP/1.1" 405 415 "-" "Mozilla/5.0 (Windows NT 6.2; arm64) AppleWebKit/537.36 (KHTML, like Gecko) Opera/77.0.0.0 Safari/537.36"
174.233.92.127 - - [08/Oct/2025:05:05:52 +0000] "GET / HTTP/1.1" 304 - "https://openadultdirectory.com/" "Mozilla/5.0 (Linux; Android 10; K) AppleWebKit/537.36 (KHTML, like Gecko) Chrome/141.0.0.0 Mobile Safari/537.36"
203.161.56.247 - - [08/Oct/2025:05:06:11 +0000] "POST /wp-cron.php?doing_wp_cron=1759899971.3673589229583740234375 HTTP/1.1" 200 - "-" "WordPress/6.8.3; https://klmalaygirl.net"
116.58.75.150 - - [08/Oct/2025:05:06:10 +0000] "POST /xmlrpc.php HTTP/1.1" 405 415 "-" "Mozilla/5.0 (Windows NT 10.0; arm64) AppleWebKit/537.36 (KHTML, like Gecko) Chrome/97.0.0.0 Safari/537.36"
157.55.39.202 - - [08/Oct/2025:05:06:13 +0000] "GET /?s=FC2-PPV-4604611 HTTP/1.1" 200 32563 "-" "Mozilla/5.0 AppleWebKit/537.36 (KHTML, like Gecko; compatible; bingbot/2.0; +http://www.bing.com/bingbot.htm) Chrome/116.0.1938.76 Safari/537.36"
85.208.96.193 - - [08/Oct/2025:05:07:20 +0000] "GET /the-discerning-guide-to-reputable-malay-escort-services/ HTTP/1.1" 200 43897 "-" "Mozilla/5.0 (compatible; SemrushBot/7~bl; +http://www.semrush.com/bot.html)"
203.161.56.247 - - [08/Oct/2025:05:07:32 +0000] "POST /wp-cron.php?doing_wp_cron=1759900052.8724999427795410156250 HTTP/1.1" 200 - "-" "WordPress/6.8.3; https://klmalaygirl.net"
116.58.75.150 - - [08/Oct/2025:05:07:31 +0000] "POST /xmlrpc.php HTTP/1.1" 405 415 "-" "Mozilla/5.0 (Windows NT 6.3; arm64) AppleWebKit/537.36 (KHTML, like Gecko) Safari/12.0.0.0 Safari/537.36"
174.233.74.165 - - [08/Oct/2025:05:07:57 +0000] "GET / HTTP/1.1" 304 - "https://openadultdirectory.com/" "Mozilla/5.0 (Linux; Android 10; K) AppleWebKit/537.36 (KHTML, like Gecko) Chrome/141.0.0.0 Mobile Safari/537.36"
203.161.56.247 - - [08/Oct/2025:05:08:56 +0000] "POST /wp-cron.php?doing_wp_cron=1759900136.5555250644683837890625 HTTP/1.1" 200 - "-" "WordPress/6.8.3; https://klmalaygirl.net"
58.27.215.5 - - [08/Oct/2025:05:08:54 +0000] "POST /xmlrpc.php HTTP/1.1" 405 415 "-" "Mozilla/5.0 (Linux; Android 10; x64) AppleWebKit/537.36 (KHTML, like Gecko) Chrome/110.0.0.0 Safari/537.36"
174.233.74.165 - - [08/Oct/2025:05:09:46 +0000] "POST /?wc-ajax=get_refreshed_fragments HTTP/1.1" 200 226 "https://klmalaygirl.net/" "Mozilla/5.0 (Linux; Android 10; K) AppleWebKit/537.36 (KHTML, like Gecko) Chrome/141.0.0.0 Mobile Safari/537.36"
203.161.56.247 - - [08/Oct/2025:05:09:49 +0000] "POST /wp-cron.php?doing_wp_cron=1759900189.4456601142883300781250 HTTP/1.1" 200 - "-" "WordPress/6.8.3; https://klmalaygirl.net"
174.233.74.165 - - [08/Oct/2025:05:09:46 +0000] "POST /wp-admin/admin-ajax.php HTTP/1.1" 200 441 "https://klmalaygirl.net/" "Mozilla/5.0 (Linux; Android 10; K) AppleWebKit/537.36 (KHTML, like Gecko) Chrome/141.0.0.0 Mobile Safari/537.36"
203.161.56.247 - - [08/Oct/2025:05:09:49 +0000] "POST /wp-admin/admin-ajax.php?action=as_async_request_queue_runner&nonce=6e0e18e998 HTTP/1.1" 200 - "-" "WordPress/6.8.3; https://klmalaygirl.net"
203.161.56.247 - - [08/Oct/2025:05:09:58 +0000] "POST /wp-cron.php?doing_wp_cron=1759900198.3757169246673583984375 HTTP/1.1" 200 - "-" "WordPress/6.8.3; https://klmalaygirl.net"
203.161.56.247 - - [08/Oct/2025:05:09:56 +0000] "POST /wp-admin/admin-ajax.php?action=as_async_request_queue_runner&nonce=6e0e18e998 HTTP/1.1" 200 - "-" "WordPress/6.8.3; https://klmalaygirl.net"
203.161.56.247 - - [08/Oct/2025:05:10:15 +0000] "POST /wp-cron.php?doing_wp_cron=1759900215.4719231128692626953125 HTTP/1.1" 200 - "-" "WordPress/6.8.3; https://klmalaygirl.net"
58.27.215.5 - - [08/Oct/2025:05:10:14 +0000] "POST /xmlrpc.php HTTP/1.1" 405 415 "-" "Mozilla/5.0 (Windows NT 10.0; x86) AppleWebKit/537.36 (KHTML, like Gecko) Firefox/100.0.0.0 Safari/537.36"
203.161.56.247 - - [08/Oct/2025:05:11:29 +0000] "POST /wp-cron.php?doing_wp_cron=1759900289.2136740684509277343750 HTTP/1.1" 200 - "-" "WordPress/6.8.3; https://klmalaygirl.net"
116.58.75.150 - - [08/Oct/2025:05:11:27 +0000] "POST /xmlrpc.php HTTP/1.1" 405 415 "-" "Mozilla/5.0 (Windows NT 10.0; x64) AppleWebKit/537.36 (KHTML, like Gecko) Edge/93.0.0.0 Safari/537.36"
174.233.74.165 - - [08/Oct/2025:05:12:15 +0000] "GET /kl-escorts/kl-escort-sumi/ HTTP/1.1" 200 45346 "https://klmalaygirl.net/" "Mozilla/5.0 (Linux; Android 10; K) AppleWebKit/537.36 (KHTML, like Gecko) Chrome/141.0.0.0 Mobile Safari/537.36"
174.233.74.165 - - [08/Oct/2025:05:12:15 +0000] "GET /kl-escorts/kl-escort-sumi/ HTTP/1.1" 304 - "https://klmalaygirl.net/" "Mozilla/5.0 (Linux; Android 10; K) AppleWebKit/537.36 (KHTML, like Gecko) Chrome/141.0.0.0 Mobile Safari/537.36"
174.233.74.165 - - [08/Oct/2025:05:12:16 +0000] "GET /kl-escorts/sansan/ HTTP/1.1" 200 44951 "https://klmalaygirl.net/" "Mozilla/5.0 (Linux; Android 10; K) AppleWebKit/537.36 (KHTML, like Gecko) Chrome/141.0.0.0 Mobile Safari/537.36"
174.233.74.165 - - [08/Oct/2025:05:12:16 +0000] "GET /kl-escorts/sansan/ HTTP/1.1" 304 - "https://klmalaygirl.net/" "Mozilla/5.0 (Linux; Android 10; K) AppleWebKit/537.36 (KHTML, like Gecko) Chrome/141.0.0.0 Mobile Safari/537.36"
203.161.56.247 - - [08/Oct/2025:05:12:16 +0000] "POST /wp-cron.php?doing_wp_cron=1759900336.3983750343322753906250 HTTP/1.1" 200 - "-" "WordPress/6.8.3; https://klmalaygirl.net"
52.167.144.158 - - [08/Oct/2025:05:12:14 +0000] "GET /?s=%E0%B8%9A%E0%B8%B1%E0%B8%95%E0%B8%A3%E0%B8%9B%E0%B8%A3%E0%B8%B0%E0%B8%8A%E0%B8%B2%E0%B8%8A%E0%B8%99 HTTP/1.1" 200 32691 "-" "Mozilla/5.0 AppleWebKit/537.36 (KHTML, like Gecko; compatible; bingbot/2.0; +http://www.bing.com/bingbot.htm) Chrome/116.0.1938.76 Safari/537.36"
174.233.74.165 - - [08/Oct/2025:05:12:15 +0000] "POST /?wc-ajax=get_refreshed_fragments HTTP/1.1" 200 226 "https://klmalaygirl.net/" "Mozilla/5.0 (Linux; Android 10; K) AppleWebKit/537.36 (KHTML, like Gecko) Chrome/141.0.0.0 Mobile Safari/537.36"
174.233.74.165 - - [08/Oct/2025:05:12:15 +0000] "POST /wp-admin/admin-ajax.php HTTP/1.1" 200 441 "https://klmalaygirl.net/" "Mozilla/5.0 (Linux; Android 10; K) AppleWebKit/537.36 (KHTML, like Gecko) Chrome/141.0.0.0 Mobile Safari/537.36"
203.161.56.247 - - [08/Oct/2025:05:12:17 +0000] "POST /wp-admin/admin-ajax.php?action=as_async_request_queue_runner&nonce=6e0e18e998 HTTP/1.1" 200 - "-" "WordPress/6.8.3; https://klmalaygirl.net"
203.161.56.247 - - [08/Oct/2025:05:12:50 +0000] "POST /wp-cron.php?doing_wp_cron=1759900370.2000811100006103515625 HTTP/1.1" 200 - "-" "WordPress/6.8.3; https://klmalaygirl.net"
58.27.215.5 - - [08/Oct/2025:05:12:48 +0000] "POST /xmlrpc.php HTTP/1.1" 405 415 "-" "Mozilla/5.0 (Macintosh; Intel Mac OS X 10_15_7; x64) AppleWebKit/537.36 (KHTML, like Gecko) Safari/13.0.0.0 Safari/537.36"
203.161.56.247 - - [08/Oct/2025:05:14:07 +0000] "POST /wp-cron.php?doing_wp_cron=1759900447.2795479297637939453125 HTTP/1.1" 200 - "-" "WordPress/6.8.3; https://klmalaygirl.net"
58.27.215.5 - - [08/Oct/2025:05:14:05 +0000] "POST /xmlrpc.php HTTP/1.1" 405 415 "-" "Mozilla/5.0 (Macintosh; Intel Mac OS X 10_15_7; arm64) AppleWebKit/537.36 (KHTML, like Gecko) Edge/100.0.0.0 Safari/537.36"
85.208.96.208 - - [08/Oct/2025:05:15:02 +0000] "GET /kl-escorts/kl-escort-siti/ HTTP/1.1" 200 45252 "-" "Mozilla/5.0 (compatible; SemrushBot/7~bl; +http://www.semrush.com/bot.html)"
203.161.56.247 - - [08/Oct/2025:05:15:20 +0000] "POST /wp-cron.php?doing_wp_cron=1759900520.6080598831176757812500 HTTP/1.1" 200 - "-" "WordPress/6.8.3; https://klmalaygirl.net"
58.27.215.5 - - [08/Oct/2025:05:15:19 +0000] "POST /xmlrpc.php HTTP/1.1" 405 415 "-" "Mozilla/5.0 (Windows NT 6.2; x64) AppleWebKit/537.36 (KHTML, like Gecko) Opera/80.0.0.0 Safari/537.36"
203.161.56.247 - - [08/Oct/2025:05:16:34 +0000] "POST /wp-cron.php?doing_wp_cron=1759900594.1856179237365722656250 HTTP/1.1" 200 - "-" "WordPress/6.8.3; https://klmalaygirl.net"
116.58.75.150 - - [08/Oct/2025:05:16:32 +0000] "POST /xmlrpc.php HTTP/1.1" 405 415 "-" "Mozilla/5.0 (Linux; Android 10; x86) AppleWebKit/537.36 (KHTML, like Gecko) Opera/62.0.0.0 Safari/537.36"
52.167.144.18 - - [08/Oct/2025:05:16:44 +0000] "GET /?s=zemiglo HTTP/1.1" 200 32542 "-" "Mozilla/5.0 AppleWebKit/537.36 (KHTML, like Gecko; compatible; bingbot/2.0; +http://www.bing.com/bingbot.htm) Chrome/116.0.1938.76 Safari/537.36"
203.161.56.247 - - [08/Oct/2025:05:17:42 +0000] "POST /wp-cron.php?doing_wp_cron=1759900662.0444219112396240234375 HTTP/1.1" 200 - "-" "WordPress/6.8.3; https://klmalaygirl.net"
58.27.215.5 - - [08/Oct/2025:05:17:40 +0000] "POST /xmlrpc.php HTTP/1.1" 405 415 "-" "Mozilla/5.0 (X11; Ubuntu; Linux x86_64; arm64) AppleWebKit/537.36 (KHTML, like Gecko) Opera/75.0.0.0 Safari/537.36"
203.161.56.247 - - [08/Oct/2025:05:18:52 +0000] "POST /wp-cron.php?doing_wp_cron=1759900732.4345510005950927734375 HTTP/1.1" 200 - "-" "WordPress/6.8.3; https://klmalaygirl.net"
58.27.215.5 - - [08/Oct/2025:05:18:50 +0000] "POST /xmlrpc.php HTTP/1.1" 405 415 "-" "Mozilla/5.0 (Linux; Android 10; x86) AppleWebKit/537.36 (KHTML, like Gecko) Safari/11.0.0.0 Safari/537.36"
203.161.56.247 - - [08/Oct/2025:05:20:12 +0000] "POST /wp-cron.php?doing_wp_cron=1759900812.1153259277343750000000 HTTP/1.1" 200 - "-" "WordPress/6.8.3; https://klmalaygirl.net"
58.27.215.5 - - [08/Oct/2025:05:20:09 +0000] "POST /xmlrpc.php HTTP/1.1" 405 415 "-" "Mozilla/5.0 (X11; Ubuntu; Linux x86_64; x86) AppleWebKit/537.36 (KHTML, like Gecko) Firefox/71.0.0.0 Safari/537.36"
