183.171.70.98 - - [07/Oct/2025:13:15:22 +0000] "GET /wp-content/themes/dt-the7/fonts/icomoon-the7-font/icomoon-the7-font.ttf?wi57p5 HTTP/1.1" 200 24309 "https://sweetb2bmassage.com/wp-content/themes/dt-the7/fonts/icomoon-the7-font/icomoon-the7-font.min.css?ver=10.9.1" "Mozilla/5.0 (Linux; Android 10; K) AppleWebKit/537.36 (KHTML, like Gecko) Chrome/140.0.0.0 Mobile Safari/537.36"
183.171.70.98 - - [07/Oct/2025:13:15:22 +0000] "GET /wp-content/plugins/creame-whatsapp-me/public/css/joinchat-btn.min.css?ver=6.0.8 HTTP/1.1" 200 2304 "https://sweetb2bmassage.com/" "Mozilla/5.0 (Linux; Android 10; K) AppleWebKit/537.36 (KHTML, like Gecko) Chrome/140.0.0.0 Mobile Safari/537.36"
183.171.70.98 - - [07/Oct/2025:13:15:22 +0000] "GET /wp-content/themes/dt-the7/lib/jquery-mousewheel/jquery-mousewheel.min.js?ver=10.9.1 HTTP/1.1" 200 1184 "https://sweetb2bmassage.com/" "Mozilla/5.0 (Linux; Android 10; K) AppleWebKit/537.36 (KHTML, like Gecko) Chrome/140.0.0.0 Mobile Safari/537.36"
183.171.70.98 - - [07/Oct/2025:13:15:22 +0000] "GET /wp-content/plugins/contact-form-7/includes/swv/js/index.js?ver=6.1.1 HTTP/1.1" 200 3503 "https://sweetb2bmassage.com/" "Mozilla/5.0 (Linux; Android 10; K) AppleWebKit/537.36 (KHTML, like Gecko) Chrome/140.0.0.0 Mobile Safari/537.36"
183.171.70.98 - - [07/Oct/2025:13:15:22 +0000] "GET /wp-content/themes/dt-the7/lib/custom-scrollbar/custom-scrollbar.min.js?ver=10.9.1 HTTP/1.1" 200 11972 "https://sweetb2bmassage.com/" "Mozilla/5.0 (Linux; Android 10; K) AppleWebKit/537.36 (KHTML, like Gecko) Chrome/140.0.0.0 Mobile Safari/537.36"
183.171.70.98 - - [07/Oct/2025:13:15:22 +0000] "GET /wp-content/plugins/Ultimate_VC_Addons/assets/min-js/jquery-appear.min.js?ver=3.19.11 HTTP/1.1" 200 628 "https://sweetb2bmassage.com/" "Mozilla/5.0 (Linux; Android 10; K) AppleWebKit/537.36 (KHTML, like Gecko) Chrome/140.0.0.0 Mobile Safari/537.36"
183.171.70.98 - - [07/Oct/2025:13:15:22 +0000] "GET /wp-content/plugins/dt-the7-core/assets/js/post-type.min.js?ver=2.6.0 HTTP/1.1" 200 5072 "https://sweetb2bmassage.com/" "Mozilla/5.0 (Linux; Android 10; K) AppleWebKit/537.36 (KHTML, like Gecko) Chrome/140.0.0.0 Mobile Safari/537.36"
183.171.70.98 - - [07/Oct/2025:13:15:22 +0000] "GET /wp-content/plugins/js_composer/assets/js/dist/js_composer_front.min.js?ver=8.6.1 HTTP/1.1" 200 5223 "https://sweetb2bmassage.com/" "Mozilla/5.0 (Linux; Android 10; K) AppleWebKit/537.36 (KHTML, like Gecko) Chrome/140.0.0.0 Mobile Safari/537.36"
183.171.70.98 - - [07/Oct/2025:13:15:22 +0000] "GET /wp-content/plugins/Ultimate_VC_Addons/assets/min-js/ultimate_bg.min.js?ver=3.19.11 HTTP/1.1" 200 9446 "https://sweetb2bmassage.com/" "Mozilla/5.0 (Linux; Android 10; K) AppleWebKit/537.36 (KHTML, like Gecko) Chrome/140.0.0.0 Mobile Safari/537.36"
183.171.70.98 - - [07/Oct/2025:13:15:22 +0000] "GET /wp-content/plugins/revslider/public/assets/js/rbtools.min.js?ver=6.5.18 HTTP/1.1" 200 48780 "https://sweetb2bmassage.com/" "Mozilla/5.0 (Linux; Android 10; K) AppleWebKit/537.36 (KHTML, like Gecko) Chrome/140.0.0.0 Mobile Safari/537.36"
183.171.70.98 - - [07/Oct/2025:13:15:22 +0000] "GET /wp-content/plugins/google-analytics-for-wordpress/assets/js/frontend-gtag.min.js?ver=9.8.0 HTTP/1.1" 200 3277 "https://sweetb2bmassage.com/" "Mozilla/5.0 (Linux; Android 10; K) AppleWebKit/537.36 (KHTML, like Gecko) Chrome/140.0.0.0 Mobile Safari/537.36"
183.171.70.98 - - [07/Oct/2025:13:15:22 +0000] "GET /wp-content/plugins/creame-whatsapp-me/public/js/joinchat.min.js?ver=6.0.8 HTTP/1.1" 200 3372 "https://sweetb2bmassage.com/" "Mozilla/5.0 (Linux; Android 10; K) AppleWebKit/537.36 (KHTML, like Gecko) Chrome/140.0.0.0 Mobile Safari/537.36"
183.171.70.98 - - [07/Oct/2025:13:15:22 +0000] "GET /wp-content/themes/dt-the7/images/backgrounds/patterns/full/crisp_paper_ruffles.jpg HTTP/1.1" 200 25714 "https://sweetb2bmassage.com/wp-content/uploads/the7-css/custom.css?ver=fe248fad28d3" "Mozilla/5.0 (Linux; Android 10; K) AppleWebKit/537.36 (KHTML, like Gecko) Chrome/140.0.0.0 Mobile Safari/537.36"
183.171.70.98 - - [07/Oct/2025:13:15:22 +0000] "GET /wp-content/plugins/revslider/public/assets/js/rs6.min.js?ver=6.5.19 HTTP/1.1" 200 100818 "https://sweetb2bmassage.com/" "Mozilla/5.0 (Linux; Android 10; K) AppleWebKit/537.36 (KHTML, like Gecko) Chrome/140.0.0.0 Mobile Safari/537.36"
183.171.70.98 - - [07/Oct/2025:13:15:24 +0000] "GET /wp-includes/js/wp-emoji-release.min.js?ver=6.8.3 HTTP/1.1" 200 5163 "https://sweetb2bmassage.com/" "Mozilla/5.0 (Linux; Android 10; K) AppleWebKit/537.36 (KHTML, like Gecko) Chrome/140.0.0.0 Mobile Safari/537.36"
203.161.56.247 - - [07/Oct/2025:13:15:25 +0000] "POST /wp-cron.php?doing_wp_cron=1759842925.7821669578552246093750 HTTP/1.1" 200 - "-" "WordPress/6.8.3; https://sweetb2bmassage.com"
183.171.70.98 - - [07/Oct/2025:13:15:24 +0000] "GET /favicon.ico HTTP/1.1" 302 - "https://sweetb2bmassage.com/" "Mozilla/5.0 (Linux; Android 10; K) AppleWebKit/537.36 (KHTML, like Gecko) Chrome/140.0.0.0 Mobile Safari/537.36"
183.171.70.98 - - [07/Oct/2025:13:15:26 +0000] "GET /wp-includes/images/w-logo-blue-white-bg.png HTTP/1.1" 200 4119 "https://sweetb2bmassage.com/" "Mozilla/5.0 (Linux; Android 10; K) AppleWebKit/537.36 (KHTML, like Gecko) Chrome/140.0.0.0 Mobile Safari/537.36"
183.171.70.98 - - [07/Oct/2025:13:15:25 +0000] "GET /apple-touch-icon.png HTTP/1.1" 404 13777 "-" "DuckDuckGo/5 (com.duckduckgo.mobile.android; Android API 34)"
183.171.70.98 - - [07/Oct/2025:13:15:27 +0000] "GET /favicon.ico HTTP/1.1" 302 - "-" "DuckDuckGo/5 (com.duckduckgo.mobile.android; Android API 34)"
183.171.70.98 - - [07/Oct/2025:13:15:28 +0000] "GET /wp-includes/images/w-logo-blue-white-bg.png HTTP/1.1" 200 4119 "-" "DuckDuckGo/5 (com.duckduckgo.mobile.android; Android API 34)"
51.195.215.206 - - [07/Oct/2025:13:15:57 +0000] "GET / HTTP/1.1" 403 - "-" "Mozilla/5.0 (compatible; AhrefsBot/7.0; +http://ahrefs.com/robot/)"
203.161.56.247 - - [07/Oct/2025:13:16:20 +0000] "POST /wp-cron.php?doing_wp_cron=1759842980.6257820129394531250000 HTTP/1.1" 200 - "-" "WordPress/6.8.3; https://sweetb2bmassage.com"
60.48.103.147 - - [07/Oct/2025:13:16:19 +0000] "GET / HTTP/1.1" 200 23589 "-" "Mozilla/5.0 (Macintosh; Intel Mac OS X 10_15_7) AppleWebKit/605.1.15 (KHTML, like Gecko) Version/17.6 Safari/605.1.15"
115.164.40.215 - - [07/Oct/2025:13:16:19 +0000] "GET / HTTP/1.1" 200 23592 "https://www.google.com/url?q=https://sweetb2bmassage.com/&sa=U&sqi=2&ved=2ahUKEwiSp9iylZKQAxVKSWwGHQ9kDaUQFnoECDwQAQ&usg=AOvVaw2B5R2jiBaUrhTwe1_jFxBm" "Mozilla/5.0 (iPhone; CPU iPhone OS 18_5_0 like Mac OS X) AppleWebKit/605.1.15 (KHTML, like Gecko) GSA/388.0.811331708 Mobile/15E148 Safari/604.1"
60.48.103.147 - - [07/Oct/2025:13:16:21 +0000] "GET /wp-content/themes/dt-the7/css/main.min.css?ver=10.9.1 HTTP/1.1" 200 41455 "https://sweetb2bmassage.com/" "Mozilla/5.0 (Macintosh; Intel Mac OS X 10_15_7) AppleWebKit/605.1.15 (KHTML, like Gecko) Version/17.6 Safari/605.1.15"
115.164.40.215 - - [07/Oct/2025:13:16:21 +0000] "GET /wp-content/themes/dt-the7/css/main.min.css?ver=10.9.1 HTTP/1.1" 200 41455 "https://sweetb2bmassage.com/" "Mozilla/5.0 (iPhone; CPU iPhone OS 18_5_0 like Mac OS X) AppleWebKit/605.1.15 (KHTML, like Gecko) GSA/388.0.811331708 Mobile/15E148 Safari/604.1"
60.48.103.147 - - [07/Oct/2025:13:16:21 +0000] "GET /wp-content/plugins/contact-form-7/includes/css/styles.css?ver=6.1.1 HTTP/1.1" 200 1031 "https://sweetb2bmassage.com/" "Mozilla/5.0 (Macintosh; Intel Mac OS X 10_15_7) AppleWebKit/605.1.15 (KHTML, like Gecko) Version/17.6 Safari/605.1.15"
60.48.103.147 - - [07/Oct/2025:13:16:21 +0000] "GET /wp-content/uploads/smile_fonts/icomoon-font-awesome-14x14/icomoon-font-awesome-14x14.css?ver=6.8.3 HTTP/1.1" 200 6599 "https://sweetb2bmassage.com/" "Mozilla/5.0 (Macintosh; Intel Mac OS X 10_15_7) AppleWebKit/605.1.15 (KHTML, like Gecko) Version/17.6 Safari/605.1.15"
60.48.103.147 - - [07/Oct/2025:13:16:21 +0000] "GET /wp-includes/css/dist/block-library/style.min.css?ver=6.8.3 HTTP/1.1" 200 15315 "https://sweetb2bmassage.com/" "Mozilla/5.0 (Macintosh; Intel Mac OS X 10_15_7) AppleWebKit/605.1.15 (KHTML, like Gecko) Version/17.6 Safari/605.1.15"
60.48.103.147 - - [07/Oct/2025:13:16:21 +0000] "GET /wp-content/uploads/js_composer/custom.css?ver=8.6.1 HTTP/1.1" 200 102 "https://sweetb2bmassage.com/" "Mozilla/5.0 (Macintosh; Intel Mac OS X 10_15_7) AppleWebKit/605.1.15 (KHTML, like Gecko) Version/17.6 Safari/605.1.15"
60.48.103.147 - - [07/Oct/2025:13:16:21 +0000] "GET /wp-content/plugins/js_composer/assets/css/js_composer.min.css?ver=8.6.1 HTTP/1.1" 200 45657 "https://sweetb2bmassage.com/" "Mozilla/5.0 (Macintosh; Intel Mac OS X 10_15_7) AppleWebKit/605.1.15 (KHTML, like Gecko) Version/17.6 Safari/605.1.15"
60.48.103.147 - - [07/Oct/2025:13:16:21 +0000] "GET /wp-content/themes/dt-the7/fonts/icomoon-the7-font/icomoon-the7-font.min.css?ver=10.9.1 HTTP/1.1" 200 3014 "https://sweetb2bmassage.com/" "Mozilla/5.0 (Macintosh; Intel Mac OS X 10_15_7) AppleWebKit/605.1.15 (KHTML, like Gecko) Version/17.6 Safari/605.1.15"
115.164.40.215 - - [07/Oct/2025:13:16:21 +0000] "GET /wp-content/uploads/js_composer/custom.css?ver=8.6.1 HTTP/1.1" 200 102 "https://sweetb2bmassage.com/" "Mozilla/5.0 (iPhone; CPU iPhone OS 18_5_0 like Mac OS X) AppleWebKit/605.1.15 (KHTML, like Gecko) GSA/388.0.811331708 Mobile/15E148 Safari/604.1"
115.164.40.215 - - [07/Oct/2025:13:16:21 +0000] "GET /wp-includes/css/dist/block-library/style.min.css?ver=6.8.3 HTTP/1.1" 200 15315 "https://sweetb2bmassage.com/" "Mozilla/5.0 (iPhone; CPU iPhone OS 18_5_0 like Mac OS X) AppleWebKit/605.1.15 (KHTML, like Gecko) GSA/388.0.811331708 Mobile/15E148 Safari/604.1"
115.164.40.215 - - [07/Oct/2025:13:16:21 +0000] "GET /wp-content/plugins/js_composer/assets/css/js_composer.min.css?ver=8.6.1 HTTP/1.1" 200 45657 "https://sweetb2bmassage.com/" "Mozilla/5.0 (iPhone; CPU iPhone OS 18_5_0 like Mac OS X) AppleWebKit/605.1.15 (KHTML, like Gecko) GSA/388.0.811331708 Mobile/15E148 Safari/604.1"
115.164.40.215 - - [07/Oct/2025:13:16:21 +0000] "GET /wp-content/plugins/contact-form-7/includes/css/styles.css?ver=6.1.1 HTTP/1.1" 200 1031 "https://sweetb2bmassage.com/" "Mozilla/5.0 (iPhone; CPU iPhone OS 18_5_0 like Mac OS X) AppleWebKit/605.1.15 (KHTML, like Gecko) GSA/388.0.811331708 Mobile/15E148 Safari/604.1"
115.164.40.215 - - [07/Oct/2025:13:16:21 +0000] "GET /wp-content/uploads/smile_fonts/icomoon-font-awesome-14x14/icomoon-font-awesome-14x14.css?ver=6.8.3 HTTP/1.1" 200 6599 "https://sweetb2bmassage.com/" "Mozilla/5.0 (iPhone; CPU iPhone OS 18_5_0 like Mac OS X) AppleWebKit/605.1.15 (KHTML, like Gecko) GSA/388.0.811331708 Mobile/15E148 Safari/604.1"
60.48.103.147 - - [07/Oct/2025:13:16:21 +0000] "GET /wp-content/themes/dt-the7/fonts/FontAwesome/css/all.min.css?ver=10.9.1 HTTP/1.1" 200 12843 "https://sweetb2bmassage.com/" "Mozilla/5.0 (Macintosh; Intel Mac OS X 10_15_7) AppleWebKit/605.1.15 (KHTML, like Gecko) Version/17.6 Safari/605.1.15"
60.48.103.147 - - [07/Oct/2025:13:16:21 +0000] "GET /wp-content/themes/dt-the7/fonts/FontAwesome/back-compat.min.css?ver=10.9.1 HTTP/1.1" 200 4073 "https://sweetb2bmassage.com/" "Mozilla/5.0 (Macintosh; Intel Mac OS X 10_15_7) AppleWebKit/605.1.15 (KHTML, like Gecko) Version/17.6 Safari/605.1.15"
60.48.103.147 - - [07/Oct/2025:13:16:22 +0000] "GET /wp-content/themes/dt-the7/lib/custom-scrollbar/custom-scrollbar.min.css?ver=10.9.1 HTTP/1.1" 200 1522 "https://sweetb2bmassage.com/" "Mozilla/5.0 (Macintosh; Intel Mac OS X 10_15_7) AppleWebKit/605.1.15 (KHTML, like Gecko) Version/17.6 Safari/605.1.15"
60.48.103.147 - - [07/Oct/2025:13:16:22 +0000] "GET /wp-content/themes/dt-the7/css/wpbakery.min.css?ver=10.9.1 HTTP/1.1" 200 4366 "https://sweetb2bmassage.com/" "Mozilla/5.0 (Macintosh; Intel Mac OS X 10_15_7) AppleWebKit/605.1.15 (KHTML, like Gecko) Version/17.6 Safari/605.1.15"
115.164.40.215 - - [07/Oct/2025:13:16:22 +0000] "GET /wp-content/themes/dt-the7/fonts/icomoon-the7-font/icomoon-the7-font.min.css?ver=10.9.1 HTTP/1.1" 200 3014 "https://sweetb2bmassage.com/" "Mozilla/5.0 (iPhone; CPU iPhone OS 18_5_0 like Mac OS X) AppleWebKit/605.1.15 (KHTML, like Gecko) GSA/388.0.811331708 Mobile/15E148 Safari/604.1"
115.164.40.215 - - [07/Oct/2025:13:16:22 +0000] "GET /wp-content/themes/dt-the7/fonts/FontAwesome/css/all.min.css?ver=10.9.1 HTTP/1.1" 200 12843 "https://sweetb2bmassage.com/" "Mozilla/5.0 (iPhone; CPU iPhone OS 18_5_0 like Mac OS X) AppleWebKit/605.1.15 (KHTML, like Gecko) GSA/388.0.811331708 Mobile/15E148 Safari/604.1"
60.48.103.147 - - [07/Oct/2025:13:16:22 +0000] "GET /wp-content/plugins/dt-the7-core/assets/css/post-type.min.css?ver=2.6.0 HTTP/1.1" 200 6295 "https://sweetb2bmassage.com/" "Mozilla/5.0 (Macintosh; Intel Mac OS X 10_15_7) AppleWebKit/605.1.15 (KHTML, like Gecko) Version/17.6 Safari/605.1.15"
60.48.103.147 - - [07/Oct/2025:13:16:22 +0000] "GET /wp-content/uploads/the7-css/css-vars.css?ver=fe248fad28d3 HTTP/1.1" 200 4382 "https://sweetb2bmassage.com/" "Mozilla/5.0 (Macintosh; Intel Mac OS X 10_15_7) AppleWebKit/605.1.15 (KHTML, like Gecko) Version/17.6 Safari/605.1.15"
115.164.40.215 - - [07/Oct/2025:13:16:22 +0000] "GET /wp-content/themes/dt-the7/fonts/FontAwesome/back-compat.min.css?ver=10.9.1 HTTP/1.1" 200 4073 "https://sweetb2bmassage.com/" "Mozilla/5.0 (iPhone; CPU iPhone OS 18_5_0 like Mac OS X) AppleWebKit/605.1.15 (KHTML, like Gecko) GSA/388.0.811331708 Mobile/15E148 Safari/604.1"
60.48.103.147 - - [07/Oct/2025:13:16:22 +0000] "GET /wp-content/uploads/the7-css/custom.css?ver=fe248fad28d3 HTTP/1.1" 200 30470 "https://sweetb2bmassage.com/" "Mozilla/5.0 (Macintosh; Intel Mac OS X 10_15_7) AppleWebKit/605.1.15 (KHTML, like Gecko) Version/17.6 Safari/605.1.15"
115.164.40.215 - - [07/Oct/2025:13:16:22 +0000] "GET /wp-content/themes/dt-the7/lib/custom-scrollbar/custom-scrollbar.min.css?ver=10.9.1 HTTP/1.1" 200 1522 "https://sweetb2bmassage.com/" "Mozilla/5.0 (iPhone; CPU iPhone OS 18_5_0 like Mac OS X) AppleWebKit/605.1.15 (KHTML, like Gecko) GSA/388.0.811331708 Mobile/15E148 Safari/604.1"
60.48.103.147 - - [07/Oct/2025:13:16:22 +0000] "GET /wp-content/uploads/the7-css/media.css?ver=fe248fad28d3 HTTP/1.1" 200 10062 "https://sweetb2bmassage.com/" "Mozilla/5.0 (Macintosh; Intel Mac OS X 10_15_7) AppleWebKit/605.1.15 (KHTML, like Gecko) Version/17.6 Safari/605.1.15"
115.164.40.215 - - [07/Oct/2025:13:16:22 +0000] "GET /wp-content/themes/dt-the7/css/wpbakery.min.css?ver=10.9.1 HTTP/1.1" 200 4366 "https://sweetb2bmassage.com/" "Mozilla/5.0 (iPhone; CPU iPhone OS 18_5_0 like Mac OS X) AppleWebKit/605.1.15 (KHTML, like Gecko) GSA/388.0.811331708 Mobile/15E148 Safari/604.1"
115.164.40.215 - - [07/Oct/2025:13:16:22 +0000] "GET /wp-content/plugins/dt-the7-core/assets/css/post-type.min.css?ver=2.6.0 HTTP/1.1" 200 6295 "https://sweetb2bmassage.com/" "Mozilla/5.0 (iPhone; CPU iPhone OS 18_5_0 like Mac OS X) AppleWebKit/605.1.15 (KHTML, like Gecko) GSA/388.0.811331708 Mobile/15E148 Safari/604.1"
115.164.40.215 - - [07/Oct/2025:13:16:22 +0000] "GET /wp-content/uploads/the7-css/css-vars.css?ver=fe248fad28d3 HTTP/1.1" 200 4382 "https://sweetb2bmassage.com/" "Mozilla/5.0 (iPhone; CPU iPhone OS 18_5_0 like Mac OS X) AppleWebKit/605.1.15 (KHTML, like Gecko) GSA/388.0.811331708 Mobile/15E148 Safari/604.1"
60.48.103.147 - - [07/Oct/2025:13:16:22 +0000] "GET /wp-content/uploads/the7-css/mega-menu.css?ver=fe248fad28d3 HTTP/1.1" 200 2894 "https://sweetb2bmassage.com/" "Mozilla/5.0 (Macintosh; Intel Mac OS X 10_15_7) AppleWebKit/605.1.15 (KHTML, like Gecko) Version/17.6 Safari/605.1.15"
60.48.103.147 - - [07/Oct/2025:13:16:22 +0000] "GET /wp-content/uploads/the7-css/the7-elements-albums-portfolio.css?ver=fe248fad28d3 HTTP/1.1" 200 2663 "https://sweetb2bmassage.com/" "Mozilla/5.0 (Macintosh; Intel Mac OS X 10_15_7) AppleWebKit/605.1.15 (KHTML, like Gecko) Version/17.6 Safari/605.1.15"
60.48.103.147 - - [07/Oct/2025:13:16:22 +0000] "GET /wp-content/uploads/the7-css/post-type-dynamic.css?ver=fe248fad28d3 HTTP/1.1" 200 1298 "https://sweetb2bmassage.com/" "Mozilla/5.0 (Macintosh; Intel Mac OS X 10_15_7) AppleWebKit/605.1.15 (KHTML, like Gecko) Version/17.6 Safari/605.1.15"
60.48.103.147 - - [07/Oct/2025:13:16:22 +0000] "GET /wp-content/themes/dt-the7/style.css?ver=10.9.1 HTTP/1.1" 200 814 "https://sweetb2bmassage.com/" "Mozilla/5.0 (Macintosh; Intel Mac OS X 10_15_7) AppleWebKit/605.1.15 (KHTML, like Gecko) Version/17.6 Safari/605.1.15"
115.164.40.215 - - [07/Oct/2025:13:16:22 +0000] "GET /wp-content/uploads/the7-css/custom.css?ver=fe248fad28d3 HTTP/1.1" 200 30470 "https://sweetb2bmassage.com/" "Mozilla/5.0 (iPhone; CPU iPhone OS 18_5_0 like Mac OS X) AppleWebKit/605.1.15 (KHTML, like Gecko) GSA/388.0.811331708 Mobile/15E148 Safari/604.1"
115.164.40.215 - - [07/Oct/2025:13:16:22 +0000] "GET /wp-content/uploads/the7-css/media.css?ver=fe248fad28d3 HTTP/1.1" 200 10062 "https://sweetb2bmassage.com/" "Mozilla/5.0 (iPhone; CPU iPhone OS 18_5_0 like Mac OS X) AppleWebKit/605.1.15 (KHTML, like Gecko) GSA/388.0.811331708 Mobile/15E148 Safari/604.1"
115.164.40.215 - - [07/Oct/2025:13:16:22 +0000] "GET /wp-content/uploads/the7-css/mega-menu.css?ver=fe248fad28d3 HTTP/1.1" 200 2894 "https://sweetb2bmassage.com/" "Mozilla/5.0 (iPhone; CPU iPhone OS 18_5_0 like Mac OS X) AppleWebKit/605.1.15 (KHTML, like Gecko) GSA/388.0.811331708 Mobile/15E148 Safari/604.1"
60.48.103.147 - - [07/Oct/2025:13:16:22 +0000] "GET /wp-content/plugins/Ultimate_VC_Addons/assets/min-css/style.min.css?ver=3.19.11 HTTP/1.1" 200 2752 "https://sweetb2bmassage.com/" "Mozilla/5.0 (Macintosh; Intel Mac OS X 10_15_7) AppleWebKit/605.1.15 (KHTML, like Gecko) Version/17.6 Safari/605.1.15"
115.164.40.215 - - [07/Oct/2025:13:16:22 +0000] "GET /wp-content/uploads/the7-css/the7-elements-albums-portfolio.css?ver=fe248fad28d3 HTTP/1.1" 200 2663 "https://sweetb2bmassage.com/" "Mozilla/5.0 (iPhone; CPU iPhone OS 18_5_0 like Mac OS X) AppleWebKit/605.1.15 (KHTML, like Gecko) GSA/388.0.811331708 Mobile/15E148 Safari/604.1"
60.48.103.147 - - [07/Oct/2025:13:16:22 +0000] "GET /wp-content/plugins/Ultimate_VC_Addons/assets/min-css/headings.min.css?ver=3.19.11 HTTP/1.1" 200 415 "https://sweetb2bmassage.com/" "Mozilla/5.0 (Macintosh; Intel Mac OS X 10_15_7) AppleWebKit/605.1.15 (KHTML, like Gecko) Version/17.6 Safari/605.1.15"
60.48.103.147 - - [07/Oct/2025:13:16:22 +0000] "GET /wp-content/plugins/Ultimate_VC_Addons/assets/min-css/advanced-buttons.min.css?ver=3.19.11 HTTP/1.1" 200 3345 "https://sweetb2bmassage.com/" "Mozilla/5.0 (Macintosh; Intel Mac OS X 10_15_7) AppleWebKit/605.1.15 (KHTML, like Gecko) Version/17.6 Safari/605.1.15"
115.164.40.215 - - [07/Oct/2025:13:16:22 +0000] "GET /wp-content/uploads/the7-css/post-type-dynamic.css?ver=fe248fad28d3 HTTP/1.1" 200 1298 "https://sweetb2bmassage.com/" "Mozilla/5.0 (iPhone; CPU iPhone OS 18_5_0 like Mac OS X) AppleWebKit/605.1.15 (KHTML, like Gecko) GSA/388.0.811331708 Mobile/15E148 Safari/604.1"
115.164.40.215 - - [07/Oct/2025:13:16:22 +0000] "GET /wp-content/themes/dt-the7/style.css?ver=10.9.1 HTTP/1.1" 200 814 "https://sweetb2bmassage.com/" "Mozilla/5.0 (iPhone; CPU iPhone OS 18_5_0 like Mac OS X) AppleWebKit/605.1.15 (KHTML, like Gecko) GSA/388.0.811331708 Mobile/15E148 Safari/604.1"
60.48.103.147 - - [07/Oct/2025:13:16:22 +0000] "GET /wp-includes/js/jquery/jquery-migrate.min.js?ver=3.4.1 HTTP/1.1" 200 4872 "https://sweetb2bmassage.com/" "Mozilla/5.0 (Macintosh; Intel Mac OS X 10_15_7) AppleWebKit/605.1.15 (KHTML, like Gecko) Version/17.6 Safari/605.1.15"
60.48.103.147 - - [07/Oct/2025:13:16:22 +0000] "GET /wp-content/plugins/Ultimate_VC_Addons/assets/min-js/ultimate-params.min.js?ver=3.19.11 HTTP/1.1" 200 528 "https://sweetb2bmassage.com/" "Mozilla/5.0 (Macintosh; Intel Mac OS X 10_15_7) AppleWebKit/605.1.15 (KHTML, like Gecko) Version/17.6 Safari/605.1.15"
60.48.103.147 - - [07/Oct/2025:13:16:22 +0000] "GET /wp-content/themes/dt-the7/js/above-the-fold.min.js?ver=10.9.1 HTTP/1.1" 200 4758 "https://sweetb2bmassage.com/" "Mozilla/5.0 (Macintosh; Intel Mac OS X 10_15_7) AppleWebKit/605.1.15 (KHTML, like Gecko) Version/17.6 Safari/605.1.15"
115.164.40.215 - - [07/Oct/2025:13:16:22 +0000] "GET /wp-content/plugins/Ultimate_VC_Addons/assets/min-css/style.min.css?ver=3.19.11 HTTP/1.1" 200 2752 "https://sweetb2bmassage.com/" "Mozilla/5.0 (iPhone; CPU iPhone OS 18_5_0 like Mac OS X) AppleWebKit/605.1.15 (KHTML, like Gecko) GSA/388.0.811331708 Mobile/15E148 Safari/604.1"
115.164.40.215 - - [07/Oct/2025:13:16:22 +0000] "GET /wp-content/plugins/Ultimate_VC_Addons/assets/min-css/advanced-buttons.min.css?ver=3.19.11 HTTP/1.1" 200 3345 "https://sweetb2bmassage.com/" "Mozilla/5.0 (iPhone; CPU iPhone OS 18_5_0 like Mac OS X) AppleWebKit/605.1.15 (KHTML, like Gecko) GSA/388.0.811331708 Mobile/15E148 Safari/604.1"
115.164.40.215 - - [07/Oct/2025:13:16:22 +0000] "GET /wp-content/plugins/Ultimate_VC_Addons/assets/min-css/headings.min.css?ver=3.19.11 HTTP/1.1" 200 415 "https://sweetb2bmassage.com/" "Mozilla/5.0 (iPhone; CPU iPhone OS 18_5_0 like Mac OS X) AppleWebKit/605.1.15 (KHTML, like Gecko) GSA/388.0.811331708 Mobile/15E148 Safari/604.1"
60.48.103.147 - - [07/Oct/2025:13:16:22 +0000] "GET /wp-content/plugins/Ultimate_VC_Addons/assets/min-js/custom.min.js?ver=3.19.11 HTTP/1.1" 200 4750 "https://sweetb2bmassage.com/" "Mozilla/5.0 (Macintosh; Intel Mac OS X 10_15_7) AppleWebKit/605.1.15 (KHTML, like Gecko) Version/17.6 Safari/605.1.15"
115.164.40.215 - - [07/Oct/2025:13:16:22 +0000] "GET /wp-includes/js/jquery/jquery.min.js?ver=3.7.1 HTTP/1.1" 200 30368 "https://sweetb2bmassage.com/" "Mozilla/5.0 (iPhone; CPU iPhone OS 18_5_0 like Mac OS X) AppleWebKit/605.1.15 (KHTML, like Gecko) GSA/388.0.811331708 Mobile/15E148 Safari/604.1"
60.48.103.147 - - [07/Oct/2025:13:16:22 +0000] "GET /wp-content/plugins/Ultimate_VC_Addons/assets/min-js/headings.min.js?ver=3.19.11 HTTP/1.1" 200 848 "https://sweetb2bmassage.com/" "Mozilla/5.0 (Macintosh; Intel Mac OS X 10_15_7) AppleWebKit/605.1.15 (KHTML, like Gecko) Version/17.6 Safari/605.1.15"
60.48.103.147 - - [07/Oct/2025:13:16:22 +0000] "GET /wp-content/plugins/Ultimate_VC_Addons/assets/min-css/background-style.min.css?ver=3.19.11 HTTP/1.1" 200 1786 "https://sweetb2bmassage.com/" "Mozilla/5.0 (Macintosh; Intel Mac OS X 10_15_7) AppleWebKit/605.1.15 (KHTML, like Gecko) Version/17.6 Safari/605.1.15"
115.164.40.215 - - [07/Oct/2025:13:16:22 +0000] "GET /wp-includes/js/jquery/jquery-migrate.min.js?ver=3.4.1 HTTP/1.1" 200 4872 "https://sweetb2bmassage.com/" "Mozilla/5.0 (iPhone; CPU iPhone OS 18_5_0 like Mac OS X) AppleWebKit/605.1.15 (KHTML, like Gecko) GSA/388.0.811331708 Mobile/15E148 Safari/604.1"
60.48.103.147 - - [07/Oct/2025:13:16:22 +0000] "GET /wp-content/plugins/creame-whatsapp-me/public/css/joinchat-btn.min.css?ver=6.0.8 HTTP/1.1" 200 2304 "https://sweetb2bmassage.com/" "Mozilla/5.0 (Macintosh; Intel Mac OS X 10_15_7) AppleWebKit/605.1.15 (KHTML, like Gecko) Version/17.6 Safari/605.1.15"
60.48.103.147 - - [07/Oct/2025:13:16:22 +0000] "GET /wp-content/plugins/revslider/public/assets/css/rs6.css?ver=6.5.19 HTTP/1.1" 200 12348 "https://sweetb2bmassage.com/" "Mozilla/5.0 (Macintosh; Intel Mac OS X 10_15_7) AppleWebKit/605.1.15 (KHTML, like Gecko) Version/17.6 Safari/605.1.15"
115.164.40.215 - - [07/Oct/2025:13:16:22 +0000] "GET /wp-content/themes/dt-the7/js/above-the-fold.min.js?ver=10.9.1 HTTP/1.1" 200 4758 "https://sweetb2bmassage.com/" "Mozilla/5.0 (iPhone; CPU iPhone OS 18_5_0 like Mac OS X) AppleWebKit/605.1.15 (KHTML, like Gecko) GSA/388.0.811331708 Mobile/15E148 Safari/604.1"
60.48.103.147 - - [07/Oct/2025:13:16:22 +0000] "GET /wp-content/themes/dt-the7/js/main.min.js?ver=10.9.1 HTTP/1.1" 200 85004 "https://sweetb2bmassage.com/" "Mozilla/5.0 (Macintosh; Intel Mac OS X 10_15_7) AppleWebKit/605.1.15 (KHTML, like Gecko) Version/17.6 Safari/605.1.15"
115.164.40.215 - - [07/Oct/2025:13:16:22 +0000] "GET /wp-content/plugins/Ultimate_VC_Addons/assets/min-js/ultimate-params.min.js?ver=3.19.11 HTTP/1.1" 200 528 "https://sweetb2bmassage.com/" "Mozilla/5.0 (iPhone; CPU iPhone OS 18_5_0 like Mac OS X) AppleWebKit/605.1.15 (KHTML, like Gecko) GSA/388.0.811331708 Mobile/15E148 Safari/604.1"
115.164.40.215 - - [07/Oct/2025:13:16:22 +0000] "GET /wp-content/plugins/Ultimate_VC_Addons/assets/min-js/custom.min.js?ver=3.19.11 HTTP/1.1" 200 4750 "https://sweetb2bmassage.com/" "Mozilla/5.0 (iPhone; CPU iPhone OS 18_5_0 like Mac OS X) AppleWebKit/605.1.15 (KHTML, like Gecko) GSA/388.0.811331708 Mobile/15E148 Safari/604.1"
60.48.103.147 - - [07/Oct/2025:13:16:22 +0000] "GET /wp-includes/js/dist/hooks.min.js?ver=4d63a3d491d11ffd8ac6 HTTP/1.1" 200 1648 "https://sweetb2bmassage.com/" "Mozilla/5.0 (Macintosh; Intel Mac OS X 10_15_7) AppleWebKit/605.1.15 (KHTML, like Gecko) Version/17.6 Safari/605.1.15"
115.164.40.215 - - [07/Oct/2025:13:16:22 +0000] "GET /wp-content/plugins/Ultimate_VC_Addons/assets/min-js/headings.min.js?ver=3.19.11 HTTP/1.1" 200 848 "https://sweetb2bmassage.com/" "Mozilla/5.0 (iPhone; CPU iPhone OS 18_5_0 like Mac OS X) AppleWebKit/605.1.15 (KHTML, like Gecko) GSA/388.0.811331708 Mobile/15E148 Safari/604.1"
60.48.103.147 - - [07/Oct/2025:13:16:23 +0000] "GET /wp-content/plugins/contact-form-7/includes/swv/js/index.js?ver=6.1.1 HTTP/1.1" 200 3503 "https://sweetb2bmassage.com/" "Mozilla/5.0 (Macintosh; Intel Mac OS X 10_15_7) AppleWebKit/605.1.15 (KHTML, like Gecko) Version/17.6 Safari/605.1.15"
60.48.103.147 - - [07/Oct/2025:13:16:23 +0000] "GET /wp-content/plugins/contact-form-7/includes/js/index.js?ver=6.1.1 HTTP/1.1" 200 4265 "https://sweetb2bmassage.com/" "Mozilla/5.0 (Macintosh; Intel Mac OS X 10_15_7) AppleWebKit/605.1.15 (KHTML, like Gecko) Version/17.6 Safari/605.1.15"
60.48.103.147 - - [07/Oct/2025:13:16:23 +0000] "GET /wp-content/plugins/creame-whatsapp-me/public/js/joinchat.min.js?ver=6.0.8 HTTP/1.1" 200 3372 "https://sweetb2bmassage.com/" "Mozilla/5.0 (Macintosh; Intel Mac OS X 10_15_7) AppleWebKit/605.1.15 (KHTML, like Gecko) Version/17.6 Safari/605.1.15"
115.164.40.215 - - [07/Oct/2025:13:16:23 +0000] "GET /wp-content/plugins/Ultimate_VC_Addons/assets/min-css/background-style.min.css?ver=3.19.11 HTTP/1.1" 200 1786 "https://sweetb2bmassage.com/" "Mozilla/5.0 (iPhone; CPU iPhone OS 18_5_0 like Mac OS X) AppleWebKit/605.1.15 (KHTML, like Gecko) GSA/388.0.811331708 Mobile/15E148 Safari/604.1"
60.48.103.147 - - [07/Oct/2025:13:16:23 +0000] "GET /wp-content/themes/dt-the7/js/legacy.min.js?ver=10.9.1 HTTP/1.1" 200 582 "https://sweetb2bmassage.com/" "Mozilla/5.0 (Macintosh; Intel Mac OS X 10_15_7) AppleWebKit/605.1.15 (KHTML, like Gecko) Version/17.6 Safari/605.1.15"
115.164.40.215 - - [07/Oct/2025:13:16:23 +0000] "GET /wp-content/plugins/creame-whatsapp-me/public/css/joinchat-btn.min.css?ver=6.0.8 HTTP/1.1" 200 2304 "https://sweetb2bmassage.com/" "Mozilla/5.0 (iPhone; CPU iPhone OS 18_5_0 like Mac OS X) AppleWebKit/605.1.15 (KHTML, like Gecko) GSA/388.0.811331708 Mobile/15E148 Safari/604.1"
115.164.40.215 - - [07/Oct/2025:13:16:23 +0000] "GET /wp-content/plugins/revslider/public/assets/css/rs6.css?ver=6.5.19 HTTP/1.1" 200 12348 "https://sweetb2bmassage.com/" "Mozilla/5.0 (iPhone; CPU iPhone OS 18_5_0 like Mac OS X) AppleWebKit/605.1.15 (KHTML, like Gecko) GSA/388.0.811331708 Mobile/15E148 Safari/604.1"
115.164.40.215 - - [07/Oct/2025:13:16:23 +0000] "GET /wp-content/themes/dt-the7/js/main.min.js?ver=10.9.1 HTTP/1.1" 200 85004 "https://sweetb2bmassage.com/" "Mozilla/5.0 (iPhone; CPU iPhone OS 18_5_0 like Mac OS X) AppleWebKit/605.1.15 (KHTML, like Gecko) GSA/388.0.811331708 Mobile/15E148 Safari/604.1"
60.48.103.147 - - [07/Oct/2025:13:16:23 +0000] "GET /wp-content/themes/dt-the7/lib/jquery-mousewheel/jquery-mousewheel.min.js?ver=10.9.1 HTTP/1.1" 200 1184 "https://sweetb2bmassage.com/" "Mozilla/5.0 (Macintosh; Intel Mac OS X 10_15_7) AppleWebKit/605.1.15 (KHTML, like Gecko) Version/17.6 Safari/605.1.15"
115.164.40.215 - - [07/Oct/2025:13:16:23 +0000] "GET /wp-includes/js/dist/hooks.min.js?ver=4d63a3d491d11ffd8ac6 HTTP/1.1" 200 1648 "https://sweetb2bmassage.com/" "Mozilla/5.0 (iPhone; CPU iPhone OS 18_5_0 like Mac OS X) AppleWebKit/605.1.15 (KHTML, like Gecko) GSA/388.0.811331708 Mobile/15E148 Safari/604.1"
115.164.40.215 - - [07/Oct/2025:13:16:23 +0000] "GET /wp-includes/js/dist/i18n.min.js?ver=5e580eb46a90c2b997e6 HTTP/1.1" 200 3667 "https://sweetb2bmassage.com/" "Mozilla/5.0 (iPhone; CPU iPhone OS 18_5_0 like Mac OS X) AppleWebKit/605.1.15 (KHTML, like Gecko) GSA/388.0.811331708 Mobile/15E148 Safari/604.1"
60.48.103.147 - - [07/Oct/2025:13:16:23 +0000] "GET /wp-content/plugins/dt-the7-core/assets/js/post-type.min.js?ver=2.6.0 HTTP/1.1" 200 5072 "https://sweetb2bmassage.com/" "Mozilla/5.0 (Macintosh; Intel Mac OS X 10_15_7) AppleWebKit/605.1.15 (KHTML, like Gecko) Version/17.6 Safari/605.1.15"
60.48.103.147 - - [07/Oct/2025:13:16:23 +0000] "GET /wp-content/themes/dt-the7/lib/custom-scrollbar/custom-scrollbar.min.js?ver=10.9.1 HTTP/1.1" 200 11972 "https://sweetb2bmassage.com/" "Mozilla/5.0 (Macintosh; Intel Mac OS X 10_15_7) AppleWebKit/605.1.15 (KHTML, like Gecko) Version/17.6 Safari/605.1.15"
60.48.103.147 - - [07/Oct/2025:13:16:23 +0000] "GET /wp-content/plugins/js_composer/assets/js/dist/js_composer_front.min.js?ver=8.6.1 HTTP/1.1" 200 5223 "https://sweetb2bmassage.com/" "Mozilla/5.0 (Macintosh; Intel Mac OS X 10_15_7) AppleWebKit/605.1.15 (KHTML, like Gecko) Version/17.6 Safari/605.1.15"
60.48.103.147 - - [07/Oct/2025:13:16:23 +0000] "GET /wp-content/plugins/Ultimate_VC_Addons/assets/min-js/jquery-appear.min.js?ver=3.19.11 HTTP/1.1" 200 628 "https://sweetb2bmassage.com/" "Mozilla/5.0 (Macintosh; Intel Mac OS X 10_15_7) AppleWebKit/605.1.15 (KHTML, like Gecko) Version/17.6 Safari/605.1.15"
60.48.103.147 - - [07/Oct/2025:13:16:23 +0000] "GET /wp-content/plugins/Ultimate_VC_Addons/assets/min-js/ultimate_bg.min.js?ver=3.19.11 HTTP/1.1" 200 9446 "https://sweetb2bmassage.com/" "Mozilla/5.0 (Macintosh; Intel Mac OS X 10_15_7) AppleWebKit/605.1.15 (KHTML, like Gecko) Version/17.6 Safari/605.1.15"
115.164.40.215 - - [07/Oct/2025:13:16:23 +0000] "GET /wp-content/plugins/contact-form-7/includes/js/index.js?ver=6.1.1 HTTP/1.1" 200 4265 "https://sweetb2bmassage.com/" "Mozilla/5.0 (iPhone; CPU iPhone OS 18_5_0 like Mac OS X) AppleWebKit/605.1.15 (KHTML, like Gecko) GSA/388.0.811331708 Mobile/15E148 Safari/604.1"
115.164.40.215 - - [07/Oct/2025:13:16:23 +0000] "GET /wp-content/plugins/contact-form-7/includes/swv/js/index.js?ver=6.1.1 HTTP/1.1" 200 3503 "https://sweetb2bmassage.com/" "Mozilla/5.0 (iPhone; CPU iPhone OS 18_5_0 like Mac OS X) AppleWebKit/605.1.15 (KHTML, like Gecko) GSA/388.0.811331708 Mobile/15E148 Safari/604.1"
115.164.40.215 - - [07/Oct/2025:13:16:23 +0000] "GET /wp-content/plugins/creame-whatsapp-me/public/js/joinchat.min.js?ver=6.0.8 HTTP/1.1" 200 3372 "https://sweetb2bmassage.com/" "Mozilla/5.0 (iPhone; CPU iPhone OS 18_5_0 like Mac OS X) AppleWebKit/605.1.15 (KHTML, like Gecko) GSA/388.0.811331708 Mobile/15E148 Safari/604.1"
60.48.103.147 - - [07/Oct/2025:13:16:23 +0000] "GET /wp-content/plugins/google-analytics-for-wordpress/assets/js/frontend-gtag.min.js?ver=9.8.0 HTTP/1.1" 200 3277 "https://sweetb2bmassage.com/" "Mozilla/5.0 (Macintosh; Intel Mac OS X 10_15_7) AppleWebKit/605.1.15 (KHTML, like Gecko) Version/17.6 Safari/605.1.15"
115.164.40.215 - - [07/Oct/2025:13:16:23 +0000] "GET /wp-content/themes/dt-the7/js/legacy.min.js?ver=10.9.1 HTTP/1.1" 200 582 "https://sweetb2bmassage.com/" "Mozilla/5.0 (iPhone; CPU iPhone OS 18_5_0 like Mac OS X) AppleWebKit/605.1.15 (KHTML, like Gecko) GSA/388.0.811331708 Mobile/15E148 Safari/604.1"
115.164.40.215 - - [07/Oct/2025:13:16:23 +0000] "GET /wp-content/themes/dt-the7/lib/jquery-mousewheel/jquery-mousewheel.min.js?ver=10.9.1 HTTP/1.1" 200 1184 "https://sweetb2bmassage.com/" "Mozilla/5.0 (iPhone; CPU iPhone OS 18_5_0 like Mac OS X) AppleWebKit/605.1.15 (KHTML, like Gecko) GSA/388.0.811331708 Mobile/15E148 Safari/604.1"
60.48.103.147 - - [07/Oct/2025:13:16:23 +0000] "GET /wp-content/plugins/revslider/public/assets/fonts/revicons/revicons.woff?5510888 HTTP/1.1" 200 7491 "https://sweetb2bmassage.com/" "Mozilla/5.0 (Macintosh; Intel Mac OS X 10_15_7) AppleWebKit/605.1.15 (KHTML, like Gecko) Version/17.6 Safari/605.1.15"
60.48.103.147 - - [07/Oct/2025:13:16:23 +0000] "GET /wp-content/plugins/revslider/public/assets/js/rbtools.min.js?ver=6.5.18 HTTP/1.1" 200 48780 "https://sweetb2bmassage.com/" "Mozilla/5.0 (Macintosh; Intel Mac OS X 10_15_7) AppleWebKit/605.1.15 (KHTML, like Gecko) Version/17.6 Safari/605.1.15"
60.48.103.147 - - [07/Oct/2025:13:16:23 +0000] "GET /wp-content/themes/dt-the7/fonts/icomoon-the7-font/icomoon-the7-font.ttf?wi57p5 HTTP/1.1" 200 24309 "https://sweetb2bmassage.com/" "Mozilla/5.0 (Macintosh; Intel Mac OS X 10_15_7) AppleWebKit/605.1.15 (KHTML, like Gecko) Version/17.6 Safari/605.1.15"
60.48.103.147 - - [07/Oct/2025:13:16:23 +0000] "GET /wp-includes/js/wp-emoji-release.min.js?ver=6.8.3 HTTP/1.1" 200 5163 "https://sweetb2bmassage.com/" "Mozilla/5.0 (Macintosh; Intel Mac OS X 10_15_7) AppleWebKit/605.1.15 (KHTML, like Gecko) Version/17.6 Safari/605.1.15"
115.164.40.215 - - [07/Oct/2025:13:16:23 +0000] "GET /wp-content/plugins/dt-the7-core/assets/js/post-type.min.js?ver=2.6.0 HTTP/1.1" 200 5072 "https://sweetb2bmassage.com/" "Mozilla/5.0 (iPhone; CPU iPhone OS 18_5_0 like Mac OS X) AppleWebKit/605.1.15 (KHTML, like Gecko) GSA/388.0.811331708 Mobile/15E148 Safari/604.1"
115.164.40.215 - - [07/Oct/2025:13:16:23 +0000] "GET /wp-content/themes/dt-the7/lib/custom-scrollbar/custom-scrollbar.min.js?ver=10.9.1 HTTP/1.1" 200 11972 "https://sweetb2bmassage.com/" "Mozilla/5.0 (iPhone; CPU iPhone OS 18_5_0 like Mac OS X) AppleWebKit/605.1.15 (KHTML, like Gecko) GSA/388.0.811331708 Mobile/15E148 Safari/604.1"
115.164.40.215 - - [07/Oct/2025:13:16:23 +0000] "GET /wp-content/plugins/js_composer/assets/js/dist/js_composer_front.min.js?ver=8.6.1 HTTP/1.1" 200 5223 "https://sweetb2bmassage.com/" "Mozilla/5.0 (iPhone; CPU iPhone OS 18_5_0 like Mac OS X) AppleWebKit/605.1.15 (KHTML, like Gecko) GSA/388.0.811331708 Mobile/15E148 Safari/604.1"
115.164.40.215 - - [07/Oct/2025:13:16:23 +0000] "GET /wp-content/plugins/Ultimate_VC_Addons/assets/min-js/jquery-appear.min.js?ver=3.19.11 HTTP/1.1" 200 628 "https://sweetb2bmassage.com/" "Mozilla/5.0 (iPhone; CPU iPhone OS 18_5_0 like Mac OS X) AppleWebKit/605.1.15 (KHTML, like Gecko) GSA/388.0.811331708 Mobile/15E148 Safari/604.1"
115.164.40.215 - - [07/Oct/2025:13:16:23 +0000] "GET /wp-content/plugins/Ultimate_VC_Addons/assets/min-js/ultimate_bg.min.js?ver=3.19.11 HTTP/1.1" 200 9446 "https://sweetb2bmassage.com/" "Mozilla/5.0 (iPhone; CPU iPhone OS 18_5_0 like Mac OS X) AppleWebKit/605.1.15 (KHTML, like Gecko) GSA/388.0.811331708 Mobile/15E148 Safari/604.1"
115.164.40.215 - - [07/Oct/2025:13:16:23 +0000] "GET /wp-content/plugins/google-analytics-for-wordpress/assets/js/frontend-gtag.min.js?ver=9.8.0 HTTP/1.1" 200 3277 "https://sweetb2bmassage.com/" "Mozilla/5.0 (iPhone; CPU iPhone OS 18_5_0 like Mac OS X) AppleWebKit/605.1.15 (KHTML, like Gecko) GSA/388.0.811331708 Mobile/15E148 Safari/604.1"
60.48.103.147 - - [07/Oct/2025:13:16:23 +0000] "GET /wp-content/plugins/revslider/public/assets/js/rs6.min.js?ver=6.5.19 HTTP/1.1" 200 100818 "https://sweetb2bmassage.com/" "Mozilla/5.0 (Macintosh; Intel Mac OS X 10_15_7) AppleWebKit/605.1.15 (KHTML, like Gecko) Version/17.6 Safari/605.1.15"
115.164.40.215 - - [07/Oct/2025:13:16:23 +0000] "GET /wp-content/plugins/revslider/public/assets/fonts/revicons/revicons.woff?5510888 HTTP/1.1" 200 7491 "https://sweetb2bmassage.com/" "Mozilla/5.0 (iPhone; CPU iPhone OS 18_5_0 like Mac OS X) AppleWebKit/605.1.15 (KHTML, like Gecko) GSA/388.0.811331708 Mobile/15E148 Safari/604.1"
115.164.40.215 - - [07/Oct/2025:13:16:23 +0000] "GET /wp-content/plugins/revslider/public/assets/js/rbtools.min.js?ver=6.5.18 HTTP/1.1" 200 48780 "https://sweetb2bmassage.com/" "Mozilla/5.0 (iPhone; CPU iPhone OS 18_5_0 like Mac OS X) AppleWebKit/605.1.15 (KHTML, like Gecko) GSA/388.0.811331708 Mobile/15E148 Safari/604.1"
115.164.40.215 - - [07/Oct/2025:13:16:23 +0000] "GET /wp-content/themes/dt-the7/fonts/icomoon-the7-font/icomoon-the7-font.ttf?wi57p5 HTTP/1.1" 200 24309 "https://sweetb2bmassage.com/" "Mozilla/5.0 (iPhone; CPU iPhone OS 18_5_0 like Mac OS X) AppleWebKit/605.1.15 (KHTML, like Gecko) GSA/388.0.811331708 Mobile/15E148 Safari/604.1"
115.164.40.215 - - [07/Oct/2025:13:16:23 +0000] "GET /wp-content/themes/dt-the7/images/backgrounds/patterns/full/crisp_paper_ruffles.jpg HTTP/1.1" 200 25714 "https://sweetb2bmassage.com/" "Mozilla/5.0 (iPhone; CPU iPhone OS 18_5_0 like Mac OS X) AppleWebKit/605.1.15 (KHTML, like Gecko) GSA/388.0.811331708 Mobile/15E148 Safari/604.1"
60.48.103.147 - - [07/Oct/2025:13:16:23 +0000] "GET /wp-content/plugins/revslider/public/assets/assets/dummy.png HTTP/1.1" 200 68 "https://sweetb2bmassage.com/" "Mozilla/5.0 (Macintosh; Intel Mac OS X 10_15_7) AppleWebKit/605.1.15 (KHTML, like Gecko) Version/17.6 Safari/605.1.15"
115.164.40.215 - - [07/Oct/2025:13:16:23 +0000] "GET /wp-content/plugins/revslider/public/assets/js/rs6.min.js?ver=6.5.19 HTTP/1.1" 200 100818 "https://sweetb2bmassage.com/" "Mozilla/5.0 (iPhone; CPU iPhone OS 18_5_0 like Mac OS X) AppleWebKit/605.1.15 (KHTML, like Gecko) GSA/388.0.811331708 Mobile/15E148 Safari/604.1"
60.48.103.147 - - [07/Oct/2025:13:16:24 +0000] "GET /wp-content/themes/dt-the7/images/backgrounds/patterns/full/crisp_paper_ruffles.jpg HTTP/1.1" 200 25714 "https://sweetb2bmassage.com/" "Mozilla/5.0 (Macintosh; Intel Mac OS X 10_15_7) AppleWebKit/605.1.15 (KHTML, like Gecko) Version/17.6 Safari/605.1.15"
115.164.40.215 - - [07/Oct/2025:13:16:24 +0000] "GET /wp-content/plugins/revslider/public/assets/assets/dummy.png HTTP/1.1" 200 68 "https://sweetb2bmassage.com/" "Mozilla/5.0 (iPhone; CPU iPhone OS 18_5_0 like Mac OS X) AppleWebKit/605.1.15 (KHTML, like Gecko) GSA/388.0.811331708 Mobile/15E148 Safari/604.1"
115.164.40.215 - - [07/Oct/2025:13:16:24 +0000] "GET /wp-content/uploads/2022/08/sweet-b2b-massage-Slide-01.jpg HTTP/1.1" 200 83382 "https://sweetb2bmassage.com/" "Mozilla/5.0 (iPhone; CPU iPhone OS 18_5_0 like Mac OS X) AppleWebKit/605.1.15 (KHTML, like Gecko) GSA/388.0.811331708 Mobile/15E148 Safari/604.1"
115.164.40.215 - - [07/Oct/2025:13:16:24 +0000] "GET /wp-content/uploads/2022/08/sweet-b2b-massage-Slide-02-200x200.jpg HTTP/1.1" 200 21587 "https://sweetb2bmassage.com/" "Mozilla/5.0 (iPhone; CPU iPhone OS 18_5_0 like Mac OS X) AppleWebKit/605.1.15 (KHTML, like Gecko) GSA/388.0.811331708 Mobile/15E148 Safari/604.1"
115.164.40.215 - - [07/Oct/2025:13:16:24 +0000] "GET /wp-content/uploads/2022/08/sweet-b2b-massage-Slide-01-200x200.jpg HTTP/1.1" 200 14924 "https://sweetb2bmassage.com/" "Mozilla/5.0 (iPhone; CPU iPhone OS 18_5_0 like Mac OS X) AppleWebKit/605.1.15 (KHTML, like Gecko) GSA/388.0.811331708 Mobile/15E148 Safari/604.1"
115.164.40.215 - - [07/Oct/2025:13:16:24 +0000] "GET /wp-content/uploads/2022/08/sweet-b2b-massage-Slide-02.jpg HTTP/1.1" 200 184256 "https://sweetb2bmassage.com/" "Mozilla/5.0 (iPhone; CPU iPhone OS 18_5_0 like Mac OS X) AppleWebKit/605.1.15 (KHTML, like Gecko) GSA/388.0.811331708 Mobile/15E148 Safari/604.1"
203.161.56.247 - - [07/Oct/2025:13:16:25 +0000] "POST /wp-cron.php?doing_wp_cron=1759842985.6122720241546630859375 HTTP/1.1" 200 - "-" "WordPress/6.8.3; https://sweetb2bmassage.com"
60.48.103.147 - - [07/Oct/2025:13:16:24 +0000] "GET /favicon.ico HTTP/1.1" 302 - "https://sweetb2bmassage.com/" "Mozilla/5.0 (Macintosh; Intel Mac OS X 10_15_7) AppleWebKit/605.1.15 (KHTML, like Gecko) Version/17.6 Safari/605.1.15"
60.48.103.147 - - [07/Oct/2025:13:16:25 +0000] "GET /wp-includes/images/w-logo-blue-white-bg.png HTTP/1.1" 200 4119 "https://sweetb2bmassage.com/" "Mozilla/5.0 (Macintosh; Intel Mac OS X 10_15_7) AppleWebKit/605.1.15 (KHTML, like Gecko) Version/17.6 Safari/605.1.15"
115.164.40.215 - - [07/Oct/2025:13:16:26 +0000] "GET /wp-content/uploads/2022/08/C-93-1004x1369.jpg HTTP/1.1" 200 306361 "https://sweetb2bmassage.com/" "Mozilla/5.0 (iPhone; CPU iPhone OS 18_5_0 like Mac OS X) AppleWebKit/605.1.15 (KHTML, like Gecko) GSA/388.0.811331708 Mobile/15E148 Safari/604.1"
115.164.40.215 - - [07/Oct/2025:13:16:30 +0000] "GET /wp-content/uploads/2022/08/V-72-Vietnam.jpg HTTP/1.1" 200 185299 "https://sweetb2bmassage.com/" "Mozilla/5.0 (iPhone; CPU iPhone OS 18_5_0 like Mac OS X) AppleWebKit/605.1.15 (KHTML, like Gecko) GSA/388.0.811331708 Mobile/15E148 Safari/604.1"
115.164.40.215 - - [07/Oct/2025:13:16:33 +0000] "GET /wp-content/uploads/2022/08/T-88-Thailand.jpg HTTP/1.1" 200 193137 "https://sweetb2bmassage.com/" "Mozilla/5.0 (iPhone; CPU iPhone OS 18_5_0 like Mac OS X) AppleWebKit/605.1.15 (KHTML, like Gecko) GSA/388.0.811331708 Mobile/15E148 Safari/604.1"
115.164.40.215 - - [07/Oct/2025:13:16:34 +0000] "GET /c93/ HTTP/1.1" 200 15819 "https://sweetb2bmassage.com/" "Mozilla/5.0 (iPhone; CPU iPhone OS 18_5_0 like Mac OS X) AppleWebKit/605.1.15 (KHTML, like Gecko) GSA/388.0.811331708 Mobile/15E148 Safari/604.1"
115.164.40.215 - - [07/Oct/2025:13:16:36 +0000] "GET /wp-content/uploads/2022/08/C-93.jpg HTTP/1.1" 200 289290 "https://sweetb2bmassage.com/c93/" "Mozilla/5.0 (iPhone; CPU iPhone OS 18_5_0 like Mac OS X) AppleWebKit/605.1.15 (KHTML, like Gecko) GSA/388.0.811331708 Mobile/15E148 Safari/604.1"
115.164.40.215 - - [07/Oct/2025:13:16:37 +0000] "GET /wp-content/uploads/2022/08/M-98-Malay-110x80.jpg HTTP/1.1" 200 14565 "https://sweetb2bmassage.com/c93/" "Mozilla/5.0 (iPhone; CPU iPhone OS 18_5_0 like Mac OS X) AppleWebKit/605.1.15 (KHTML, like Gecko) GSA/388.0.811331708 Mobile/15E148 Safari/604.1"
115.164.40.215 - - [07/Oct/2025:13:16:37 +0000] "GET /wp-content/uploads/2022/08/M-93-Malay-220x160.jpg HTTP/1.1" 200 25294 "https://sweetb2bmassage.com/c93/" "Mozilla/5.0 (iPhone; CPU iPhone OS 18_5_0 like Mac OS X) AppleWebKit/605.1.15 (KHTML, like Gecko) GSA/388.0.811331708 Mobile/15E148 Safari/604.1"
115.164.40.215 - - [07/Oct/2025:13:16:37 +0000] "GET /wp-content/uploads/2022/08/T-87-Thailand-220x160.jpg HTTP/1.1" 200 19937 "https://sweetb2bmassage.com/c93/" "Mozilla/5.0 (iPhone; CPU iPhone OS 18_5_0 like Mac OS X) AppleWebKit/605.1.15 (KHTML, like Gecko) GSA/388.0.811331708 Mobile/15E148 Safari/604.1"
115.164.40.215 - - [07/Oct/2025:13:16:37 +0000] "GET /wp-content/uploads/2022/08/M-97-Malay-220x160.jpg HTTP/1.1" 200 23467 "https://sweetb2bmassage.com/c93/" "Mozilla/5.0 (iPhone; CPU iPhone OS 18_5_0 like Mac OS X) AppleWebKit/605.1.15 (KHTML, like Gecko) GSA/388.0.811331708 Mobile/15E148 Safari/604.1"
115.164.40.215 - - [07/Oct/2025:13:16:37 +0000] "GET /wp-content/uploads/2022/08/T-89-Thailand-220x160.jpg HTTP/1.1" 200 22567 "https://sweetb2bmassage.com/c93/" "Mozilla/5.0 (iPhone; CPU iPhone OS 18_5_0 like Mac OS X) AppleWebKit/605.1.15 (KHTML, like Gecko) GSA/388.0.811331708 Mobile/15E148 Safari/604.1"
115.164.40.215 - - [07/Oct/2025:13:16:37 +0000] "GET /wp-content/uploads/2022/08/M-98-Malay-220x160.jpg HTTP/1.1" 200 20542 "https://sweetb2bmassage.com/c93/" "Mozilla/5.0 (iPhone; CPU iPhone OS 18_5_0 like Mac OS X) AppleWebKit/605.1.15 (KHTML, like Gecko) GSA/388.0.811331708 Mobile/15E148 Safari/604.1"
115.164.40.215 - - [07/Oct/2025:13:16:37 +0000] "GET /wp-content/uploads/2022/08/M-99-Malay-220x160.jpg HTTP/1.1" 200 21571 "https://sweetb2bmassage.com/c93/" "Mozilla/5.0 (iPhone; CPU iPhone OS 18_5_0 like Mac OS X) AppleWebKit/605.1.15 (KHTML, like Gecko) GSA/388.0.811331708 Mobile/15E148 Safari/604.1"
115.164.40.215 - - [07/Oct/2025:13:16:37 +0000] "GET /wp-content/uploads/2022/08/M-97-Malay-110x80.jpg HTTP/1.1" 200 16650 "https://sweetb2bmassage.com/c93/" "Mozilla/5.0 (iPhone; CPU iPhone OS 18_5_0 like Mac OS X) AppleWebKit/605.1.15 (KHTML, like Gecko) GSA/388.0.811331708 Mobile/15E148 Safari/604.1"
115.164.40.215 - - [07/Oct/2025:13:16:37 +0000] "GET /wp-content/uploads/2022/08/M-99-Malay-110x80.jpg HTTP/1.1" 200 15400 "https://sweetb2bmassage.com/c93/" "Mozilla/5.0 (iPhone; CPU iPhone OS 18_5_0 like Mac OS X) AppleWebKit/605.1.15 (KHTML, like Gecko) GSA/388.0.811331708 Mobile/15E148 Safari/604.1"
115.164.40.215 - - [07/Oct/2025:13:16:37 +0000] "GET /wp-content/uploads/2022/08/T-89-Thailand-110x80.jpg HTTP/1.1" 200 16440 "https://sweetb2bmassage.com/c93/" "Mozilla/5.0 (iPhone; CPU iPhone OS 18_5_0 like Mac OS X) AppleWebKit/605.1.15 (KHTML, like Gecko) GSA/388.0.811331708 Mobile/15E148 Safari/604.1"
115.164.40.215 - - [07/Oct/2025:13:16:37 +0000] "GET /wp-content/uploads/2022/08/M-93-Malay-110x80.jpg HTTP/1.1" 200 17573 "https://sweetb2bmassage.com/c93/" "Mozilla/5.0 (iPhone; CPU iPhone OS 18_5_0 like Mac OS X) AppleWebKit/605.1.15 (KHTML, like Gecko) GSA/388.0.811331708 Mobile/15E148 Safari/604.1"
115.164.40.215 - - [07/Oct/2025:13:16:37 +0000] "GET /wp-content/uploads/2022/08/T-87-Thailand-110x80.jpg HTTP/1.1" 200 14797 "https://sweetb2bmassage.com/c93/" "Mozilla/5.0 (iPhone; CPU iPhone OS 18_5_0 like Mac OS X) AppleWebKit/605.1.15 (KHTML, like Gecko) GSA/388.0.811331708 Mobile/15E148 Safari/604.1"
115.164.40.215 - - [07/Oct/2025:13:16:54 +0000] "GET /wp-content/uploads/2022/08/M-91-Malay.jpg HTTP/1.1" 200 163696 "https://sweetb2bmassage.com/" "Mozilla/5.0 (iPhone; CPU iPhone OS 18_5_0 like Mac OS X) AppleWebKit/605.1.15 (KHTML, like Gecko) GSA/388.0.811331708 Mobile/15E148 Safari/604.1"
115.164.40.215 - - [07/Oct/2025:13:16:59 +0000] "GET /wp-content/uploads/2022/08/M-92-Malay-1004x1369.jpg HTTP/1.1" 200 210117 "https://sweetb2bmassage.com/" "Mozilla/5.0 (iPhone; CPU iPhone OS 18_5_0 like Mac OS X) AppleWebKit/605.1.15 (KHTML, like Gecko) GSA/388.0.811331708 Mobile/15E148 Safari/604.1"
115.164.40.215 - - [07/Oct/2025:13:16:59 +0000] "GET /wp-content/uploads/2022/08/T-87-Thailand.jpg HTTP/1.1" 200 147299 "https://sweetb2bmassage.com/" "Mozilla/5.0 (iPhone; CPU iPhone OS 18_5_0 like Mac OS X) AppleWebKit/605.1.15 (KHTML, like Gecko) GSA/388.0.811331708 Mobile/15E148 Safari/604.1"
115.164.40.215 - - [07/Oct/2025:13:16:59 +0000] "GET /wp-content/uploads/2022/08/V-71-Vietnam.jpg HTTP/1.1" 200 201608 "https://sweetb2bmassage.com/" "Mozilla/5.0 (iPhone; CPU iPhone OS 18_5_0 like Mac OS X) AppleWebKit/605.1.15 (KHTML, like Gecko) GSA/388.0.811331708 Mobile/15E148 Safari/604.1"
115.164.40.215 - - [07/Oct/2025:13:17:00 +0000] "GET /wp-content/uploads/2022/08/M-99-Malay.jpg HTTP/1.1" 200 191249 "https://sweetb2bmassage.com/" "Mozilla/5.0 (iPhone; CPU iPhone OS 18_5_0 like Mac OS X) AppleWebKit/605.1.15 (KHTML, like Gecko) GSA/388.0.811331708 Mobile/15E148 Safari/604.1"
216.73.216.116 - - [07/Oct/2025:13:17:17 +0000] "GET /sitemap.rss HTTP/1.1" 403 - "-" "Mozilla/5.0 AppleWebKit/537.36 (KHTML, like Gecko; compatible; ClaudeBot/1.0; +claudebot@anthropic.com)"
203.161.56.247 - - [07/Oct/2025:13:18:52 +0000] "POST /wp-cron.php?doing_wp_cron=1759843132.3787999153137207031250 HTTP/1.1" 200 - "-" "WordPress/6.8.3; https://sweetb2bmassage.com"
14.192.212.210 - - [07/Oct/2025:13:18:50 +0000] "GET / HTTP/1.1" 200 23597 "https://www.google.com/" "Mozilla/5.0 (iPhone; CPU iPhone OS 18_7 like Mac OS X) AppleWebKit/605.1.15 (KHTML, like Gecko) Version/26.0.1 Mobile/15E148 Safari/604.1"
14.192.212.210 - - [07/Oct/2025:13:18:53 +0000] "GET /wp-includes/css/dist/block-library/style.min.css?ver=6.8.3 HTTP/1.1" 200 15315 "https://sweetb2bmassage.com/" "Mozilla/5.0 (iPhone; CPU iPhone OS 18_7 like Mac OS X) AppleWebKit/605.1.15 (KHTML, like Gecko) Version/26.0.1 Mobile/15E148 Safari/604.1"
14.192.212.210 - - [07/Oct/2025:13:18:53 +0000] "GET /wp-content/themes/dt-the7/css/main.min.css?ver=10.9.1 HTTP/1.1" 200 41455 "https://sweetb2bmassage.com/" "Mozilla/5.0 (iPhone; CPU iPhone OS 18_7 like Mac OS X) AppleWebKit/605.1.15 (KHTML, like Gecko) Version/26.0.1 Mobile/15E148 Safari/604.1"
14.192.212.210 - - [07/Oct/2025:13:18:53 +0000] "GET /wp-content/themes/dt-the7/fonts/icomoon-the7-font/icomoon-the7-font.min.css?ver=10.9.1 HTTP/1.1" 200 3014 "https://sweetb2bmassage.com/" "Mozilla/5.0 (iPhone; CPU iPhone OS 18_7 like Mac OS X) AppleWebKit/605.1.15 (KHTML, like Gecko) Version/26.0.1 Mobile/15E148 Safari/604.1"
14.192.212.210 - - [07/Oct/2025:13:18:53 +0000] "GET /wp-content/uploads/smile_fonts/icomoon-font-awesome-14x14/icomoon-font-awesome-14x14.css?ver=6.8.3 HTTP/1.1" 200 6599 "https://sweetb2bmassage.com/" "Mozilla/5.0 (iPhone; CPU iPhone OS 18_7 like Mac OS X) AppleWebKit/605.1.15 (KHTML, like Gecko) Version/26.0.1 Mobile/15E148 Safari/604.1"
14.192.212.210 - - [07/Oct/2025:13:18:53 +0000] "GET /wp-content/plugins/contact-form-7/includes/css/styles.css?ver=6.1.1 HTTP/1.1" 200 1031 "https://sweetb2bmassage.com/" "Mozilla/5.0 (iPhone; CPU iPhone OS 18_7 like Mac OS X) AppleWebKit/605.1.15 (KHTML, like Gecko) Version/26.0.1 Mobile/15E148 Safari/604.1"
14.192.212.210 - - [07/Oct/2025:13:18:53 +0000] "GET /wp-content/uploads/js_composer/custom.css?ver=8.6.1 HTTP/1.1" 200 102 "https://sweetb2bmassage.com/" "Mozilla/5.0 (iPhone; CPU iPhone OS 18_7 like Mac OS X) AppleWebKit/605.1.15 (KHTML, like Gecko) Version/26.0.1 Mobile/15E148 Safari/604.1"
14.192.212.210 - - [07/Oct/2025:13:18:53 +0000] "GET /wp-content/plugins/js_composer/assets/css/js_composer.min.css?ver=8.6.1 HTTP/1.1" 200 45657 "https://sweetb2bmassage.com/" "Mozilla/5.0 (iPhone; CPU iPhone OS 18_7 like Mac OS X) AppleWebKit/605.1.15 (KHTML, like Gecko) Version/26.0.1 Mobile/15E148 Safari/604.1"
14.192.212.210 - - [07/Oct/2025:13:18:53 +0000] "GET /wp-content/themes/dt-the7/fonts/FontAwesome/css/all.min.css?ver=10.9.1 HTTP/1.1" 200 12843 "https://sweetb2bmassage.com/" "Mozilla/5.0 (iPhone; CPU iPhone OS 18_7 like Mac OS X) AppleWebKit/605.1.15 (KHTML, like Gecko) Version/26.0.1 Mobile/15E148 Safari/604.1"
14.192.212.210 - - [07/Oct/2025:13:18:53 +0000] "GET /wp-content/themes/dt-the7/fonts/FontAwesome/back-compat.min.css?ver=10.9.1 HTTP/1.1" 200 4073 "https://sweetb2bmassage.com/" "Mozilla/5.0 (iPhone; CPU iPhone OS 18_7 like Mac OS X) AppleWebKit/605.1.15 (KHTML, like Gecko) Version/26.0.1 Mobile/15E148 Safari/604.1"
