94.31.74.232 - - [07/Oct/2025:15:26:44 +0000] "GET /wp-content/themes/dt-the7/images/backgrounds/patterns/full/crisp_paper_ruffles.jpg HTTP/1.1" 200 25714 "https://sweetb2bmassage.com/wp-content/uploads/the7-css/custom.css?ver=fe248fad28d3" "Mozilla/5.0 (Windows NT 10.0; Win64; x64) AppleWebKit/537.36 (KHTML, like Gecko) Chrome/141.0.0.0 Safari/537.36 Edg/141.0.0.0"
94.31.74.232 - - [07/Oct/2025:15:26:45 +0000] "GET /wp-content/plugins/creame-whatsapp-me/public/css/joinchat-btn.min.css?ver=6.0.8 HTTP/1.1" 200 2304 "https://sweetb2bmassage.com/" "Mozilla/5.0 (Windows NT 10.0; Win64; x64) AppleWebKit/537.36 (KHTML, like Gecko) Chrome/141.0.0.0 Safari/537.36 Edg/141.0.0.0"
94.31.74.232 - - [07/Oct/2025:15:26:45 +0000] "GET /wp-content/plugins/revslider/public/assets/css/rs6.css?ver=6.5.19 HTTP/1.1" 200 12348 "https://sweetb2bmassage.com/" "Mozilla/5.0 (Windows NT 10.0; Win64; x64) AppleWebKit/537.36 (KHTML, like Gecko) Chrome/141.0.0.0 Safari/537.36 Edg/141.0.0.0"
94.31.74.232 - - [07/Oct/2025:15:26:45 +0000] "GET /wp-includes/js/dist/hooks.min.js?ver=4d63a3d491d11ffd8ac6 HTTP/1.1" 200 1648 "https://sweetb2bmassage.com/" "Mozilla/5.0 (Windows NT 10.0; Win64; x64) AppleWebKit/537.36 (KHTML, like Gecko) Chrome/141.0.0.0 Safari/537.36 Edg/141.0.0.0"
94.31.74.232 - - [07/Oct/2025:15:26:45 +0000] "GET /wp-includes/js/dist/i18n.min.js?ver=5e580eb46a90c2b997e6 HTTP/1.1" 200 3667 "https://sweetb2bmassage.com/" "Mozilla/5.0 (Windows NT 10.0; Win64; x64) AppleWebKit/537.36 (KHTML, like Gecko) Chrome/141.0.0.0 Safari/537.36 Edg/141.0.0.0"
94.31.74.232 - - [07/Oct/2025:15:26:45 +0000] "GET /wp-content/themes/dt-the7/fonts/icomoon-the7-font/icomoon-the7-font.ttf?wi57p5 HTTP/1.1" 200 24309 "https://sweetb2bmassage.com/wp-content/themes/dt-the7/fonts/icomoon-the7-font/icomoon-the7-font.min.css?ver=10.9.1" "Mozilla/5.0 (Windows NT 10.0; Win64; x64) AppleWebKit/537.36 (KHTML, like Gecko) Chrome/141.0.0.0 Safari/537.36 Edg/141.0.0.0"
94.31.74.232 - - [07/Oct/2025:15:26:45 +0000] "GET /wp-content/plugins/contact-form-7/includes/swv/js/index.js?ver=6.1.1 HTTP/1.1" 200 3503 "https://sweetb2bmassage.com/" "Mozilla/5.0 (Windows NT 10.0; Win64; x64) AppleWebKit/537.36 (KHTML, like Gecko) Chrome/141.0.0.0 Safari/537.36 Edg/141.0.0.0"
94.31.74.232 - - [07/Oct/2025:15:26:45 +0000] "GET /wp-content/themes/dt-the7/js/main.min.js?ver=10.9.1 HTTP/1.1" 200 85004 "https://sweetb2bmassage.com/" "Mozilla/5.0 (Windows NT 10.0; Win64; x64) AppleWebKit/537.36 (KHTML, like Gecko) Chrome/141.0.0.0 Safari/537.36 Edg/141.0.0.0"
94.31.74.232 - - [07/Oct/2025:15:26:45 +0000] "GET /wp-content/plugins/contact-form-7/includes/js/index.js?ver=6.1.1 HTTP/1.1" 200 4265 "https://sweetb2bmassage.com/" "Mozilla/5.0 (Windows NT 10.0; Win64; x64) AppleWebKit/537.36 (KHTML, like Gecko) Chrome/141.0.0.0 Safari/537.36 Edg/141.0.0.0"
94.31.74.232 - - [07/Oct/2025:15:26:45 +0000] "GET /wp-content/themes/dt-the7/js/legacy.min.js?ver=10.9.1 HTTP/1.1" 200 582 "https://sweetb2bmassage.com/" "Mozilla/5.0 (Windows NT 10.0; Win64; x64) AppleWebKit/537.36 (KHTML, like Gecko) Chrome/141.0.0.0 Safari/537.36 Edg/141.0.0.0"
94.31.74.232 - - [07/Oct/2025:15:26:45 +0000] "GET /wp-content/themes/dt-the7/lib/jquery-mousewheel/jquery-mousewheel.min.js?ver=10.9.1 HTTP/1.1" 200 1184 "https://sweetb2bmassage.com/" "Mozilla/5.0 (Windows NT 10.0; Win64; x64) AppleWebKit/537.36 (KHTML, like Gecko) Chrome/141.0.0.0 Safari/537.36 Edg/141.0.0.0"
94.31.74.232 - - [07/Oct/2025:15:26:45 +0000] "GET /wp-content/plugins/Ultimate_VC_Addons/assets/min-js/jquery-appear.min.js?ver=3.19.11 HTTP/1.1" 200 628 "https://sweetb2bmassage.com/" "Mozilla/5.0 (Windows NT 10.0; Win64; x64) AppleWebKit/537.36 (KHTML, like Gecko) Chrome/141.0.0.0 Safari/537.36 Edg/141.0.0.0"
94.31.74.232 - - [07/Oct/2025:15:26:45 +0000] "GET /wp-content/plugins/Ultimate_VC_Addons/assets/min-js/ultimate_bg.min.js?ver=3.19.11 HTTP/1.1" 200 9446 "https://sweetb2bmassage.com/" "Mozilla/5.0 (Windows NT 10.0; Win64; x64) AppleWebKit/537.36 (KHTML, like Gecko) Chrome/141.0.0.0 Safari/537.36 Edg/141.0.0.0"
94.31.74.232 - - [07/Oct/2025:15:26:45 +0000] "GET /wp-content/plugins/dt-the7-core/assets/js/post-type.min.js?ver=2.6.0 HTTP/1.1" 200 5072 "https://sweetb2bmassage.com/" "Mozilla/5.0 (Windows NT 10.0; Win64; x64) AppleWebKit/537.36 (KHTML, like Gecko) Chrome/141.0.0.0 Safari/537.36 Edg/141.0.0.0"
94.31.74.232 - - [07/Oct/2025:15:26:45 +0000] "GET /wp-content/themes/dt-the7/lib/custom-scrollbar/custom-scrollbar.min.js?ver=10.9.1 HTTP/1.1" 200 11972 "https://sweetb2bmassage.com/" "Mozilla/5.0 (Windows NT 10.0; Win64; x64) AppleWebKit/537.36 (KHTML, like Gecko) Chrome/141.0.0.0 Safari/537.36 Edg/141.0.0.0"
94.31.74.232 - - [07/Oct/2025:15:26:45 +0000] "GET /wp-content/plugins/js_composer/assets/js/dist/js_composer_front.min.js?ver=8.6.1 HTTP/1.1" 200 5223 "https://sweetb2bmassage.com/" "Mozilla/5.0 (Windows NT 10.0; Win64; x64) AppleWebKit/537.36 (KHTML, like Gecko) Chrome/141.0.0.0 Safari/537.36 Edg/141.0.0.0"
94.31.74.232 - - [07/Oct/2025:15:26:45 +0000] "GET /wp-content/plugins/revslider/public/assets/js/rbtools.min.js?ver=6.5.18 HTTP/1.1" 200 48780 "https://sweetb2bmassage.com/" "Mozilla/5.0 (Windows NT 10.0; Win64; x64) AppleWebKit/537.36 (KHTML, like Gecko) Chrome/141.0.0.0 Safari/537.36 Edg/141.0.0.0"
94.31.74.232 - - [07/Oct/2025:15:26:45 +0000] "GET /wp-includes/js/wp-emoji-release.min.js?ver=6.8.3 HTTP/1.1" 200 5163 "https://sweetb2bmassage.com/" "Mozilla/5.0 (Windows NT 10.0; Win64; x64) AppleWebKit/537.36 (KHTML, like Gecko) Chrome/141.0.0.0 Safari/537.36 Edg/141.0.0.0"
94.31.74.232 - - [07/Oct/2025:15:26:45 +0000] "GET /wp-content/plugins/revslider/public/assets/js/rs6.min.js?ver=6.5.19 HTTP/1.1" 200 100818 "https://sweetb2bmassage.com/" "Mozilla/5.0 (Windows NT 10.0; Win64; x64) AppleWebKit/537.36 (KHTML, like Gecko) Chrome/141.0.0.0 Safari/537.36 Edg/141.0.0.0"
94.31.74.232 - - [07/Oct/2025:15:26:46 +0000] "GET /wp-content/uploads/2022/08/sweet-b2b-massage-Slide-02-200x200.jpg HTTP/1.1" 200 21587 "https://sweetb2bmassage.com/" "Mozilla/5.0 (Windows NT 10.0; Win64; x64) AppleWebKit/537.36 (KHTML, like Gecko) Chrome/141.0.0.0 Safari/537.36 Edg/141.0.0.0"
94.31.74.232 - - [07/Oct/2025:15:26:46 +0000] "GET /wp-content/uploads/2022/08/sweet-b2b-massage-Slide-01-200x200.jpg HTTP/1.1" 200 14924 "https://sweetb2bmassage.com/" "Mozilla/5.0 (Windows NT 10.0; Win64; x64) AppleWebKit/537.36 (KHTML, like Gecko) Chrome/141.0.0.0 Safari/537.36 Edg/141.0.0.0"
115.164.76.79 - - [07/Oct/2025:15:26:45 +0000] "GET /m99/ HTTP/1.1" 200 15969 "https://sweetb2bmassage.com/" "Mozilla/5.0 (Linux; Android 10; K) AppleWebKit/537.36 (KHTML, like Gecko) SamsungBrowser/28.0 Chrome/130.0.0.0 Mobile Safari/537.36"
180.75.233.12 - - [07/Oct/2025:15:26:46 +0000] "GET /wp-content/uploads/2022/08/T-88-Thailand.jpg HTTP/1.1" 200 193137 "https://sweetb2bmassage.com/" "Mozilla/5.0 (Macintosh; Intel Mac OS X 10.15; rv:143.0) Gecko/20100101 Firefox/143.0"
180.75.233.12 - - [07/Oct/2025:15:26:46 +0000] "GET /wp-content/uploads/2022/08/C-93-1004x1369.jpg HTTP/1.1" 200 306361 "https://sweetb2bmassage.com/" "Mozilla/5.0 (Macintosh; Intel Mac OS X 10.15; rv:143.0) Gecko/20100101 Firefox/143.0"
180.75.233.12 - - [07/Oct/2025:15:26:46 +0000] "GET /wp-content/uploads/2022/08/V-72-Vietnam.jpg HTTP/1.1" 200 185299 "https://sweetb2bmassage.com/" "Mozilla/5.0 (Macintosh; Intel Mac OS X 10.15; rv:143.0) Gecko/20100101 Firefox/143.0"
94.31.74.232 - - [07/Oct/2025:15:26:46 +0000] "GET /wp-content/uploads/2022/08/sweet-b2b-massage-Slide-01.jpg HTTP/1.1" 200 83382 "https://sweetb2bmassage.com/" "Mozilla/5.0 (Windows NT 10.0; Win64; x64) AppleWebKit/537.36 (KHTML, like Gecko) Chrome/141.0.0.0 Safari/537.36 Edg/141.0.0.0"
94.31.74.232 - - [07/Oct/2025:15:26:46 +0000] "GET /wp-content/uploads/2022/08/sweet-b2b-massage-Slide-02.jpg HTTP/1.1" 200 184256 "https://sweetb2bmassage.com/" "Mozilla/5.0 (Windows NT 10.0; Win64; x64) AppleWebKit/537.36 (KHTML, like Gecko) Chrome/141.0.0.0 Safari/537.36 Edg/141.0.0.0"
94.31.74.232 - - [07/Oct/2025:15:26:46 +0000] "GET /favicon.ico HTTP/1.1" 302 - "https://sweetb2bmassage.com/" "Mozilla/5.0 (Windows NT 10.0; Win64; x64) AppleWebKit/537.36 (KHTML, like Gecko) Chrome/141.0.0.0 Safari/537.36 Edg/141.0.0.0"
180.75.233.12 - - [07/Oct/2025:15:26:46 +0000] "GET /wp-content/uploads/2022/08/M-91-Malay.jpg HTTP/1.1" 200 163696 "https://sweetb2bmassage.com/" "Mozilla/5.0 (Macintosh; Intel Mac OS X 10.15; rv:143.0) Gecko/20100101 Firefox/143.0"
94.31.74.232 - - [07/Oct/2025:15:26:47 +0000] "GET /wp-includes/images/w-logo-blue-white-bg.png HTTP/1.1" 200 4119 "https://sweetb2bmassage.com/" "Mozilla/5.0 (Windows NT 10.0; Win64; x64) AppleWebKit/537.36 (KHTML, like Gecko) Chrome/141.0.0.0 Safari/537.36 Edg/141.0.0.0"
180.75.233.12 - - [07/Oct/2025:15:26:46 +0000] "GET /wp-content/uploads/2022/08/T-87-Thailand.jpg HTTP/1.1" 200 147299 "https://sweetb2bmassage.com/" "Mozilla/5.0 (Macintosh; Intel Mac OS X 10.15; rv:143.0) Gecko/20100101 Firefox/143.0"
180.75.233.12 - - [07/Oct/2025:15:26:46 +0000] "GET /wp-content/uploads/2022/08/V-71-Vietnam.jpg HTTP/1.1" 200 201608 "https://sweetb2bmassage.com/" "Mozilla/5.0 (Macintosh; Intel Mac OS X 10.15; rv:143.0) Gecko/20100101 Firefox/143.0"
180.75.233.12 - - [07/Oct/2025:15:26:46 +0000] "GET /wp-content/uploads/2022/08/M-92-Malay-1004x1369.jpg HTTP/1.1" 200 210117 "https://sweetb2bmassage.com/" "Mozilla/5.0 (Macintosh; Intel Mac OS X 10.15; rv:143.0) Gecko/20100101 Firefox/143.0"
180.75.233.12 - - [07/Oct/2025:15:26:47 +0000] "GET /wp-content/uploads/2022/08/M-99-Malay.jpg HTTP/1.1" 200 191249 "https://sweetb2bmassage.com/" "Mozilla/5.0 (Macintosh; Intel Mac OS X 10.15; rv:143.0) Gecko/20100101 Firefox/143.0"
115.164.76.79 - - [07/Oct/2025:15:26:47 +0000] "GET /favicon.ico HTTP/1.1" 302 - "https://sweetb2bmassage.com/m99/" "Mozilla/5.0 (Linux; Android 10; K) AppleWebKit/537.36 (KHTML, like Gecko) SamsungBrowser/28.0 Chrome/130.0.0.0 Mobile Safari/537.36"
115.164.76.79 - - [07/Oct/2025:15:26:48 +0000] "GET /wp-content/uploads/2022/08/M-98-Malay-220x160.jpg HTTP/1.1" 200 20542 "https://sweetb2bmassage.com/m99/" "Mozilla/5.0 (Linux; Android 10; K) AppleWebKit/537.36 (KHTML, like Gecko) SamsungBrowser/28.0 Chrome/130.0.0.0 Mobile Safari/537.36"
115.164.76.79 - - [07/Oct/2025:15:26:48 +0000] "GET /wp-content/uploads/2022/08/M-97-Malay-220x160.jpg HTTP/1.1" 200 23467 "https://sweetb2bmassage.com/m99/" "Mozilla/5.0 (Linux; Android 10; K) AppleWebKit/537.36 (KHTML, like Gecko) SamsungBrowser/28.0 Chrome/130.0.0.0 Mobile Safari/537.36"
115.164.76.79 - - [07/Oct/2025:15:26:49 +0000] "GET /wp-content/uploads/2022/08/M-93-Malay-220x160.jpg HTTP/1.1" 200 25294 "https://sweetb2bmassage.com/m99/" "Mozilla/5.0 (Linux; Android 10; K) AppleWebKit/537.36 (KHTML, like Gecko) SamsungBrowser/28.0 Chrome/130.0.0.0 Mobile Safari/537.36"
115.164.76.79 - - [07/Oct/2025:15:26:49 +0000] "GET /wp-content/uploads/2022/08/T-89-Thailand-220x160.jpg HTTP/1.1" 200 22567 "https://sweetb2bmassage.com/m99/" "Mozilla/5.0 (Linux; Android 10; K) AppleWebKit/537.36 (KHTML, like Gecko) SamsungBrowser/28.0 Chrome/130.0.0.0 Mobile Safari/537.36"
94.31.74.232 - - [07/Oct/2025:15:26:51 +0000] "GET /wp-content/uploads/2022/08/C-93-1004x1369.jpg HTTP/1.1" 200 306361 "https://sweetb2bmassage.com/" "Mozilla/5.0 (Windows NT 10.0; Win64; x64) AppleWebKit/537.36 (KHTML, like Gecko) Chrome/141.0.0.0 Safari/537.36 Edg/141.0.0.0"
94.31.74.232 - - [07/Oct/2025:15:26:51 +0000] "GET /wp-content/uploads/2022/08/V-72-Vietnam.jpg HTTP/1.1" 200 185299 "https://sweetb2bmassage.com/" "Mozilla/5.0 (Windows NT 10.0; Win64; x64) AppleWebKit/537.36 (KHTML, like Gecko) Chrome/141.0.0.0 Safari/537.36 Edg/141.0.0.0"
94.31.74.232 - - [07/Oct/2025:15:26:51 +0000] "GET /wp-content/uploads/2022/08/M-91-Malay.jpg HTTP/1.1" 200 163696 "https://sweetb2bmassage.com/" "Mozilla/5.0 (Windows NT 10.0; Win64; x64) AppleWebKit/537.36 (KHTML, like Gecko) Chrome/141.0.0.0 Safari/537.36 Edg/141.0.0.0"
94.31.74.232 - - [07/Oct/2025:15:26:51 +0000] "GET /wp-content/uploads/2022/08/T-88-Thailand.jpg HTTP/1.1" 200 193137 "https://sweetb2bmassage.com/" "Mozilla/5.0 (Windows NT 10.0; Win64; x64) AppleWebKit/537.36 (KHTML, like Gecko) Chrome/141.0.0.0 Safari/537.36 Edg/141.0.0.0"
94.31.74.232 - - [07/Oct/2025:15:26:53 +0000] "GET /wp-content/uploads/2022/08/M-99-Malay.jpg HTTP/1.1" 200 191249 "https://sweetb2bmassage.com/" "Mozilla/5.0 (Windows NT 10.0; Win64; x64) AppleWebKit/537.36 (KHTML, like Gecko) Chrome/141.0.0.0 Safari/537.36 Edg/141.0.0.0"
94.31.74.232 - - [07/Oct/2025:15:26:53 +0000] "GET /wp-content/uploads/2022/08/T-87-Thailand.jpg HTTP/1.1" 200 147299 "https://sweetb2bmassage.com/" "Mozilla/5.0 (Windows NT 10.0; Win64; x64) AppleWebKit/537.36 (KHTML, like Gecko) Chrome/141.0.0.0 Safari/537.36 Edg/141.0.0.0"
94.31.74.232 - - [07/Oct/2025:15:26:53 +0000] "GET /wp-content/uploads/2022/08/M-92-Malay-1004x1369.jpg HTTP/1.1" 200 210117 "https://sweetb2bmassage.com/" "Mozilla/5.0 (Windows NT 10.0; Win64; x64) AppleWebKit/537.36 (KHTML, like Gecko) Chrome/141.0.0.0 Safari/537.36 Edg/141.0.0.0"
94.31.74.232 - - [07/Oct/2025:15:26:53 +0000] "GET /wp-content/uploads/2022/08/V-71-Vietnam.jpg HTTP/1.1" 200 201608 "https://sweetb2bmassage.com/" "Mozilla/5.0 (Windows NT 10.0; Win64; x64) AppleWebKit/537.36 (KHTML, like Gecko) Chrome/141.0.0.0 Safari/537.36 Edg/141.0.0.0"
115.164.76.79 - - [07/Oct/2025:15:26:53 +0000] "GET /wp-content/uploads/2022/08/T-87-Thailand-220x160.jpg HTTP/1.1" 200 19937 "https://sweetb2bmassage.com/m99/" "Mozilla/5.0 (Linux; Android 10; K) AppleWebKit/537.36 (KHTML, like Gecko) SamsungBrowser/28.0 Chrome/130.0.0.0 Mobile Safari/537.36"
115.164.76.79 - - [07/Oct/2025:15:26:54 +0000] "GET /wp-content/uploads/2022/08/M-92-Malay-220x160.jpg HTTP/1.1" 200 23878 "https://sweetb2bmassage.com/m99/" "Mozilla/5.0 (Linux; Android 10; K) AppleWebKit/537.36 (KHTML, like Gecko) SamsungBrowser/28.0 Chrome/130.0.0.0 Mobile Safari/537.36"
115.164.76.79 - - [07/Oct/2025:15:26:55 +0000] "GET /t89/ HTTP/1.1" 200 15976 "https://sweetb2bmassage.com/m99/" "Mozilla/5.0 (Linux; Android 10; K) AppleWebKit/537.36 (KHTML, like Gecko) SamsungBrowser/28.0 Chrome/130.0.0.0 Mobile Safari/537.36"
115.164.76.79 - - [07/Oct/2025:15:26:57 +0000] "GET /wp-content/uploads/2022/08/T-89-Thailand.jpg HTTP/1.1" 200 188615 "https://sweetb2bmassage.com/t89/" "Mozilla/5.0 (Linux; Android 10; K) AppleWebKit/537.36 (KHTML, like Gecko) SamsungBrowser/28.0 Chrome/130.0.0.0 Mobile Safari/537.36"
115.164.76.79 - - [07/Oct/2025:15:26:59 +0000] "GET /favicon.ico HTTP/1.1" 302 - "https://sweetb2bmassage.com/t89/" "Mozilla/5.0 (Linux; Android 10; K) AppleWebKit/537.36 (KHTML, like Gecko) SamsungBrowser/28.0 Chrome/130.0.0.0 Mobile Safari/537.36"
115.164.76.79 - - [07/Oct/2025:15:27:01 +0000] "GET /favicon.ico HTTP/1.1" 302 - "https://sweetb2bmassage.com/m99/" "Mozilla/5.0 (Linux; Android 10; K) AppleWebKit/537.36 (KHTML, like Gecko) SamsungBrowser/28.0 Chrome/130.0.0.0 Mobile Safari/537.36"
94.31.74.232 - - [07/Oct/2025:15:27:03 +0000] "GET / HTTP/1.1" 200 23588 "https://sweetb2bmassage.com/" "Mozilla/5.0 (Windows NT 10.0; Win64; x64) AppleWebKit/537.36 (KHTML, like Gecko) Chrome/141.0.0.0 Safari/537.36 Edg/141.0.0.0"
115.164.76.79 - - [07/Oct/2025:15:27:04 +0000] "GET /favicon.ico HTTP/1.1" 302 - "https://sweetb2bmassage.com/" "Mozilla/5.0 (Linux; Android 10; K) AppleWebKit/537.36 (KHTML, like Gecko) SamsungBrowser/28.0 Chrome/130.0.0.0 Mobile Safari/537.36"
115.164.76.79 - - [07/Oct/2025:15:27:06 +0000] "GET /wp-content/uploads/2022/08/M-93-Malay.jpg HTTP/1.1" 200 185737 "https://sweetb2bmassage.com/" "Mozilla/5.0 (Linux; Android 10; K) AppleWebKit/537.36 (KHTML, like Gecko) SamsungBrowser/28.0 Chrome/130.0.0.0 Mobile Safari/537.36"
115.164.76.79 - - [07/Oct/2025:15:27:05 +0000] "GET /wp-content/uploads/2022/08/V-73-Vietnam.jpg HTTP/1.1" 200 136845 "https://sweetb2bmassage.com/" "Mozilla/5.0 (Linux; Android 10; K) AppleWebKit/537.36 (KHTML, like Gecko) SamsungBrowser/28.0 Chrome/130.0.0.0 Mobile Safari/537.36"
115.164.76.79 - - [07/Oct/2025:15:27:07 +0000] "GET /wp-content/uploads/2022/08/V-77-Vietnam.jpg HTTP/1.1" 200 224701 "https://sweetb2bmassage.com/" "Mozilla/5.0 (Linux; Android 10; K) AppleWebKit/537.36 (KHTML, like Gecko) SamsungBrowser/28.0 Chrome/130.0.0.0 Mobile Safari/537.36"
180.75.239.190 - - [07/Oct/2025:15:27:06 +0000] "GET / HTTP/1.1" 200 23595 "https://www.google.com/search?q=b2b+in+kl&rlz=1CDGOYI_enMY1027MY1027&hl=en-GB&sourceid=chrome-mobile&ie=UTF-8" "Mozilla/5.0 (iPhone; CPU iPhone OS 26_0_1 like Mac OS X) AppleWebKit/605.1.15 (KHTML, like Gecko) CriOS/141.0.7390.41 Mobile/15E148 Safari/604.1"
180.75.239.190 - - [07/Oct/2025:15:27:08 +0000] "GET /wp-content/themes/dt-the7/css/main.min.css?ver=10.9.1 HTTP/1.1" 200 41455 "https://sweetb2bmassage.com/" "Mozilla/5.0 (iPhone; CPU iPhone OS 26_0_1 like Mac OS X) AppleWebKit/605.1.15 (KHTML, like Gecko) CriOS/141.0.7390.41 Mobile/15E148 Safari/604.1"
180.75.239.190 - - [07/Oct/2025:15:27:08 +0000] "GET /wp-includes/css/dist/block-library/style.min.css?ver=6.8.3 HTTP/1.1" 200 15315 "https://sweetb2bmassage.com/" "Mozilla/5.0 (iPhone; CPU iPhone OS 26_0_1 like Mac OS X) AppleWebKit/605.1.15 (KHTML, like Gecko) CriOS/141.0.7390.41 Mobile/15E148 Safari/604.1"
180.75.239.190 - - [07/Oct/2025:15:27:08 +0000] "GET /wp-content/uploads/js_composer/custom.css?ver=8.6.1 HTTP/1.1" 200 102 "https://sweetb2bmassage.com/" "Mozilla/5.0 (iPhone; CPU iPhone OS 26_0_1 like Mac OS X) AppleWebKit/605.1.15 (KHTML, like Gecko) CriOS/141.0.7390.41 Mobile/15E148 Safari/604.1"
180.75.239.190 - - [07/Oct/2025:15:27:09 +0000] "GET /wp-content/plugins/contact-form-7/includes/css/styles.css?ver=6.1.1 HTTP/1.1" 200 1031 "https://sweetb2bmassage.com/" "Mozilla/5.0 (iPhone; CPU iPhone OS 26_0_1 like Mac OS X) AppleWebKit/605.1.15 (KHTML, like Gecko) CriOS/141.0.7390.41 Mobile/15E148 Safari/604.1"
180.75.239.190 - - [07/Oct/2025:15:27:09 +0000] "GET /wp-content/uploads/smile_fonts/icomoon-font-awesome-14x14/icomoon-font-awesome-14x14.css?ver=6.8.3 HTTP/1.1" 200 6599 "https://sweetb2bmassage.com/" "Mozilla/5.0 (iPhone; CPU iPhone OS 26_0_1 like Mac OS X) AppleWebKit/605.1.15 (KHTML, like Gecko) CriOS/141.0.7390.41 Mobile/15E148 Safari/604.1"
180.75.239.190 - - [07/Oct/2025:15:27:09 +0000] "GET /wp-content/plugins/js_composer/assets/css/js_composer.min.css?ver=8.6.1 HTTP/1.1" 200 45657 "https://sweetb2bmassage.com/" "Mozilla/5.0 (iPhone; CPU iPhone OS 26_0_1 like Mac OS X) AppleWebKit/605.1.15 (KHTML, like Gecko) CriOS/141.0.7390.41 Mobile/15E148 Safari/604.1"
180.75.239.190 - - [07/Oct/2025:15:27:09 +0000] "GET /wp-content/themes/dt-the7/fonts/icomoon-the7-font/icomoon-the7-font.min.css?ver=10.9.1 HTTP/1.1" 200 3014 "https://sweetb2bmassage.com/" "Mozilla/5.0 (iPhone; CPU iPhone OS 26_0_1 like Mac OS X) AppleWebKit/605.1.15 (KHTML, like Gecko) CriOS/141.0.7390.41 Mobile/15E148 Safari/604.1"
180.75.239.190 - - [07/Oct/2025:15:27:09 +0000] "GET /wp-content/themes/dt-the7/fonts/FontAwesome/css/all.min.css?ver=10.9.1 HTTP/1.1" 200 12843 "https://sweetb2bmassage.com/" "Mozilla/5.0 (iPhone; CPU iPhone OS 26_0_1 like Mac OS X) AppleWebKit/605.1.15 (KHTML, like Gecko) CriOS/141.0.7390.41 Mobile/15E148 Safari/604.1"
180.75.239.190 - - [07/Oct/2025:15:27:09 +0000] "GET /wp-content/themes/dt-the7/fonts/FontAwesome/back-compat.min.css?ver=10.9.1 HTTP/1.1" 200 4073 "https://sweetb2bmassage.com/" "Mozilla/5.0 (iPhone; CPU iPhone OS 26_0_1 like Mac OS X) AppleWebKit/605.1.15 (KHTML, like Gecko) CriOS/141.0.7390.41 Mobile/15E148 Safari/604.1"
180.75.239.190 - - [07/Oct/2025:15:27:09 +0000] "GET /wp-content/themes/dt-the7/lib/custom-scrollbar/custom-scrollbar.min.css?ver=10.9.1 HTTP/1.1" 200 1522 "https://sweetb2bmassage.com/" "Mozilla/5.0 (iPhone; CPU iPhone OS 26_0_1 like Mac OS X) AppleWebKit/605.1.15 (KHTML, like Gecko) CriOS/141.0.7390.41 Mobile/15E148 Safari/604.1"
180.75.239.190 - - [07/Oct/2025:15:27:09 +0000] "GET /wp-content/themes/dt-the7/css/wpbakery.min.css?ver=10.9.1 HTTP/1.1" 200 4366 "https://sweetb2bmassage.com/" "Mozilla/5.0 (iPhone; CPU iPhone OS 26_0_1 like Mac OS X) AppleWebKit/605.1.15 (KHTML, like Gecko) CriOS/141.0.7390.41 Mobile/15E148 Safari/604.1"
180.75.239.190 - - [07/Oct/2025:15:27:09 +0000] "GET /wp-content/plugins/dt-the7-core/assets/css/post-type.min.css?ver=2.6.0 HTTP/1.1" 200 6295 "https://sweetb2bmassage.com/" "Mozilla/5.0 (iPhone; CPU iPhone OS 26_0_1 like Mac OS X) AppleWebKit/605.1.15 (KHTML, like Gecko) CriOS/141.0.7390.41 Mobile/15E148 Safari/604.1"
180.75.239.190 - - [07/Oct/2025:15:27:09 +0000] "GET /wp-content/uploads/the7-css/css-vars.css?ver=fe248fad28d3 HTTP/1.1" 200 4382 "https://sweetb2bmassage.com/" "Mozilla/5.0 (iPhone; CPU iPhone OS 26_0_1 like Mac OS X) AppleWebKit/605.1.15 (KHTML, like Gecko) CriOS/141.0.7390.41 Mobile/15E148 Safari/604.1"
180.75.239.190 - - [07/Oct/2025:15:27:09 +0000] "GET /wp-content/uploads/the7-css/custom.css?ver=fe248fad28d3 HTTP/1.1" 200 30470 "https://sweetb2bmassage.com/" "Mozilla/5.0 (iPhone; CPU iPhone OS 26_0_1 like Mac OS X) AppleWebKit/605.1.15 (KHTML, like Gecko) CriOS/141.0.7390.41 Mobile/15E148 Safari/604.1"
180.75.239.190 - - [07/Oct/2025:15:27:09 +0000] "GET /wp-content/uploads/the7-css/media.css?ver=fe248fad28d3 HTTP/1.1" 200 10062 "https://sweetb2bmassage.com/" "Mozilla/5.0 (iPhone; CPU iPhone OS 26_0_1 like Mac OS X) AppleWebKit/605.1.15 (KHTML, like Gecko) CriOS/141.0.7390.41 Mobile/15E148 Safari/604.1"
180.75.239.190 - - [07/Oct/2025:15:27:09 +0000] "GET /wp-content/uploads/the7-css/mega-menu.css?ver=fe248fad28d3 HTTP/1.1" 200 2894 "https://sweetb2bmassage.com/" "Mozilla/5.0 (iPhone; CPU iPhone OS 26_0_1 like Mac OS X) AppleWebKit/605.1.15 (KHTML, like Gecko) CriOS/141.0.7390.41 Mobile/15E148 Safari/604.1"
180.75.239.190 - - [07/Oct/2025:15:27:09 +0000] "GET /wp-content/uploads/the7-css/the7-elements-albums-portfolio.css?ver=fe248fad28d3 HTTP/1.1" 200 2663 "https://sweetb2bmassage.com/" "Mozilla/5.0 (iPhone; CPU iPhone OS 26_0_1 like Mac OS X) AppleWebKit/605.1.15 (KHTML, like Gecko) CriOS/141.0.7390.41 Mobile/15E148 Safari/604.1"
180.75.239.190 - - [07/Oct/2025:15:27:09 +0000] "GET /wp-content/uploads/the7-css/post-type-dynamic.css?ver=fe248fad28d3 HTTP/1.1" 200 1298 "https://sweetb2bmassage.com/" "Mozilla/5.0 (iPhone; CPU iPhone OS 26_0_1 like Mac OS X) AppleWebKit/605.1.15 (KHTML, like Gecko) CriOS/141.0.7390.41 Mobile/15E148 Safari/604.1"
180.75.239.190 - - [07/Oct/2025:15:27:09 +0000] "GET /wp-content/themes/dt-the7/style.css?ver=10.9.1 HTTP/1.1" 200 814 "https://sweetb2bmassage.com/" "Mozilla/5.0 (iPhone; CPU iPhone OS 26_0_1 like Mac OS X) AppleWebKit/605.1.15 (KHTML, like Gecko) CriOS/141.0.7390.41 Mobile/15E148 Safari/604.1"
115.164.76.79 - - [07/Oct/2025:15:27:08 +0000] "GET /m93/ HTTP/1.1" 200 15819 "https://sweetb2bmassage.com/" "Mozilla/5.0 (Linux; Android 10; K) AppleWebKit/537.36 (KHTML, like Gecko) SamsungBrowser/28.0 Chrome/130.0.0.0 Mobile Safari/537.36"
180.75.239.190 - - [07/Oct/2025:15:27:09 +0000] "GET /wp-content/plugins/Ultimate_VC_Addons/assets/min-css/style.min.css?ver=3.19.11 HTTP/1.1" 200 2752 "https://sweetb2bmassage.com/" "Mozilla/5.0 (iPhone; CPU iPhone OS 26_0_1 like Mac OS X) AppleWebKit/605.1.15 (KHTML, like Gecko) CriOS/141.0.7390.41 Mobile/15E148 Safari/604.1"
180.75.239.190 - - [07/Oct/2025:15:27:09 +0000] "GET /wp-content/plugins/Ultimate_VC_Addons/assets/min-css/advanced-buttons.min.css?ver=3.19.11 HTTP/1.1" 200 3345 "https://sweetb2bmassage.com/" "Mozilla/5.0 (iPhone; CPU iPhone OS 26_0_1 like Mac OS X) AppleWebKit/605.1.15 (KHTML, like Gecko) CriOS/141.0.7390.41 Mobile/15E148 Safari/604.1"
180.75.239.190 - - [07/Oct/2025:15:27:09 +0000] "GET /wp-content/plugins/Ultimate_VC_Addons/assets/min-css/headings.min.css?ver=3.19.11 HTTP/1.1" 200 415 "https://sweetb2bmassage.com/" "Mozilla/5.0 (iPhone; CPU iPhone OS 26_0_1 like Mac OS X) AppleWebKit/605.1.15 (KHTML, like Gecko) CriOS/141.0.7390.41 Mobile/15E148 Safari/604.1"
180.75.239.190 - - [07/Oct/2025:15:27:09 +0000] "GET /wp-includes/js/jquery/jquery.min.js?ver=3.7.1 HTTP/1.1" 200 30368 "https://sweetb2bmassage.com/" "Mozilla/5.0 (iPhone; CPU iPhone OS 26_0_1 like Mac OS X) AppleWebKit/605.1.15 (KHTML, like Gecko) CriOS/141.0.7390.41 Mobile/15E148 Safari/604.1"
180.75.239.190 - - [07/Oct/2025:15:27:09 +0000] "GET /wp-includes/js/jquery/jquery-migrate.min.js?ver=3.4.1 HTTP/1.1" 200 4872 "https://sweetb2bmassage.com/" "Mozilla/5.0 (iPhone; CPU iPhone OS 26_0_1 like Mac OS X) AppleWebKit/605.1.15 (KHTML, like Gecko) CriOS/141.0.7390.41 Mobile/15E148 Safari/604.1"
180.75.239.190 - - [07/Oct/2025:15:27:10 +0000] "GET /wp-content/themes/dt-the7/js/above-the-fold.min.js?ver=10.9.1 HTTP/1.1" 200 4758 "https://sweetb2bmassage.com/" "Mozilla/5.0 (iPhone; CPU iPhone OS 26_0_1 like Mac OS X) AppleWebKit/605.1.15 (KHTML, like Gecko) CriOS/141.0.7390.41 Mobile/15E148 Safari/604.1"
180.75.239.190 - - [07/Oct/2025:15:27:10 +0000] "GET /wp-content/plugins/Ultimate_VC_Addons/assets/min-js/ultimate-params.min.js?ver=3.19.11 HTTP/1.1" 200 528 "https://sweetb2bmassage.com/" "Mozilla/5.0 (iPhone; CPU iPhone OS 26_0_1 like Mac OS X) AppleWebKit/605.1.15 (KHTML, like Gecko) CriOS/141.0.7390.41 Mobile/15E148 Safari/604.1"
180.75.239.190 - - [07/Oct/2025:15:27:10 +0000] "GET /wp-content/plugins/Ultimate_VC_Addons/assets/min-js/custom.min.js?ver=3.19.11 HTTP/1.1" 200 4750 "https://sweetb2bmassage.com/" "Mozilla/5.0 (iPhone; CPU iPhone OS 26_0_1 like Mac OS X) AppleWebKit/605.1.15 (KHTML, like Gecko) CriOS/141.0.7390.41 Mobile/15E148 Safari/604.1"
180.75.239.190 - - [07/Oct/2025:15:27:10 +0000] "GET /wp-content/plugins/Ultimate_VC_Addons/assets/min-js/headings.min.js?ver=3.19.11 HTTP/1.1" 200 848 "https://sweetb2bmassage.com/" "Mozilla/5.0 (iPhone; CPU iPhone OS 26_0_1 like Mac OS X) AppleWebKit/605.1.15 (KHTML, like Gecko) CriOS/141.0.7390.41 Mobile/15E148 Safari/604.1"
180.75.239.190 - - [07/Oct/2025:15:27:10 +0000] "GET /wp-content/plugins/Ultimate_VC_Addons/assets/min-css/background-style.min.css?ver=3.19.11 HTTP/1.1" 200 1786 "https://sweetb2bmassage.com/" "Mozilla/5.0 (iPhone; CPU iPhone OS 26_0_1 like Mac OS X) AppleWebKit/605.1.15 (KHTML, like Gecko) CriOS/141.0.7390.41 Mobile/15E148 Safari/604.1"
180.75.239.190 - - [07/Oct/2025:15:27:10 +0000] "GET /wp-content/plugins/creame-whatsapp-me/public/css/joinchat-btn.min.css?ver=6.0.8 HTTP/1.1" 200 2304 "https://sweetb2bmassage.com/" "Mozilla/5.0 (iPhone; CPU iPhone OS 26_0_1 like Mac OS X) AppleWebKit/605.1.15 (KHTML, like Gecko) CriOS/141.0.7390.41 Mobile/15E148 Safari/604.1"
180.75.239.190 - - [07/Oct/2025:15:27:10 +0000] "GET /wp-content/plugins/revslider/public/assets/css/rs6.css?ver=6.5.19 HTTP/1.1" 200 12348 "https://sweetb2bmassage.com/" "Mozilla/5.0 (iPhone; CPU iPhone OS 26_0_1 like Mac OS X) AppleWebKit/605.1.15 (KHTML, like Gecko) CriOS/141.0.7390.41 Mobile/15E148 Safari/604.1"
180.75.239.190 - - [07/Oct/2025:15:27:10 +0000] "GET /wp-includes/js/dist/hooks.min.js?ver=4d63a3d491d11ffd8ac6 HTTP/1.1" 200 1648 "https://sweetb2bmassage.com/" "Mozilla/5.0 (iPhone; CPU iPhone OS 26_0_1 like Mac OS X) AppleWebKit/605.1.15 (KHTML, like Gecko) CriOS/141.0.7390.41 Mobile/15E148 Safari/604.1"
180.75.239.190 - - [07/Oct/2025:15:27:10 +0000] "GET /wp-includes/js/dist/i18n.min.js?ver=5e580eb46a90c2b997e6 HTTP/1.1" 200 3667 "https://sweetb2bmassage.com/" "Mozilla/5.0 (iPhone; CPU iPhone OS 26_0_1 like Mac OS X) AppleWebKit/605.1.15 (KHTML, like Gecko) CriOS/141.0.7390.41 Mobile/15E148 Safari/604.1"
180.75.239.190 - - [07/Oct/2025:15:27:10 +0000] "GET /wp-content/plugins/contact-form-7/includes/swv/js/index.js?ver=6.1.1 HTTP/1.1" 200 3503 "https://sweetb2bmassage.com/" "Mozilla/5.0 (iPhone; CPU iPhone OS 26_0_1 like Mac OS X) AppleWebKit/605.1.15 (KHTML, like Gecko) CriOS/141.0.7390.41 Mobile/15E148 Safari/604.1"
180.75.239.190 - - [07/Oct/2025:15:27:10 +0000] "GET /wp-content/plugins/contact-form-7/includes/js/index.js?ver=6.1.1 HTTP/1.1" 200 4265 "https://sweetb2bmassage.com/" "Mozilla/5.0 (iPhone; CPU iPhone OS 26_0_1 like Mac OS X) AppleWebKit/605.1.15 (KHTML, like Gecko) CriOS/141.0.7390.41 Mobile/15E148 Safari/604.1"
180.75.239.190 - - [07/Oct/2025:15:27:10 +0000] "GET /wp-content/plugins/creame-whatsapp-me/public/js/joinchat.min.js?ver=6.0.8 HTTP/1.1" 200 3372 "https://sweetb2bmassage.com/" "Mozilla/5.0 (iPhone; CPU iPhone OS 26_0_1 like Mac OS X) AppleWebKit/605.1.15 (KHTML, like Gecko) CriOS/141.0.7390.41 Mobile/15E148 Safari/604.1"
180.75.239.190 - - [07/Oct/2025:15:27:10 +0000] "GET /wp-content/themes/dt-the7/js/main.min.js?ver=10.9.1 HTTP/1.1" 200 85004 "https://sweetb2bmassage.com/" "Mozilla/5.0 (iPhone; CPU iPhone OS 26_0_1 like Mac OS X) AppleWebKit/605.1.15 (KHTML, like Gecko) CriOS/141.0.7390.41 Mobile/15E148 Safari/604.1"
180.75.239.190 - - [07/Oct/2025:15:27:10 +0000] "GET /wp-content/themes/dt-the7/js/legacy.min.js?ver=10.9.1 HTTP/1.1" 200 582 "https://sweetb2bmassage.com/" "Mozilla/5.0 (iPhone; CPU iPhone OS 26_0_1 like Mac OS X) AppleWebKit/605.1.15 (KHTML, like Gecko) CriOS/141.0.7390.41 Mobile/15E148 Safari/604.1"
180.75.239.190 - - [07/Oct/2025:15:27:10 +0000] "GET /wp-content/themes/dt-the7/lib/jquery-mousewheel/jquery-mousewheel.min.js?ver=10.9.1 HTTP/1.1" 200 1184 "https://sweetb2bmassage.com/" "Mozilla/5.0 (iPhone; CPU iPhone OS 26_0_1 like Mac OS X) AppleWebKit/605.1.15 (KHTML, like Gecko) CriOS/141.0.7390.41 Mobile/15E148 Safari/604.1"
180.75.239.190 - - [07/Oct/2025:15:27:10 +0000] "GET /wp-content/themes/dt-the7/lib/custom-scrollbar/custom-scrollbar.min.js?ver=10.9.1 HTTP/1.1" 200 11972 "https://sweetb2bmassage.com/" "Mozilla/5.0 (iPhone; CPU iPhone OS 26_0_1 like Mac OS X) AppleWebKit/605.1.15 (KHTML, like Gecko) CriOS/141.0.7390.41 Mobile/15E148 Safari/604.1"
180.75.239.190 - - [07/Oct/2025:15:27:10 +0000] "GET /wp-content/plugins/dt-the7-core/assets/js/post-type.min.js?ver=2.6.0 HTTP/1.1" 200 5072 "https://sweetb2bmassage.com/" "Mozilla/5.0 (iPhone; CPU iPhone OS 26_0_1 like Mac OS X) AppleWebKit/605.1.15 (KHTML, like Gecko) CriOS/141.0.7390.41 Mobile/15E148 Safari/604.1"
180.75.239.190 - - [07/Oct/2025:15:27:10 +0000] "GET /wp-content/plugins/Ultimate_VC_Addons/assets/min-js/jquery-appear.min.js?ver=3.19.11 HTTP/1.1" 200 628 "https://sweetb2bmassage.com/" "Mozilla/5.0 (iPhone; CPU iPhone OS 26_0_1 like Mac OS X) AppleWebKit/605.1.15 (KHTML, like Gecko) CriOS/141.0.7390.41 Mobile/15E148 Safari/604.1"
180.75.239.190 - - [07/Oct/2025:15:27:10 +0000] "GET /wp-content/plugins/js_composer/assets/js/dist/js_composer_front.min.js?ver=8.6.1 HTTP/1.1" 200 5223 "https://sweetb2bmassage.com/" "Mozilla/5.0 (iPhone; CPU iPhone OS 26_0_1 like Mac OS X) AppleWebKit/605.1.15 (KHTML, like Gecko) CriOS/141.0.7390.41 Mobile/15E148 Safari/604.1"
180.75.239.190 - - [07/Oct/2025:15:27:10 +0000] "GET /wp-content/plugins/google-analytics-for-wordpress/assets/js/frontend-gtag.min.js?ver=9.8.0 HTTP/1.1" 200 3277 "https://sweetb2bmassage.com/" "Mozilla/5.0 (iPhone; CPU iPhone OS 26_0_1 like Mac OS X) AppleWebKit/605.1.15 (KHTML, like Gecko) CriOS/141.0.7390.41 Mobile/15E148 Safari/604.1"
180.75.239.190 - - [07/Oct/2025:15:27:10 +0000] "GET /wp-content/plugins/Ultimate_VC_Addons/assets/min-js/ultimate_bg.min.js?ver=3.19.11 HTTP/1.1" 200 9446 "https://sweetb2bmassage.com/" "Mozilla/5.0 (iPhone; CPU iPhone OS 26_0_1 like Mac OS X) AppleWebKit/605.1.15 (KHTML, like Gecko) CriOS/141.0.7390.41 Mobile/15E148 Safari/604.1"
180.75.239.190 - - [07/Oct/2025:15:27:10 +0000] "GET /wp-content/plugins/revslider/public/assets/fonts/revicons/revicons.woff?5510888 HTTP/1.1" 200 7491 "https://sweetb2bmassage.com/" "Mozilla/5.0 (iPhone; CPU iPhone OS 26_0_1 like Mac OS X) AppleWebKit/605.1.15 (KHTML, like Gecko) CriOS/141.0.7390.41 Mobile/15E148 Safari/604.1"
180.75.239.190 - - [07/Oct/2025:15:27:10 +0000] "GET /wp-content/plugins/revslider/public/assets/js/rbtools.min.js?ver=6.5.18 HTTP/1.1" 200 48780 "https://sweetb2bmassage.com/" "Mozilla/5.0 (iPhone; CPU iPhone OS 26_0_1 like Mac OS X) AppleWebKit/605.1.15 (KHTML, like Gecko) CriOS/141.0.7390.41 Mobile/15E148 Safari/604.1"
180.75.239.190 - - [07/Oct/2025:15:27:11 +0000] "GET /wp-content/plugins/revslider/public/assets/js/rs6.min.js?ver=6.5.19 HTTP/1.1" 200 100818 "https://sweetb2bmassage.com/" "Mozilla/5.0 (iPhone; CPU iPhone OS 26_0_1 like Mac OS X) AppleWebKit/605.1.15 (KHTML, like Gecko) CriOS/141.0.7390.41 Mobile/15E148 Safari/604.1"
180.75.239.190 - - [07/Oct/2025:15:27:11 +0000] "GET /wp-content/themes/dt-the7/fonts/icomoon-the7-font/icomoon-the7-font.ttf?wi57p5 HTTP/1.1" 200 24309 "https://sweetb2bmassage.com/" "Mozilla/5.0 (iPhone; CPU iPhone OS 26_0_1 like Mac OS X) AppleWebKit/605.1.15 (KHTML, like Gecko) CriOS/141.0.7390.41 Mobile/15E148 Safari/604.1"
115.164.76.79 - - [07/Oct/2025:15:27:10 +0000] "GET /favicon.ico HTTP/1.1" 302 - "https://sweetb2bmassage.com/m93/" "Mozilla/5.0 (Linux; Android 10; K) AppleWebKit/537.36 (KHTML, like Gecko) SamsungBrowser/28.0 Chrome/130.0.0.0 Mobile Safari/537.36"
180.75.239.190 - - [07/Oct/2025:15:27:11 +0000] "GET /wp-content/plugins/revslider/public/assets/assets/dummy.png HTTP/1.1" 200 68 "https://sweetb2bmassage.com/" "Mozilla/5.0 (iPhone; CPU iPhone OS 26_0_1 like Mac OS X) AppleWebKit/605.1.15 (KHTML, like Gecko) CriOS/141.0.7390.41 Mobile/15E148 Safari/604.1"
180.75.239.190 - - [07/Oct/2025:15:27:11 +0000] "GET /wp-content/themes/dt-the7/images/backgrounds/patterns/full/crisp_paper_ruffles.jpg HTTP/1.1" 200 25714 "https://sweetb2bmassage.com/" "Mozilla/5.0 (iPhone; CPU iPhone OS 26_0_1 like Mac OS X) AppleWebKit/605.1.15 (KHTML, like Gecko) CriOS/141.0.7390.41 Mobile/15E148 Safari/604.1"
180.75.239.190 - - [07/Oct/2025:15:27:11 +0000] "GET /favicon.ico HTTP/1.1" 302 - "-" "Mozilla/5.0 (iPhone; CPU iPhone OS 26_0_1 like Mac OS X) AppleWebKit/605.1.15 (KHTML, like Gecko) CriOS/141.0.7390.41 Mobile/15E148 Safari/604.1"
180.75.239.190 - - [07/Oct/2025:15:27:12 +0000] "GET /wp-includes/images/w-logo-blue-white-bg.png HTTP/1.1" 200 4119 "-" "Mozilla/5.0 (iPhone; CPU iPhone OS 26_0_1 like Mac OS X) AppleWebKit/605.1.15 (KHTML, like Gecko) CriOS/141.0.7390.41 Mobile/15E148 Safari/604.1"
115.164.76.79 - - [07/Oct/2025:15:27:12 +0000] "GET /favicon.ico HTTP/1.1" 302 - "https://sweetb2bmassage.com/" "Mozilla/5.0 (Linux; Android 10; K) AppleWebKit/537.36 (KHTML, like Gecko) SamsungBrowser/28.0 Chrome/130.0.0.0 Mobile Safari/537.36"
94.31.74.232 - - [07/Oct/2025:15:27:13 +0000] "GET /c93/ HTTP/1.1" 200 15819 "https://sweetb2bmassage.com/" "Mozilla/5.0 (Windows NT 10.0; Win64; x64) AppleWebKit/537.36 (KHTML, like Gecko) Chrome/141.0.0.0 Safari/537.36 Edg/141.0.0.0"
94.31.74.232 - - [07/Oct/2025:15:27:14 +0000] "GET /wp-content/uploads/2022/08/C-93.jpg HTTP/1.1" 200 289290 "https://sweetb2bmassage.com/c93/" "Mozilla/5.0 (Windows NT 10.0; Win64; x64) AppleWebKit/537.36 (KHTML, like Gecko) Chrome/141.0.0.0 Safari/537.36 Edg/141.0.0.0"
94.31.74.232 - - [07/Oct/2025:15:27:15 +0000] "GET /wp-content/uploads/2022/08/M-98-Malay-220x160.jpg HTTP/1.1" 200 20542 "https://sweetb2bmassage.com/c93/" "Mozilla/5.0 (Windows NT 10.0; Win64; x64) AppleWebKit/537.36 (KHTML, like Gecko) Chrome/141.0.0.0 Safari/537.36 Edg/141.0.0.0"
94.31.74.232 - - [07/Oct/2025:15:27:15 +0000] "GET /wp-content/uploads/2022/08/M-93-Malay-220x160.jpg HTTP/1.1" 200 25294 "https://sweetb2bmassage.com/c93/" "Mozilla/5.0 (Windows NT 10.0; Win64; x64) AppleWebKit/537.36 (KHTML, like Gecko) Chrome/141.0.0.0 Safari/537.36 Edg/141.0.0.0"
94.31.74.232 - - [07/Oct/2025:15:27:15 +0000] "GET /wp-content/uploads/2022/08/M-97-Malay-220x160.jpg HTTP/1.1" 200 23467 "https://sweetb2bmassage.com/c93/" "Mozilla/5.0 (Windows NT 10.0; Win64; x64) AppleWebKit/537.36 (KHTML, like Gecko) Chrome/141.0.0.0 Safari/537.36 Edg/141.0.0.0"
94.31.74.232 - - [07/Oct/2025:15:27:15 +0000] "GET /wp-content/uploads/2022/08/T-89-Thailand-220x160.jpg HTTP/1.1" 200 22567 "https://sweetb2bmassage.com/c93/" "Mozilla/5.0 (Windows NT 10.0; Win64; x64) AppleWebKit/537.36 (KHTML, like Gecko) Chrome/141.0.0.0 Safari/537.36 Edg/141.0.0.0"
94.31.74.232 - - [07/Oct/2025:15:28:08 +0000] "GET /wp-content/uploads/2022/08/T-87-Thailand-220x160.jpg HTTP/1.1" 200 19937 "https://sweetb2bmassage.com/c93/" "Mozilla/5.0 (Windows NT 10.0; Win64; x64) AppleWebKit/537.36 (KHTML, like Gecko) Chrome/141.0.0.0 Safari/537.36 Edg/141.0.0.0"
203.161.56.247 - - [07/Oct/2025:15:28:16 +0000] "POST /wp-cron.php?doing_wp_cron=1759850896.4995760917663574218750 HTTP/1.1" 200 - "-" "WordPress/6.8.3; https://sweetb2bmassage.com"
94.31.74.232 - - [07/Oct/2025:15:28:15 +0000] "GET /v72/ HTTP/1.1" 200 15783 "https://sweetb2bmassage.com/c93/" "Mozilla/5.0 (Windows NT 10.0; Win64; x64) AppleWebKit/537.36 (KHTML, like Gecko) Chrome/141.0.0.0 Safari/537.36 Edg/141.0.0.0"
216.73.216.116 - - [07/Oct/2025:15:28:16 +0000] "GET /news-sitemap.xml HTTP/1.1" 403 - "-" "Mozilla/5.0 AppleWebKit/537.36 (KHTML, like Gecko; compatible; ClaudeBot/1.0; +claudebot@anthropic.com)"
180.75.239.190 - - [07/Oct/2025:15:28:21 +0000] "GET /wp-content/uploads/2022/08/sweet-b2b-massage-Slide-01-200x200.jpg HTTP/1.1" 200 14924 "https://sweetb2bmassage.com/" "Mozilla/5.0 (iPhone; CPU iPhone OS 26_0_1 like Mac OS X) AppleWebKit/605.1.15 (KHTML, like Gecko) CriOS/141.0.7390.41 Mobile/15E148 Safari/604.1"
180.75.239.190 - - [07/Oct/2025:15:28:21 +0000] "GET /wp-content/uploads/2022/08/sweet-b2b-massage-Slide-02-200x200.jpg HTTP/1.1" 200 21587 "https://sweetb2bmassage.com/" "Mozilla/5.0 (iPhone; CPU iPhone OS 26_0_1 like Mac OS X) AppleWebKit/605.1.15 (KHTML, like Gecko) CriOS/141.0.7390.41 Mobile/15E148 Safari/604.1"
94.31.74.232 - - [07/Oct/2025:15:28:21 +0000] "GET /wp-content/uploads/2022/08/V-79-Vietnam-220x160.jpg HTTP/1.1" 200 25444 "https://sweetb2bmassage.com/v72/" "Mozilla/5.0 (Windows NT 10.0; Win64; x64) AppleWebKit/537.36 (KHTML, like Gecko) Chrome/141.0.0.0 Safari/537.36 Edg/141.0.0.0"
180.75.239.190 - - [07/Oct/2025:15:28:21 +0000] "GET /wp-content/uploads/2022/08/sweet-b2b-massage-Slide-01.jpg HTTP/1.1" 200 83382 "https://sweetb2bmassage.com/" "Mozilla/5.0 (iPhone; CPU iPhone OS 26_0_1 like Mac OS X) AppleWebKit/605.1.15 (KHTML, like Gecko) CriOS/141.0.7390.41 Mobile/15E148 Safari/604.1"
94.31.74.232 - - [07/Oct/2025:15:28:22 +0000] "GET /wp-content/uploads/2022/08/V-77-Vietnam-220x160.jpg HTTP/1.1" 200 21697 "https://sweetb2bmassage.com/v72/" "Mozilla/5.0 (Windows NT 10.0; Win64; x64) AppleWebKit/537.36 (KHTML, like Gecko) Chrome/141.0.0.0 Safari/537.36 Edg/141.0.0.0"
94.31.74.232 - - [07/Oct/2025:15:28:22 +0000] "GET /wp-content/uploads/2022/08/V-78-Vietnam-220x160.jpg HTTP/1.1" 200 24274 "https://sweetb2bmassage.com/v72/" "Mozilla/5.0 (Windows NT 10.0; Win64; x64) AppleWebKit/537.36 (KHTML, like Gecko) Chrome/141.0.0.0 Safari/537.36 Edg/141.0.0.0"
94.31.74.232 - - [07/Oct/2025:15:28:22 +0000] "GET /wp-content/uploads/2022/08/V-73-Vietnam-220x160.jpg HTTP/1.1" 200 19677 "https://sweetb2bmassage.com/v72/" "Mozilla/5.0 (Windows NT 10.0; Win64; x64) AppleWebKit/537.36 (KHTML, like Gecko) Chrome/141.0.0.0 Safari/537.36 Edg/141.0.0.0"
94.31.74.232 - - [07/Oct/2025:15:28:22 +0000] "GET /wp-content/uploads/2022/08/V-71-Vietnam-220x160.jpg HTTP/1.1" 200 23421 "https://sweetb2bmassage.com/v72/" "Mozilla/5.0 (Windows NT 10.0; Win64; x64) AppleWebKit/537.36 (KHTML, like Gecko) Chrome/141.0.0.0 Safari/537.36 Edg/141.0.0.0"
180.75.239.190 - - [07/Oct/2025:15:28:22 +0000] "GET /wp-content/uploads/2022/08/sweet-b2b-massage-Slide-02.jpg HTTP/1.1" 200 184256 "https://sweetb2bmassage.com/" "Mozilla/5.0 (iPhone; CPU iPhone OS 26_0_1 like Mac OS X) AppleWebKit/605.1.15 (KHTML, like Gecko) CriOS/141.0.7390.41 Mobile/15E148 Safari/604.1"
180.75.239.190 - - [07/Oct/2025:15:28:25 +0000] "GET /wp-content/uploads/2022/08/C-93-1004x1369.jpg HTTP/1.1" 200 306361 "https://sweetb2bmassage.com/" "Mozilla/5.0 (iPhone; CPU iPhone OS 26_0_1 like Mac OS X) AppleWebKit/605.1.15 (KHTML, like Gecko) CriOS/141.0.7390.41 Mobile/15E148 Safari/604.1"
180.75.239.190 - - [07/Oct/2025:15:28:26 +0000] "GET /wp-content/uploads/2022/08/V-72-Vietnam.jpg HTTP/1.1" 200 185299 "https://sweetb2bmassage.com/" "Mozilla/5.0 (iPhone; CPU iPhone OS 26_0_1 like Mac OS X) AppleWebKit/605.1.15 (KHTML, like Gecko) CriOS/141.0.7390.41 Mobile/15E148 Safari/604.1"
203.161.56.247 - - [07/Oct/2025:15:28:27 +0000] "POST /wp-cron.php?doing_wp_cron=1759850907.0773708820343017578125 HTTP/1.1" 200 - "-" "WordPress/6.8.3; https://sweetb2bmassage.com"
94.31.74.232 - - [07/Oct/2025:15:28:26 +0000] "GET /v78/ HTTP/1.1" 200 15775 "https://sweetb2bmassage.com/v72/" "Mozilla/5.0 (Windows NT 10.0; Win64; x64) AppleWebKit/537.36 (KHTML, like Gecko) Chrome/141.0.0.0 Safari/537.36 Edg/141.0.0.0"
94.31.74.232 - - [07/Oct/2025:15:28:27 +0000] "GET /wp-content/uploads/2022/08/V-78-Vietnam.jpg HTTP/1.1" 200 191150 "https://sweetb2bmassage.com/v78/" "Mozilla/5.0 (Windows NT 10.0; Win64; x64) AppleWebKit/537.36 (KHTML, like Gecko) Chrome/141.0.0.0 Safari/537.36 Edg/141.0.0.0"
180.75.239.190 - - [07/Oct/2025:15:28:27 +0000] "GET /wp-content/uploads/2022/08/T-88-Thailand.jpg HTTP/1.1" 200 193137 "https://sweetb2bmassage.com/" "Mozilla/5.0 (iPhone; CPU iPhone OS 26_0_1 like Mac OS X) AppleWebKit/605.1.15 (KHTML, like Gecko) CriOS/141.0.7390.41 Mobile/15E148 Safari/604.1"
180.75.239.190 - - [07/Oct/2025:15:28:30 +0000] "GET /wp-content/uploads/2022/08/M-91-Malay.jpg HTTP/1.1" 200 163696 "https://sweetb2bmassage.com/" "Mozilla/5.0 (iPhone; CPU iPhone OS 26_0_1 like Mac OS X) AppleWebKit/605.1.15 (KHTML, like Gecko) CriOS/141.0.7390.41 Mobile/15E148 Safari/604.1"
180.75.239.190 - - [07/Oct/2025:15:28:30 +0000] "GET /wp-content/uploads/2022/08/M-92-Malay-1004x1369.jpg HTTP/1.1" 200 210117 "https://sweetb2bmassage.com/" "Mozilla/5.0 (iPhone; CPU iPhone OS 26_0_1 like Mac OS X) AppleWebKit/605.1.15 (KHTML, like Gecko) CriOS/141.0.7390.41 Mobile/15E148 Safari/604.1"
94.31.74.232 - - [07/Oct/2025:15:28:41 +0000] "GET /v71/ HTTP/1.1" 200 15935 "https://sweetb2bmassage.com/v72/" "Mozilla/5.0 (Windows NT 10.0; Win64; x64) AppleWebKit/537.36 (KHTML, like Gecko) Chrome/141.0.0.0 Safari/537.36 Edg/141.0.0.0"
94.31.74.232 - - [07/Oct/2025:15:28:49 +0000] "GET /wp-content/uploads/2022/08/V-72-Vietnam-220x160.jpg HTTP/1.1" 200 21292 "https://sweetb2bmassage.com/v71/" "Mozilla/5.0 (Windows NT 10.0; Win64; x64) AppleWebKit/537.36 (KHTML, like Gecko) Chrome/141.0.0.0 Safari/537.36 Edg/141.0.0.0"
203.161.56.247 - - [07/Oct/2025:15:33:20 +0000] "POST /wp-cron.php?doing_wp_cron=1759851200.4485299587249755859375 HTTP/1.1" 200 - "-" "WordPress/6.8.3; https://sweetb2bmassage.com"
103.199.217.2 - - [07/Oct/2025:15:33:18 +0000] "GET / HTTP/1.1" 200 23587 "https://www.google.com/" "Mozilla/5.0 (iPhone; CPU iPhone OS 18_7 like Mac OS X) AppleWebKit/605.1.15 (KHTML, like Gecko) Version/26.0.1 Mobile/15E148 Safari/604.1"
103.199.217.2 - - [07/Oct/2025:15:33:21 +0000] "GET /wp-includes/css/dist/block-library/style.min.css?ver=6.8.3 HTTP/1.1" 200 15315 "https://sweetb2bmassage.com/" "Mozilla/5.0 (iPhone; CPU iPhone OS 18_7 like Mac OS X) AppleWebKit/605.1.15 (KHTML, like Gecko) Version/26.0.1 Mobile/15E148 Safari/604.1"
103.199.217.2 - - [07/Oct/2025:15:33:21 +0000] "GET /wp-content/themes/dt-the7/css/main.min.css?ver=10.9.1 HTTP/1.1" 200 41455 "https://sweetb2bmassage.com/" "Mozilla/5.0 (iPhone; CPU iPhone OS 18_7 like Mac OS X) AppleWebKit/605.1.15 (KHTML, like Gecko) Version/26.0.1 Mobile/15E148 Safari/604.1"
103.199.217.2 - - [07/Oct/2025:15:33:21 +0000] "GET /wp-content/themes/dt-the7/fonts/icomoon-the7-font/icomoon-the7-font.min.css?ver=10.9.1 HTTP/1.1" 200 3014 "https://sweetb2bmassage.com/" "Mozilla/5.0 (iPhone; CPU iPhone OS 18_7 like Mac OS X) AppleWebKit/605.1.15 (KHTML, like Gecko) Version/26.0.1 Mobile/15E148 Safari/604.1"
103.199.217.2 - - [07/Oct/2025:15:33:21 +0000] "GET /wp-content/plugins/contact-form-7/includes/css/styles.css?ver=6.1.1 HTTP/1.1" 200 1031 "https://sweetb2bmassage.com/" "Mozilla/5.0 (iPhone; CPU iPhone OS 18_7 like Mac OS X) AppleWebKit/605.1.15 (KHTML, like Gecko) Version/26.0.1 Mobile/15E148 Safari/604.1"
103.199.217.2 - - [07/Oct/2025:15:33:21 +0000] "GET /wp-content/uploads/smile_fonts/icomoon-font-awesome-14x14/icomoon-font-awesome-14x14.css?ver=6.8.3 HTTP/1.1" 200 6599 "https://sweetb2bmassage.com/" "Mozilla/5.0 (iPhone; CPU iPhone OS 18_7 like Mac OS X) AppleWebKit/605.1.15 (KHTML, like Gecko) Version/26.0.1 Mobile/15E148 Safari/604.1"
103.199.217.2 - - [07/Oct/2025:15:33:21 +0000] "GET /wp-content/plugins/js_composer/assets/css/js_composer.min.css?ver=8.6.1 HTTP/1.1" 200 45657 "https://sweetb2bmassage.com/" "Mozilla/5.0 (iPhone; CPU iPhone OS 18_7 like Mac OS X) AppleWebKit/605.1.15 (KHTML, like Gecko) Version/26.0.1 Mobile/15E148 Safari/604.1"
103.199.217.2 - - [07/Oct/2025:15:33:21 +0000] "GET /wp-content/uploads/js_composer/custom.css?ver=8.6.1 HTTP/1.1" 200 102 "https://sweetb2bmassage.com/" "Mozilla/5.0 (iPhone; CPU iPhone OS 18_7 like Mac OS X) AppleWebKit/605.1.15 (KHTML, like Gecko) Version/26.0.1 Mobile/15E148 Safari/604.1"
103.199.217.2 - - [07/Oct/2025:15:33:21 +0000] "GET /wp-content/themes/dt-the7/fonts/FontAwesome/css/all.min.css?ver=10.9.1 HTTP/1.1" 200 12843 "https://sweetb2bmassage.com/" "Mozilla/5.0 (iPhone; CPU iPhone OS 18_7 like Mac OS X) AppleWebKit/605.1.15 (KHTML, like Gecko) Version/26.0.1 Mobile/15E148 Safari/604.1"
103.199.217.2 - - [07/Oct/2025:15:33:21 +0000] "GET /wp-content/themes/dt-the7/fonts/FontAwesome/back-compat.min.css?ver=10.9.1 HTTP/1.1" 200 4073 "https://sweetb2bmassage.com/" "Mozilla/5.0 (iPhone; CPU iPhone OS 18_7 like Mac OS X) AppleWebKit/605.1.15 (KHTML, like Gecko) Version/26.0.1 Mobile/15E148 Safari/604.1"
103.199.217.2 - - [07/Oct/2025:15:33:21 +0000] "GET /wp-content/themes/dt-the7/lib/custom-scrollbar/custom-scrollbar.min.css?ver=10.9.1 HTTP/1.1" 200 1522 "https://sweetb2bmassage.com/" "Mozilla/5.0 (iPhone; CPU iPhone OS 18_7 like Mac OS X) AppleWebKit/605.1.15 (KHTML, like Gecko) Version/26.0.1 Mobile/15E148 Safari/604.1"
103.199.217.2 - - [07/Oct/2025:15:33:21 +0000] "GET /wp-content/themes/dt-the7/css/wpbakery.min.css?ver=10.9.1 HTTP/1.1" 200 4366 "https://sweetb2bmassage.com/" "Mozilla/5.0 (iPhone; CPU iPhone OS 18_7 like Mac OS X) AppleWebKit/605.1.15 (KHTML, like Gecko) Version/26.0.1 Mobile/15E148 Safari/604.1"
103.199.217.2 - - [07/Oct/2025:15:33:21 +0000] "GET /wp-content/plugins/dt-the7-core/assets/css/post-type.min.css?ver=2.6.0 HTTP/1.1" 200 6295 "https://sweetb2bmassage.com/" "Mozilla/5.0 (iPhone; CPU iPhone OS 18_7 like Mac OS X) AppleWebKit/605.1.15 (KHTML, like Gecko) Version/26.0.1 Mobile/15E148 Safari/604.1"
103.199.217.2 - - [07/Oct/2025:15:33:21 +0000] "GET /wp-content/uploads/the7-css/css-vars.css?ver=fe248fad28d3 HTTP/1.1" 200 4382 "https://sweetb2bmassage.com/" "Mozilla/5.0 (iPhone; CPU iPhone OS 18_7 like Mac OS X) AppleWebKit/605.1.15 (KHTML, like Gecko) Version/26.0.1 Mobile/15E148 Safari/604.1"
103.199.217.2 - - [07/Oct/2025:15:33:21 +0000] "GET /wp-content/uploads/the7-css/media.css?ver=fe248fad28d3 HTTP/1.1" 200 10062 "https://sweetb2bmassage.com/" "Mozilla/5.0 (iPhone; CPU iPhone OS 18_7 like Mac OS X) AppleWebKit/605.1.15 (KHTML, like Gecko) Version/26.0.1 Mobile/15E148 Safari/604.1"
103.199.217.2 - - [07/Oct/2025:15:33:21 +0000] "GET /wp-content/uploads/the7-css/custom.css?ver=fe248fad28d3 HTTP/1.1" 200 30470 "https://sweetb2bmassage.com/" "Mozilla/5.0 (iPhone; CPU iPhone OS 18_7 like Mac OS X) AppleWebKit/605.1.15 (KHTML, like Gecko) Version/26.0.1 Mobile/15E148 Safari/604.1"
103.199.217.2 - - [07/Oct/2025:15:33:21 +0000] "GET /wp-content/uploads/the7-css/mega-menu.css?ver=fe248fad28d3 HTTP/1.1" 200 2894 "https://sweetb2bmassage.com/" "Mozilla/5.0 (iPhone; CPU iPhone OS 18_7 like Mac OS X) AppleWebKit/605.1.15 (KHTML, like Gecko) Version/26.0.1 Mobile/15E148 Safari/604.1"
103.199.217.2 - - [07/Oct/2025:15:33:22 +0000] "GET /wp-content/uploads/the7-css/the7-elements-albums-portfolio.css?ver=fe248fad28d3 HTTP/1.1" 200 2663 "https://sweetb2bmassage.com/" "Mozilla/5.0 (iPhone; CPU iPhone OS 18_7 like Mac OS X) AppleWebKit/605.1.15 (KHTML, like Gecko) Version/26.0.1 Mobile/15E148 Safari/604.1"
103.199.217.2 - - [07/Oct/2025:15:33:22 +0000] "GET /wp-content/uploads/the7-css/post-type-dynamic.css?ver=fe248fad28d3 HTTP/1.1" 200 1298 "https://sweetb2bmassage.com/" "Mozilla/5.0 (iPhone; CPU iPhone OS 18_7 like Mac OS X) AppleWebKit/605.1.15 (KHTML, like Gecko) Version/26.0.1 Mobile/15E148 Safari/604.1"
103.199.217.2 - - [07/Oct/2025:15:33:22 +0000] "GET /wp-content/plugins/Ultimate_VC_Addons/assets/min-css/style.min.css?ver=3.19.11 HTTP/1.1" 200 2752 "https://sweetb2bmassage.com/" "Mozilla/5.0 (iPhone; CPU iPhone OS 18_7 like Mac OS X) AppleWebKit/605.1.15 (KHTML, like Gecko) Version/26.0.1 Mobile/15E148 Safari/604.1"
103.199.217.2 - - [07/Oct/2025:15:33:22 +0000] "GET /wp-content/plugins/Ultimate_VC_Addons/assets/min-css/advanced-buttons.min.css?ver=3.19.11 HTTP/1.1" 200 3345 "https://sweetb2bmassage.com/" "Mozilla/5.0 (iPhone; CPU iPhone OS 18_7 like Mac OS X) AppleWebKit/605.1.15 (KHTML, like Gecko) Version/26.0.1 Mobile/15E148 Safari/604.1"
103.199.217.2 - - [07/Oct/2025:15:33:22 +0000] "GET /wp-content/themes/dt-the7/style.css?ver=10.9.1 HTTP/1.1" 200 814 "https://sweetb2bmassage.com/" "Mozilla/5.0 (iPhone; CPU iPhone OS 18_7 like Mac OS X) AppleWebKit/605.1.15 (KHTML, like Gecko) Version/26.0.1 Mobile/15E148 Safari/604.1"
103.199.217.2 - - [07/Oct/2025:15:33:22 +0000] "GET /wp-content/plugins/Ultimate_VC_Addons/assets/min-css/headings.min.css?ver=3.19.11 HTTP/1.1" 200 415 "https://sweetb2bmassage.com/" "Mozilla/5.0 (iPhone; CPU iPhone OS 18_7 like Mac OS X) AppleWebKit/605.1.15 (KHTML, like Gecko) Version/26.0.1 Mobile/15E148 Safari/604.1"
103.199.217.2 - - [07/Oct/2025:15:33:22 +0000] "GET /wp-includes/js/jquery/jquery.min.js?ver=3.7.1 HTTP/1.1" 200 30368 "https://sweetb2bmassage.com/" "Mozilla/5.0 (iPhone; CPU iPhone OS 18_7 like Mac OS X) AppleWebKit/605.1.15 (KHTML, like Gecko) Version/26.0.1 Mobile/15E148 Safari/604.1"
