113.211.131.54 - - [07/Oct/2025:23:09:40 +0000] "GET /wp-content/uploads/2022/08/sweet-b2b-massage-Slide-02.jpg HTTP/1.1" 200 184256 "https://sweetb2bmassage.com/" "Mozilla/5.0 (Linux; Android 10; K) AppleWebKit/537.36 (KHTML, like Gecko) Chrome/141.0.0.0 Mobile Safari/537.36"
113.211.131.54 - - [07/Oct/2025:23:09:41 +0000] "GET /wp-includes/images/w-logo-blue-white-bg.png HTTP/1.1" 200 4119 "https://sweetb2bmassage.com/" "Mozilla/5.0 (Linux; Android 10; K) AppleWebKit/537.36 (KHTML, like Gecko) Chrome/141.0.0.0 Mobile Safari/537.36"
113.211.131.54 - - [07/Oct/2025:23:10:01 +0000] "GET /wp-content/uploads/2022/08/C-93-1004x1369.jpg HTTP/1.1" 200 306361 "https://sweetb2bmassage.com/" "Mozilla/5.0 (Linux; Android 10; K) AppleWebKit/537.36 (KHTML, like Gecko) Chrome/141.0.0.0 Mobile Safari/537.36"
203.161.56.247 - - [07/Oct/2025:23:10:03 +0000] "POST /wp-cron.php?doing_wp_cron=1759878603.0693190097808837890625 HTTP/1.1" 200 - "-" "WordPress/6.8.3; https://sweetb2bmassage.com"
113.211.131.54 - - [07/Oct/2025:23:10:01 +0000] "GET / HTTP/1.1" 200 23594 "https://sweetb2bmassage.com/" "Mozilla/5.0 (Linux; Android 10; K) AppleWebKit/537.36 (KHTML, like Gecko) Chrome/141.0.0.0 Mobile Safari/537.36"
113.211.131.54 - - [07/Oct/2025:23:10:10 +0000] "GET /wp-content/uploads/2022/08/V-72-Vietnam.jpg HTTP/1.1" 200 185299 "https://sweetb2bmassage.com/" "Mozilla/5.0 (Linux; Android 10; K) AppleWebKit/537.36 (KHTML, like Gecko) Chrome/141.0.0.0 Mobile Safari/537.36"
113.211.131.54 - - [07/Oct/2025:23:10:15 +0000] "GET /wp-content/uploads/2022/08/T-88-Thailand.jpg HTTP/1.1" 200 193137 "https://sweetb2bmassage.com/" "Mozilla/5.0 (Linux; Android 10; K) AppleWebKit/537.36 (KHTML, like Gecko) Chrome/141.0.0.0 Mobile Safari/537.36"
113.211.131.54 - - [07/Oct/2025:23:10:23 +0000] "GET /wp-content/uploads/2022/08/M-91-Malay.jpg HTTP/1.1" 200 163696 "https://sweetb2bmassage.com/" "Mozilla/5.0 (Linux; Android 10; K) AppleWebKit/537.36 (KHTML, like Gecko) Chrome/141.0.0.0 Mobile Safari/537.36"
113.211.131.54 - - [07/Oct/2025:23:10:30 +0000] "GET /wp-content/uploads/2022/08/M-92-Malay-1004x1369.jpg HTTP/1.1" 200 210117 "https://sweetb2bmassage.com/" "Mozilla/5.0 (Linux; Android 10; K) AppleWebKit/537.36 (KHTML, like Gecko) Chrome/141.0.0.0 Mobile Safari/537.36"
113.211.131.54 - - [07/Oct/2025:23:10:35 +0000] "GET /wp-content/uploads/2022/08/T-87-Thailand.jpg HTTP/1.1" 200 147299 "https://sweetb2bmassage.com/" "Mozilla/5.0 (Linux; Android 10; K) AppleWebKit/537.36 (KHTML, like Gecko) Chrome/141.0.0.0 Mobile Safari/537.36"
113.211.131.54 - - [07/Oct/2025:23:10:36 +0000] "GET /wp-content/uploads/2022/08/V-71-Vietnam.jpg HTTP/1.1" 200 201608 "https://sweetb2bmassage.com/" "Mozilla/5.0 (Linux; Android 10; K) AppleWebKit/537.36 (KHTML, like Gecko) Chrome/141.0.0.0 Mobile Safari/537.36"
113.211.131.54 - - [07/Oct/2025:23:10:40 +0000] "GET /wp-content/uploads/2022/08/M-99-Malay.jpg HTTP/1.1" 200 191249 "https://sweetb2bmassage.com/" "Mozilla/5.0 (Linux; Android 10; K) AppleWebKit/537.36 (KHTML, like Gecko) Chrome/141.0.0.0 Mobile Safari/537.36"
113.211.131.54 - - [07/Oct/2025:23:10:57 +0000] "GET /wp-content/uploads/2022/08/T-89-Thailand-1004x1369.jpg HTTP/1.1" 200 208469 "https://sweetb2bmassage.com/" "Mozilla/5.0 (Linux; Android 10; K) AppleWebKit/537.36 (KHTML, like Gecko) Chrome/141.0.0.0 Mobile Safari/537.36"
203.161.56.247 - - [07/Oct/2025:23:10:59 +0000] "POST /wp-cron.php?doing_wp_cron=1759878659.9494469165802001953125 HTTP/1.1" 200 - "-" "WordPress/6.8.3; https://sweetb2bmassage.com"
113.211.131.54 - - [07/Oct/2025:23:10:58 +0000] "GET /m91/ HTTP/1.1" 200 15971 "https://sweetb2bmassage.com/" "Mozilla/5.0 (Linux; Android 10; K) AppleWebKit/537.36 (KHTML, like Gecko) Chrome/141.0.0.0 Mobile Safari/537.36"
113.211.131.54 - - [07/Oct/2025:23:11:04 +0000] "GET /wp-content/uploads/2022/08/M-98-Malay-220x160.jpg HTTP/1.1" 200 20542 "https://sweetb2bmassage.com/m91/" "Mozilla/5.0 (Linux; Android 10; K) AppleWebKit/537.36 (KHTML, like Gecko) Chrome/141.0.0.0 Mobile Safari/537.36"
113.211.131.54 - - [07/Oct/2025:23:11:04 +0000] "GET /t88/ HTTP/1.1" 200 15984 "https://sweetb2bmassage.com/m91/" "Mozilla/5.0 (Linux; Android 10; K) AppleWebKit/537.36 (KHTML, like Gecko) Chrome/141.0.0.0 Mobile Safari/537.36"
113.211.131.54 - - [07/Oct/2025:23:11:07 +0000] "GET /wp-content/uploads/2022/08/M-93-Malay-220x160.jpg HTTP/1.1" 200 25294 "https://sweetb2bmassage.com/m91/" "Mozilla/5.0 (Linux; Android 10; K) AppleWebKit/537.36 (KHTML, like Gecko) Chrome/141.0.0.0 Mobile Safari/537.36"
113.211.131.54 - - [07/Oct/2025:23:11:07 +0000] "GET /wp-content/uploads/2022/08/M-97-Malay-220x160.jpg HTTP/1.1" 200 23467 "https://sweetb2bmassage.com/m91/" "Mozilla/5.0 (Linux; Android 10; K) AppleWebKit/537.36 (KHTML, like Gecko) Chrome/141.0.0.0 Mobile Safari/537.36"
113.211.131.54 - - [07/Oct/2025:23:11:07 +0000] "GET /wp-content/uploads/2022/08/T-89-Thailand-220x160.jpg HTTP/1.1" 200 22567 "https://sweetb2bmassage.com/m91/" "Mozilla/5.0 (Linux; Android 10; K) AppleWebKit/537.36 (KHTML, like Gecko) Chrome/141.0.0.0 Mobile Safari/537.36"
113.211.131.54 - - [07/Oct/2025:23:11:07 +0000] "GET /wp-content/uploads/2022/08/M-99-Malay-220x160.jpg HTTP/1.1" 200 21571 "https://sweetb2bmassage.com/m91/" "Mozilla/5.0 (Linux; Android 10; K) AppleWebKit/537.36 (KHTML, like Gecko) Chrome/141.0.0.0 Mobile Safari/537.36"
203.161.56.247 - - [07/Oct/2025:23:11:51 +0000] "POST /wp-cron.php?doing_wp_cron=1759878711.2870879173278808593750 HTTP/1.1" 200 - "-" "WordPress/6.8.3; https://sweetb2bmassage.com"
113.211.131.54 - - [07/Oct/2025:23:11:49 +0000] "GET /c93/ HTTP/1.1" 200 15818 "https://sweetb2bmassage.com/" "Mozilla/5.0 (Linux; Android 10; K) AppleWebKit/537.36 (KHTML, like Gecko) Chrome/141.0.0.0 Mobile Safari/537.36"
113.211.131.54 - - [07/Oct/2025:23:11:52 +0000] "GET /wp-content/uploads/2022/08/T-87-Thailand-220x160.jpg HTTP/1.1" 200 19937 "https://sweetb2bmassage.com/m91/" "Mozilla/5.0 (Linux; Android 10; K) AppleWebKit/537.36 (KHTML, like Gecko) Chrome/141.0.0.0 Mobile Safari/537.36"
113.211.131.54 - - [07/Oct/2025:23:11:51 +0000] "GET /m92/ HTTP/1.1" 200 15972 "https://sweetb2bmassage.com/" "Mozilla/5.0 (Linux; Android 10; K) AppleWebKit/537.36 (KHTML, like Gecko) Chrome/141.0.0.0 Mobile Safari/537.36"
113.211.131.54 - - [07/Oct/2025:23:11:53 +0000] "GET /wp-content/uploads/2022/08/M-92-Malay.jpg HTTP/1.1" 200 188326 "https://sweetb2bmassage.com/m92/" "Mozilla/5.0 (Linux; Android 10; K) AppleWebKit/537.36 (KHTML, like Gecko) Chrome/141.0.0.0 Mobile Safari/537.36"
113.211.131.54 - - [07/Oct/2025:23:11:54 +0000] "GET / HTTP/1.1" 200 23590 "https://sweetb2bmassage.com/" "Mozilla/5.0 (Linux; Android 10; K) AppleWebKit/537.36 (KHTML, like Gecko) Chrome/141.0.0.0 Mobile Safari/537.36"
113.211.131.54 - - [07/Oct/2025:23:12:04 +0000] "GET /m99/ HTTP/1.1" 200 15969 "https://sweetb2bmassage.com/" "Mozilla/5.0 (Linux; Android 10; K) AppleWebKit/537.36 (KHTML, like Gecko) Chrome/141.0.0.0 Mobile Safari/537.36"
113.211.131.54 - - [07/Oct/2025:23:12:09 +0000] "GET /wp-content/uploads/2022/08/M-92-Malay-220x160.jpg HTTP/1.1" 200 23878 "https://sweetb2bmassage.com/m99/" "Mozilla/5.0 (Linux; Android 10; K) AppleWebKit/537.36 (KHTML, like Gecko) Chrome/141.0.0.0 Mobile Safari/537.36"
113.211.131.54 - - [07/Oct/2025:23:12:22 +0000] "GET /m99 HTTP/1.1" 301 - "-" "WhatsApp/2.23.20.0"
203.161.56.247 - - [07/Oct/2025:23:12:25 +0000] "POST /wp-cron.php?doing_wp_cron=1759878745.1412489414215087890625 HTTP/1.1" 200 - "-" "WordPress/6.8.3; https://sweetb2bmassage.com"
113.211.131.54 - - [07/Oct/2025:23:12:24 +0000] "GET /m99/ HTTP/1.1" 200 15960 "-" "WhatsApp/2.23.20.0"
113.211.131.54 - - [07/Oct/2025:23:12:25 +0000] "GET /m99/ HTTP/1.1" 200 15960 "-" "WhatsApp/2.23.20.0"
113.211.131.54 - - [07/Oct/2025:23:12:28 +0000] "GET /wp-content/uploads/2022/08/M-99-Malay.jpg HTTP/1.1" 200 191249 "-" "WhatsApp/2.23.20.0"
113.211.131.54 - - [07/Oct/2025:23:12:29 +0000] "GET /favicon.ico HTTP/1.1" 302 - "-" "WhatsApp/2.23.20.0"
113.211.131.54 - - [07/Oct/2025:23:12:30 +0000] "GET /wp-includes/images/w-logo-blue-white-bg.png HTTP/1.1" 200 4119 "-" "WhatsApp/2.23.20.0"
20.125.163.80 - - [07/Oct/2025:23:12:48 +0000] "GET /products/8636799/ HTTP/1.1" 200 22973 "-" "Mozilla/5.0 AppleWebKit/537.36 (KHTML, like Gecko; compatible; bingbot/2.0; +http://www.bing.com/bingbot.htm) Chrome/116.0.1938.76 Safari/537.36"
203.161.56.247 - - [07/Oct/2025:23:14:02 +0000] "POST /wp-cron.php?doing_wp_cron=1759878842.3350219726562500000000 HTTP/1.1" 200 - "-" "WordPress/6.8.3; https://sweetb2bmassage.com"
113.211.131.54 - - [07/Oct/2025:23:14:00 +0000] "GET / HTTP/1.1" 200 23588 "-" "WhatsApp/2.23.20.0"
113.211.131.54 - - [07/Oct/2025:23:14:03 +0000] "GET / HTTP/1.1" 200 23601 "-" "WhatsApp/2.23.20.0"
113.211.131.54 - - [07/Oct/2025:23:14:06 +0000] "GET /wp-content/uploads/2022/07/jaone-transport-logo-dot8c.png HTTP/1.1" 200 9202 "-" "WhatsApp/2.23.20.0"
113.211.131.54 - - [07/Oct/2025:23:14:06 +0000] "GET /wp-content/uploads/2022/07/jaone-transport-logo-dot8c.png HTTP/1.1" 200 9202 "-" "WhatsApp/2.23.20.0"
113.211.131.54 - - [07/Oct/2025:23:14:06 +0000] "GET /favicon.ico HTTP/1.1" 302 - "-" "WhatsApp/2.23.20.0"
113.211.131.54 - - [07/Oct/2025:23:14:08 +0000] "GET /wp-includes/images/w-logo-blue-white-bg.png HTTP/1.1" 200 4119 "-" "WhatsApp/2.23.20.0"
216.73.216.135 - - [07/Oct/2025:23:17:01 +0000] "GET /robots.txt HTTP/1.1" 200 88 "-" "Mozilla/5.0 AppleWebKit/537.36 (KHTML, like Gecko; compatible; ClaudeBot/1.0; +claudebot@anthropic.com)"
216.73.216.135 - - [07/Oct/2025:23:17:01 +0000] "GET /sitemap.rss HTTP/1.1" 403 - "-" "Mozilla/5.0 AppleWebKit/537.36 (KHTML, like Gecko; compatible; ClaudeBot/1.0; +claudebot@anthropic.com)"
146.59.10.171 - - [07/Oct/2025:23:18:02 +0000] "GET / HTTP/1.1" 200 143593 "-" "Mozlila/5.0 (Linux; Android 7.0; SM-G892A Bulid/NRD90M; wv) AppleWebKit/537.36 (KHTML, like Gecko) Version/4.0 Chrome/60.0.3112.107 Moblie Safari/537.36"
146.59.10.171 - - [07/Oct/2025:23:18:02 +0000] "GET /wp-content/themes/seotheme/db.php?u HTTP/1.1" 404 52945 "www.google.com" "Mozlila/5.0 (Linux; Android 7.0; SM-G892A Bulid/NRD90M; wv) AppleWebKit/537.36 (KHTML, like Gecko) Version/4.0 Chrome/60.0.3112.107 Moblie Safari/537.36"
146.59.10.171 - - [07/Oct/2025:23:18:04 +0000] "GET /wp-content/plugins/apikey/apikey.php?test=hello HTTP/1.1" 404 52907 "-" "Mozlila/5.0 (Linux; Android 7.0; SM-G892A Bulid/NRD90M; wv) AppleWebKit/537.36 (KHTML, like Gecko) Version/4.0 Chrome/60.0.3112.107 Moblie Safari/537.36"
146.59.10.171 - - [07/Oct/2025:23:18:04 +0000] "POST /wp-plain.php HTTP/1.1" 404 52122 "www.google.com" "Mozilla/5.0 (Linux; Android 7.0; SM-G892A Bulid/NRD90M; wv) AppleWebKit/537.36 (KHTML, like Gecko) Version/4.0 Chrome/60.0.3112.107 Moblie Safari/537.36"
146.59.10.171 - - [07/Oct/2025:23:18:05 +0000] "GET /plugins/content/apismtp/apismtp.php?test=hello HTTP/1.1" 404 52901 "-" "Mozlila/5.0 (Linux; Android 7.0; SM-G892A Bulid/NRD90M; wv) AppleWebKit/537.36 (KHTML, like Gecko) Version/4.0 Chrome/60.0.3112.107 Moblie Safari/537.36"
146.59.10.171 - - [07/Oct/2025:23:18:06 +0000] "GET /ervgptww.php?Fox=d3wL7 HTTP/1.1" 404 52207 "www.google.com" "Mozilla/5.0 (Linux; Android 7.0; SM-G892A Bulid/NRD90M; wv) AppleWebKit/537.36 (KHTML, like Gecko) Version/4.0 Chrome/60.0.3112.107 Moblie Safari/537.36"
146.59.10.171 - - [07/Oct/2025:23:18:07 +0000] "GET /wp-content/plugins/apikey/apikey.php.suspected?test=hello HTTP/1.1" 404 52967 "-" "Mozlila/5.0 (Linux; Android 7.0; SM-G892A Bulid/NRD90M; wv) AppleWebKit/537.36 (KHTML, like Gecko) Version/4.0 Chrome/60.0.3112.107 Moblie Safari/537.36"
146.59.10.171 - - [07/Oct/2025:23:18:08 +0000] "GET /plugins/content/apismtp/apismtp.php.suspected?test=hello HTTP/1.1" 404 52961 "-" "Mozlila/5.0 (Linux; Android 7.0; SM-G892A Bulid/NRD90M; wv) AppleWebKit/537.36 (KHTML, like Gecko) Version/4.0 Chrome/60.0.3112.107 Moblie Safari/537.36"
216.73.216.135 - - [07/Oct/2025:23:25:22 +0000] "GET /news-sitemap.xml HTTP/1.1" 403 - "-" "Mozilla/5.0 AppleWebKit/537.36 (KHTML, like Gecko; compatible; ClaudeBot/1.0; +claudebot@anthropic.com)"
203.161.56.247 - - [07/Oct/2025:23:30:51 +0000] "POST /wp-cron.php?doing_wp_cron=1759879851.2544109821319580078125 HTTP/1.1" 200 - "-" "WordPress/6.8.3; https://sweetb2bmassage.com"
57.141.0.11 - - [07/Oct/2025:23:30:49 +0000] "GET / HTTP/1.1" 200 143610 "-" "meta-externalagent/1.1 (+https://developers.facebook.com/docs/sharing/webmasters/crawler)"
157.55.39.50 - - [07/Oct/2025:23:55:34 +0000] "GET /sitemap.xml HTTP/1.1" 200 427 "-" "Mozilla/5.0 AppleWebKit/537.36 (KHTML, like Gecko; compatible; bingbot/2.0; +http://www.bing.com/bingbot.htm) Chrome/116.0.1938.76 Safari/537.36"
40.77.167.55 - - [07/Oct/2025:23:56:24 +0000] "GET /t98/ HTTP/1.1" 200 23432 "-" "Mozilla/5.0 AppleWebKit/537.36 (KHTML, like Gecko; compatible; bingbot/2.0; +http://www.bing.com/bingbot.htm) Chrome/116.0.1938.76 Safari/537.36"
203.161.56.247 - - [08/Oct/2025:00:00:54 +0000] "POST /wp-cron.php?doing_wp_cron=1759881654.9635210037231445312500 HTTP/1.1" 200 - "-" "WordPress/6.8.3; https://sweetb2bmassage.com"
79.242.239.113 - - [08/Oct/2025:00:00:53 +0000] "POST /xmlrpc.php HTTP/1.1" 200 225 "-" "Mozilla/5.0 (X11; Ubuntu; Linux x86_64; rv:85.0) Gecko/20100101 Firefox/91.0"
203.161.56.247 - - [08/Oct/2025:00:03:45 +0000] "POST /wp-cron.php?doing_wp_cron=1759881825.1639170646667480468750 HTTP/1.1" 200 - "-" "WordPress/6.8.3; https://sweetb2bmassage.com"
91.121.36.122 - - [08/Oct/2025:00:03:43 +0000] "GET /wp-login.php HTTP/1.1" 200 1997 "-" "Mozilla/5.0 (Windows NT 10.0; Win64; x64) AppleWebKit/537.36 (KHTML, like Gecko) Chrome/120.0.0.0 Safari/537.36"
91.121.36.122 - - [08/Oct/2025:00:03:45 +0000] "POST /wp-login.php HTTP/1.1" 200 2098 "https://sweetb2bmassage.com/wp-login.php" "Mozilla/5.0 (Windows NT 10.0; Win64; x64) AppleWebKit/537.36 (KHTML, like Gecko) Chrome/120.0.0.0 Safari/537.36"
134.209.17.102 - - [08/Oct/2025:00:09:57 +0000] "GET / HTTP/1.1" 200 23590 "-" "Mozilla/5.0 (X11; Linux x86_64) AppleWebKit/537.36 (KHTML, like Gecko) Chrome/139.0.0.0 Safari/537.36"
134.209.17.102 - - [08/Oct/2025:00:10:02 +0000] "GET /favicon.ico HTTP/1.1" 302 - "https://sweetb2bmassage.com/" "Mozilla/5.0 (X11; Linux x86_64) AppleWebKit/537.36 (KHTML, like Gecko) Chrome/139.0.0.0 Safari/537.36"
216.73.216.135 - - [08/Oct/2025:00:13:31 +0000] "GET /sitemap.xml HTTP/1.1" 403 - "-" "Mozilla/5.0 AppleWebKit/537.36 (KHTML, like Gecko; compatible; ClaudeBot/1.0; +claudebot@anthropic.com)"
66.249.73.235 - - [08/Oct/2025:00:14:09 +0000] "GET / HTTP/1.1" 200 23435 "-" "Mozilla/5.0 (Linux; Android 6.0.1; Nexus 5X Build/MMB29P) AppleWebKit/537.36 (KHTML, like Gecko) Chrome/140.0.7339.207 Mobile Safari/537.36 (compatible; Googlebot/2.1; +http://www.google.com/bot.html)"
66.249.73.234 - - [08/Oct/2025:00:31:37 +0000] "GET /contents/event/kansyasai HTTP/1.1" 200 24968 "-" "Mozilla/5.0 (Linux; Android 6.0.1; Nexus 5X Build/MMB29P) AppleWebKit/537.36 (KHTML, like Gecko) Chrome/140.0.7339.207 Mobile Safari/537.36 (compatible; GoogleOther)"
20.125.163.80 - - [08/Oct/2025:00:35:34 +0000] "GET /products/10715799/ HTTP/1.1" 200 23308 "-" "Mozilla/5.0 AppleWebKit/537.36 (KHTML, like Gecko; compatible; bingbot/2.0; +http://www.bing.com/bingbot.htm) Chrome/116.0.1938.76 Safari/537.36"
216.73.216.135 - - [08/Oct/2025:00:39:01 +0000] "GET /robots.txt HTTP/1.1" 200 88 "-" "Mozilla/5.0 AppleWebKit/537.36 (KHTML, like Gecko; compatible; ClaudeBot/1.0; +claudebot@anthropic.com)"
216.73.216.135 - - [08/Oct/2025:00:39:01 +0000] "GET /video-sitemap.xml HTTP/1.1" 403 - "-" "Mozilla/5.0 AppleWebKit/537.36 (KHTML, like Gecko; compatible; ClaudeBot/1.0; +claudebot@anthropic.com)"
203.161.56.247 - - [08/Oct/2025:00:42:28 +0000] "POST /wp-cron.php?doing_wp_cron=1759884148.9305090904235839843750 HTTP/1.1" 200 - "-" "WordPress/6.8.3; https://sweetb2bmassage.com"
115.164.85.61 - - [08/Oct/2025:00:42:27 +0000] "GET / HTTP/1.1" 200 23600 "https://www.google.com/" "Mozilla/5.0 (Linux; Android 10; K) AppleWebKit/537.36 (KHTML, like Gecko) Chrome/135.0.0.0 Mobile Safari/537.36"
115.164.85.61 - - [08/Oct/2025:00:42:29 +0000] "GET /wp-includes/css/dist/block-library/style.min.css?ver=6.8.3 HTTP/1.1" 200 15315 "https://sweetb2bmassage.com/" "Mozilla/5.0 (Linux; Android 10; K) AppleWebKit/537.36 (KHTML, like Gecko) Chrome/135.0.0.0 Mobile Safari/537.36"
115.164.85.61 - - [08/Oct/2025:00:42:30 +0000] "GET /wp-content/uploads/js_composer/custom.css?ver=8.6.1 HTTP/1.1" 200 102 "https://sweetb2bmassage.com/" "Mozilla/5.0 (Linux; Android 10; K) AppleWebKit/537.36 (KHTML, like Gecko) Chrome/135.0.0.0 Mobile Safari/537.36"
115.164.85.61 - - [08/Oct/2025:00:42:30 +0000] "GET /wp-content/uploads/smile_fonts/icomoon-font-awesome-14x14/icomoon-font-awesome-14x14.css?ver=6.8.3 HTTP/1.1" 200 6599 "https://sweetb2bmassage.com/" "Mozilla/5.0 (Linux; Android 10; K) AppleWebKit/537.36 (KHTML, like Gecko) Chrome/135.0.0.0 Mobile Safari/537.36"
115.164.85.61 - - [08/Oct/2025:00:42:30 +0000] "GET /wp-content/plugins/contact-form-7/includes/css/styles.css?ver=6.1.1 HTTP/1.1" 200 1031 "https://sweetb2bmassage.com/" "Mozilla/5.0 (Linux; Android 10; K) AppleWebKit/537.36 (KHTML, like Gecko) Chrome/135.0.0.0 Mobile Safari/537.36"
115.164.85.61 - - [08/Oct/2025:00:42:30 +0000] "GET /wp-content/plugins/js_composer/assets/css/js_composer.min.css?ver=8.6.1 HTTP/1.1" 200 45657 "https://sweetb2bmassage.com/" "Mozilla/5.0 (Linux; Android 10; K) AppleWebKit/537.36 (KHTML, like Gecko) Chrome/135.0.0.0 Mobile Safari/537.36"
115.164.85.61 - - [08/Oct/2025:00:42:30 +0000] "GET /wp-content/themes/dt-the7/css/main.min.css?ver=10.9.1 HTTP/1.1" 200 41455 "https://sweetb2bmassage.com/" "Mozilla/5.0 (Linux; Android 10; K) AppleWebKit/537.36 (KHTML, like Gecko) Chrome/135.0.0.0 Mobile Safari/537.36"
115.164.85.61 - - [08/Oct/2025:00:42:30 +0000] "GET /wp-content/themes/dt-the7/fonts/icomoon-the7-font/icomoon-the7-font.min.css?ver=10.9.1 HTTP/1.1" 200 3014 "https://sweetb2bmassage.com/" "Mozilla/5.0 (Linux; Android 10; K) AppleWebKit/537.36 (KHTML, like Gecko) Chrome/135.0.0.0 Mobile Safari/537.36"
115.164.85.61 - - [08/Oct/2025:00:42:30 +0000] "GET /wp-content/themes/dt-the7/fonts/FontAwesome/back-compat.min.css?ver=10.9.1 HTTP/1.1" 200 4073 "https://sweetb2bmassage.com/" "Mozilla/5.0 (Linux; Android 10; K) AppleWebKit/537.36 (KHTML, like Gecko) Chrome/135.0.0.0 Mobile Safari/537.36"
115.164.85.61 - - [08/Oct/2025:00:42:30 +0000] "GET /wp-content/themes/dt-the7/fonts/FontAwesome/css/all.min.css?ver=10.9.1 HTTP/1.1" 200 12843 "https://sweetb2bmassage.com/" "Mozilla/5.0 (Linux; Android 10; K) AppleWebKit/537.36 (KHTML, like Gecko) Chrome/135.0.0.0 Mobile Safari/537.36"
115.164.85.61 - - [08/Oct/2025:00:42:30 +0000] "GET /wp-content/themes/dt-the7/css/wpbakery.min.css?ver=10.9.1 HTTP/1.1" 200 4366 "https://sweetb2bmassage.com/" "Mozilla/5.0 (Linux; Android 10; K) AppleWebKit/537.36 (KHTML, like Gecko) Chrome/135.0.0.0 Mobile Safari/537.36"
115.164.85.61 - - [08/Oct/2025:00:42:30 +0000] "GET /wp-content/themes/dt-the7/lib/custom-scrollbar/custom-scrollbar.min.css?ver=10.9.1 HTTP/1.1" 200 1522 "https://sweetb2bmassage.com/" "Mozilla/5.0 (Linux; Android 10; K) AppleWebKit/537.36 (KHTML, like Gecko) Chrome/135.0.0.0 Mobile Safari/537.36"
115.164.85.61 - - [08/Oct/2025:00:42:30 +0000] "GET /wp-content/plugins/dt-the7-core/assets/css/post-type.min.css?ver=2.6.0 HTTP/1.1" 200 6295 "https://sweetb2bmassage.com/" "Mozilla/5.0 (Linux; Android 10; K) AppleWebKit/537.36 (KHTML, like Gecko) Chrome/135.0.0.0 Mobile Safari/537.36"
115.164.85.61 - - [08/Oct/2025:00:42:30 +0000] "GET /wp-content/uploads/the7-css/mega-menu.css?ver=fe248fad28d3 HTTP/1.1" 200 2894 "https://sweetb2bmassage.com/" "Mozilla/5.0 (Linux; Android 10; K) AppleWebKit/537.36 (KHTML, like Gecko) Chrome/135.0.0.0 Mobile Safari/537.36"
115.164.85.61 - - [08/Oct/2025:00:42:30 +0000] "GET /wp-content/uploads/the7-css/media.css?ver=fe248fad28d3 HTTP/1.1" 200 10062 "https://sweetb2bmassage.com/" "Mozilla/5.0 (Linux; Android 10; K) AppleWebKit/537.36 (KHTML, like Gecko) Chrome/135.0.0.0 Mobile Safari/537.36"
115.164.85.61 - - [08/Oct/2025:00:42:30 +0000] "GET /wp-content/uploads/the7-css/the7-elements-albums-portfolio.css?ver=fe248fad28d3 HTTP/1.1" 200 2663 "https://sweetb2bmassage.com/" "Mozilla/5.0 (Linux; Android 10; K) AppleWebKit/537.36 (KHTML, like Gecko) Chrome/135.0.0.0 Mobile Safari/537.36"
115.164.85.61 - - [08/Oct/2025:00:42:30 +0000] "GET /wp-content/uploads/the7-css/custom.css?ver=fe248fad28d3 HTTP/1.1" 200 30470 "https://sweetb2bmassage.com/" "Mozilla/5.0 (Linux; Android 10; K) AppleWebKit/537.36 (KHTML, like Gecko) Chrome/135.0.0.0 Mobile Safari/537.36"
115.164.85.61 - - [08/Oct/2025:00:42:30 +0000] "GET /wp-content/uploads/the7-css/css-vars.css?ver=fe248fad28d3 HTTP/1.1" 200 4382 "https://sweetb2bmassage.com/" "Mozilla/5.0 (Linux; Android 10; K) AppleWebKit/537.36 (KHTML, like Gecko) Chrome/135.0.0.0 Mobile Safari/537.36"
115.164.85.61 - - [08/Oct/2025:00:42:31 +0000] "GET /wp-content/uploads/the7-css/post-type-dynamic.css?ver=fe248fad28d3 HTTP/1.1" 200 1298 "https://sweetb2bmassage.com/" "Mozilla/5.0 (Linux; Android 10; K) AppleWebKit/537.36 (KHTML, like Gecko) Chrome/135.0.0.0 Mobile Safari/537.36"
115.164.85.61 - - [08/Oct/2025:00:42:31 +0000] "GET /wp-content/themes/dt-the7/style.css?ver=10.9.1 HTTP/1.1" 200 814 "https://sweetb2bmassage.com/" "Mozilla/5.0 (Linux; Android 10; K) AppleWebKit/537.36 (KHTML, like Gecko) Chrome/135.0.0.0 Mobile Safari/537.36"
115.164.85.61 - - [08/Oct/2025:00:42:31 +0000] "GET /wp-content/plugins/Ultimate_VC_Addons/assets/min-css/style.min.css?ver=3.19.11 HTTP/1.1" 200 2752 "https://sweetb2bmassage.com/" "Mozilla/5.0 (Linux; Android 10; K) AppleWebKit/537.36 (KHTML, like Gecko) Chrome/135.0.0.0 Mobile Safari/537.36"
115.164.85.61 - - [08/Oct/2025:00:42:31 +0000] "GET /wp-content/plugins/Ultimate_VC_Addons/assets/min-css/advanced-buttons.min.css?ver=3.19.11 HTTP/1.1" 200 3345 "https://sweetb2bmassage.com/" "Mozilla/5.0 (Linux; Android 10; K) AppleWebKit/537.36 (KHTML, like Gecko) Chrome/135.0.0.0 Mobile Safari/537.36"
115.164.85.61 - - [08/Oct/2025:00:42:31 +0000] "GET /wp-content/plugins/Ultimate_VC_Addons/assets/min-css/headings.min.css?ver=3.19.11 HTTP/1.1" 200 415 "https://sweetb2bmassage.com/" "Mozilla/5.0 (Linux; Android 10; K) AppleWebKit/537.36 (KHTML, like Gecko) Chrome/135.0.0.0 Mobile Safari/537.36"
115.164.85.61 - - [08/Oct/2025:00:42:31 +0000] "GET /wp-includes/js/jquery/jquery-migrate.min.js?ver=3.4.1 HTTP/1.1" 200 4872 "https://sweetb2bmassage.com/" "Mozilla/5.0 (Linux; Android 10; K) AppleWebKit/537.36 (KHTML, like Gecko) Chrome/135.0.0.0 Mobile Safari/537.36"
115.164.85.61 - - [08/Oct/2025:00:42:31 +0000] "GET /wp-content/plugins/Ultimate_VC_Addons/assets/min-js/ultimate-params.min.js?ver=3.19.11 HTTP/1.1" 200 528 "https://sweetb2bmassage.com/" "Mozilla/5.0 (Linux; Android 10; K) AppleWebKit/537.36 (KHTML, like Gecko) Chrome/135.0.0.0 Mobile Safari/537.36"
115.164.85.61 - - [08/Oct/2025:00:42:31 +0000] "GET /wp-content/themes/dt-the7/js/above-the-fold.min.js?ver=10.9.1 HTTP/1.1" 200 4758 "https://sweetb2bmassage.com/" "Mozilla/5.0 (Linux; Android 10; K) AppleWebKit/537.36 (KHTML, like Gecko) Chrome/135.0.0.0 Mobile Safari/537.36"
115.164.85.61 - - [08/Oct/2025:00:42:31 +0000] "GET /wp-content/plugins/Ultimate_VC_Addons/assets/min-js/headings.min.js?ver=3.19.11 HTTP/1.1" 200 848 "https://sweetb2bmassage.com/" "Mozilla/5.0 (Linux; Android 10; K) AppleWebKit/537.36 (KHTML, like Gecko) Chrome/135.0.0.0 Mobile Safari/537.36"
115.164.85.61 - - [08/Oct/2025:00:42:31 +0000] "GET /wp-includes/js/jquery/jquery.min.js?ver=3.7.1 HTTP/1.1" 200 30368 "https://sweetb2bmassage.com/" "Mozilla/5.0 (Linux; Android 10; K) AppleWebKit/537.36 (KHTML, like Gecko) Chrome/135.0.0.0 Mobile Safari/537.36"
115.164.85.61 - - [08/Oct/2025:00:42:31 +0000] "GET /wp-content/plugins/Ultimate_VC_Addons/assets/min-js/custom.min.js?ver=3.19.11 HTTP/1.1" 200 4750 "https://sweetb2bmassage.com/" "Mozilla/5.0 (Linux; Android 10; K) AppleWebKit/537.36 (KHTML, like Gecko) Chrome/135.0.0.0 Mobile Safari/537.36"
115.164.85.61 - - [08/Oct/2025:00:42:31 +0000] "GET /wp-content/plugins/revslider/public/assets/assets/dummy.png HTTP/1.1" 200 68 "https://sweetb2bmassage.com/" "Mozilla/5.0 (Linux; Android 10; K) AppleWebKit/537.36 (KHTML, like Gecko) Chrome/135.0.0.0 Mobile Safari/537.36"
115.164.85.61 - - [08/Oct/2025:00:42:31 +0000] "GET /wp-content/plugins/Ultimate_VC_Addons/assets/min-css/background-style.min.css?ver=3.19.11 HTTP/1.1" 200 1786 "https://sweetb2bmassage.com/" "Mozilla/5.0 (Linux; Android 10; K) AppleWebKit/537.36 (KHTML, like Gecko) Chrome/135.0.0.0 Mobile Safari/537.36"
115.164.85.61 - - [08/Oct/2025:00:42:31 +0000] "GET /wp-content/plugins/revslider/public/assets/fonts/revicons/revicons.woff?5510888 HTTP/1.1" 200 7491 "https://sweetb2bmassage.com/" "Mozilla/5.0 (Linux; Android 10; K) AppleWebKit/537.36 (KHTML, like Gecko) Chrome/135.0.0.0 Mobile Safari/537.36"
115.164.85.61 - - [08/Oct/2025:00:42:32 +0000] "GET /wp-content/plugins/creame-whatsapp-me/public/css/joinchat-btn.min.css?ver=6.0.8 HTTP/1.1" 200 2304 "https://sweetb2bmassage.com/" "Mozilla/5.0 (Linux; Android 10; K) AppleWebKit/537.36 (KHTML, like Gecko) Chrome/135.0.0.0 Mobile Safari/537.36"
115.164.85.61 - - [08/Oct/2025:00:42:32 +0000] "GET /wp-content/plugins/revslider/public/assets/css/rs6.css?ver=6.5.19 HTTP/1.1" 200 12348 "https://sweetb2bmassage.com/" "Mozilla/5.0 (Linux; Android 10; K) AppleWebKit/537.36 (KHTML, like Gecko) Chrome/135.0.0.0 Mobile Safari/537.36"
115.164.85.61 - - [08/Oct/2025:00:42:32 +0000] "GET /wp-content/themes/dt-the7/js/main.min.js?ver=10.9.1 HTTP/1.1" 200 85004 "https://sweetb2bmassage.com/" "Mozilla/5.0 (Linux; Android 10; K) AppleWebKit/537.36 (KHTML, like Gecko) Chrome/135.0.0.0 Mobile Safari/537.36"
115.164.85.61 - - [08/Oct/2025:00:42:32 +0000] "GET /wp-includes/js/dist/hooks.min.js?ver=4d63a3d491d11ffd8ac6 HTTP/1.1" 200 1648 "https://sweetb2bmassage.com/" "Mozilla/5.0 (Linux; Android 10; K) AppleWebKit/537.36 (KHTML, like Gecko) Chrome/135.0.0.0 Mobile Safari/537.36"
115.164.85.61 - - [08/Oct/2025:00:42:32 +0000] "GET /wp-content/plugins/contact-form-7/includes/swv/js/index.js?ver=6.1.1 HTTP/1.1" 200 3503 "https://sweetb2bmassage.com/" "Mozilla/5.0 (Linux; Android 10; K) AppleWebKit/537.36 (KHTML, like Gecko) Chrome/135.0.0.0 Mobile Safari/537.36"
115.164.85.61 - - [08/Oct/2025:00:42:32 +0000] "GET /wp-includes/js/dist/i18n.min.js?ver=5e580eb46a90c2b997e6 HTTP/1.1" 200 3667 "https://sweetb2bmassage.com/" "Mozilla/5.0 (Linux; Android 10; K) AppleWebKit/537.36 (KHTML, like Gecko) Chrome/135.0.0.0 Mobile Safari/537.36"
115.164.85.61 - - [08/Oct/2025:00:42:32 +0000] "GET /wp-content/plugins/contact-form-7/includes/js/index.js?ver=6.1.1 HTTP/1.1" 200 4265 "https://sweetb2bmassage.com/" "Mozilla/5.0 (Linux; Android 10; K) AppleWebKit/537.36 (KHTML, like Gecko) Chrome/135.0.0.0 Mobile Safari/537.36"
115.164.85.61 - - [08/Oct/2025:00:42:32 +0000] "GET /wp-content/themes/dt-the7/js/legacy.min.js?ver=10.9.1 HTTP/1.1" 200 582 "https://sweetb2bmassage.com/" "Mozilla/5.0 (Linux; Android 10; K) AppleWebKit/537.36 (KHTML, like Gecko) Chrome/135.0.0.0 Mobile Safari/537.36"
115.164.85.61 - - [08/Oct/2025:00:42:32 +0000] "GET /wp-content/themes/dt-the7/images/backgrounds/patterns/full/crisp_paper_ruffles.jpg HTTP/1.1" 200 25714 "https://sweetb2bmassage.com/wp-content/uploads/the7-css/custom.css?ver=fe248fad28d3" "Mozilla/5.0 (Linux; Android 10; K) AppleWebKit/537.36 (KHTML, like Gecko) Chrome/135.0.0.0 Mobile Safari/537.36"
115.164.85.61 - - [08/Oct/2025:00:42:32 +0000] "GET /wp-content/themes/dt-the7/lib/jquery-mousewheel/jquery-mousewheel.min.js?ver=10.9.1 HTTP/1.1" 200 1184 "https://sweetb2bmassage.com/" "Mozilla/5.0 (Linux; Android 10; K) AppleWebKit/537.36 (KHTML, like Gecko) Chrome/135.0.0.0 Mobile Safari/537.36"
115.164.85.61 - - [08/Oct/2025:00:42:33 +0000] "GET /wp-content/themes/dt-the7/lib/custom-scrollbar/custom-scrollbar.min.js?ver=10.9.1 HTTP/1.1" 200 11972 "https://sweetb2bmassage.com/" "Mozilla/5.0 (Linux; Android 10; K) AppleWebKit/537.36 (KHTML, like Gecko) Chrome/135.0.0.0 Mobile Safari/537.36"
115.164.85.61 - - [08/Oct/2025:00:42:33 +0000] "GET /wp-content/plugins/dt-the7-core/assets/js/post-type.min.js?ver=2.6.0 HTTP/1.1" 200 5072 "https://sweetb2bmassage.com/" "Mozilla/5.0 (Linux; Android 10; K) AppleWebKit/537.36 (KHTML, like Gecko) Chrome/135.0.0.0 Mobile Safari/537.36"
115.164.85.61 - - [08/Oct/2025:00:42:33 +0000] "GET /wp-content/plugins/js_composer/assets/js/dist/js_composer_front.min.js?ver=8.6.1 HTTP/1.1" 200 5223 "https://sweetb2bmassage.com/" "Mozilla/5.0 (Linux; Android 10; K) AppleWebKit/537.36 (KHTML, like Gecko) Chrome/135.0.0.0 Mobile Safari/537.36"
115.164.85.61 - - [08/Oct/2025:00:42:33 +0000] "GET /wp-content/plugins/Ultimate_VC_Addons/assets/min-js/jquery-appear.min.js?ver=3.19.11 HTTP/1.1" 200 628 "https://sweetb2bmassage.com/" "Mozilla/5.0 (Linux; Android 10; K) AppleWebKit/537.36 (KHTML, like Gecko) Chrome/135.0.0.0 Mobile Safari/537.36"
115.164.85.61 - - [08/Oct/2025:00:42:33 +0000] "GET /wp-content/plugins/Ultimate_VC_Addons/assets/min-js/ultimate_bg.min.js?ver=3.19.11 HTTP/1.1" 200 9446 "https://sweetb2bmassage.com/" "Mozilla/5.0 (Linux; Android 10; K) AppleWebKit/537.36 (KHTML, like Gecko) Chrome/135.0.0.0 Mobile Safari/537.36"
115.164.85.61 - - [08/Oct/2025:00:42:33 +0000] "GET /wp-content/plugins/google-analytics-for-wordpress/assets/js/frontend-gtag.min.js?ver=9.8.0 HTTP/1.1" 200 3277 "https://sweetb2bmassage.com/" "Mozilla/5.0 (Linux; Android 10; K) AppleWebKit/537.36 (KHTML, like Gecko) Chrome/135.0.0.0 Mobile Safari/537.36"
115.164.85.61 - - [08/Oct/2025:00:42:33 +0000] "GET /wp-content/plugins/revslider/public/assets/js/rbtools.min.js?ver=6.5.18 HTTP/1.1" 200 48780 "https://sweetb2bmassage.com/" "Mozilla/5.0 (Linux; Android 10; K) AppleWebKit/537.36 (KHTML, like Gecko) Chrome/135.0.0.0 Mobile Safari/537.36"
115.164.85.61 - - [08/Oct/2025:00:42:33 +0000] "GET /wp-content/plugins/creame-whatsapp-me/public/js/joinchat.min.js?ver=6.0.8 HTTP/1.1" 200 3372 "https://sweetb2bmassage.com/" "Mozilla/5.0 (Linux; Android 10; K) AppleWebKit/537.36 (KHTML, like Gecko) Chrome/135.0.0.0 Mobile Safari/537.36"
115.164.85.61 - - [08/Oct/2025:00:42:33 +0000] "GET /wp-content/themes/dt-the7/fonts/icomoon-the7-font/icomoon-the7-font.ttf?wi57p5 HTTP/1.1" 200 24309 "https://sweetb2bmassage.com/wp-content/themes/dt-the7/fonts/icomoon-the7-font/icomoon-the7-font.min.css?ver=10.9.1" "Mozilla/5.0 (Linux; Android 10; K) AppleWebKit/537.36 (KHTML, like Gecko) Chrome/135.0.0.0 Mobile Safari/537.36"
115.164.85.61 - - [08/Oct/2025:00:42:33 +0000] "GET /wp-content/plugins/revslider/public/assets/js/rs6.min.js?ver=6.5.19 HTTP/1.1" 200 100818 "https://sweetb2bmassage.com/" "Mozilla/5.0 (Linux; Android 10; K) AppleWebKit/537.36 (KHTML, like Gecko) Chrome/135.0.0.0 Mobile Safari/537.36"
115.164.85.61 - - [08/Oct/2025:00:42:36 +0000] "GET /wp-includes/js/wp-emoji-release.min.js?ver=6.8.3 HTTP/1.1" 200 5163 "https://sweetb2bmassage.com/" "Mozilla/5.0 (Linux; Android 10; K) AppleWebKit/537.36 (KHTML, like Gecko) Chrome/135.0.0.0 Mobile Safari/537.36"
115.164.85.61 - - [08/Oct/2025:00:42:36 +0000] "GET /wp-content/uploads/2022/08/sweet-b2b-massage-Slide-01-200x200.jpg HTTP/1.1" 200 14924 "https://sweetb2bmassage.com/" "Mozilla/5.0 (Linux; Android 10; K) AppleWebKit/537.36 (KHTML, like Gecko) Chrome/135.0.0.0 Mobile Safari/537.36"
115.164.85.61 - - [08/Oct/2025:00:42:36 +0000] "GET /wp-content/uploads/2022/08/sweet-b2b-massage-Slide-02-200x200.jpg HTTP/1.1" 200 21587 "https://sweetb2bmassage.com/" "Mozilla/5.0 (Linux; Android 10; K) AppleWebKit/537.36 (KHTML, like Gecko) Chrome/135.0.0.0 Mobile Safari/537.36"
115.164.85.61 - - [08/Oct/2025:00:42:38 +0000] "GET /wp-content/uploads/2022/08/sweet-b2b-massage-Slide-01.jpg HTTP/1.1" 200 83382 "https://sweetb2bmassage.com/" "Mozilla/5.0 (Linux; Android 10; K) AppleWebKit/537.36 (KHTML, like Gecko) Chrome/135.0.0.0 Mobile Safari/537.36"
115.164.85.61 - - [08/Oct/2025:00:42:39 +0000] "GET /wp-content/uploads/2022/08/sweet-b2b-massage-Slide-02.jpg HTTP/1.1" 200 184256 "https://sweetb2bmassage.com/" "Mozilla/5.0 (Linux; Android 10; K) AppleWebKit/537.36 (KHTML, like Gecko) Chrome/135.0.0.0 Mobile Safari/537.36"
115.164.85.61 - - [08/Oct/2025:00:42:39 +0000] "GET /favicon.ico HTTP/1.1" 302 - "https://sweetb2bmassage.com/" "Mozilla/5.0 (Linux; Android 10; K) AppleWebKit/537.36 (KHTML, like Gecko) Chrome/135.0.0.0 Mobile Safari/537.36"
115.164.85.61 - - [08/Oct/2025:00:42:41 +0000] "GET /wp-includes/images/w-logo-blue-white-bg.png HTTP/1.1" 200 4119 "https://sweetb2bmassage.com/" "Mozilla/5.0 (Linux; Android 10; K) AppleWebKit/537.36 (KHTML, like Gecko) Chrome/135.0.0.0 Mobile Safari/537.36"
115.164.85.61 - - [08/Oct/2025:00:42:48 +0000] "GET /wp-content/uploads/2022/08/C-93-1004x1369.jpg HTTP/1.1" 200 306361 "https://sweetb2bmassage.com/" "Mozilla/5.0 (Linux; Android 10; K) AppleWebKit/537.36 (KHTML, like Gecko) Chrome/135.0.0.0 Mobile Safari/537.36"
115.164.85.61 - - [08/Oct/2025:00:42:50 +0000] "GET /wp-content/uploads/2022/08/V-72-Vietnam.jpg HTTP/1.1" 200 185299 "https://sweetb2bmassage.com/" "Mozilla/5.0 (Linux; Android 10; K) AppleWebKit/537.36 (KHTML, like Gecko) Chrome/135.0.0.0 Mobile Safari/537.36"
203.161.56.247 - - [08/Oct/2025:00:42:50 +0000] "POST /wp-cron.php?doing_wp_cron=1759884170.5667490959167480468750 HTTP/1.1" 200 - "-" "WordPress/6.8.3; https://sweetb2bmassage.com"
115.164.85.61 - - [08/Oct/2025:00:42:49 +0000] "GET / HTTP/1.1" 200 23584 "https://sweetb2bmassage.com/" "Mozilla/5.0 (Linux; Android 10; K) AppleWebKit/537.36 (KHTML, like Gecko) Chrome/135.0.0.0 Mobile Safari/537.36"
115.164.85.61 - - [08/Oct/2025:00:42:56 +0000] "GET /wp-content/uploads/2022/08/T-88-Thailand.jpg HTTP/1.1" 200 193137 "https://sweetb2bmassage.com/" "Mozilla/5.0 (Linux; Android 10; K) AppleWebKit/537.36 (KHTML, like Gecko) Chrome/135.0.0.0 Mobile Safari/537.36"
115.164.85.61 - - [08/Oct/2025:00:42:58 +0000] "GET /wp-content/uploads/2022/08/M-91-Malay.jpg HTTP/1.1" 200 163696 "https://sweetb2bmassage.com/" "Mozilla/5.0 (Linux; Android 10; K) AppleWebKit/537.36 (KHTML, like Gecko) Chrome/135.0.0.0 Mobile Safari/537.36"
115.164.85.61 - - [08/Oct/2025:00:43:06 +0000] "GET /wp-content/uploads/2022/08/M-92-Malay-1004x1369.jpg HTTP/1.1" 200 210117 "https://sweetb2bmassage.com/" "Mozilla/5.0 (Linux; Android 10; K) AppleWebKit/537.36 (KHTML, like Gecko) Chrome/135.0.0.0 Mobile Safari/537.36"
115.164.85.61 - - [08/Oct/2025:00:43:12 +0000] "GET /wp-content/uploads/2022/08/T-87-Thailand.jpg HTTP/1.1" 200 147299 "https://sweetb2bmassage.com/" "Mozilla/5.0 (Linux; Android 10; K) AppleWebKit/537.36 (KHTML, like Gecko) Chrome/135.0.0.0 Mobile Safari/537.36"
115.164.85.61 - - [08/Oct/2025:00:43:13 +0000] "GET /wp-content/uploads/2022/08/V-71-Vietnam.jpg HTTP/1.1" 200 201608 "https://sweetb2bmassage.com/" "Mozilla/5.0 (Linux; Android 10; K) AppleWebKit/537.36 (KHTML, like Gecko) Chrome/135.0.0.0 Mobile Safari/537.36"
66.249.73.235 - - [08/Oct/2025:00:43:16 +0000] "GET /shop/customer/menu HTTP/1.1" 200 24262 "-" "Mozilla/5.0 (Linux; Android 6.0.1; Nexus 5X Build/MMB29P) AppleWebKit/537.36 (KHTML, like Gecko) Chrome/140.0.7339.207 Mobile Safari/537.36 (compatible; GoogleOther)"
115.164.85.61 - - [08/Oct/2025:00:43:17 +0000] "GET /wp-content/uploads/2022/08/M-99-Malay.jpg HTTP/1.1" 200 191249 "https://sweetb2bmassage.com/" "Mozilla/5.0 (Linux; Android 10; K) AppleWebKit/537.36 (KHTML, like Gecko) Chrome/135.0.0.0 Mobile Safari/537.36"
115.164.85.61 - - [08/Oct/2025:00:43:23 +0000] "GET /wp-content/uploads/2022/08/T-89-Thailand-1004x1369.jpg HTTP/1.1" 200 208469 "https://sweetb2bmassage.com/" "Mozilla/5.0 (Linux; Android 10; K) AppleWebKit/537.36 (KHTML, like Gecko) Chrome/135.0.0.0 Mobile Safari/537.36"
115.164.85.61 - - [08/Oct/2025:00:43:24 +0000] "GET /wp-content/uploads/2022/08/V-73-Vietnam.jpg HTTP/1.1" 200 136845 "https://sweetb2bmassage.com/" "Mozilla/5.0 (Linux; Android 10; K) AppleWebKit/537.36 (KHTML, like Gecko) Chrome/135.0.0.0 Mobile Safari/537.36"
115.164.85.61 - - [08/Oct/2025:00:43:27 +0000] "GET /wp-content/uploads/2022/08/M-93-Malay.jpg HTTP/1.1" 200 185737 "https://sweetb2bmassage.com/" "Mozilla/5.0 (Linux; Android 10; K) AppleWebKit/537.36 (KHTML, like Gecko) Chrome/135.0.0.0 Mobile Safari/537.36"
115.164.85.61 - - [08/Oct/2025:00:43:28 +0000] "GET /wp-content/uploads/2022/08/V-77-Vietnam.jpg HTTP/1.1" 200 224701 "https://sweetb2bmassage.com/" "Mozilla/5.0 (Linux; Android 10; K) AppleWebKit/537.36 (KHTML, like Gecko) Chrome/135.0.0.0 Mobile Safari/537.36"
115.164.85.61 - - [08/Oct/2025:00:43:32 +0000] "GET /wp-content/uploads/2022/08/M-97-Malay-1004x1369.jpg HTTP/1.1" 200 195526 "https://sweetb2bmassage.com/" "Mozilla/5.0 (Linux; Android 10; K) AppleWebKit/537.36 (KHTML, like Gecko) Chrome/135.0.0.0 Mobile Safari/537.36"
115.164.85.61 - - [08/Oct/2025:00:43:37 +0000] "GET /wp-content/uploads/2022/08/V-78-Vietnam.jpg HTTP/1.1" 200 191150 "https://sweetb2bmassage.com/" "Mozilla/5.0 (Linux; Android 10; K) AppleWebKit/537.36 (KHTML, like Gecko) Chrome/135.0.0.0 Mobile Safari/537.36"
203.161.56.247 - - [08/Oct/2025:00:43:40 +0000] "POST /wp-cron.php?doing_wp_cron=1759884220.0388970375061035156250 HTTP/1.1" 200 - "-" "WordPress/6.8.3; https://sweetb2bmassage.com"
115.164.85.61 - - [08/Oct/2025:00:43:38 +0000] "GET /m97/ HTTP/1.1" 200 15820 "https://sweetb2bmassage.com/" "Mozilla/5.0 (Linux; Android 10; K) AppleWebKit/537.36 (KHTML, like Gecko) Chrome/135.0.0.0 Mobile Safari/537.36"
115.164.85.61 - - [08/Oct/2025:00:43:41 +0000] "GET /wp-content/uploads/2022/08/M-97-Malay.jpg HTTP/1.1" 200 178163 "https://sweetb2bmassage.com/m97/" "Mozilla/5.0 (Linux; Android 10; K) AppleWebKit/537.36 (KHTML, like Gecko) Chrome/135.0.0.0 Mobile Safari/537.36"
203.161.56.247 - - [08/Oct/2025:00:43:45 +0000] "POST /wp-cron.php?doing_wp_cron=1759884225.1010470390319824218750 HTTP/1.1" 200 - "-" "WordPress/6.8.3; https://sweetb2bmassage.com"
115.164.85.61 - - [08/Oct/2025:00:43:43 +0000] "GET /favicon.ico HTTP/1.1" 302 - "https://sweetb2bmassage.com/m97/" "Mozilla/5.0 (Linux; Android 10; K) AppleWebKit/537.36 (KHTML, like Gecko) Chrome/135.0.0.0 Mobile Safari/537.36"
115.164.85.61 - - [08/Oct/2025:00:43:52 +0000] "GET /wp-content/uploads/2022/08/M-98-Malay-220x160.jpg HTTP/1.1" 200 20542 "https://sweetb2bmassage.com/m97/" "Mozilla/5.0 (Linux; Android 10; K) AppleWebKit/537.36 (KHTML, like Gecko) Chrome/135.0.0.0 Mobile Safari/537.36"
115.164.85.61 - - [08/Oct/2025:00:43:53 +0000] "GET /wp-content/uploads/2022/08/M-93-Malay-220x160.jpg HTTP/1.1" 200 25294 "https://sweetb2bmassage.com/m97/" "Mozilla/5.0 (Linux; Android 10; K) AppleWebKit/537.36 (KHTML, like Gecko) Chrome/135.0.0.0 Mobile Safari/537.36"
115.164.85.61 - - [08/Oct/2025:00:43:54 +0000] "GET /wp-content/uploads/2022/08/T-89-Thailand-220x160.jpg HTTP/1.1" 200 22567 "https://sweetb2bmassage.com/m97/" "Mozilla/5.0 (Linux; Android 10; K) AppleWebKit/537.36 (KHTML, like Gecko) Chrome/135.0.0.0 Mobile Safari/537.36"
115.164.85.61 - - [08/Oct/2025:00:43:53 +0000] "GET /v77/ HTTP/1.1" 200 15778 "https://sweetb2bmassage.com/m97/" "Mozilla/5.0 (Linux; Android 10; K) AppleWebKit/537.36 (KHTML, like Gecko) Chrome/135.0.0.0 Mobile Safari/537.36"
115.164.85.61 - - [08/Oct/2025:00:43:56 +0000] "GET /v78/ HTTP/1.1" 200 15779 "https://sweetb2bmassage.com/m97/" "Mozilla/5.0 (Linux; Android 10; K) AppleWebKit/537.36 (KHTML, like Gecko) Chrome/135.0.0.0 Mobile Safari/537.36"
115.164.85.61 - - [08/Oct/2025:00:44:01 +0000] "GET /wp-content/uploads/2022/08/M-99-Malay-220x160.jpg HTTP/1.1" 200 21571 "https://sweetb2bmassage.com/m97/" "Mozilla/5.0 (Linux; Android 10; K) AppleWebKit/537.36 (KHTML, like Gecko) Chrome/135.0.0.0 Mobile Safari/537.36"
115.164.85.61 - - [08/Oct/2025:00:44:05 +0000] "GET /wp-content/uploads/2022/08/T-87-Thailand-220x160.jpg HTTP/1.1" 200 19937 "https://sweetb2bmassage.com/m97/" "Mozilla/5.0 (Linux; Android 10; K) AppleWebKit/537.36 (KHTML, like Gecko) Chrome/135.0.0.0 Mobile Safari/537.36"
115.164.85.61 - - [08/Oct/2025:00:44:05 +0000] "GET /t98/ HTTP/1.1" 200 15825 "https://sweetb2bmassage.com/m97/" "Mozilla/5.0 (Linux; Android 10; K) AppleWebKit/537.36 (KHTML, like Gecko) Chrome/135.0.0.0 Mobile Safari/537.36"
115.164.85.61 - - [08/Oct/2025:00:44:08 +0000] "GET /wp-content/uploads/2022/08/M-98-Malay.jpg HTTP/1.1" 200 203309 "https://sweetb2bmassage.com/t98/" "Mozilla/5.0 (Linux; Android 10; K) AppleWebKit/537.36 (KHTML, like Gecko) Chrome/135.0.0.0 Mobile Safari/537.36"
115.164.85.61 - - [08/Oct/2025:00:44:13 +0000] "GET /favicon.ico HTTP/1.1" 302 - "https://sweetb2bmassage.com/t98/" "Mozilla/5.0 (Linux; Android 10; K) AppleWebKit/537.36 (KHTML, like Gecko) Chrome/135.0.0.0 Mobile Safari/537.36"
115.164.85.61 - - [08/Oct/2025:00:44:17 +0000] "GET /wp-content/uploads/2022/08/M-97-Malay-220x160.jpg HTTP/1.1" 200 23467 "https://sweetb2bmassage.com/t98/" "Mozilla/5.0 (Linux; Android 10; K) AppleWebKit/537.36 (KHTML, like Gecko) Chrome/135.0.0.0 Mobile Safari/537.36"
115.164.85.61 - - [08/Oct/2025:00:44:19 +0000] "GET /wp-content/uploads/2022/08/M-92-Malay-220x160.jpg HTTP/1.1" 200 23878 "https://sweetb2bmassage.com/t98/" "Mozilla/5.0 (Linux; Android 10; K) AppleWebKit/537.36 (KHTML, like Gecko) Chrome/135.0.0.0 Mobile Safari/537.36"
115.164.85.61 - - [08/Oct/2025:00:44:20 +0000] "GET /m99/ HTTP/1.1" 200 15973 "https://sweetb2bmassage.com/t98/" "Mozilla/5.0 (Linux; Android 10; K) AppleWebKit/537.36 (KHTML, like Gecko) Chrome/135.0.0.0 Mobile Safari/537.36"
203.161.56.247 - - [08/Oct/2025:00:44:29 +0000] "POST /wp-cron.php?doing_wp_cron=1759884269.9245219230651855468750 HTTP/1.1" 200 - "-" "WordPress/6.8.3; https://sweetb2bmassage.com"
115.164.85.61 - - [08/Oct/2025:00:44:29 +0000] "GET /favicon.ico HTTP/1.1" 302 - "https://sweetb2bmassage.com/m99/" "Mozilla/5.0 (Linux; Android 10; K) AppleWebKit/537.36 (KHTML, like Gecko) Chrome/135.0.0.0 Mobile Safari/537.36"
115.164.85.61 - - [08/Oct/2025:00:44:38 +0000] "GET /favicon.ico HTTP/1.1" 302 - "https://sweetb2bmassage.com/t98/" "Mozilla/5.0 (Linux; Android 10; K) AppleWebKit/537.36 (KHTML, like Gecko) Chrome/135.0.0.0 Mobile Safari/537.36"
203.161.56.247 - - [08/Oct/2025:00:44:49 +0000] "POST /wp-cron.php?doing_wp_cron=1759884289.2668368816375732421875 HTTP/1.1" 200 - "-" "WordPress/6.8.3; https://sweetb2bmassage.com"
115.164.85.61 - - [08/Oct/2025:00:44:48 +0000] "GET /favicon.ico HTTP/1.1" 302 - "https://sweetb2bmassage.com/m97/" "Mozilla/5.0 (Linux; Android 10; K) AppleWebKit/537.36 (KHTML, like Gecko) Chrome/135.0.0.0 Mobile Safari/537.36"
115.164.85.61 - - [08/Oct/2025:00:45:08 +0000] "GET /favicon.ico HTTP/1.1" 302 - "https://sweetb2bmassage.com/" "Mozilla/5.0 (Linux; Android 10; K) AppleWebKit/537.36 (KHTML, like Gecko) Chrome/135.0.0.0 Mobile Safari/537.36"
66.249.73.233 - - [08/Oct/2025:00:53:16 +0000] "GET /contents/reform HTTP/1.1" 200 22800 "-" "Mozilla/5.0 (Linux; Android 6.0.1; Nexus 5X Build/MMB29P) AppleWebKit/537.36 (KHTML, like Gecko) Chrome/140.0.7339.207 Mobile Safari/537.36 (compatible; GoogleOther)"
66.249.73.235 - - [08/Oct/2025:00:56:17 +0000] "GET /robots.txt HTTP/1.1" 200 88 "-" "Mozilla/5.0 (compatible; Googlebot/2.1; +http://www.google.com/bot.html)"
66.249.73.233 - - [08/Oct/2025:00:56:36 +0000] "GET /contents/renga HTTP/1.1" 200 23293 "-" "Mozilla/5.0 (Linux; Android 6.0.1; Nexus 5X Build/MMB29P) AppleWebKit/537.36 (KHTML, like Gecko) Chrome/140.0.7339.207 Mobile Safari/537.36 (compatible; GoogleOther)"
217.113.194.38 - - [08/Oct/2025:00:58:17 +0000] "GET /robots.txt HTTP/1.1" 200 88 "-" "Mozilla/5.0 (compatible; Barkrowler/0.9; +https://babbar.tech/crawler)"
217.113.194.39 - - [08/Oct/2025:00:58:39 +0000] "GET /m97/ HTTP/1.1" 403 - "-" "Mozilla/5.0 (compatible; Barkrowler/0.9; +https://babbar.tech/crawler)"
203.161.56.247 - - [08/Oct/2025:00:59:22 +0000] "POST /wp-cron.php?doing_wp_cron=1759885162.5330550670623779296875 HTTP/1.1" 200 - "-" "WordPress/6.8.3; https://sweetb2bmassage.com"
209.50.168.209 - - [08/Oct/2025:00:59:20 +0000] "GET /wp-login.php HTTP/1.1" 200 1997 "-" "Mozilla/5.0 (Windows NT 10.0; Win64; x64) AppleWebKit/537.36 (KHTML, like Gecko) Chrome/115.0.0.0 Safari/537.36 Edg/115.0.1901.203"
209.50.168.209 - - [08/Oct/2025:00:59:23 +0000] "POST /wp-login.php HTTP/1.1" 200 2098 "https://sweetb2bmassage.com/wp-login.php" "Mozilla/5.0 (Windows NT 10.0; Win64; x64) AppleWebKit/537.36 (KHTML, like Gecko) Chrome/115.0.0.0 Safari/537.36 Edg/115.0.1901.203"
217.113.194.37 - - [08/Oct/2025:01:01:17 +0000] "GET /m99/ HTTP/1.1" 403 - "-" "Mozilla/5.0 (compatible; Barkrowler/0.9; +https://babbar.tech/crawler)"
217.113.194.39 - - [08/Oct/2025:01:03:56 +0000] "GET /m92/ HTTP/1.1" 403 - "-" "Mozilla/5.0 (compatible; Barkrowler/0.9; +https://babbar.tech/crawler)"
203.161.56.247 - - [08/Oct/2025:01:06:04 +0000] "POST /wp-cron.php?doing_wp_cron=1759885564.2228240966796875000000 HTTP/1.1" 200 - "-" "WordPress/6.8.3; https://sweetb2bmassage.com"
163.171.167.182 - - [08/Oct/2025:01:05:59 +0000] "POST /wp-login.php HTTP/1.1" 200 2098 "-" "Mozilla"
217.113.194.211 - - [08/Oct/2025:01:06:36 +0000] "GET /2022/ HTTP/1.1" 403 - "-" "Mozilla/5.0 (compatible; Barkrowler/0.9; +https://babbar.tech/crawler)"
20.15.133.191 - - [08/Oct/2025:01:08:44 +0000] "GET /products/21542055/ HTTP/1.1" 200 23817 "-" "Mozilla/5.0 AppleWebKit/537.36 (KHTML, like Gecko; compatible; bingbot/2.0; +http://www.bing.com/bingbot.htm) Chrome/116.0.1938.76 Safari/537.36"
217.113.194.37 - - [08/Oct/2025:01:09:13 +0000] "GET /t98/ HTTP/1.1" 403 - "-" "Mozilla/5.0 (compatible; Barkrowler/0.9; +https://babbar.tech/crawler)"
66.249.73.234 - - [08/Oct/2025:01:10:50 +0000] "GET /products/5675011/ HTTP/1.1" 200 24325 "-" "Mozilla/5.0 (Linux; Android 6.0.1; Nexus 5X Build/MMB29P) AppleWebKit/537.36 (KHTML, like Gecko) Chrome/140.0.7339.207 Mobile Safari/537.36 (compatible; GoogleOther)"
217.113.194.41 - - [08/Oct/2025:01:11:51 +0000] "GET /t87/ HTTP/1.1" 403 - "-" "Mozilla/5.0 (compatible; Barkrowler/0.9; +https://babbar.tech/crawler)"
156.248.15.40 - - [08/Oct/2025:01:13:48 +0000] "GET /app_porfirioloredanabattistiyezCakc.php HTTP/1.1" 200 2002 "http://www.openurls.com.cn/" "Mozilla/5.0 (Windows NT 10.0; Win64; x64) AppleWebKit/537.36 (KHTML, like Gecko) Chrome/140.0.0.0 Safari/537.36"
217.113.194.37 - - [08/Oct/2025:01:14:33 +0000] "GET /t89/ HTTP/1.1" 403 - "-" "Mozilla/5.0 (compatible; Barkrowler/0.9; +https://babbar.tech/crawler)"
217.113.194.40 - - [08/Oct/2025:01:17:13 +0000] "GET /t88/ HTTP/1.1" 403 - "-" "Mozilla/5.0 (compatible; Barkrowler/0.9; +https://babbar.tech/crawler)"
217.113.194.40 - - [08/Oct/2025:01:19:53 +0000] "GET /v72/ HTTP/1.1" 403 - "-" "Mozilla/5.0 (compatible; Barkrowler/0.9; +https://babbar.tech/crawler)"
185.39.19.43 - - [08/Oct/2025:01:19:54 +0000] "GET / HTTP/1.0" 200 143604 "https://sweetb2bmassage.com/" "Mozilla/5.0 (Windows NT 10.0; Win64; x64) AppleWebKit/537.36 (KHTML, like Gecko) Chrome/131.0.0.0 Safari/537.36 Avast/131.0.0.0"
217.113.194.36 - - [08/Oct/2025:01:22:37 +0000] "GET /v78/ HTTP/1.1" 403 - "-" "Mozilla/5.0 (compatible; Barkrowler/0.9; +https://babbar.tech/crawler)"
182.62.69.222 - - [08/Oct/2025:01:24:21 +0000] "GET /wp-content/uploads/2022/08/M-93-Malay.jpg HTTP/1.1" 200 185737 "https://www.google.com/" "Mozilla/5.0 (Linux; Android 10; SM-A515F Build/QP1A.190711.020; wv) AppleWebKit/537.36 (KHTML, like Gecko) Version/4.0 Chrome/140.0.7339.207 Mobile Safari/537.36 GoogleApp/16.37.48.ve.arm64"
203.161.56.247 - - [08/Oct/2025:01:24:32 +0000] "POST /wp-cron.php?doing_wp_cron=1759886672.9101579189300537109375 HTTP/1.1" 200 - "-" "WordPress/6.8.3; https://sweetb2bmassage.com"
182.62.69.222 - - [08/Oct/2025:01:24:31 +0000] "GET /m93/ HTTP/1.1" 200 15813 "https://www.google.com/" "Mozilla/5.0 (Linux; Android 10; K) AppleWebKit/537.36 (KHTML, like Gecko) Chrome/140.0.0.0 Mobile Safari/537.36"
182.62.69.222 - - [08/Oct/2025:01:24:33 +0000] "GET /wp-includes/css/dist/block-library/style.min.css?ver=6.8.3 HTTP/1.1" 200 15315 "https://sweetb2bmassage.com/m93/" "Mozilla/5.0 (Linux; Android 10; K) AppleWebKit/537.36 (KHTML, like Gecko) Chrome/140.0.0.0 Mobile Safari/537.36"
182.62.69.222 - - [08/Oct/2025:01:24:33 +0000] "GET /wp-content/uploads/smile_fonts/icomoon-font-awesome-14x14/icomoon-font-awesome-14x14.css?ver=6.8.3 HTTP/1.1" 200 6599 "https://sweetb2bmassage.com/m93/" "Mozilla/5.0 (Linux; Android 10; K) AppleWebKit/537.36 (KHTML, like Gecko) Chrome/140.0.0.0 Mobile Safari/537.36"
182.62.69.222 - - [08/Oct/2025:01:24:34 +0000] "GET /wp-content/plugins/contact-form-7/includes/css/styles.css?ver=6.1.1 HTTP/1.1" 200 1031 "https://sweetb2bmassage.com/m93/" "Mozilla/5.0 (Linux; Android 10; K) AppleWebKit/537.36 (KHTML, like Gecko) Chrome/140.0.0.0 Mobile Safari/537.36"
182.62.69.222 - - [08/Oct/2025:01:24:34 +0000] "GET /wp-content/uploads/js_composer/custom.css?ver=8.6.1 HTTP/1.1" 200 102 "https://sweetb2bmassage.com/m93/" "Mozilla/5.0 (Linux; Android 10; K) AppleWebKit/537.36 (KHTML, like Gecko) Chrome/140.0.0.0 Mobile Safari/537.36"
182.62.69.222 - - [08/Oct/2025:01:24:34 +0000] "GET /wp-content/themes/dt-the7/css/main.min.css?ver=10.9.1 HTTP/1.1" 200 41455 "https://sweetb2bmassage.com/m93/" "Mozilla/5.0 (Linux; Android 10; K) AppleWebKit/537.36 (KHTML, like Gecko) Chrome/140.0.0.0 Mobile Safari/537.36"
182.62.69.222 - - [08/Oct/2025:01:24:34 +0000] "GET /wp-content/themes/dt-the7/fonts/icomoon-the7-font/icomoon-the7-font.min.css?ver=10.9.1 HTTP/1.1" 200 3014 "https://sweetb2bmassage.com/m93/" "Mozilla/5.0 (Linux; Android 10; K) AppleWebKit/537.36 (KHTML, like Gecko) Chrome/140.0.0.0 Mobile Safari/537.36"
182.62.69.222 - - [08/Oct/2025:01:24:34 +0000] "GET /wp-content/themes/dt-the7/fonts/FontAwesome/css/all.min.css?ver=10.9.1 HTTP/1.1" 200 12843 "https://sweetb2bmassage.com/m93/" "Mozilla/5.0 (Linux; Android 10; K) AppleWebKit/537.36 (KHTML, like Gecko) Chrome/140.0.0.0 Mobile Safari/537.36"
