116.90.72.60 - - [07/Oct/2025:14:41:05 +0000] "GET /wp-content/uploads/the7-css/media.css?ver=fe248fad28d3 HTTP/1.1" 200 10062 "https://sweetb2bmassage.com/" "Mozilla/5.0 (Linux; Android 10; K) AppleWebKit/537.36 (KHTML, like Gecko) Chrome/140.0.0.0 Mobile Safari/537.36"
116.90.72.60 - - [07/Oct/2025:14:41:05 +0000] "GET /wp-content/uploads/the7-css/post-type-dynamic.css?ver=fe248fad28d3 HTTP/1.1" 200 1298 "https://sweetb2bmassage.com/" "Mozilla/5.0 (Linux; Android 10; K) AppleWebKit/537.36 (KHTML, like Gecko) Chrome/140.0.0.0 Mobile Safari/537.36"
116.90.72.60 - - [07/Oct/2025:14:41:05 +0000] "GET /wp-content/uploads/the7-css/mega-menu.css?ver=fe248fad28d3 HTTP/1.1" 200 2894 "https://sweetb2bmassage.com/" "Mozilla/5.0 (Linux; Android 10; K) AppleWebKit/537.36 (KHTML, like Gecko) Chrome/140.0.0.0 Mobile Safari/537.36"
116.90.72.60 - - [07/Oct/2025:14:41:05 +0000] "GET /wp-content/themes/dt-the7/style.css?ver=10.9.1 HTTP/1.1" 200 814 "https://sweetb2bmassage.com/" "Mozilla/5.0 (Linux; Android 10; K) AppleWebKit/537.36 (KHTML, like Gecko) Chrome/140.0.0.0 Mobile Safari/537.36"
116.90.72.60 - - [07/Oct/2025:14:41:05 +0000] "GET /wp-content/plugins/Ultimate_VC_Addons/assets/min-css/style.min.css?ver=3.19.11 HTTP/1.1" 200 2752 "https://sweetb2bmassage.com/" "Mozilla/5.0 (Linux; Android 10; K) AppleWebKit/537.36 (KHTML, like Gecko) Chrome/140.0.0.0 Mobile Safari/537.36"
116.90.72.60 - - [07/Oct/2025:14:41:05 +0000] "GET /wp-content/uploads/the7-css/the7-elements-albums-portfolio.css?ver=fe248fad28d3 HTTP/1.1" 200 2663 "https://sweetb2bmassage.com/" "Mozilla/5.0 (Linux; Android 10; K) AppleWebKit/537.36 (KHTML, like Gecko) Chrome/140.0.0.0 Mobile Safari/537.36"
116.90.72.60 - - [07/Oct/2025:14:41:06 +0000] "GET /wp-content/plugins/Ultimate_VC_Addons/assets/min-css/headings.min.css?ver=3.19.11 HTTP/1.1" 200 415 "https://sweetb2bmassage.com/" "Mozilla/5.0 (Linux; Android 10; K) AppleWebKit/537.36 (KHTML, like Gecko) Chrome/140.0.0.0 Mobile Safari/537.36"
116.90.72.60 - - [07/Oct/2025:14:41:06 +0000] "GET /wp-content/plugins/Ultimate_VC_Addons/assets/min-css/advanced-buttons.min.css?ver=3.19.11 HTTP/1.1" 200 3345 "https://sweetb2bmassage.com/" "Mozilla/5.0 (Linux; Android 10; K) AppleWebKit/537.36 (KHTML, like Gecko) Chrome/140.0.0.0 Mobile Safari/537.36"
116.90.72.60 - - [07/Oct/2025:14:41:06 +0000] "GET /wp-includes/js/jquery/jquery.min.js?ver=3.7.1 HTTP/1.1" 200 30368 "https://sweetb2bmassage.com/" "Mozilla/5.0 (Linux; Android 10; K) AppleWebKit/537.36 (KHTML, like Gecko) Chrome/140.0.0.0 Mobile Safari/537.36"
116.90.72.60 - - [07/Oct/2025:14:41:06 +0000] "GET /wp-content/themes/dt-the7/js/above-the-fold.min.js?ver=10.9.1 HTTP/1.1" 200 4758 "https://sweetb2bmassage.com/" "Mozilla/5.0 (Linux; Android 10; K) AppleWebKit/537.36 (KHTML, like Gecko) Chrome/140.0.0.0 Mobile Safari/537.36"
116.90.72.60 - - [07/Oct/2025:14:41:06 +0000] "GET /wp-includes/js/jquery/jquery-migrate.min.js?ver=3.4.1 HTTP/1.1" 200 4872 "https://sweetb2bmassage.com/" "Mozilla/5.0 (Linux; Android 10; K) AppleWebKit/537.36 (KHTML, like Gecko) Chrome/140.0.0.0 Mobile Safari/537.36"
116.90.72.60 - - [07/Oct/2025:14:41:06 +0000] "GET /wp-content/plugins/Ultimate_VC_Addons/assets/min-js/ultimate-params.min.js?ver=3.19.11 HTTP/1.1" 200 528 "https://sweetb2bmassage.com/" "Mozilla/5.0 (Linux; Android 10; K) AppleWebKit/537.36 (KHTML, like Gecko) Chrome/140.0.0.0 Mobile Safari/537.36"
116.90.72.60 - - [07/Oct/2025:14:41:06 +0000] "GET /wp-content/plugins/Ultimate_VC_Addons/assets/min-js/custom.min.js?ver=3.19.11 HTTP/1.1" 200 4750 "https://sweetb2bmassage.com/" "Mozilla/5.0 (Linux; Android 10; K) AppleWebKit/537.36 (KHTML, like Gecko) Chrome/140.0.0.0 Mobile Safari/537.36"
116.90.72.60 - - [07/Oct/2025:14:41:06 +0000] "GET /wp-content/plugins/Ultimate_VC_Addons/assets/min-js/headings.min.js?ver=3.19.11 HTTP/1.1" 200 848 "https://sweetb2bmassage.com/" "Mozilla/5.0 (Linux; Android 10; K) AppleWebKit/537.36 (KHTML, like Gecko) Chrome/140.0.0.0 Mobile Safari/537.36"
116.90.72.60 - - [07/Oct/2025:14:41:06 +0000] "GET /wp-content/plugins/revslider/public/assets/fonts/revicons/revicons.woff?5510888 HTTP/1.1" 200 7491 "https://sweetb2bmassage.com/" "Mozilla/5.0 (Linux; Android 10; K) AppleWebKit/537.36 (KHTML, like Gecko) Chrome/140.0.0.0 Mobile Safari/537.36"
116.90.72.60 - - [07/Oct/2025:14:41:06 +0000] "GET /wp-content/plugins/revslider/public/assets/assets/dummy.png HTTP/1.1" 200 68 "https://sweetb2bmassage.com/" "Mozilla/5.0 (Linux; Android 10; K) AppleWebKit/537.36 (KHTML, like Gecko) Chrome/140.0.0.0 Mobile Safari/537.36"
116.90.72.60 - - [07/Oct/2025:14:41:06 +0000] "GET /wp-content/plugins/revslider/public/assets/css/rs6.css?ver=6.5.19 HTTP/1.1" 200 12348 "https://sweetb2bmassage.com/" "Mozilla/5.0 (Linux; Android 10; K) AppleWebKit/537.36 (KHTML, like Gecko) Chrome/140.0.0.0 Mobile Safari/537.36"
116.90.72.60 - - [07/Oct/2025:14:41:06 +0000] "GET /wp-includes/js/dist/hooks.min.js?ver=4d63a3d491d11ffd8ac6 HTTP/1.1" 200 1648 "https://sweetb2bmassage.com/" "Mozilla/5.0 (Linux; Android 10; K) AppleWebKit/537.36 (KHTML, like Gecko) Chrome/140.0.0.0 Mobile Safari/537.36"
116.90.72.60 - - [07/Oct/2025:14:41:06 +0000] "GET /wp-content/themes/dt-the7/fonts/icomoon-the7-font/icomoon-the7-font.ttf?wi57p5 HTTP/1.1" 200 24309 "https://sweetb2bmassage.com/wp-content/themes/dt-the7/fonts/icomoon-the7-font/icomoon-the7-font.min.css?ver=10.9.1" "Mozilla/5.0 (Linux; Android 10; K) AppleWebKit/537.36 (KHTML, like Gecko) Chrome/140.0.0.0 Mobile Safari/537.36"
116.90.72.60 - - [07/Oct/2025:14:41:07 +0000] "GET /wp-content/plugins/Ultimate_VC_Addons/assets/min-css/background-style.min.css?ver=3.19.11 HTTP/1.1" 200 1786 "https://sweetb2bmassage.com/" "Mozilla/5.0 (Linux; Android 10; K) AppleWebKit/537.36 (KHTML, like Gecko) Chrome/140.0.0.0 Mobile Safari/537.36"
116.90.72.60 - - [07/Oct/2025:14:41:06 +0000] "GET /wp-content/themes/dt-the7/js/main.min.js?ver=10.9.1 HTTP/1.1" 200 85004 "https://sweetb2bmassage.com/" "Mozilla/5.0 (Linux; Android 10; K) AppleWebKit/537.36 (KHTML, like Gecko) Chrome/140.0.0.0 Mobile Safari/537.36"
116.90.72.60 - - [07/Oct/2025:14:41:07 +0000] "GET /wp-includes/js/dist/i18n.min.js?ver=5e580eb46a90c2b997e6 HTTP/1.1" 200 3667 "https://sweetb2bmassage.com/" "Mozilla/5.0 (Linux; Android 10; K) AppleWebKit/537.36 (KHTML, like Gecko) Chrome/140.0.0.0 Mobile Safari/537.36"
116.90.72.60 - - [07/Oct/2025:14:41:07 +0000] "GET /wp-content/themes/dt-the7/js/legacy.min.js?ver=10.9.1 HTTP/1.1" 200 582 "https://sweetb2bmassage.com/" "Mozilla/5.0 (Linux; Android 10; K) AppleWebKit/537.36 (KHTML, like Gecko) Chrome/140.0.0.0 Mobile Safari/537.36"
116.90.72.60 - - [07/Oct/2025:14:41:07 +0000] "GET /wp-content/plugins/contact-form-7/includes/swv/js/index.js?ver=6.1.1 HTTP/1.1" 200 3503 "https://sweetb2bmassage.com/" "Mozilla/5.0 (Linux; Android 10; K) AppleWebKit/537.36 (KHTML, like Gecko) Chrome/140.0.0.0 Mobile Safari/537.36"
116.90.72.60 - - [07/Oct/2025:14:41:07 +0000] "GET /wp-content/plugins/creame-whatsapp-me/public/css/joinchat-btn.min.css?ver=6.0.8 HTTP/1.1" 200 2304 "https://sweetb2bmassage.com/" "Mozilla/5.0 (Linux; Android 10; K) AppleWebKit/537.36 (KHTML, like Gecko) Chrome/140.0.0.0 Mobile Safari/537.36"
116.90.72.60 - - [07/Oct/2025:14:41:07 +0000] "GET /wp-content/plugins/contact-form-7/includes/js/index.js?ver=6.1.1 HTTP/1.1" 200 4265 "https://sweetb2bmassage.com/" "Mozilla/5.0 (Linux; Android 10; K) AppleWebKit/537.36 (KHTML, like Gecko) Chrome/140.0.0.0 Mobile Safari/537.36"
116.90.72.60 - - [07/Oct/2025:14:41:07 +0000] "GET /wp-content/plugins/Ultimate_VC_Addons/assets/min-js/jquery-appear.min.js?ver=3.19.11 HTTP/1.1" 200 628 "https://sweetb2bmassage.com/" "Mozilla/5.0 (Linux; Android 10; K) AppleWebKit/537.36 (KHTML, like Gecko) Chrome/140.0.0.0 Mobile Safari/537.36"
116.90.72.60 - - [07/Oct/2025:14:41:07 +0000] "GET /wp-content/themes/dt-the7/lib/jquery-mousewheel/jquery-mousewheel.min.js?ver=10.9.1 HTTP/1.1" 200 1184 "https://sweetb2bmassage.com/" "Mozilla/5.0 (Linux; Android 10; K) AppleWebKit/537.36 (KHTML, like Gecko) Chrome/140.0.0.0 Mobile Safari/537.36"
116.90.72.60 - - [07/Oct/2025:14:41:07 +0000] "GET /wp-content/plugins/Ultimate_VC_Addons/assets/min-js/ultimate_bg.min.js?ver=3.19.11 HTTP/1.1" 200 9446 "https://sweetb2bmassage.com/" "Mozilla/5.0 (Linux; Android 10; K) AppleWebKit/537.36 (KHTML, like Gecko) Chrome/140.0.0.0 Mobile Safari/537.36"
116.90.72.60 - - [07/Oct/2025:14:41:07 +0000] "GET /wp-content/plugins/dt-the7-core/assets/js/post-type.min.js?ver=2.6.0 HTTP/1.1" 200 5072 "https://sweetb2bmassage.com/" "Mozilla/5.0 (Linux; Android 10; K) AppleWebKit/537.36 (KHTML, like Gecko) Chrome/140.0.0.0 Mobile Safari/537.36"
116.90.72.60 - - [07/Oct/2025:14:41:07 +0000] "GET /wp-content/plugins/js_composer/assets/js/dist/js_composer_front.min.js?ver=8.6.1 HTTP/1.1" 200 5223 "https://sweetb2bmassage.com/" "Mozilla/5.0 (Linux; Android 10; K) AppleWebKit/537.36 (KHTML, like Gecko) Chrome/140.0.0.0 Mobile Safari/537.36"
116.90.72.60 - - [07/Oct/2025:14:41:07 +0000] "GET /wp-content/themes/dt-the7/lib/custom-scrollbar/custom-scrollbar.min.js?ver=10.9.1 HTTP/1.1" 200 11972 "https://sweetb2bmassage.com/" "Mozilla/5.0 (Linux; Android 10; K) AppleWebKit/537.36 (KHTML, like Gecko) Chrome/140.0.0.0 Mobile Safari/537.36"
116.90.72.60 - - [07/Oct/2025:14:41:07 +0000] "GET /wp-content/plugins/revslider/public/assets/js/rbtools.min.js?ver=6.5.18 HTTP/1.1" 200 48780 "https://sweetb2bmassage.com/" "Mozilla/5.0 (Linux; Android 10; K) AppleWebKit/537.36 (KHTML, like Gecko) Chrome/140.0.0.0 Mobile Safari/537.36"
116.90.72.60 - - [07/Oct/2025:14:41:08 +0000] "GET /wp-content/plugins/google-analytics-for-wordpress/assets/js/frontend-gtag.min.js?ver=9.8.0 HTTP/1.1" 200 3277 "https://sweetb2bmassage.com/" "Mozilla/5.0 (Linux; Android 10; K) AppleWebKit/537.36 (KHTML, like Gecko) Chrome/140.0.0.0 Mobile Safari/537.36"
60.53.127.196 - - [07/Oct/2025:14:41:08 +0000] "GET /wp-content/uploads/2022/08/T-88-Thailand.jpg HTTP/1.1" 200 193137 "https://sweetb2bmassage.com/" "Mozilla/5.0 (iPhone; CPU iPhone OS 18_5_0 like Mac OS X) AppleWebKit/605.1.15 (KHTML, like Gecko) CriOS/141.0.7390.41 Mobile/15E148 Safari/604.1"
116.90.72.60 - - [07/Oct/2025:14:41:08 +0000] "GET /wp-content/plugins/creame-whatsapp-me/public/js/joinchat.min.js?ver=6.0.8 HTTP/1.1" 200 3372 "https://sweetb2bmassage.com/" "Mozilla/5.0 (Linux; Android 10; K) AppleWebKit/537.36 (KHTML, like Gecko) Chrome/140.0.0.0 Mobile Safari/537.36"
116.90.72.60 - - [07/Oct/2025:14:41:08 +0000] "GET /wp-content/themes/dt-the7/images/backgrounds/patterns/full/crisp_paper_ruffles.jpg HTTP/1.1" 200 25714 "https://sweetb2bmassage.com/wp-content/uploads/the7-css/custom.css?ver=fe248fad28d3" "Mozilla/5.0 (Linux; Android 10; K) AppleWebKit/537.36 (KHTML, like Gecko) Chrome/140.0.0.0 Mobile Safari/537.36"
116.90.72.60 - - [07/Oct/2025:14:41:08 +0000] "GET /wp-content/plugins/revslider/public/assets/js/rs6.min.js?ver=6.5.19 HTTP/1.1" 200 100818 "https://sweetb2bmassage.com/" "Mozilla/5.0 (Linux; Android 10; K) AppleWebKit/537.36 (KHTML, like Gecko) Chrome/140.0.0.0 Mobile Safari/537.36"
116.90.72.60 - - [07/Oct/2025:14:41:09 +0000] "GET /wp-content/uploads/2022/08/sweet-b2b-massage-Slide-01.jpg HTTP/1.1" 200 83382 "https://sweetb2bmassage.com/" "Mozilla/5.0 (Linux; Android 10; K) AppleWebKit/537.36 (KHTML, like Gecko) Chrome/140.0.0.0 Mobile Safari/537.36"
116.90.72.60 - - [07/Oct/2025:14:41:09 +0000] "GET /wp-content/uploads/2022/08/sweet-b2b-massage-Slide-02-200x200.jpg HTTP/1.1" 200 21587 "https://sweetb2bmassage.com/" "Mozilla/5.0 (Linux; Android 10; K) AppleWebKit/537.36 (KHTML, like Gecko) Chrome/140.0.0.0 Mobile Safari/537.36"
116.90.72.60 - - [07/Oct/2025:14:41:09 +0000] "GET /wp-content/uploads/2022/08/sweet-b2b-massage-Slide-01-200x200.jpg HTTP/1.1" 200 14924 "https://sweetb2bmassage.com/" "Mozilla/5.0 (Linux; Android 10; K) AppleWebKit/537.36 (KHTML, like Gecko) Chrome/140.0.0.0 Mobile Safari/537.36"
116.90.72.60 - - [07/Oct/2025:14:41:09 +0000] "GET /favicon.ico HTTP/1.1" 302 - "https://sweetb2bmassage.com/" "Mozilla/5.0 (Linux; Android 10; K) AppleWebKit/537.36 (KHTML, like Gecko) Chrome/140.0.0.0 Mobile Safari/537.36"
116.90.72.60 - - [07/Oct/2025:14:41:09 +0000] "GET /wp-content/uploads/2022/08/sweet-b2b-massage-Slide-02.jpg HTTP/1.1" 200 184256 "https://sweetb2bmassage.com/" "Mozilla/5.0 (Linux; Android 10; K) AppleWebKit/537.36 (KHTML, like Gecko) Chrome/140.0.0.0 Mobile Safari/537.36"
116.90.72.60 - - [07/Oct/2025:14:41:10 +0000] "GET /wp-includes/images/w-logo-blue-white-bg.png HTTP/1.1" 200 4119 "https://sweetb2bmassage.com/" "Mozilla/5.0 (Linux; Android 10; K) AppleWebKit/537.36 (KHTML, like Gecko) Chrome/140.0.0.0 Mobile Safari/537.36"
60.53.127.196 - - [07/Oct/2025:14:41:10 +0000] "GET /wp-content/uploads/2022/08/M-91-Malay.jpg HTTP/1.1" 200 163696 "https://sweetb2bmassage.com/" "Mozilla/5.0 (iPhone; CPU iPhone OS 18_5_0 like Mac OS X) AppleWebKit/605.1.15 (KHTML, like Gecko) CriOS/141.0.7390.41 Mobile/15E148 Safari/604.1"
116.90.72.60 - - [07/Oct/2025:14:41:09 +0000] "GET /apple-touch-icon.png HTTP/1.1" 404 13777 "-" "DuckDuckGo/5 (com.duckduckgo.mobile.android; Android API 35)"
116.90.72.60 - - [07/Oct/2025:14:41:12 +0000] "GET /favicon.ico HTTP/1.1" 302 - "-" "DuckDuckGo/5 (com.duckduckgo.mobile.android; Android API 35)"
116.90.72.60 - - [07/Oct/2025:14:41:13 +0000] "GET /wp-content/uploads/2022/08/C-93-1004x1369.jpg HTTP/1.1" 200 306361 "https://sweetb2bmassage.com/" "Mozilla/5.0 (Linux; Android 10; K) AppleWebKit/537.36 (KHTML, like Gecko) Chrome/140.0.0.0 Mobile Safari/537.36"
116.90.72.60 - - [07/Oct/2025:14:41:13 +0000] "GET /wp-includes/images/w-logo-blue-white-bg.png HTTP/1.1" 200 4119 "-" "DuckDuckGo/5 (com.duckduckgo.mobile.android; Android API 35)"
116.90.72.60 - - [07/Oct/2025:14:41:14 +0000] "GET /wp-content/uploads/2022/08/V-72-Vietnam.jpg HTTP/1.1" 200 185299 "https://sweetb2bmassage.com/" "Mozilla/5.0 (Linux; Android 10; K) AppleWebKit/537.36 (KHTML, like Gecko) Chrome/140.0.0.0 Mobile Safari/537.36"
116.90.72.60 - - [07/Oct/2025:14:41:14 +0000] "GET / HTTP/1.1" 200 23588 "https://sweetb2bmassage.com/" "Mozilla/5.0 (Linux; Android 15; SM-S906B Build/AP3A.240905.015.A2; wv) AppleWebKit/537.36 (KHTML, like Gecko) Version/4.0 Chrome/140.0.7339.207 Mobile Safari/537.36"
116.90.72.60 - - [07/Oct/2025:14:41:17 +0000] "GET /wp-content/uploads/2022/08/T-88-Thailand.jpg HTTP/1.1" 200 193137 "https://sweetb2bmassage.com/" "Mozilla/5.0 (Linux; Android 10; K) AppleWebKit/537.36 (KHTML, like Gecko) Chrome/140.0.0.0 Mobile Safari/537.36"
116.90.72.60 - - [07/Oct/2025:14:41:17 +0000] "GET /wp-content/uploads/2022/08/M-91-Malay.jpg HTTP/1.1" 200 163696 "https://sweetb2bmassage.com/" "Mozilla/5.0 (Linux; Android 10; K) AppleWebKit/537.36 (KHTML, like Gecko) Chrome/140.0.0.0 Mobile Safari/537.36"
116.90.72.60 - - [07/Oct/2025:14:41:17 +0000] "GET /wp-content/uploads/2022/08/M-92-Malay-1004x1369.jpg HTTP/1.1" 200 210117 "https://sweetb2bmassage.com/" "Mozilla/5.0 (Linux; Android 10; K) AppleWebKit/537.36 (KHTML, like Gecko) Chrome/140.0.0.0 Mobile Safari/537.36"
60.53.127.196 - - [07/Oct/2025:14:41:18 +0000] "GET / HTTP/1.1" 206 23592 "-" "WhatsApp/2.23.20.0"
116.90.72.60 - - [07/Oct/2025:14:41:19 +0000] "GET /favicon.ico HTTP/1.1" 302 - "https://sweetb2bmassage.com/" "Mozilla/5.0 (Linux; Android 10; K) AppleWebKit/537.36 (KHTML, like Gecko) Chrome/140.0.0.0 Mobile Safari/537.36"
60.53.127.196 - - [07/Oct/2025:14:41:20 +0000] "GET /wp-content/uploads/2022/07/jaone-transport-logo-dot8c.png HTTP/1.1" 206 9202 "-" "WhatsApp/2.23.20.0"
116.90.72.60 - - [07/Oct/2025:14:41:20 +0000] "GET /favicon.ico HTTP/1.1" 302 - "https://sweetb2bmassage.com/" "Mozilla/5.0 (Linux; Android 10; K) AppleWebKit/537.36 (KHTML, like Gecko) Chrome/140.0.0.0 Mobile Safari/537.36"
60.53.127.196 - - [07/Oct/2025:14:41:21 +0000] "GET /favicon.ico HTTP/1.1" 302 - "-" "WhatsApp/2.23.20.0"
60.53.127.196 - - [07/Oct/2025:14:41:22 +0000] "GET /wp-includes/images/w-logo-blue-white-bg.png HTTP/1.1" 206 4119 "-" "WhatsApp/2.23.20.0"
116.90.72.60 - - [07/Oct/2025:14:41:22 +0000] "GET /favicon.ico HTTP/1.1" 302 - "https://sweetb2bmassage.com/" "Mozilla/5.0 (Linux; Android 10; K) AppleWebKit/537.36 (KHTML, like Gecko) Chrome/140.0.0.0 Mobile Safari/537.36"
116.90.72.60 - - [07/Oct/2025:14:41:23 +0000] "GET /t87/ HTTP/1.1" 200 15973 "https://sweetb2bmassage.com/" "Mozilla/5.0 (Linux; Android 15; SM-S906B Build/AP3A.240905.015.A2; wv) AppleWebKit/537.36 (KHTML, like Gecko) Version/4.0 Chrome/140.0.7339.207 Mobile Safari/537.36"
116.90.72.60 - - [07/Oct/2025:14:41:23 +0000] "GET /favicon.ico HTTP/1.1" 302 - "https://sweetb2bmassage.com/" "Mozilla/5.0 (Linux; Android 10; K) AppleWebKit/537.36 (KHTML, like Gecko) Chrome/140.0.0.0 Mobile Safari/537.36"
203.161.56.247 - - [07/Oct/2025:14:41:25 +0000] "POST /wp-cron.php?doing_wp_cron=1759848085.8162660598754882812500 HTTP/1.1" 200 - "-" "WordPress/6.8.3; https://sweetb2bmassage.com"
116.90.72.60 - - [07/Oct/2025:14:41:25 +0000] "GET /favicon.ico HTTP/1.1" 302 - "https://sweetb2bmassage.com/" "Mozilla/5.0 (Linux; Android 10; K) AppleWebKit/537.36 (KHTML, like Gecko) Chrome/140.0.0.0 Mobile Safari/537.36"
116.90.72.60 - - [07/Oct/2025:14:41:26 +0000] "GET /favicon.ico HTTP/1.1" 302 - "https://sweetb2bmassage.com/" "Mozilla/5.0 (Linux; Android 10; K) AppleWebKit/537.36 (KHTML, like Gecko) Chrome/140.0.0.0 Mobile Safari/537.36"
116.90.72.60 - - [07/Oct/2025:14:41:27 +0000] "GET /favicon.ico HTTP/1.1" 302 - "https://sweetb2bmassage.com/" "Mozilla/5.0 (Linux; Android 10; K) AppleWebKit/537.36 (KHTML, like Gecko) Chrome/140.0.0.0 Mobile Safari/537.36"
116.90.72.60 - - [07/Oct/2025:14:41:28 +0000] "GET /favicon.ico HTTP/1.1" 302 - "https://sweetb2bmassage.com/" "Mozilla/5.0 (Linux; Android 10; K) AppleWebKit/537.36 (KHTML, like Gecko) Chrome/140.0.0.0 Mobile Safari/537.36"
216.73.216.116 - - [07/Oct/2025:14:41:30 +0000] "GET /video-sitemap.xml HTTP/1.1" 403 - "-" "Mozilla/5.0 AppleWebKit/537.36 (KHTML, like Gecko; compatible; ClaudeBot/1.0; +claudebot@anthropic.com)"
116.90.72.60 - - [07/Oct/2025:14:41:30 +0000] "GET /favicon.ico HTTP/1.1" 302 - "https://sweetb2bmassage.com/" "Mozilla/5.0 (Linux; Android 10; K) AppleWebKit/537.36 (KHTML, like Gecko) Chrome/140.0.0.0 Mobile Safari/537.36"
116.90.72.60 - - [07/Oct/2025:14:41:31 +0000] "GET /favicon.ico HTTP/1.1" 302 - "https://sweetb2bmassage.com/" "Mozilla/5.0 (Linux; Android 10; K) AppleWebKit/537.36 (KHTML, like Gecko) Chrome/140.0.0.0 Mobile Safari/537.36"
203.161.56.247 - - [07/Oct/2025:14:42:02 +0000] "POST /wp-cron.php?doing_wp_cron=1759848122.6857779026031494140625 HTTP/1.1" 200 - "-" "WordPress/6.8.3; https://sweetb2bmassage.com"
173.252.83.2 - - [07/Oct/2025:14:42:01 +0000] "GET /products/7411688/ HTTP/1.1" 404 52191 "-" "meta-externalagent/1.1 (+https://developers.facebook.com/docs/sharing/webmasters/crawler)"
203.161.56.247 - - [07/Oct/2025:14:43:07 +0000] "POST /wp-cron.php?doing_wp_cron=1759848187.6162400245666503906250 HTTP/1.1" 200 - "-" "WordPress/6.8.3; https://sweetb2bmassage.com"
45.61.184.87 - - [07/Oct/2025:14:43:05 +0000] "GET /wp-login.php HTTP/1.1" 200 1998 "-" "Mozilla/5.0 (X11; Linux x86_64; rv:31.0) Gecko/20100101 Firefox/31.0"
45.61.184.87 - - [07/Oct/2025:14:43:07 +0000] "POST /wp-login.php HTTP/1.1" 200 2100 "-" "Mozilla/5.0 (X11; Linux x86_64; rv:31.0) Gecko/20100101 Firefox/31.0"
203.161.56.247 - - [07/Oct/2025:14:44:28 +0000] "POST /wp-cron.php?doing_wp_cron=1759848268.2853529453277587890625 HTTP/1.1" 200 - "-" "WordPress/6.8.3; https://sweetb2bmassage.com"
173.252.107.116 - - [07/Oct/2025:14:44:26 +0000] "GET / HTTP/1.1" 200 143605 "-" "meta-externalagent/1.1 (+https://developers.facebook.com/docs/sharing/webmasters/crawler)"
60.53.127.196 - - [07/Oct/2025:14:44:36 +0000] "GET /t88/ HTTP/1.1" 200 15981 "https://sweetb2bmassage.com/" "Mozilla/5.0 (iPhone; CPU iPhone OS 18_5_0 like Mac OS X) AppleWebKit/605.1.15 (KHTML, like Gecko) CriOS/141.0.7390.41 Mobile/15E148 Safari/604.1"
60.53.127.196 - - [07/Oct/2025:14:44:39 +0000] "GET /wp-content/uploads/2022/08/M-98-Malay-110x80.jpg HTTP/1.1" 200 14565 "https://sweetb2bmassage.com/" "Mozilla/5.0 (iPhone; CPU iPhone OS 18_5_0 like Mac OS X) AppleWebKit/605.1.15 (KHTML, like Gecko) CriOS/141.0.7390.41 Mobile/15E148 Safari/604.1"
60.53.127.196 - - [07/Oct/2025:14:44:39 +0000] "GET /wp-content/uploads/2022/08/M-98-Malay-220x160.jpg HTTP/1.1" 200 20542 "https://sweetb2bmassage.com/" "Mozilla/5.0 (iPhone; CPU iPhone OS 18_5_0 like Mac OS X) AppleWebKit/605.1.15 (KHTML, like Gecko) CriOS/141.0.7390.41 Mobile/15E148 Safari/604.1"
60.53.127.196 - - [07/Oct/2025:14:44:39 +0000] "GET /wp-content/uploads/2022/08/M-97-Malay-110x80.jpg HTTP/1.1" 200 16650 "https://sweetb2bmassage.com/" "Mozilla/5.0 (iPhone; CPU iPhone OS 18_5_0 like Mac OS X) AppleWebKit/605.1.15 (KHTML, like Gecko) CriOS/141.0.7390.41 Mobile/15E148 Safari/604.1"
60.53.127.196 - - [07/Oct/2025:14:44:39 +0000] "GET /wp-content/uploads/2022/08/M-97-Malay-220x160.jpg HTTP/1.1" 200 23467 "https://sweetb2bmassage.com/" "Mozilla/5.0 (iPhone; CPU iPhone OS 18_5_0 like Mac OS X) AppleWebKit/605.1.15 (KHTML, like Gecko) CriOS/141.0.7390.41 Mobile/15E148 Safari/604.1"
60.53.127.196 - - [07/Oct/2025:14:44:40 +0000] "GET /wp-content/uploads/2022/08/M-93-Malay-110x80.jpg HTTP/1.1" 200 17573 "https://sweetb2bmassage.com/" "Mozilla/5.0 (iPhone; CPU iPhone OS 18_5_0 like Mac OS X) AppleWebKit/605.1.15 (KHTML, like Gecko) CriOS/141.0.7390.41 Mobile/15E148 Safari/604.1"
60.53.127.196 - - [07/Oct/2025:14:44:40 +0000] "GET /wp-content/uploads/2022/08/M-93-Malay-220x160.jpg HTTP/1.1" 200 25294 "https://sweetb2bmassage.com/" "Mozilla/5.0 (iPhone; CPU iPhone OS 18_5_0 like Mac OS X) AppleWebKit/605.1.15 (KHTML, like Gecko) CriOS/141.0.7390.41 Mobile/15E148 Safari/604.1"
60.53.127.196 - - [07/Oct/2025:14:44:41 +0000] "GET /wp-content/uploads/2022/08/T-89-Thailand-220x160.jpg HTTP/1.1" 200 22567 "https://sweetb2bmassage.com/" "Mozilla/5.0 (iPhone; CPU iPhone OS 18_5_0 like Mac OS X) AppleWebKit/605.1.15 (KHTML, like Gecko) CriOS/141.0.7390.41 Mobile/15E148 Safari/604.1"
60.53.127.196 - - [07/Oct/2025:14:44:41 +0000] "GET /wp-content/uploads/2022/08/T-89-Thailand-110x80.jpg HTTP/1.1" 200 16440 "https://sweetb2bmassage.com/" "Mozilla/5.0 (iPhone; CPU iPhone OS 18_5_0 like Mac OS X) AppleWebKit/605.1.15 (KHTML, like Gecko) CriOS/141.0.7390.41 Mobile/15E148 Safari/604.1"
60.53.127.196 - - [07/Oct/2025:14:44:42 +0000] "GET /wp-content/uploads/2022/08/M-99-Malay-220x160.jpg HTTP/1.1" 200 21571 "https://sweetb2bmassage.com/" "Mozilla/5.0 (iPhone; CPU iPhone OS 18_5_0 like Mac OS X) AppleWebKit/605.1.15 (KHTML, like Gecko) CriOS/141.0.7390.41 Mobile/15E148 Safari/604.1"
60.53.127.196 - - [07/Oct/2025:14:44:42 +0000] "GET /wp-content/uploads/2022/08/M-99-Malay-110x80.jpg HTTP/1.1" 200 15400 "https://sweetb2bmassage.com/" "Mozilla/5.0 (iPhone; CPU iPhone OS 18_5_0 like Mac OS X) AppleWebKit/605.1.15 (KHTML, like Gecko) CriOS/141.0.7390.41 Mobile/15E148 Safari/604.1"
60.53.127.196 - - [07/Oct/2025:14:44:42 +0000] "GET /wp-content/uploads/2022/08/T-87-Thailand-110x80.jpg HTTP/1.1" 200 14797 "https://sweetb2bmassage.com/" "Mozilla/5.0 (iPhone; CPU iPhone OS 18_5_0 like Mac OS X) AppleWebKit/605.1.15 (KHTML, like Gecko) CriOS/141.0.7390.41 Mobile/15E148 Safari/604.1"
60.53.127.196 - - [07/Oct/2025:14:44:42 +0000] "GET /wp-content/uploads/2022/08/T-87-Thailand-220x160.jpg HTTP/1.1" 200 19937 "https://sweetb2bmassage.com/" "Mozilla/5.0 (iPhone; CPU iPhone OS 18_5_0 like Mac OS X) AppleWebKit/605.1.15 (KHTML, like Gecko) CriOS/141.0.7390.41 Mobile/15E148 Safari/604.1"
203.161.56.247 - - [07/Oct/2025:14:44:46 +0000] "POST /wp-cron.php?doing_wp_cron=1759848286.6989738941192626953125 HTTP/1.1" 200 - "-" "WordPress/6.8.3; https://sweetb2bmassage.com"
60.53.127.196 - - [07/Oct/2025:14:44:45 +0000] "GET /m99/ HTTP/1.1" 200 15968 "https://sweetb2bmassage.com/" "Mozilla/5.0 (iPhone; CPU iPhone OS 18_5_0 like Mac OS X) AppleWebKit/605.1.15 (KHTML, like Gecko) CriOS/141.0.7390.41 Mobile/15E148 Safari/604.1"
60.53.127.196 - - [07/Oct/2025:14:44:47 +0000] "GET /wp-content/uploads/2022/08/M-99-Malay.jpg HTTP/1.1" 200 191249 "https://sweetb2bmassage.com/" "Mozilla/5.0 (iPhone; CPU iPhone OS 18_5_0 like Mac OS X) AppleWebKit/605.1.15 (KHTML, like Gecko) CriOS/141.0.7390.41 Mobile/15E148 Safari/604.1"
60.53.127.196 - - [07/Oct/2025:14:44:56 +0000] "GET /m99/ HTTP/1.1" 206 15960 "-" "WhatsApp/2.23.20.0"
60.53.127.196 - - [07/Oct/2025:14:44:58 +0000] "GET /wp-content/uploads/2022/07/jaone-transport-logo-dot8c.png HTTP/1.1" 206 9202 "-" "WhatsApp/2.23.20.0"
60.53.127.196 - - [07/Oct/2025:14:44:59 +0000] "GET /favicon.ico HTTP/1.1" 302 - "-" "WhatsApp/2.23.20.0"
60.53.127.196 - - [07/Oct/2025:14:45:00 +0000] "GET /wp-includes/images/w-logo-blue-white-bg.png HTTP/1.1" 206 4119 "-" "WhatsApp/2.23.20.0"
60.53.127.196 - - [07/Oct/2025:14:45:02 +0000] "GET /m99/ HTTP/1.1" 206 15960 "-" "WhatsApp/2.23.20.0"
60.53.127.196 - - [07/Oct/2025:14:45:05 +0000] "GET /wp-content/uploads/2022/07/jaone-transport-logo-dot8c.png HTTP/1.1" 206 9202 "-" "WhatsApp/2.23.20.0"
60.53.127.196 - - [07/Oct/2025:14:45:06 +0000] "GET / HTTP/1.1" 206 23594 "-" "WhatsApp/2.23.20.0"
60.53.127.196 - - [07/Oct/2025:14:45:08 +0000] "GET /wp-content/uploads/2022/07/jaone-transport-logo-dot8c.png HTTP/1.1" 206 9202 "-" "WhatsApp/2.23.20.0"
60.53.127.196 - - [07/Oct/2025:14:45:09 +0000] "GET /favicon.ico HTTP/1.1" 302 - "-" "WhatsApp/2.23.20.0"
60.53.127.196 - - [07/Oct/2025:14:45:10 +0000] "GET /wp-includes/images/w-logo-blue-white-bg.png HTTP/1.1" 206 4119 "-" "WhatsApp/2.23.20.0"
203.161.56.247 - - [07/Oct/2025:14:49:09 +0000] "POST /wp-cron.php?doing_wp_cron=1759848549.0463559627532958984375 HTTP/1.1" 200 - "-" "WordPress/6.8.3; https://sweetb2bmassage.com"
69.63.189.112 - - [07/Oct/2025:14:49:08 +0000] "GET / HTTP/1.1" 200 143589 "-" "meta-externalagent/1.1 (+https://developers.facebook.com/docs/sharing/webmasters/crawler)"
60.53.127.196 - - [07/Oct/2025:14:49:15 +0000] "GET /m99/ HTTP/1.1" 206 15960 "-" "WhatsApp/2.23.20.0"
60.53.127.196 - - [07/Oct/2025:14:49:16 +0000] "GET /wp-content/uploads/2022/07/jaone-transport-logo-dot8c.png HTTP/1.1" 206 9202 "-" "WhatsApp/2.23.20.0"
60.53.127.196 - - [07/Oct/2025:14:49:17 +0000] "GET /favicon.ico HTTP/1.1" 302 - "-" "WhatsApp/2.23.20.0"
60.53.127.196 - - [07/Oct/2025:14:49:18 +0000] "GET /wp-includes/images/w-logo-blue-white-bg.png HTTP/1.1" 206 4119 "-" "WhatsApp/2.23.20.0"
60.53.127.196 - - [07/Oct/2025:14:49:53 +0000] "GET /wp-content/uploads/2022/08/M-92-Malay-1004x1369.jpg HTTP/1.1" 200 210117 "https://sweetb2bmassage.com/" "Mozilla/5.0 (iPhone; CPU iPhone OS 18_5_0 like Mac OS X) AppleWebKit/605.1.15 (KHTML, like Gecko) CriOS/141.0.7390.41 Mobile/15E148 Safari/604.1"
27.125.241.200 - - [07/Oct/2025:14:49:56 +0000] "GET /wp-content/plugins/contact-form-7/includes/css/styles.css?ver=6.1.1 HTTP/1.1" 200 1031 "-" "Mozilla/5.0 (Linux; Android 10; K) AppleWebKit/537.36 (KHTML, like Gecko) Chrome/141.0.0.0 Mobile Safari/537.36"
27.125.241.200 - - [07/Oct/2025:14:49:56 +0000] "GET /wp-includes/css/dist/block-library/style.min.css?ver=6.8.3 HTTP/1.1" 200 15315 "-" "Mozilla/5.0 (Linux; Android 10; K) AppleWebKit/537.36 (KHTML, like Gecko) Chrome/141.0.0.0 Mobile Safari/537.36"
27.125.241.200 - - [07/Oct/2025:14:49:56 +0000] "GET /wp-content/uploads/smile_fonts/icomoon-font-awesome-14x14/icomoon-font-awesome-14x14.css?ver=6.8.3 HTTP/1.1" 200 6599 "-" "Mozilla/5.0 (Linux; Android 10; K) AppleWebKit/537.36 (KHTML, like Gecko) Chrome/141.0.0.0 Mobile Safari/537.36"
27.125.241.200 - - [07/Oct/2025:14:49:56 +0000] "GET /wp-content/plugins/js_composer/assets/css/js_composer.min.css?ver=8.6.1 HTTP/1.1" 200 45657 "-" "Mozilla/5.0 (Linux; Android 10; K) AppleWebKit/537.36 (KHTML, like Gecko) Chrome/141.0.0.0 Mobile Safari/537.36"
27.125.241.200 - - [07/Oct/2025:14:49:56 +0000] "GET /wp-content/uploads/js_composer/custom.css?ver=8.6.1 HTTP/1.1" 200 102 "-" "Mozilla/5.0 (Linux; Android 10; K) AppleWebKit/537.36 (KHTML, like Gecko) Chrome/141.0.0.0 Mobile Safari/537.36"
27.125.241.200 - - [07/Oct/2025:14:49:57 +0000] "GET /wp-content/themes/dt-the7/fonts/icomoon-the7-font/icomoon-the7-font.min.css?ver=10.9.1 HTTP/1.1" 200 3014 "-" "Mozilla/5.0 (Linux; Android 10; K) AppleWebKit/537.36 (KHTML, like Gecko) Chrome/141.0.0.0 Mobile Safari/537.36"
27.125.241.200 - - [07/Oct/2025:14:49:57 +0000] "GET /wp-content/themes/dt-the7/css/main.min.css?ver=10.9.1 HTTP/1.1" 200 41455 "-" "Mozilla/5.0 (Linux; Android 10; K) AppleWebKit/537.36 (KHTML, like Gecko) Chrome/141.0.0.0 Mobile Safari/537.36"
27.125.241.200 - - [07/Oct/2025:14:49:57 +0000] "GET /wp-content/themes/dt-the7/fonts/FontAwesome/css/all.min.css?ver=10.9.1 HTTP/1.1" 200 12843 "-" "Mozilla/5.0 (Linux; Android 10; K) AppleWebKit/537.36 (KHTML, like Gecko) Chrome/141.0.0.0 Mobile Safari/537.36"
27.125.241.200 - - [07/Oct/2025:14:49:57 +0000] "GET /wp-content/themes/dt-the7/fonts/FontAwesome/back-compat.min.css?ver=10.9.1 HTTP/1.1" 200 4073 "-" "Mozilla/5.0 (Linux; Android 10; K) AppleWebKit/537.36 (KHTML, like Gecko) Chrome/141.0.0.0 Mobile Safari/537.36"
203.161.56.247 - - [07/Oct/2025:14:49:57 +0000] "POST /wp-cron.php?doing_wp_cron=1759848597.8997290134429931640625 HTTP/1.1" 200 - "-" "WordPress/6.8.3; https://sweetb2bmassage.com"
27.125.241.200 - - [07/Oct/2025:14:49:56 +0000] "GET / HTTP/1.1" 200 23588 "https://www.google.com/" "Mozilla/5.0 (Linux; Android 10; K) AppleWebKit/537.36 (KHTML, like Gecko) Chrome/141.0.0.0 Mobile Safari/537.36"
27.125.241.200 - - [07/Oct/2025:14:49:58 +0000] "GET /wp-content/themes/dt-the7/css/wpbakery.min.css?ver=10.9.1 HTTP/1.1" 200 4366 "https://sweetb2bmassage.com/" "Mozilla/5.0 (Linux; Android 10; K) AppleWebKit/537.36 (KHTML, like Gecko) Chrome/141.0.0.0 Mobile Safari/537.36"
27.125.241.200 - - [07/Oct/2025:14:49:58 +0000] "GET /wp-content/themes/dt-the7/lib/custom-scrollbar/custom-scrollbar.min.css?ver=10.9.1 HTTP/1.1" 200 1522 "https://sweetb2bmassage.com/" "Mozilla/5.0 (Linux; Android 10; K) AppleWebKit/537.36 (KHTML, like Gecko) Chrome/141.0.0.0 Mobile Safari/537.36"
27.125.241.200 - - [07/Oct/2025:14:49:58 +0000] "GET /wp-content/uploads/the7-css/css-vars.css?ver=fe248fad28d3 HTTP/1.1" 200 4382 "https://sweetb2bmassage.com/" "Mozilla/5.0 (Linux; Android 10; K) AppleWebKit/537.36 (KHTML, like Gecko) Chrome/141.0.0.0 Mobile Safari/537.36"
27.125.241.200 - - [07/Oct/2025:14:49:58 +0000] "GET /wp-content/plugins/dt-the7-core/assets/css/post-type.min.css?ver=2.6.0 HTTP/1.1" 200 6295 "https://sweetb2bmassage.com/" "Mozilla/5.0 (Linux; Android 10; K) AppleWebKit/537.36 (KHTML, like Gecko) Chrome/141.0.0.0 Mobile Safari/537.36"
27.125.241.200 - - [07/Oct/2025:14:49:59 +0000] "GET /wp-content/uploads/the7-css/mega-menu.css?ver=fe248fad28d3 HTTP/1.1" 200 2894 "https://sweetb2bmassage.com/" "Mozilla/5.0 (Linux; Android 10; K) AppleWebKit/537.36 (KHTML, like Gecko) Chrome/141.0.0.0 Mobile Safari/537.36"
27.125.241.200 - - [07/Oct/2025:14:49:59 +0000] "GET /wp-content/uploads/the7-css/custom.css?ver=fe248fad28d3 HTTP/1.1" 200 30470 "https://sweetb2bmassage.com/" "Mozilla/5.0 (Linux; Android 10; K) AppleWebKit/537.36 (KHTML, like Gecko) Chrome/141.0.0.0 Mobile Safari/537.36"
27.125.241.200 - - [07/Oct/2025:14:49:59 +0000] "GET /wp-content/uploads/the7-css/media.css?ver=fe248fad28d3 HTTP/1.1" 200 10062 "https://sweetb2bmassage.com/" "Mozilla/5.0 (Linux; Android 10; K) AppleWebKit/537.36 (KHTML, like Gecko) Chrome/141.0.0.0 Mobile Safari/537.36"
27.125.241.200 - - [07/Oct/2025:14:49:59 +0000] "GET /wp-content/uploads/the7-css/the7-elements-albums-portfolio.css?ver=fe248fad28d3 HTTP/1.1" 200 2663 "https://sweetb2bmassage.com/" "Mozilla/5.0 (Linux; Android 10; K) AppleWebKit/537.36 (KHTML, like Gecko) Chrome/141.0.0.0 Mobile Safari/537.36"
27.125.241.200 - - [07/Oct/2025:14:49:59 +0000] "GET /wp-content/uploads/the7-css/post-type-dynamic.css?ver=fe248fad28d3 HTTP/1.1" 200 1298 "https://sweetb2bmassage.com/" "Mozilla/5.0 (Linux; Android 10; K) AppleWebKit/537.36 (KHTML, like Gecko) Chrome/141.0.0.0 Mobile Safari/537.36"
27.125.241.200 - - [07/Oct/2025:14:49:59 +0000] "GET /wp-content/themes/dt-the7/style.css?ver=10.9.1 HTTP/1.1" 200 814 "https://sweetb2bmassage.com/" "Mozilla/5.0 (Linux; Android 10; K) AppleWebKit/537.36 (KHTML, like Gecko) Chrome/141.0.0.0 Mobile Safari/537.36"
27.125.241.200 - - [07/Oct/2025:14:49:59 +0000] "GET /wp-content/plugins/Ultimate_VC_Addons/assets/min-css/style.min.css?ver=3.19.11 HTTP/1.1" 200 2752 "https://sweetb2bmassage.com/" "Mozilla/5.0 (Linux; Android 10; K) AppleWebKit/537.36 (KHTML, like Gecko) Chrome/141.0.0.0 Mobile Safari/537.36"
27.125.241.200 - - [07/Oct/2025:14:49:59 +0000] "GET /wp-content/plugins/Ultimate_VC_Addons/assets/min-css/advanced-buttons.min.css?ver=3.19.11 HTTP/1.1" 200 3345 "https://sweetb2bmassage.com/" "Mozilla/5.0 (Linux; Android 10; K) AppleWebKit/537.36 (KHTML, like Gecko) Chrome/141.0.0.0 Mobile Safari/537.36"
27.125.241.200 - - [07/Oct/2025:14:49:59 +0000] "GET /wp-content/plugins/Ultimate_VC_Addons/assets/min-css/headings.min.css?ver=3.19.11 HTTP/1.1" 200 415 "https://sweetb2bmassage.com/" "Mozilla/5.0 (Linux; Android 10; K) AppleWebKit/537.36 (KHTML, like Gecko) Chrome/141.0.0.0 Mobile Safari/537.36"
27.125.241.200 - - [07/Oct/2025:14:49:59 +0000] "GET /wp-includes/js/jquery/jquery.min.js?ver=3.7.1 HTTP/1.1" 200 30368 "https://sweetb2bmassage.com/" "Mozilla/5.0 (Linux; Android 10; K) AppleWebKit/537.36 (KHTML, like Gecko) Chrome/141.0.0.0 Mobile Safari/537.36"
27.125.241.200 - - [07/Oct/2025:14:49:59 +0000] "GET /wp-includes/js/jquery/jquery-migrate.min.js?ver=3.4.1 HTTP/1.1" 200 4872 "https://sweetb2bmassage.com/" "Mozilla/5.0 (Linux; Android 10; K) AppleWebKit/537.36 (KHTML, like Gecko) Chrome/141.0.0.0 Mobile Safari/537.36"
27.125.241.200 - - [07/Oct/2025:14:49:59 +0000] "GET /wp-content/plugins/Ultimate_VC_Addons/assets/min-js/ultimate-params.min.js?ver=3.19.11 HTTP/1.1" 200 528 "https://sweetb2bmassage.com/" "Mozilla/5.0 (Linux; Android 10; K) AppleWebKit/537.36 (KHTML, like Gecko) Chrome/141.0.0.0 Mobile Safari/537.36"
27.125.241.200 - - [07/Oct/2025:14:49:59 +0000] "GET /wp-content/themes/dt-the7/js/above-the-fold.min.js?ver=10.9.1 HTTP/1.1" 200 4758 "https://sweetb2bmassage.com/" "Mozilla/5.0 (Linux; Android 10; K) AppleWebKit/537.36 (KHTML, like Gecko) Chrome/141.0.0.0 Mobile Safari/537.36"
27.125.241.200 - - [07/Oct/2025:14:49:59 +0000] "GET /wp-content/plugins/Ultimate_VC_Addons/assets/min-js/custom.min.js?ver=3.19.11 HTTP/1.1" 200 4750 "https://sweetb2bmassage.com/" "Mozilla/5.0 (Linux; Android 10; K) AppleWebKit/537.36 (KHTML, like Gecko) Chrome/141.0.0.0 Mobile Safari/537.36"
27.125.241.200 - - [07/Oct/2025:14:49:59 +0000] "GET /wp-content/plugins/Ultimate_VC_Addons/assets/min-js/headings.min.js?ver=3.19.11 HTTP/1.1" 200 848 "https://sweetb2bmassage.com/" "Mozilla/5.0 (Linux; Android 10; K) AppleWebKit/537.36 (KHTML, like Gecko) Chrome/141.0.0.0 Mobile Safari/537.36"
27.125.241.200 - - [07/Oct/2025:14:49:59 +0000] "GET /wp-content/plugins/revslider/public/assets/fonts/revicons/revicons.woff?5510888 HTTP/1.1" 200 7491 "https://sweetb2bmassage.com/" "Mozilla/5.0 (Linux; Android 10; K) AppleWebKit/537.36 (KHTML, like Gecko) Chrome/141.0.0.0 Mobile Safari/537.36"
27.125.241.200 - - [07/Oct/2025:14:49:59 +0000] "GET /wp-content/plugins/revslider/public/assets/assets/dummy.png HTTP/1.1" 200 68 "https://sweetb2bmassage.com/" "Mozilla/5.0 (Linux; Android 10; K) AppleWebKit/537.36 (KHTML, like Gecko) Chrome/141.0.0.0 Mobile Safari/537.36"
27.125.241.200 - - [07/Oct/2025:14:49:59 +0000] "GET /wp-content/plugins/Ultimate_VC_Addons/assets/min-css/background-style.min.css?ver=3.19.11 HTTP/1.1" 200 1786 "https://sweetb2bmassage.com/" "Mozilla/5.0 (Linux; Android 10; K) AppleWebKit/537.36 (KHTML, like Gecko) Chrome/141.0.0.0 Mobile Safari/537.36"
27.125.241.200 - - [07/Oct/2025:14:50:00 +0000] "GET /wp-content/plugins/creame-whatsapp-me/public/css/joinchat-btn.min.css?ver=6.0.8 HTTP/1.1" 200 2304 "https://sweetb2bmassage.com/" "Mozilla/5.0 (Linux; Android 10; K) AppleWebKit/537.36 (KHTML, like Gecko) Chrome/141.0.0.0 Mobile Safari/537.36"
27.125.241.200 - - [07/Oct/2025:14:50:00 +0000] "GET /wp-includes/js/dist/hooks.min.js?ver=4d63a3d491d11ffd8ac6 HTTP/1.1" 200 1648 "https://sweetb2bmassage.com/" "Mozilla/5.0 (Linux; Android 10; K) AppleWebKit/537.36 (KHTML, like Gecko) Chrome/141.0.0.0 Mobile Safari/537.36"
27.125.241.200 - - [07/Oct/2025:14:50:00 +0000] "GET /wp-content/plugins/revslider/public/assets/css/rs6.css?ver=6.5.19 HTTP/1.1" 200 12348 "https://sweetb2bmassage.com/" "Mozilla/5.0 (Linux; Android 10; K) AppleWebKit/537.36 (KHTML, like Gecko) Chrome/141.0.0.0 Mobile Safari/537.36"
27.125.241.200 - - [07/Oct/2025:14:50:00 +0000] "GET /wp-includes/js/dist/i18n.min.js?ver=5e580eb46a90c2b997e6 HTTP/1.1" 200 3667 "https://sweetb2bmassage.com/" "Mozilla/5.0 (Linux; Android 10; K) AppleWebKit/537.36 (KHTML, like Gecko) Chrome/141.0.0.0 Mobile Safari/537.36"
27.125.241.200 - - [07/Oct/2025:14:50:00 +0000] "GET /wp-content/plugins/contact-form-7/includes/swv/js/index.js?ver=6.1.1 HTTP/1.1" 200 3503 "https://sweetb2bmassage.com/" "Mozilla/5.0 (Linux; Android 10; K) AppleWebKit/537.36 (KHTML, like Gecko) Chrome/141.0.0.0 Mobile Safari/537.36"
27.125.241.200 - - [07/Oct/2025:14:50:00 +0000] "GET /wp-content/themes/dt-the7/js/main.min.js?ver=10.9.1 HTTP/1.1" 200 85004 "https://sweetb2bmassage.com/" "Mozilla/5.0 (Linux; Android 10; K) AppleWebKit/537.36 (KHTML, like Gecko) Chrome/141.0.0.0 Mobile Safari/537.36"
27.125.241.200 - - [07/Oct/2025:14:50:00 +0000] "GET /wp-content/themes/dt-the7/fonts/icomoon-the7-font/icomoon-the7-font.ttf?wi57p5 HTTP/1.1" 200 24309 "https://sweetb2bmassage.com/wp-content/themes/dt-the7/fonts/icomoon-the7-font/icomoon-the7-font.min.css?ver=10.9.1" "Mozilla/5.0 (Linux; Android 10; K) AppleWebKit/537.36 (KHTML, like Gecko) Chrome/141.0.0.0 Mobile Safari/537.36"
27.125.241.200 - - [07/Oct/2025:14:50:00 +0000] "GET /wp-content/themes/dt-the7/images/backgrounds/patterns/full/crisp_paper_ruffles.jpg HTTP/1.1" 200 25714 "https://sweetb2bmassage.com/wp-content/uploads/the7-css/custom.css?ver=fe248fad28d3" "Mozilla/5.0 (Linux; Android 10; K) AppleWebKit/537.36 (KHTML, like Gecko) Chrome/141.0.0.0 Mobile Safari/537.36"
27.125.241.200 - - [07/Oct/2025:14:50:00 +0000] "GET /wp-content/plugins/contact-form-7/includes/js/index.js?ver=6.1.1 HTTP/1.1" 200 4265 "https://sweetb2bmassage.com/" "Mozilla/5.0 (Linux; Android 10; K) AppleWebKit/537.36 (KHTML, like Gecko) Chrome/141.0.0.0 Mobile Safari/537.36"
27.125.241.200 - - [07/Oct/2025:14:50:00 +0000] "GET /wp-content/themes/dt-the7/js/legacy.min.js?ver=10.9.1 HTTP/1.1" 200 582 "https://sweetb2bmassage.com/" "Mozilla/5.0 (Linux; Android 10; K) AppleWebKit/537.36 (KHTML, like Gecko) Chrome/141.0.0.0 Mobile Safari/537.36"
27.125.241.200 - - [07/Oct/2025:14:50:00 +0000] "GET /wp-content/themes/dt-the7/lib/jquery-mousewheel/jquery-mousewheel.min.js?ver=10.9.1 HTTP/1.1" 200 1184 "https://sweetb2bmassage.com/" "Mozilla/5.0 (Linux; Android 10; K) AppleWebKit/537.36 (KHTML, like Gecko) Chrome/141.0.0.0 Mobile Safari/537.36"
27.125.241.200 - - [07/Oct/2025:14:50:00 +0000] "GET /wp-content/themes/dt-the7/lib/custom-scrollbar/custom-scrollbar.min.js?ver=10.9.1 HTTP/1.1" 200 11972 "https://sweetb2bmassage.com/" "Mozilla/5.0 (Linux; Android 10; K) AppleWebKit/537.36 (KHTML, like Gecko) Chrome/141.0.0.0 Mobile Safari/537.36"
27.125.241.200 - - [07/Oct/2025:14:50:00 +0000] "GET /wp-content/plugins/dt-the7-core/assets/js/post-type.min.js?ver=2.6.0 HTTP/1.1" 200 5072 "https://sweetb2bmassage.com/" "Mozilla/5.0 (Linux; Android 10; K) AppleWebKit/537.36 (KHTML, like Gecko) Chrome/141.0.0.0 Mobile Safari/537.36"
27.125.241.200 - - [07/Oct/2025:14:50:00 +0000] "GET /wp-content/plugins/js_composer/assets/js/dist/js_composer_front.min.js?ver=8.6.1 HTTP/1.1" 200 5223 "https://sweetb2bmassage.com/" "Mozilla/5.0 (Linux; Android 10; K) AppleWebKit/537.36 (KHTML, like Gecko) Chrome/141.0.0.0 Mobile Safari/537.36"
27.125.241.200 - - [07/Oct/2025:14:50:00 +0000] "GET /wp-content/plugins/Ultimate_VC_Addons/assets/min-js/jquery-appear.min.js?ver=3.19.11 HTTP/1.1" 200 628 "https://sweetb2bmassage.com/" "Mozilla/5.0 (Linux; Android 10; K) AppleWebKit/537.36 (KHTML, like Gecko) Chrome/141.0.0.0 Mobile Safari/537.36"
27.125.241.200 - - [07/Oct/2025:14:50:00 +0000] "GET /wp-content/plugins/Ultimate_VC_Addons/assets/min-js/ultimate_bg.min.js?ver=3.19.11 HTTP/1.1" 200 9446 "https://sweetb2bmassage.com/" "Mozilla/5.0 (Linux; Android 10; K) AppleWebKit/537.36 (KHTML, like Gecko) Chrome/141.0.0.0 Mobile Safari/537.36"
27.125.241.200 - - [07/Oct/2025:14:50:01 +0000] "GET /wp-content/plugins/creame-whatsapp-me/public/js/joinchat.min.js?ver=6.0.8 HTTP/1.1" 200 3372 "https://sweetb2bmassage.com/" "Mozilla/5.0 (Linux; Android 10; K) AppleWebKit/537.36 (KHTML, like Gecko) Chrome/141.0.0.0 Mobile Safari/537.36"
27.125.241.200 - - [07/Oct/2025:14:50:01 +0000] "GET /wp-content/plugins/google-analytics-for-wordpress/assets/js/frontend-gtag.min.js?ver=9.8.0 HTTP/1.1" 200 3277 "https://sweetb2bmassage.com/" "Mozilla/5.0 (Linux; Android 10; K) AppleWebKit/537.36 (KHTML, like Gecko) Chrome/141.0.0.0 Mobile Safari/537.36"
27.125.241.200 - - [07/Oct/2025:14:50:01 +0000] "GET /wp-content/plugins/revslider/public/assets/js/rbtools.min.js?ver=6.5.18 HTTP/1.1" 200 48780 "https://sweetb2bmassage.com/" "Mozilla/5.0 (Linux; Android 10; K) AppleWebKit/537.36 (KHTML, like Gecko) Chrome/141.0.0.0 Mobile Safari/537.36"
27.125.241.200 - - [07/Oct/2025:14:50:01 +0000] "GET /wp-content/plugins/revslider/public/assets/js/rs6.min.js?ver=6.5.19 HTTP/1.1" 200 100818 "https://sweetb2bmassage.com/" "Mozilla/5.0 (Linux; Android 10; K) AppleWebKit/537.36 (KHTML, like Gecko) Chrome/141.0.0.0 Mobile Safari/537.36"
27.125.241.200 - - [07/Oct/2025:14:50:01 +0000] "GET /wp-includes/js/wp-emoji-release.min.js?ver=6.8.3 HTTP/1.1" 200 5163 "https://sweetb2bmassage.com/" "Mozilla/5.0 (Linux; Android 10; K) AppleWebKit/537.36 (KHTML, like Gecko) Chrome/141.0.0.0 Mobile Safari/537.36"
27.125.241.200 - - [07/Oct/2025:14:50:01 +0000] "GET /wp-content/uploads/2022/08/sweet-b2b-massage-Slide-01-200x200.jpg HTTP/1.1" 200 14924 "https://sweetb2bmassage.com/" "Mozilla/5.0 (Linux; Android 10; K) AppleWebKit/537.36 (KHTML, like Gecko) Chrome/141.0.0.0 Mobile Safari/537.36"
27.125.241.200 - - [07/Oct/2025:14:50:01 +0000] "GET /wp-content/uploads/2022/08/sweet-b2b-massage-Slide-02-200x200.jpg HTTP/1.1" 200 21587 "https://sweetb2bmassage.com/" "Mozilla/5.0 (Linux; Android 10; K) AppleWebKit/537.36 (KHTML, like Gecko) Chrome/141.0.0.0 Mobile Safari/537.36"
27.125.241.200 - - [07/Oct/2025:14:50:01 +0000] "GET /wp-content/uploads/2022/08/sweet-b2b-massage-Slide-01.jpg HTTP/1.1" 200 83382 "https://sweetb2bmassage.com/" "Mozilla/5.0 (Linux; Android 10; K) AppleWebKit/537.36 (KHTML, like Gecko) Chrome/141.0.0.0 Mobile Safari/537.36"
27.125.241.200 - - [07/Oct/2025:14:50:02 +0000] "GET /wp-content/uploads/2022/08/sweet-b2b-massage-Slide-02.jpg HTTP/1.1" 200 184256 "https://sweetb2bmassage.com/" "Mozilla/5.0 (Linux; Android 10; K) AppleWebKit/537.36 (KHTML, like Gecko) Chrome/141.0.0.0 Mobile Safari/537.36"
27.125.241.200 - - [07/Oct/2025:14:50:01 +0000] "GET /favicon.ico HTTP/1.1" 302 - "https://sweetb2bmassage.com/" "Mozilla/5.0 (Linux; Android 10; K) AppleWebKit/537.36 (KHTML, like Gecko) Chrome/141.0.0.0 Mobile Safari/537.36"
27.125.241.200 - - [07/Oct/2025:14:50:03 +0000] "GET /wp-includes/images/w-logo-blue-white-bg.png HTTP/1.1" 200 4119 "https://sweetb2bmassage.com/" "Mozilla/5.0 (Linux; Android 10; K) AppleWebKit/537.36 (KHTML, like Gecko) Chrome/141.0.0.0 Mobile Safari/537.36"
27.125.241.200 - - [07/Oct/2025:14:50:06 +0000] "GET /wp-content/uploads/2022/08/C-93-1004x1369.jpg HTTP/1.1" 200 306361 "https://sweetb2bmassage.com/" "Mozilla/5.0 (Linux; Android 10; K) AppleWebKit/537.36 (KHTML, like Gecko) Chrome/141.0.0.0 Mobile Safari/537.36"
27.125.241.200 - - [07/Oct/2025:14:50:08 +0000] "GET /wp-content/uploads/2022/08/V-72-Vietnam.jpg HTTP/1.1" 200 185299 "https://sweetb2bmassage.com/" "Mozilla/5.0 (Linux; Android 10; K) AppleWebKit/537.36 (KHTML, like Gecko) Chrome/141.0.0.0 Mobile Safari/537.36"
27.125.241.200 - - [07/Oct/2025:14:50:07 +0000] "GET / HTTP/1.1" 200 23584 "https://sweetb2bmassage.com/" "Mozilla/5.0 (Linux; Android 10; K) AppleWebKit/537.36 (KHTML, like Gecko) Chrome/141.0.0.0 Mobile Safari/537.36"
27.125.241.200 - - [07/Oct/2025:14:50:14 +0000] "GET /wp-content/uploads/2022/08/T-88-Thailand.jpg HTTP/1.1" 200 193137 "https://sweetb2bmassage.com/" "Mozilla/5.0 (Linux; Android 10; K) AppleWebKit/537.36 (KHTML, like Gecko) Chrome/141.0.0.0 Mobile Safari/537.36"
27.125.241.200 - - [07/Oct/2025:14:50:17 +0000] "GET /wp-content/uploads/2022/08/M-91-Malay.jpg HTTP/1.1" 200 163696 "https://sweetb2bmassage.com/" "Mozilla/5.0 (Linux; Android 10; K) AppleWebKit/537.36 (KHTML, like Gecko) Chrome/141.0.0.0 Mobile Safari/537.36"
27.125.241.200 - - [07/Oct/2025:14:50:20 +0000] "GET /wp-content/uploads/2022/08/M-92-Malay-1004x1369.jpg HTTP/1.1" 200 210117 "https://sweetb2bmassage.com/" "Mozilla/5.0 (Linux; Android 10; K) AppleWebKit/537.36 (KHTML, like Gecko) Chrome/141.0.0.0 Mobile Safari/537.36"
27.125.241.200 - - [07/Oct/2025:14:50:24 +0000] "GET /wp-content/uploads/2022/08/T-87-Thailand.jpg HTTP/1.1" 200 147299 "https://sweetb2bmassage.com/" "Mozilla/5.0 (Linux; Android 10; K) AppleWebKit/537.36 (KHTML, like Gecko) Chrome/141.0.0.0 Mobile Safari/537.36"
27.125.241.200 - - [07/Oct/2025:14:50:25 +0000] "GET /wp-content/uploads/2022/08/V-71-Vietnam.jpg HTTP/1.1" 200 201608 "https://sweetb2bmassage.com/" "Mozilla/5.0 (Linux; Android 10; K) AppleWebKit/537.36 (KHTML, like Gecko) Chrome/141.0.0.0 Mobile Safari/537.36"
27.125.241.200 - - [07/Oct/2025:14:50:27 +0000] "GET /wp-content/uploads/2022/08/M-99-Malay.jpg HTTP/1.1" 200 191249 "https://sweetb2bmassage.com/" "Mozilla/5.0 (Linux; Android 10; K) AppleWebKit/537.36 (KHTML, like Gecko) Chrome/141.0.0.0 Mobile Safari/537.36"
203.161.56.247 - - [07/Oct/2025:14:50:49 +0000] "POST /wp-cron.php?doing_wp_cron=1759848649.5727689266204833984375 HTTP/1.1" 200 - "-" "WordPress/6.8.3; https://sweetb2bmassage.com"
27.125.241.200 - - [07/Oct/2025:14:50:48 +0000] "GET / HTTP/1.1" 200 23606 "https://sweetb2bmassage.com/" "Mozilla/5.0 (Linux; Android 10; K) AppleWebKit/537.36 (KHTML, like Gecko) Chrome/141.0.0.0 Mobile Safari/537.36"
27.125.241.200 - - [07/Oct/2025:14:50:53 +0000] "GET /wp-content/uploads/2022/08/T-89-Thailand-1004x1369.jpg HTTP/1.1" 200 208469 "https://sweetb2bmassage.com/" "Mozilla/5.0 (Linux; Android 10; K) AppleWebKit/537.36 (KHTML, like Gecko) Chrome/141.0.0.0 Mobile Safari/537.36"
27.125.241.200 - - [07/Oct/2025:14:50:53 +0000] "GET /wp-content/uploads/2022/08/V-73-Vietnam.jpg HTTP/1.1" 200 136845 "https://sweetb2bmassage.com/" "Mozilla/5.0 (Linux; Android 10; K) AppleWebKit/537.36 (KHTML, like Gecko) Chrome/141.0.0.0 Mobile Safari/537.36"
27.125.241.200 - - [07/Oct/2025:14:50:53 +0000] "GET /wp-content/uploads/2022/08/M-93-Malay.jpg HTTP/1.1" 200 185737 "https://sweetb2bmassage.com/" "Mozilla/5.0 (Linux; Android 10; K) AppleWebKit/537.36 (KHTML, like Gecko) Chrome/141.0.0.0 Mobile Safari/537.36"
27.125.241.200 - - [07/Oct/2025:14:50:54 +0000] "GET /wp-content/uploads/2022/08/M-98-Malay.jpg HTTP/1.1" 200 203309 "https://sweetb2bmassage.com/" "Mozilla/5.0 (Linux; Android 10; K) AppleWebKit/537.36 (KHTML, like Gecko) Chrome/141.0.0.0 Mobile Safari/537.36"
27.125.241.200 - - [07/Oct/2025:14:50:53 +0000] "GET /wp-content/uploads/2022/08/M-97-Malay-1004x1369.jpg HTTP/1.1" 200 195526 "https://sweetb2bmassage.com/" "Mozilla/5.0 (Linux; Android 10; K) AppleWebKit/537.36 (KHTML, like Gecko) Chrome/141.0.0.0 Mobile Safari/537.36"
27.125.241.200 - - [07/Oct/2025:14:50:54 +0000] "GET /wp-content/uploads/2022/08/V-78-Vietnam.jpg HTTP/1.1" 200 191150 "https://sweetb2bmassage.com/" "Mozilla/5.0 (Linux; Android 10; K) AppleWebKit/537.36 (KHTML, like Gecko) Chrome/141.0.0.0 Mobile Safari/537.36"
27.125.241.200 - - [07/Oct/2025:14:50:53 +0000] "GET /wp-content/uploads/2022/08/V-77-Vietnam.jpg HTTP/1.1" 200 224701 "https://sweetb2bmassage.com/" "Mozilla/5.0 (Linux; Android 10; K) AppleWebKit/537.36 (KHTML, like Gecko) Chrome/141.0.0.0 Mobile Safari/537.36"
27.125.241.200 - - [07/Oct/2025:14:50:54 +0000] "GET /wp-content/uploads/2022/08/V-79-Vietnam.jpg HTTP/1.1" 200 260833 "https://sweetb2bmassage.com/" "Mozilla/5.0 (Linux; Android 10; K) AppleWebKit/537.36 (KHTML, like Gecko) Chrome/141.0.0.0 Mobile Safari/537.36"
27.125.241.200 - - [07/Oct/2025:14:50:54 +0000] "GET /wp-content/uploads/2022/08/01-594x396.jpg HTTP/1.1" 200 60126 "https://sweetb2bmassage.com/" "Mozilla/5.0 (Linux; Android 10; K) AppleWebKit/537.36 (KHTML, like Gecko) Chrome/141.0.0.0 Mobile Safari/537.36"
27.125.241.200 - - [07/Oct/2025:14:50:54 +0000] "GET /wp-content/uploads/2022/08/02-594x396.jpg HTTP/1.1" 200 62050 "https://sweetb2bmassage.com/" "Mozilla/5.0 (Linux; Android 10; K) AppleWebKit/537.36 (KHTML, like Gecko) Chrome/141.0.0.0 Mobile Safari/537.36"
27.125.241.200 - - [07/Oct/2025:14:50:58 +0000] "GET /wp-content/uploads/2022/08/02.jpg HTTP/1.1" 200 73037 "https://sweetb2bmassage.com/" "Mozilla/5.0 (Linux; Android 10; K) AppleWebKit/537.36 (KHTML, like Gecko) Chrome/141.0.0.0 Mobile Safari/537.36"
203.161.56.247 - - [07/Oct/2025:14:51:28 +0000] "POST /wp-cron.php?doing_wp_cron=1759848688.9617619514465332031250 HTTP/1.1" 200 - "-" "WordPress/6.8.3; https://sweetb2bmassage.com"
27.125.241.200 - - [07/Oct/2025:14:51:27 +0000] "GET /m99/ HTTP/1.1" 200 15969 "https://sweetb2bmassage.com/" "Mozilla/5.0 (Linux; Android 10; K) AppleWebKit/537.36 (KHTML, like Gecko) Chrome/141.0.0.0 Mobile Safari/537.36"
27.125.241.200 - - [07/Oct/2025:14:51:31 +0000] "GET /wp-content/uploads/2022/08/M-98-Malay-220x160.jpg HTTP/1.1" 200 20542 "https://sweetb2bmassage.com/m99/" "Mozilla/5.0 (Linux; Android 10; K) AppleWebKit/537.36 (KHTML, like Gecko) Chrome/141.0.0.0 Mobile Safari/537.36"
