120.140.8.14 - - [08/Oct/2025:03:49:35 +0000] "GET /wp-content/uploads/2022/04/C87.jpg HTTP/1.1" 200 98135 "https://massageb2bkl.com/massage_b2b_kl/category/petaling-jaya/" "Mozilla/5.0 (Linux; Android 10; K) AppleWebKit/537.36 (KHTML, like Gecko) Chrome/140.0.0.0 Mobile Safari/537.36"
120.140.8.14 - - [08/Oct/2025:03:49:35 +0000] "GET /wp-content/uploads/2022/04/C82.jpg HTTP/1.1" 200 116941 "https://massageb2bkl.com/massage_b2b_kl/category/petaling-jaya/" "Mozilla/5.0 (Linux; Android 10; K) AppleWebKit/537.36 (KHTML, like Gecko) Chrome/140.0.0.0 Mobile Safari/537.36"
120.140.8.14 - - [08/Oct/2025:03:49:35 +0000] "GET /wp-content/uploads/2022/04/V79.jpg HTTP/1.1" 200 146043 "https://massageb2bkl.com/massage_b2b_kl/category/petaling-jaya/" "Mozilla/5.0 (Linux; Android 10; K) AppleWebKit/537.36 (KHTML, like Gecko) Chrome/140.0.0.0 Mobile Safari/537.36"
120.140.8.14 - - [08/Oct/2025:03:49:36 +0000] "GET /wp-content/uploads/2022/04/V77.jpg HTTP/1.1" 200 114457 "https://massageb2bkl.com/massage_b2b_kl/category/petaling-jaya/" "Mozilla/5.0 (Linux; Android 10; K) AppleWebKit/537.36 (KHTML, like Gecko) Chrome/140.0.0.0 Mobile Safari/537.36"
120.140.8.14 - - [08/Oct/2025:03:49:35 +0000] "GET /wp-content/uploads/2022/04/C88.jpg HTTP/1.1" 200 108430 "https://massageb2bkl.com/massage_b2b_kl/category/petaling-jaya/" "Mozilla/5.0 (Linux; Android 10; K) AppleWebKit/537.36 (KHTML, like Gecko) Chrome/140.0.0.0 Mobile Safari/537.36"
120.140.8.14 - - [08/Oct/2025:03:49:30 +0000] "GET /wp-content/uploads/2022/08/M79.jpg HTTP/1.1" 200 148079 "https://massageb2bkl.com/massage_b2b_kl/category/petaling-jaya/" "Mozilla/5.0 (Linux; Android 10; K) AppleWebKit/537.36 (KHTML, like Gecko) Chrome/140.0.0.0 Mobile Safari/537.36"
120.140.8.14 - - [08/Oct/2025:03:49:39 +0000] "GET /wp-content/uploads/2022/04/V72.jpg HTTP/1.1" 200 100188 "https://massageb2bkl.com/massage_b2b_kl/category/petaling-jaya/" "Mozilla/5.0 (Linux; Android 10; K) AppleWebKit/537.36 (KHTML, like Gecko) Chrome/140.0.0.0 Mobile Safari/537.36"
120.140.8.14 - - [08/Oct/2025:03:49:39 +0000] "GET /wp-content/uploads/2022/04/V71.jpg HTTP/1.1" 200 104597 "https://massageb2bkl.com/massage_b2b_kl/category/petaling-jaya/" "Mozilla/5.0 (Linux; Android 10; K) AppleWebKit/537.36 (KHTML, like Gecko) Chrome/140.0.0.0 Mobile Safari/537.36"
120.140.8.14 - - [08/Oct/2025:03:49:34 +0000] "GET /wp-content/uploads/2022/08/I97.jpg HTTP/1.1" 200 179868 "https://massageb2bkl.com/massage_b2b_kl/category/petaling-jaya/" "Mozilla/5.0 (Linux; Android 10; K) AppleWebKit/537.36 (KHTML, like Gecko) Chrome/140.0.0.0 Mobile Safari/537.36"
120.140.8.14 - - [08/Oct/2025:03:49:40 +0000] "GET /wp-content/uploads/2022/04/VN-18.jpg HTTP/1.1" 200 123263 "https://massageb2bkl.com/massage_b2b_kl/category/petaling-jaya/" "Mozilla/5.0 (Linux; Android 10; K) AppleWebKit/537.36 (KHTML, like Gecko) Chrome/140.0.0.0 Mobile Safari/537.36"
120.140.8.14 - - [08/Oct/2025:03:49:40 +0000] "GET /wp-content/fonts/rajdhani/LDIxapCSOBg7S-QT7p4HM-Y.woff2 HTTP/1.1" 200 14999 "https://massageb2bkl.com/wp-content/fonts/fba27af34cf8ae03e9e01f2d955da85f.css" "Mozilla/5.0 (Linux; Android 10; K) AppleWebKit/537.36 (KHTML, like Gecko) Chrome/140.0.0.0 Mobile Safari/537.36"
120.140.8.14 - - [08/Oct/2025:03:49:39 +0000] "GET /massage_b2b_kl/vn-11/ HTTP/1.1" 200 16496 "https://massageb2bkl.com/massage_b2b_kl/category/petaling-jaya/" "Mozilla/5.0 (Linux; Android 10; K) AppleWebKit/537.36 (KHTML, like Gecko) Chrome/140.0.0.0 Mobile Safari/537.36"
120.140.8.14 - - [08/Oct/2025:03:49:40 +0000] "GET /wp-content/fonts/rajdhani/LDI2apCSOBg7S-QT7pa8FvOreec.woff2 HTTP/1.1" 200 15711 "https://massageb2bkl.com/wp-content/fonts/fba27af34cf8ae03e9e01f2d955da85f.css" "Mozilla/5.0 (Linux; Android 10; K) AppleWebKit/537.36 (KHTML, like Gecko) Chrome/140.0.0.0 Mobile Safari/537.36"
120.140.8.14 - - [08/Oct/2025:03:49:40 +0000] "GET /wp-content/fonts/rajdhani/LDI2apCSOBg7S-QT7pb0EPOreec.woff2 HTTP/1.1" 200 15107 "https://massageb2bkl.com/wp-content/fonts/fba27af34cf8ae03e9e01f2d955da85f.css" "Mozilla/5.0 (Linux; Android 10; K) AppleWebKit/537.36 (KHTML, like Gecko) Chrome/140.0.0.0 Mobile Safari/537.36"
120.140.8.14 - - [08/Oct/2025:03:49:41 +0000] "GET /wp-content/uploads/2022/04/cropped-iconfinder_kl-elegant-massage-180x180.png HTTP/1.1" 200 38136 "https://massageb2bkl.com/massage_b2b_kl/category/petaling-jaya/" "Mozilla/5.0 (Linux; Android 10; K) AppleWebKit/537.36 (KHTML, like Gecko) Chrome/140.0.0.0 Mobile Safari/537.36"
120.140.8.14 - - [08/Oct/2025:03:49:41 +0000] "GET /wp-content/uploads/2022/04/cropped-iconfinder_kl-elegant-massage-192x192.png HTTP/1.1" 200 42380 "https://massageb2bkl.com/massage_b2b_kl/category/petaling-jaya/" "Mozilla/5.0 (Linux; Android 10; K) AppleWebKit/537.36 (KHTML, like Gecko) Chrome/140.0.0.0 Mobile Safari/537.36"
120.140.8.14 - - [08/Oct/2025:03:49:40 +0000] "GET /massage_b2b_kl/t-78/ HTTP/1.1" 200 16492 "https://massageb2bkl.com/massage_b2b_kl/category/petaling-jaya/" "Mozilla/5.0 (Linux; Android 10; K) AppleWebKit/537.36 (KHTML, like Gecko) Chrome/140.0.0.0 Mobile Safari/537.36"
120.140.8.14 - - [08/Oct/2025:03:49:41 +0000] "GET /massage_b2b_kl/m-77/ HTTP/1.1" 200 16487 "https://massageb2bkl.com/massage_b2b_kl/category/petaling-jaya/" "Mozilla/5.0 (Linux; Android 10; K) AppleWebKit/537.36 (KHTML, like Gecko) Chrome/140.0.0.0 Mobile Safari/537.36"
120.140.8.14 - - [08/Oct/2025:03:49:42 +0000] "GET /massage_b2b_kl/m-79/ HTTP/1.1" 200 16479 "https://massageb2bkl.com/massage_b2b_kl/category/petaling-jaya/" "Mozilla/5.0 (Linux; Android 10; K) AppleWebKit/537.36 (KHTML, like Gecko) Chrome/140.0.0.0 Mobile Safari/537.36"
120.140.8.14 - - [08/Oct/2025:03:49:43 +0000] "GET /massage_b2b_kl/m-73/ HTTP/1.1" 200 16478 "https://massageb2bkl.com/massage_b2b_kl/category/petaling-jaya/" "Mozilla/5.0 (Linux; Android 10; K) AppleWebKit/537.36 (KHTML, like Gecko) Chrome/140.0.0.0 Mobile Safari/537.36"
120.140.8.14 - - [08/Oct/2025:03:49:46 +0000] "GET /massage_b2b_kl/vn-18/ HTTP/1.1" 200 16273 "https://massageb2bkl.com/massage_b2b_kl/category/petaling-jaya/" "Mozilla/5.0 (Linux; Android 10; K) AppleWebKit/537.36 (KHTML, like Gecko) Chrome/140.0.0.0 Mobile Safari/537.36"
120.140.8.14 - - [08/Oct/2025:03:49:47 +0000] "GET /massage_b2b_kl/v71/ HTTP/1.1" 200 16259 "https://massageb2bkl.com/massage_b2b_kl/category/petaling-jaya/" "Mozilla/5.0 (Linux; Android 10; K) AppleWebKit/537.36 (KHTML, like Gecko) Chrome/140.0.0.0 Mobile Safari/537.36"
120.140.8.14 - - [08/Oct/2025:03:49:48 +0000] "GET /massage_b2b_kl/v72/ HTTP/1.1" 200 16256 "https://massageb2bkl.com/massage_b2b_kl/category/petaling-jaya/" "Mozilla/5.0 (Linux; Android 10; K) AppleWebKit/537.36 (KHTML, like Gecko) Chrome/140.0.0.0 Mobile Safari/537.36"
120.140.8.14 - - [08/Oct/2025:03:49:49 +0000] "GET /massage_b2b_kl/v77/ HTTP/1.1" 200 16254 "https://massageb2bkl.com/massage_b2b_kl/category/petaling-jaya/" "Mozilla/5.0 (Linux; Android 10; K) AppleWebKit/537.36 (KHTML, like Gecko) Chrome/140.0.0.0 Mobile Safari/537.36"
120.140.8.14 - - [08/Oct/2025:03:49:52 +0000] "GET /massage_b2b_kl/v79/ HTTP/1.1" 200 16263 "https://massageb2bkl.com/massage_b2b_kl/category/petaling-jaya/" "Mozilla/5.0 (Linux; Android 10; K) AppleWebKit/537.36 (KHTML, like Gecko) Chrome/140.0.0.0 Mobile Safari/537.36"
120.140.8.14 - - [08/Oct/2025:03:49:53 +0000] "GET /massage_b2b_kl/c82/ HTTP/1.1" 200 16254 "https://massageb2bkl.com/massage_b2b_kl/category/petaling-jaya/" "Mozilla/5.0 (Linux; Android 10; K) AppleWebKit/537.36 (KHTML, like Gecko) Chrome/140.0.0.0 Mobile Safari/537.36"
203.161.56.247 - - [08/Oct/2025:03:49:56 +0000] "POST /wp-cron.php?doing_wp_cron=1759895396.4042201042175292968750 HTTP/1.1" 200 - "-" "WordPress/6.8.3; https://massageb2bkl.com"
120.140.8.14 - - [08/Oct/2025:03:49:55 +0000] "GET /massage_b2b_kl/c87/ HTTP/1.1" 200 16253 "https://massageb2bkl.com/massage_b2b_kl/category/petaling-jaya/" "Mozilla/5.0 (Linux; Android 10; K) AppleWebKit/537.36 (KHTML, like Gecko) Chrome/140.0.0.0 Mobile Safari/537.36"
120.140.8.14 - - [08/Oct/2025:03:49:57 +0000] "GET /massage_b2b_kl/c88/ HTTP/1.1" 200 16253 "https://massageb2bkl.com/massage_b2b_kl/category/petaling-jaya/" "Mozilla/5.0 (Linux; Android 10; K) AppleWebKit/537.36 (KHTML, like Gecko) Chrome/140.0.0.0 Mobile Safari/537.36"
120.140.8.14 - - [08/Oct/2025:03:49:59 +0000] "GET /massage_b2b_kl/t71/ HTTP/1.1" 200 16468 "https://massageb2bkl.com/massage_b2b_kl/category/petaling-jaya/" "Mozilla/5.0 (Linux; Android 10; K) AppleWebKit/537.36 (KHTML, like Gecko) Chrome/140.0.0.0 Mobile Safari/537.36"
120.140.8.14 - - [08/Oct/2025:03:50:02 +0000] "GET /massage_b2b_kl/t-77/ HTTP/1.1" 200 16478 "https://massageb2bkl.com/massage_b2b_kl/category/petaling-jaya/" "Mozilla/5.0 (Linux; Android 10; K) AppleWebKit/537.36 (KHTML, like Gecko) Chrome/140.0.0.0 Mobile Safari/537.36"
120.140.8.14 - - [08/Oct/2025:03:50:29 +0000] "GET /massage_b2b_kl/m-70/ HTTP/1.1" 200 16510 "https://massageb2bkl.com/massage_b2b_kl/category/petaling-jaya/" "Mozilla/5.0 (Linux; Android 10; K) AppleWebKit/537.36 (KHTML, like Gecko) Chrome/140.0.0.0 Mobile Safari/537.36"
120.140.8.14 - - [08/Oct/2025:03:50:34 +0000] "GET /massage_b2b_kl/v77/ HTTP/1.1" 200 16255 "https://massageb2bkl.com/massage_b2b_kl/category/petaling-jaya/" "Mozilla/5.0 (Linux; Android 10; K) AppleWebKit/537.36 (KHTML, like Gecko) Chrome/140.0.0.0 Mobile Safari/537.36"
120.140.8.14 - - [08/Oct/2025:03:50:39 +0000] "GET /massage_b2b_kl/vn-18/ HTTP/1.1" 200 16272 "https://massageb2bkl.com/massage_b2b_kl/category/petaling-jaya/" "Mozilla/5.0 (Linux; Android 10; K) AppleWebKit/537.36 (KHTML, like Gecko) Chrome/140.0.0.0 Mobile Safari/537.36"
120.140.8.14 - - [08/Oct/2025:03:50:41 +0000] "GET /wp-includes/js/comment-reply.min.js?ver=6.8.3 HTTP/1.1" 200 1375 "https://massageb2bkl.com/massage_b2b_kl/vn-18/" "Mozilla/5.0 (Linux; Android 10; K) AppleWebKit/537.36 (KHTML, like Gecko) Chrome/140.0.0.0 Mobile Safari/537.36"
120.140.8.14 - - [08/Oct/2025:03:50:41 +0000] "GET /massage_b2b_kl/vn-18/ HTTP/1.1" 200 16272 "https://massageb2bkl.com/massage_b2b_kl/category/petaling-jaya/" "Mozilla/5.0 (Linux; Android 10; K) AppleWebKit/537.36 (KHTML, like Gecko) Chrome/140.0.0.0 Mobile Safari/537.36"
18.97.9.170 - - [08/Oct/2025:03:50:54 +0000] "GET /massage_b2b_kl/category/klcc/ HTTP/1.1" 200 17390 "-" "CCBot/2.0 (https://commoncrawl.org/faq/)"
203.161.56.247 - - [08/Oct/2025:03:52:12 +0000] "POST /wp-cron.php?doing_wp_cron=1759895532.0647299289703369140625 HTTP/1.1" 200 - "-" "WordPress/6.8.3; https://massageb2bkl.com"
161.142.150.177 - - [08/Oct/2025:03:52:10 +0000] "GET /massage_b2b_kl/category/mont-kiara/ HTTP/1.1" 200 17400 "https://www.google.com/" "Mozilla/5.0 (iPhone; CPU iPhone OS 18_6 like Mac OS X) AppleWebKit/605.1.15 (KHTML, like Gecko) Version/26.0 Mobile/15E148 Safari/604.1"
161.142.150.177 - - [08/Oct/2025:03:52:12 +0000] "GET /wp-content/themes/photomania/third-party/sidr/css/jquery.sidr.dark.min.css?ver=2.2.1 HTTP/1.1" 200 1305 "https://massageb2bkl.com/massage_b2b_kl/category/mont-kiara/" "Mozilla/5.0 (iPhone; CPU iPhone OS 18_6 like Mac OS X) AppleWebKit/605.1.15 (KHTML, like Gecko) Version/26.0 Mobile/15E148 Safari/604.1"
161.142.150.177 - - [08/Oct/2025:03:52:12 +0000] "GET /wp-content/themes/photomania/third-party/magnific-popup/css/magnific-popup.min.css?ver=1.1.0 HTTP/1.1" 200 1586 "https://massageb2bkl.com/massage_b2b_kl/category/mont-kiara/" "Mozilla/5.0 (iPhone; CPU iPhone OS 18_6 like Mac OS X) AppleWebKit/605.1.15 (KHTML, like Gecko) Version/26.0 Mobile/15E148 Safari/604.1"
161.142.150.177 - - [08/Oct/2025:03:52:12 +0000] "GET /wp-content/plugins/click-to-chat-for-whatsapp/new/inc/assets/css/main.css?ver=4.28 HTTP/1.1" 200 736 "https://massageb2bkl.com/massage_b2b_kl/category/mont-kiara/" "Mozilla/5.0 (iPhone; CPU iPhone OS 18_6 like Mac OS X) AppleWebKit/605.1.15 (KHTML, like Gecko) Version/26.0 Mobile/15E148 Safari/604.1"
161.142.150.177 - - [08/Oct/2025:03:52:12 +0000] "GET /wp-content/fonts/fba27af34cf8ae03e9e01f2d955da85f.css HTTP/1.1" 200 686 "https://massageb2bkl.com/massage_b2b_kl/category/mont-kiara/" "Mozilla/5.0 (iPhone; CPU iPhone OS 18_6 like Mac OS X) AppleWebKit/605.1.15 (KHTML, like Gecko) Version/26.0 Mobile/15E148 Safari/604.1"
161.142.150.177 - - [08/Oct/2025:03:52:12 +0000] "GET /wp-content/plugins/wp-call-button/assets/block/build/index.css?ver=085f82fba130fc4cf3057de5e2dcc820 HTTP/1.1" 200 334 "https://massageb2bkl.com/massage_b2b_kl/category/mont-kiara/" "Mozilla/5.0 (iPhone; CPU iPhone OS 18_6 like Mac OS X) AppleWebKit/605.1.15 (KHTML, like Gecko) Version/26.0 Mobile/15E148 Safari/604.1"
161.142.150.177 - - [08/Oct/2025:03:52:12 +0000] "GET /wp-content/themes/photomania/third-party/font-awesome/css/all.min.css?ver=6.7.2 HTTP/1.1" 200 21501 "https://massageb2bkl.com/massage_b2b_kl/category/mont-kiara/" "Mozilla/5.0 (iPhone; CPU iPhone OS 18_6 like Mac OS X) AppleWebKit/605.1.15 (KHTML, like Gecko) Version/26.0 Mobile/15E148 Safari/604.1"
161.142.150.177 - - [08/Oct/2025:03:52:12 +0000] "GET /wp-includes/css/dist/block-library/style.min.css?ver=6.8.3 HTTP/1.1" 200 15315 "https://massageb2bkl.com/massage_b2b_kl/category/mont-kiara/" "Mozilla/5.0 (iPhone; CPU iPhone OS 18_6 like Mac OS X) AppleWebKit/605.1.15 (KHTML, like Gecko) Version/26.0 Mobile/15E148 Safari/604.1"
161.142.150.177 - - [08/Oct/2025:03:52:12 +0000] "GET /wp-content/themes/photomania/style.css?ver=20250702-173701 HTTP/1.1" 200 18906 "https://massageb2bkl.com/massage_b2b_kl/category/mont-kiara/" "Mozilla/5.0 (iPhone; CPU iPhone OS 18_6 like Mac OS X) AppleWebKit/605.1.15 (KHTML, like Gecko) Version/26.0 Mobile/15E148 Safari/604.1"
161.142.150.177 - - [08/Oct/2025:03:52:13 +0000] "GET /wp-content/themes/photomania/css/blocks.css?ver=20250702-173701 HTTP/1.1" 200 2738 "https://massageb2bkl.com/massage_b2b_kl/category/mont-kiara/" "Mozilla/5.0 (iPhone; CPU iPhone OS 18_6 like Mac OS X) AppleWebKit/605.1.15 (KHTML, like Gecko) Version/26.0 Mobile/15E148 Safari/604.1"
161.142.150.177 - - [08/Oct/2025:03:52:13 +0000] "GET /wp-includes/js/jquery/jquery.min.js?ver=3.7.1 HTTP/1.1" 200 30368 "https://massageb2bkl.com/massage_b2b_kl/category/mont-kiara/" "Mozilla/5.0 (iPhone; CPU iPhone OS 18_6 like Mac OS X) AppleWebKit/605.1.15 (KHTML, like Gecko) Version/26.0 Mobile/15E148 Safari/604.1"
161.142.150.177 - - [08/Oct/2025:03:52:13 +0000] "GET /wp-includes/js/jquery/jquery-migrate.min.js?ver=3.4.1 HTTP/1.1" 200 4872 "https://massageb2bkl.com/massage_b2b_kl/category/mont-kiara/" "Mozilla/5.0 (iPhone; CPU iPhone OS 18_6 like Mac OS X) AppleWebKit/605.1.15 (KHTML, like Gecko) Version/26.0 Mobile/15E148 Safari/604.1"
161.142.150.177 - - [08/Oct/2025:03:52:13 +0000] "GET /wp-content/plugins/google-analytics-for-wordpress/assets/js/frontend-gtag.min.js?ver=9.8.0 HTTP/1.1" 200 3277 "https://massageb2bkl.com/massage_b2b_kl/category/mont-kiara/" "Mozilla/5.0 (iPhone; CPU iPhone OS 18_6 like Mac OS X) AppleWebKit/605.1.15 (KHTML, like Gecko) Version/26.0 Mobile/15E148 Safari/604.1"
161.142.150.177 - - [08/Oct/2025:03:52:13 +0000] "GET /wp-content/plugins/click-to-chat-for-whatsapp/new/inc/assets/js/app.js?ver=4.28 HTTP/1.1" 200 3560 "https://massageb2bkl.com/massage_b2b_kl/category/mont-kiara/" "Mozilla/5.0 (iPhone; CPU iPhone OS 18_6 like Mac OS X) AppleWebKit/605.1.15 (KHTML, like Gecko) Version/26.0 Mobile/15E148 Safari/604.1"
161.142.150.177 - - [08/Oct/2025:03:52:13 +0000] "GET /wp-content/themes/photomania/js/skip-link-focus-fix.min.js?ver=20130115 HTTP/1.1" 200 281 "https://massageb2bkl.com/massage_b2b_kl/category/mont-kiara/" "Mozilla/5.0 (iPhone; CPU iPhone OS 18_6 like Mac OS X) AppleWebKit/605.1.15 (KHTML, like Gecko) Version/26.0 Mobile/15E148 Safari/604.1"
161.142.150.177 - - [08/Oct/2025:03:52:13 +0000] "GET /wp-content/themes/photomania/third-party/cycle2/js/jquery.cycle2.min.js?ver=2.1.6 HTTP/1.1" 200 6730 "https://massageb2bkl.com/massage_b2b_kl/category/mont-kiara/" "Mozilla/5.0 (iPhone; CPU iPhone OS 18_6 like Mac OS X) AppleWebKit/605.1.15 (KHTML, like Gecko) Version/26.0 Mobile/15E148 Safari/604.1"
161.142.150.177 - - [08/Oct/2025:03:52:13 +0000] "GET /wp-content/themes/photomania/third-party/sidr/js/jquery.sidr.min.js?ver=2.2.1 HTTP/1.1" 200 2478 "https://massageb2bkl.com/massage_b2b_kl/category/mont-kiara/" "Mozilla/5.0 (iPhone; CPU iPhone OS 18_6 like Mac OS X) AppleWebKit/605.1.15 (KHTML, like Gecko) Version/26.0 Mobile/15E148 Safari/604.1"
161.142.150.177 - - [08/Oct/2025:03:52:13 +0000] "GET /wp-content/themes/photomania/third-party/magnific-popup/js/jquery.magnific-popup.min.js?ver=1.1.0 HTTP/1.1" 200 7182 "https://massageb2bkl.com/massage_b2b_kl/category/mont-kiara/" "Mozilla/5.0 (iPhone; CPU iPhone OS 18_6 like Mac OS X) AppleWebKit/605.1.15 (KHTML, like Gecko) Version/26.0 Mobile/15E148 Safari/604.1"
161.142.150.177 - - [08/Oct/2025:03:52:13 +0000] "GET /wp-includes/js/underscore.min.js?ver=1.13.7 HTTP/1.1" 200 7317 "https://massageb2bkl.com/massage_b2b_kl/category/mont-kiara/" "Mozilla/5.0 (iPhone; CPU iPhone OS 18_6 like Mac OS X) AppleWebKit/605.1.15 (KHTML, like Gecko) Version/26.0 Mobile/15E148 Safari/604.1"
161.142.150.177 - - [08/Oct/2025:03:52:13 +0000] "GET /wp-includes/js/wp-util.min.js?ver=6.8.3 HTTP/1.1" 200 756 "https://massageb2bkl.com/massage_b2b_kl/category/mont-kiara/" "Mozilla/5.0 (iPhone; CPU iPhone OS 18_6 like Mac OS X) AppleWebKit/605.1.15 (KHTML, like Gecko) Version/26.0 Mobile/15E148 Safari/604.1"
161.142.150.177 - - [08/Oct/2025:03:52:13 +0000] "GET /wp-includes/js/imagesloaded.min.js?ver=5.0.0 HTTP/1.1" 200 1803 "https://massageb2bkl.com/massage_b2b_kl/category/mont-kiara/" "Mozilla/5.0 (iPhone; CPU iPhone OS 18_6 like Mac OS X) AppleWebKit/605.1.15 (KHTML, like Gecko) Version/26.0 Mobile/15E148 Safari/604.1"
161.142.150.177 - - [08/Oct/2025:03:52:13 +0000] "GET /wp-includes/js/masonry.min.js?ver=4.2.2 HTTP/1.1" 200 7382 "https://massageb2bkl.com/massage_b2b_kl/category/mont-kiara/" "Mozilla/5.0 (iPhone; CPU iPhone OS 18_6 like Mac OS X) AppleWebKit/605.1.15 (KHTML, like Gecko) Version/26.0 Mobile/15E148 Safari/604.1"
161.142.150.177 - - [08/Oct/2025:03:52:13 +0000] "GET /wp-content/uploads/2024/02/M22.jpg HTTP/1.1" 200 108819 "https://massageb2bkl.com/massage_b2b_kl/category/mont-kiara/" "Mozilla/5.0 (iPhone; CPU iPhone OS 18_6 like Mac OS X) AppleWebKit/605.1.15 (KHTML, like Gecko) Version/26.0 Mobile/15E148 Safari/604.1"
161.142.150.177 - - [08/Oct/2025:03:52:13 +0000] "GET /wp-content/themes/photomania/js/custom.min.js?ver=1.0.0 HTTP/1.1" 200 806 "https://massageb2bkl.com/massage_b2b_kl/category/mont-kiara/" "Mozilla/5.0 (iPhone; CPU iPhone OS 18_6 like Mac OS X) AppleWebKit/605.1.15 (KHTML, like Gecko) Version/26.0 Mobile/15E148 Safari/604.1"
161.142.150.177 - - [08/Oct/2025:03:52:13 +0000] "GET /wp-content/fonts/rajdhani/LDIxapCSOBg7S-QT7p4HM-Y.woff2 HTTP/1.1" 200 14999 "https://massageb2bkl.com/massage_b2b_kl/category/mont-kiara/" "Mozilla/5.0 (iPhone; CPU iPhone OS 18_6 like Mac OS X) AppleWebKit/605.1.15 (KHTML, like Gecko) Version/26.0 Mobile/15E148 Safari/604.1"
161.142.150.177 - - [08/Oct/2025:03:52:13 +0000] "GET /wp-content/fonts/rajdhani/LDI2apCSOBg7S-QT7pb0EPOreec.woff2 HTTP/1.1" 200 15107 "https://massageb2bkl.com/massage_b2b_kl/category/mont-kiara/" "Mozilla/5.0 (iPhone; CPU iPhone OS 18_6 like Mac OS X) AppleWebKit/605.1.15 (KHTML, like Gecko) Version/26.0 Mobile/15E148 Safari/604.1"
161.142.150.177 - - [08/Oct/2025:03:52:13 +0000] "GET /wp-content/fonts/rajdhani/LDI2apCSOBg7S-QT7pa8FvOreec.woff2 HTTP/1.1" 200 15711 "https://massageb2bkl.com/massage_b2b_kl/category/mont-kiara/" "Mozilla/5.0 (iPhone; CPU iPhone OS 18_6 like Mac OS X) AppleWebKit/605.1.15 (KHTML, like Gecko) Version/26.0 Mobile/15E148 Safari/604.1"
161.142.150.177 - - [08/Oct/2025:03:52:13 +0000] "GET /wp-content/themes/photomania/third-party/font-awesome/webfonts/fa-solid-900.woff2 HTTP/1.1" 200 158263 "https://massageb2bkl.com/massage_b2b_kl/category/mont-kiara/" "Mozilla/5.0 (iPhone; CPU iPhone OS 18_6 like Mac OS X) AppleWebKit/605.1.15 (KHTML, like Gecko) Version/26.0 Mobile/15E148 Safari/604.1"
161.142.150.177 - - [08/Oct/2025:03:52:13 +0000] "GET /wp-content/themes/photomania/third-party/font-awesome/webfonts/fa-brands-400.woff2 HTTP/1.1" 200 118686 "https://massageb2bkl.com/massage_b2b_kl/category/mont-kiara/" "Mozilla/5.0 (iPhone; CPU iPhone OS 18_6 like Mac OS X) AppleWebKit/605.1.15 (KHTML, like Gecko) Version/26.0 Mobile/15E148 Safari/604.1"
161.142.150.177 - - [08/Oct/2025:03:52:13 +0000] "GET /wp-content/uploads/2022/04/body-massage-spa-kl-pj.jpg HTTP/1.1" 200 80435 "https://massageb2bkl.com/massage_b2b_kl/category/mont-kiara/" "Mozilla/5.0 (iPhone; CPU iPhone OS 18_6 like Mac OS X) AppleWebKit/605.1.15 (KHTML, like Gecko) Version/26.0 Mobile/15E148 Safari/604.1"
161.142.150.177 - - [08/Oct/2025:03:52:14 +0000] "GET /wp-content/uploads/2024/02/T78.jpg HTTP/1.1" 200 161037 "https://massageb2bkl.com/massage_b2b_kl/category/mont-kiara/" "Mozilla/5.0 (iPhone; CPU iPhone OS 18_6 like Mac OS X) AppleWebKit/605.1.15 (KHTML, like Gecko) Version/26.0 Mobile/15E148 Safari/604.1"
161.142.150.177 - - [08/Oct/2025:03:52:14 +0000] "GET /wp-content/uploads/2022/08/M79.jpg HTTP/1.1" 200 148079 "https://massageb2bkl.com/massage_b2b_kl/category/mont-kiara/" "Mozilla/5.0 (iPhone; CPU iPhone OS 18_6 like Mac OS X) AppleWebKit/605.1.15 (KHTML, like Gecko) Version/26.0 Mobile/15E148 Safari/604.1"
161.142.150.177 - - [08/Oct/2025:03:52:14 +0000] "GET /wp-content/uploads/2024/02/M77.jpg HTTP/1.1" 200 124204 "https://massageb2bkl.com/massage_b2b_kl/category/mont-kiara/" "Mozilla/5.0 (iPhone; CPU iPhone OS 18_6 like Mac OS X) AppleWebKit/605.1.15 (KHTML, like Gecko) Version/26.0 Mobile/15E148 Safari/604.1"
161.142.150.177 - - [08/Oct/2025:03:52:14 +0000] "GET /wp-content/uploads/2022/08/M78.jpg HTTP/1.1" 200 112433 "https://massageb2bkl.com/massage_b2b_kl/category/mont-kiara/" "Mozilla/5.0 (iPhone; CPU iPhone OS 18_6 like Mac OS X) AppleWebKit/605.1.15 (KHTML, like Gecko) Version/26.0 Mobile/15E148 Safari/604.1"
161.142.150.177 - - [08/Oct/2025:03:52:14 +0000] "GET /wp-content/uploads/2024/02/M21.jpg HTTP/1.1" 200 104998 "https://massageb2bkl.com/massage_b2b_kl/category/mont-kiara/" "Mozilla/5.0 (iPhone; CPU iPhone OS 18_6 like Mac OS X) AppleWebKit/605.1.15 (KHTML, like Gecko) Version/26.0 Mobile/15E148 Safari/604.1"
161.142.150.177 - - [08/Oct/2025:03:52:14 +0000] "GET /wp-content/uploads/2022/08/M73.jpg HTTP/1.1" 200 137302 "https://massageb2bkl.com/massage_b2b_kl/category/mont-kiara/" "Mozilla/5.0 (iPhone; CPU iPhone OS 18_6 like Mac OS X) AppleWebKit/605.1.15 (KHTML, like Gecko) Version/26.0 Mobile/15E148 Safari/604.1"
161.142.150.177 - - [08/Oct/2025:03:52:14 +0000] "GET /wp-content/uploads/2022/08/M70.jpg HTTP/1.1" 200 122101 "https://massageb2bkl.com/massage_b2b_kl/category/mont-kiara/" "Mozilla/5.0 (iPhone; CPU iPhone OS 18_6 like Mac OS X) AppleWebKit/605.1.15 (KHTML, like Gecko) Version/26.0 Mobile/15E148 Safari/604.1"
161.142.150.177 - - [08/Oct/2025:03:52:14 +0000] "GET /wp-content/uploads/2024/02/VN-11.jpg HTTP/1.1" 200 136396 "https://massageb2bkl.com/massage_b2b_kl/category/mont-kiara/" "Mozilla/5.0 (iPhone; CPU iPhone OS 18_6 like Mac OS X) AppleWebKit/605.1.15 (KHTML, like Gecko) Version/26.0 Mobile/15E148 Safari/604.1"
161.142.150.177 - - [08/Oct/2025:03:52:14 +0000] "GET /wp-content/uploads/2022/08/I97.jpg HTTP/1.1" 200 179868 "https://massageb2bkl.com/massage_b2b_kl/category/mont-kiara/" "Mozilla/5.0 (iPhone; CPU iPhone OS 18_6 like Mac OS X) AppleWebKit/605.1.15 (KHTML, like Gecko) Version/26.0 Mobile/15E148 Safari/604.1"
161.142.150.177 - - [08/Oct/2025:03:52:14 +0000] "GET /wp-content/uploads/2022/08/T77.jpg HTTP/1.1" 200 133833 "https://massageb2bkl.com/massage_b2b_kl/category/mont-kiara/" "Mozilla/5.0 (iPhone; CPU iPhone OS 18_6 like Mac OS X) AppleWebKit/605.1.15 (KHTML, like Gecko) Version/26.0 Mobile/15E148 Safari/604.1"
161.142.150.177 - - [08/Oct/2025:03:52:14 +0000] "GET /wp-content/uploads/2022/08/T71.jpg HTTP/1.1" 200 110975 "https://massageb2bkl.com/massage_b2b_kl/category/mont-kiara/" "Mozilla/5.0 (iPhone; CPU iPhone OS 18_6 like Mac OS X) AppleWebKit/605.1.15 (KHTML, like Gecko) Version/26.0 Mobile/15E148 Safari/604.1"
161.142.150.177 - - [08/Oct/2025:03:52:14 +0000] "GET /wp-content/uploads/2022/04/C88.jpg HTTP/1.1" 200 108430 "https://massageb2bkl.com/massage_b2b_kl/category/mont-kiara/" "Mozilla/5.0 (iPhone; CPU iPhone OS 18_6 like Mac OS X) AppleWebKit/605.1.15 (KHTML, like Gecko) Version/26.0 Mobile/15E148 Safari/604.1"
161.142.150.177 - - [08/Oct/2025:03:52:15 +0000] "GET /wp-content/uploads/2022/04/C87.jpg HTTP/1.1" 200 98135 "https://massageb2bkl.com/massage_b2b_kl/category/mont-kiara/" "Mozilla/5.0 (iPhone; CPU iPhone OS 18_6 like Mac OS X) AppleWebKit/605.1.15 (KHTML, like Gecko) Version/26.0 Mobile/15E148 Safari/604.1"
161.142.150.177 - - [08/Oct/2025:03:52:15 +0000] "GET /wp-content/uploads/2022/04/V77.jpg HTTP/1.1" 200 114457 "https://massageb2bkl.com/massage_b2b_kl/category/mont-kiara/" "Mozilla/5.0 (iPhone; CPU iPhone OS 18_6 like Mac OS X) AppleWebKit/605.1.15 (KHTML, like Gecko) Version/26.0 Mobile/15E148 Safari/604.1"
161.142.150.177 - - [08/Oct/2025:03:52:15 +0000] "GET /wp-content/uploads/2022/04/C82.jpg HTTP/1.1" 200 116941 "https://massageb2bkl.com/massage_b2b_kl/category/mont-kiara/" "Mozilla/5.0 (iPhone; CPU iPhone OS 18_6 like Mac OS X) AppleWebKit/605.1.15 (KHTML, like Gecko) Version/26.0 Mobile/15E148 Safari/604.1"
161.142.150.177 - - [08/Oct/2025:03:52:15 +0000] "GET /wp-content/uploads/2022/04/V79.jpg HTTP/1.1" 200 146043 "https://massageb2bkl.com/massage_b2b_kl/category/mont-kiara/" "Mozilla/5.0 (iPhone; CPU iPhone OS 18_6 like Mac OS X) AppleWebKit/605.1.15 (KHTML, like Gecko) Version/26.0 Mobile/15E148 Safari/604.1"
161.142.150.177 - - [08/Oct/2025:03:52:15 +0000] "GET /wp-content/uploads/2022/04/V71.jpg HTTP/1.1" 200 104597 "https://massageb2bkl.com/massage_b2b_kl/category/mont-kiara/" "Mozilla/5.0 (iPhone; CPU iPhone OS 18_6 like Mac OS X) AppleWebKit/605.1.15 (KHTML, like Gecko) Version/26.0 Mobile/15E148 Safari/604.1"
161.142.150.177 - - [08/Oct/2025:03:52:15 +0000] "GET /wp-content/uploads/2022/04/V72.jpg HTTP/1.1" 200 100188 "https://massageb2bkl.com/massage_b2b_kl/category/mont-kiara/" "Mozilla/5.0 (iPhone; CPU iPhone OS 18_6 like Mac OS X) AppleWebKit/605.1.15 (KHTML, like Gecko) Version/26.0 Mobile/15E148 Safari/604.1"
161.142.150.177 - - [08/Oct/2025:03:52:15 +0000] "GET /wp-content/uploads/2022/04/VN-18.jpg HTTP/1.1" 200 123263 "https://massageb2bkl.com/massage_b2b_kl/category/mont-kiara/" "Mozilla/5.0 (iPhone; CPU iPhone OS 18_6 like Mac OS X) AppleWebKit/605.1.15 (KHTML, like Gecko) Version/26.0 Mobile/15E148 Safari/604.1"
161.142.150.177 - - [08/Oct/2025:03:52:15 +0000] "GET /wp-content/themes/photomania/third-party/font-awesome/webfonts/fa-regular-400.woff2 HTTP/1.1" 200 25495 "https://massageb2bkl.com/massage_b2b_kl/category/mont-kiara/" "Mozilla/5.0 (iPhone; CPU iPhone OS 18_6 like Mac OS X) AppleWebKit/605.1.15 (KHTML, like Gecko) Version/26.0 Mobile/15E148 Safari/604.1"
161.142.150.177 - - [08/Oct/2025:03:52:15 +0000] "GET /wp-content/uploads/2022/04/cropped-iconfinder_kl-elegant-massage-32x32.png HTTP/1.1" 200 2697 "https://massageb2bkl.com/massage_b2b_kl/category/mont-kiara/" "Mozilla/5.0 (iPhone; CPU iPhone OS 18_6 like Mac OS X) AppleWebKit/605.1.15 (KHTML, like Gecko) Version/26.0 Mobile/15E148 Safari/604.1"
161.142.150.177 - - [08/Oct/2025:03:52:15 +0000] "GET /wp-content/uploads/2022/04/cropped-iconfinder_kl-elegant-massage-192x192.png HTTP/1.1" 200 42380 "https://massageb2bkl.com/massage_b2b_kl/category/mont-kiara/" "Mozilla/5.0 (iPhone; CPU iPhone OS 18_6 like Mac OS X) AppleWebKit/605.1.15 (KHTML, like Gecko) Version/26.0 Mobile/15E148 Safari/604.1"
57.141.0.75 - - [08/Oct/2025:03:52:30 +0000] "GET / HTTP/1.1" 200 99951 "-" "meta-externalagent/1.1 (+https://developers.facebook.com/docs/sharing/webmasters/crawler)"
203.161.56.247 - - [08/Oct/2025:03:53:22 +0000] "POST /wp-cron.php?doing_wp_cron=1759895602.9532680511474609375000 HTTP/1.1" 200 - "-" "WordPress/6.8.3; https://massageb2bkl.com"
18.97.9.170 - - [08/Oct/2025:03:53:21 +0000] "GET /massage_b2b_kl/category/sri-hartamas/ HTTP/1.1" 200 17405 "-" "CCBot/2.0 (https://commoncrawl.org/faq/)"
203.161.56.247 - - [08/Oct/2025:03:54:07 +0000] "POST /wp-cron.php?doing_wp_cron=1759895647.4297149181365966796875 HTTP/1.1" 200 - "-" "WordPress/6.8.3; https://massageb2bkl.com"
66.249.73.69 - - [08/Oct/2025:03:54:06 +0000] "GET /massage_b2b_kl/m-73/ HTTP/1.1" 200 16465 "-" "Mozilla/5.0 (Linux; Android 6.0.1; Nexus 5X Build/MMB29P) AppleWebKit/537.36 (KHTML, like Gecko) Chrome/140.0.7339.207 Mobile Safari/537.36 (compatible; Googlebot/2.1; +http://www.google.com/bot.html)"
66.249.73.70 - - [08/Oct/2025:03:54:08 +0000] "GET /wp-content/themes/photomania/third-party/sidr/css/jquery.sidr.dark.min.css?ver=2.2.1 HTTP/1.1" 200 1305 "https://massageb2bkl.com/massage_b2b_kl/m-73/" "Mozilla/5.0 (Linux; Android 6.0.1; Nexus 5X Build/MMB29P) AppleWebKit/537.36 (KHTML, like Gecko) Chrome/139.0.7258.127 Mobile Safari/537.36 (compatible; Googlebot/2.1; +http://www.google.com/bot.html)"
114.119.129.24 - - [08/Oct/2025:03:54:09 +0000] "GET /massage_b2b_kl/tag/kl-massage/ HTTP/1.1" 200 16514 "https://massageb2bkl.com/massage_b2b_kl/i-97/" "Mozilla/5.0 (Linux; Android 7.0;) AppleWebKit/537.36 (KHTML, like Gecko) Mobile Safari/537.36 (compatible; PetalBot;+https://webmaster.petalsearch.com/site/petalbot)"
203.161.56.247 - - [08/Oct/2025:03:55:44 +0000] "POST /wp-cron.php?doing_wp_cron=1759895744.7635250091552734375000 HTTP/1.1" 200 - "-" "WordPress/6.8.3; https://massageb2bkl.com"
161.142.150.177 - - [08/Oct/2025:03:55:43 +0000] "GET /massage_b2b_kl/t-78/ HTTP/1.1" 200 16472 "https://www.google.com/" "Mozilla/5.0 (iPhone; CPU iPhone OS 18_6 like Mac OS X) AppleWebKit/605.1.15 (KHTML, like Gecko) Version/26.0 Mobile/15E148 Safari/604.1"
161.142.150.177 - - [08/Oct/2025:03:55:45 +0000] "GET /wp-content/themes/photomania/third-party/sidr/css/jquery.sidr.dark.min.css?ver=2.2.1 HTTP/1.1" 200 1305 "https://massageb2bkl.com/massage_b2b_kl/t-78/" "Mozilla/5.0 (iPhone; CPU iPhone OS 18_6 like Mac OS X) AppleWebKit/605.1.15 (KHTML, like Gecko) Version/26.0 Mobile/15E148 Safari/604.1"
161.142.150.177 - - [08/Oct/2025:03:55:45 +0000] "GET /wp-content/themes/photomania/third-party/magnific-popup/css/magnific-popup.min.css?ver=1.1.0 HTTP/1.1" 200 1586 "https://massageb2bkl.com/massage_b2b_kl/t-78/" "Mozilla/5.0 (iPhone; CPU iPhone OS 18_6 like Mac OS X) AppleWebKit/605.1.15 (KHTML, like Gecko) Version/26.0 Mobile/15E148 Safari/604.1"
161.142.150.177 - - [08/Oct/2025:03:55:45 +0000] "GET /wp-content/plugins/click-to-chat-for-whatsapp/new/inc/assets/css/main.css?ver=4.28 HTTP/1.1" 200 736 "https://massageb2bkl.com/massage_b2b_kl/t-78/" "Mozilla/5.0 (iPhone; CPU iPhone OS 18_6 like Mac OS X) AppleWebKit/605.1.15 (KHTML, like Gecko) Version/26.0 Mobile/15E148 Safari/604.1"
161.142.150.177 - - [08/Oct/2025:03:55:45 +0000] "GET /wp-content/fonts/fba27af34cf8ae03e9e01f2d955da85f.css HTTP/1.1" 200 686 "https://massageb2bkl.com/massage_b2b_kl/t-78/" "Mozilla/5.0 (iPhone; CPU iPhone OS 18_6 like Mac OS X) AppleWebKit/605.1.15 (KHTML, like Gecko) Version/26.0 Mobile/15E148 Safari/604.1"
161.142.150.177 - - [08/Oct/2025:03:55:45 +0000] "GET /wp-content/plugins/wp-call-button/assets/block/build/index.css?ver=085f82fba130fc4cf3057de5e2dcc820 HTTP/1.1" 200 334 "https://massageb2bkl.com/massage_b2b_kl/t-78/" "Mozilla/5.0 (iPhone; CPU iPhone OS 18_6 like Mac OS X) AppleWebKit/605.1.15 (KHTML, like Gecko) Version/26.0 Mobile/15E148 Safari/604.1"
161.142.150.177 - - [08/Oct/2025:03:55:45 +0000] "GET /wp-content/themes/photomania/third-party/font-awesome/css/all.min.css?ver=6.7.2 HTTP/1.1" 200 21501 "https://massageb2bkl.com/massage_b2b_kl/t-78/" "Mozilla/5.0 (iPhone; CPU iPhone OS 18_6 like Mac OS X) AppleWebKit/605.1.15 (KHTML, like Gecko) Version/26.0 Mobile/15E148 Safari/604.1"
161.142.150.177 - - [08/Oct/2025:03:55:45 +0000] "GET /wp-includes/css/dist/block-library/style.min.css?ver=6.8.3 HTTP/1.1" 200 15315 "https://massageb2bkl.com/massage_b2b_kl/t-78/" "Mozilla/5.0 (iPhone; CPU iPhone OS 18_6 like Mac OS X) AppleWebKit/605.1.15 (KHTML, like Gecko) Version/26.0 Mobile/15E148 Safari/604.1"
161.142.150.177 - - [08/Oct/2025:03:55:45 +0000] "GET /wp-content/themes/photomania/style.css?ver=20250702-173701 HTTP/1.1" 200 18906 "https://massageb2bkl.com/massage_b2b_kl/t-78/" "Mozilla/5.0 (iPhone; CPU iPhone OS 18_6 like Mac OS X) AppleWebKit/605.1.15 (KHTML, like Gecko) Version/26.0 Mobile/15E148 Safari/604.1"
161.142.150.177 - - [08/Oct/2025:03:55:45 +0000] "GET /wp-content/themes/photomania/css/blocks.css?ver=20250702-173701 HTTP/1.1" 200 2738 "https://massageb2bkl.com/massage_b2b_kl/t-78/" "Mozilla/5.0 (iPhone; CPU iPhone OS 18_6 like Mac OS X) AppleWebKit/605.1.15 (KHTML, like Gecko) Version/26.0 Mobile/15E148 Safari/604.1"
161.142.150.177 - - [08/Oct/2025:03:55:45 +0000] "GET /wp-includes/js/jquery/jquery.min.js?ver=3.7.1 HTTP/1.1" 200 30368 "https://massageb2bkl.com/massage_b2b_kl/t-78/" "Mozilla/5.0 (iPhone; CPU iPhone OS 18_6 like Mac OS X) AppleWebKit/605.1.15 (KHTML, like Gecko) Version/26.0 Mobile/15E148 Safari/604.1"
161.142.150.177 - - [08/Oct/2025:03:55:45 +0000] "GET /wp-includes/js/jquery/jquery-migrate.min.js?ver=3.4.1 HTTP/1.1" 200 4872 "https://massageb2bkl.com/massage_b2b_kl/t-78/" "Mozilla/5.0 (iPhone; CPU iPhone OS 18_6 like Mac OS X) AppleWebKit/605.1.15 (KHTML, like Gecko) Version/26.0 Mobile/15E148 Safari/604.1"
161.142.150.177 - - [08/Oct/2025:03:55:45 +0000] "GET /wp-content/plugins/google-analytics-for-wordpress/assets/js/frontend-gtag.min.js?ver=9.8.0 HTTP/1.1" 200 3277 "https://massageb2bkl.com/massage_b2b_kl/t-78/" "Mozilla/5.0 (iPhone; CPU iPhone OS 18_6 like Mac OS X) AppleWebKit/605.1.15 (KHTML, like Gecko) Version/26.0 Mobile/15E148 Safari/604.1"
161.142.150.177 - - [08/Oct/2025:03:55:46 +0000] "GET /wp-content/plugins/click-to-chat-for-whatsapp/new/inc/assets/js/app.js?ver=4.28 HTTP/1.1" 200 3560 "https://massageb2bkl.com/massage_b2b_kl/t-78/" "Mozilla/5.0 (iPhone; CPU iPhone OS 18_6 like Mac OS X) AppleWebKit/605.1.15 (KHTML, like Gecko) Version/26.0 Mobile/15E148 Safari/604.1"
161.142.150.177 - - [08/Oct/2025:03:55:46 +0000] "GET /wp-content/themes/photomania/js/skip-link-focus-fix.min.js?ver=20130115 HTTP/1.1" 200 281 "https://massageb2bkl.com/massage_b2b_kl/t-78/" "Mozilla/5.0 (iPhone; CPU iPhone OS 18_6 like Mac OS X) AppleWebKit/605.1.15 (KHTML, like Gecko) Version/26.0 Mobile/15E148 Safari/604.1"
161.142.150.177 - - [08/Oct/2025:03:55:46 +0000] "GET /wp-content/themes/photomania/third-party/cycle2/js/jquery.cycle2.min.js?ver=2.1.6 HTTP/1.1" 200 6730 "https://massageb2bkl.com/massage_b2b_kl/t-78/" "Mozilla/5.0 (iPhone; CPU iPhone OS 18_6 like Mac OS X) AppleWebKit/605.1.15 (KHTML, like Gecko) Version/26.0 Mobile/15E148 Safari/604.1"
161.142.150.177 - - [08/Oct/2025:03:55:46 +0000] "GET /wp-content/themes/photomania/third-party/sidr/js/jquery.sidr.min.js?ver=2.2.1 HTTP/1.1" 200 2478 "https://massageb2bkl.com/massage_b2b_kl/t-78/" "Mozilla/5.0 (iPhone; CPU iPhone OS 18_6 like Mac OS X) AppleWebKit/605.1.15 (KHTML, like Gecko) Version/26.0 Mobile/15E148 Safari/604.1"
161.142.150.177 - - [08/Oct/2025:03:55:46 +0000] "GET /wp-content/themes/photomania/third-party/magnific-popup/js/jquery.magnific-popup.min.js?ver=1.1.0 HTTP/1.1" 200 7182 "https://massageb2bkl.com/massage_b2b_kl/t-78/" "Mozilla/5.0 (iPhone; CPU iPhone OS 18_6 like Mac OS X) AppleWebKit/605.1.15 (KHTML, like Gecko) Version/26.0 Mobile/15E148 Safari/604.1"
161.142.150.177 - - [08/Oct/2025:03:55:46 +0000] "GET /wp-includes/js/wp-util.min.js?ver=6.8.3 HTTP/1.1" 200 756 "https://massageb2bkl.com/massage_b2b_kl/t-78/" "Mozilla/5.0 (iPhone; CPU iPhone OS 18_6 like Mac OS X) AppleWebKit/605.1.15 (KHTML, like Gecko) Version/26.0 Mobile/15E148 Safari/604.1"
161.142.150.177 - - [08/Oct/2025:03:55:46 +0000] "GET /wp-includes/js/underscore.min.js?ver=1.13.7 HTTP/1.1" 200 7317 "https://massageb2bkl.com/massage_b2b_kl/t-78/" "Mozilla/5.0 (iPhone; CPU iPhone OS 18_6 like Mac OS X) AppleWebKit/605.1.15 (KHTML, like Gecko) Version/26.0 Mobile/15E148 Safari/604.1"
161.142.150.177 - - [08/Oct/2025:03:55:46 +0000] "GET /wp-includes/js/imagesloaded.min.js?ver=5.0.0 HTTP/1.1" 200 1803 "https://massageb2bkl.com/massage_b2b_kl/t-78/" "Mozilla/5.0 (iPhone; CPU iPhone OS 18_6 like Mac OS X) AppleWebKit/605.1.15 (KHTML, like Gecko) Version/26.0 Mobile/15E148 Safari/604.1"
161.142.150.177 - - [08/Oct/2025:03:55:46 +0000] "GET /wp-includes/js/masonry.min.js?ver=4.2.2 HTTP/1.1" 200 7382 "https://massageb2bkl.com/massage_b2b_kl/t-78/" "Mozilla/5.0 (iPhone; CPU iPhone OS 18_6 like Mac OS X) AppleWebKit/605.1.15 (KHTML, like Gecko) Version/26.0 Mobile/15E148 Safari/604.1"
161.142.150.177 - - [08/Oct/2025:03:55:46 +0000] "GET /wp-content/uploads/2024/02/T78.jpg HTTP/1.1" 200 161037 "https://massageb2bkl.com/massage_b2b_kl/t-78/" "Mozilla/5.0 (iPhone; CPU iPhone OS 18_6 like Mac OS X) AppleWebKit/605.1.15 (KHTML, like Gecko) Version/26.0 Mobile/15E148 Safari/604.1"
161.142.150.177 - - [08/Oct/2025:03:55:46 +0000] "GET /wp-content/themes/photomania/js/custom.min.js?ver=1.0.0 HTTP/1.1" 200 806 "https://massageb2bkl.com/massage_b2b_kl/t-78/" "Mozilla/5.0 (iPhone; CPU iPhone OS 18_6 like Mac OS X) AppleWebKit/605.1.15 (KHTML, like Gecko) Version/26.0 Mobile/15E148 Safari/604.1"
161.142.150.177 - - [08/Oct/2025:03:55:46 +0000] "GET /wp-content/fonts/rajdhani/LDIxapCSOBg7S-QT7p4HM-Y.woff2 HTTP/1.1" 200 14999 "https://massageb2bkl.com/massage_b2b_kl/t-78/" "Mozilla/5.0 (iPhone; CPU iPhone OS 18_6 like Mac OS X) AppleWebKit/605.1.15 (KHTML, like Gecko) Version/26.0 Mobile/15E148 Safari/604.1"
161.142.150.177 - - [08/Oct/2025:03:55:46 +0000] "GET /wp-includes/js/comment-reply.min.js?ver=6.8.3 HTTP/1.1" 200 1375 "https://massageb2bkl.com/massage_b2b_kl/t-78/" "Mozilla/5.0 (iPhone; CPU iPhone OS 18_6 like Mac OS X) AppleWebKit/605.1.15 (KHTML, like Gecko) Version/26.0 Mobile/15E148 Safari/604.1"
161.142.150.177 - - [08/Oct/2025:03:55:46 +0000] "GET /wp-content/fonts/rajdhani/LDI2apCSOBg7S-QT7pb0EPOreec.woff2 HTTP/1.1" 200 15107 "https://massageb2bkl.com/massage_b2b_kl/t-78/" "Mozilla/5.0 (iPhone; CPU iPhone OS 18_6 like Mac OS X) AppleWebKit/605.1.15 (KHTML, like Gecko) Version/26.0 Mobile/15E148 Safari/604.1"
161.142.150.177 - - [08/Oct/2025:03:55:46 +0000] "GET /wp-content/fonts/rajdhani/LDI2apCSOBg7S-QT7pa8FvOreec.woff2 HTTP/1.1" 200 15711 "https://massageb2bkl.com/massage_b2b_kl/t-78/" "Mozilla/5.0 (iPhone; CPU iPhone OS 18_6 like Mac OS X) AppleWebKit/605.1.15 (KHTML, like Gecko) Version/26.0 Mobile/15E148 Safari/604.1"
161.142.150.177 - - [08/Oct/2025:03:55:46 +0000] "GET /wp-content/uploads/2022/04/body-massage-spa-kl-pj.jpg HTTP/1.1" 200 80435 "https://massageb2bkl.com/massage_b2b_kl/t-78/" "Mozilla/5.0 (iPhone; CPU iPhone OS 18_6 like Mac OS X) AppleWebKit/605.1.15 (KHTML, like Gecko) Version/26.0 Mobile/15E148 Safari/604.1"
161.142.150.177 - - [08/Oct/2025:03:55:46 +0000] "GET /wp-content/themes/photomania/third-party/font-awesome/webfonts/fa-solid-900.woff2 HTTP/1.1" 200 158263 "https://massageb2bkl.com/massage_b2b_kl/t-78/" "Mozilla/5.0 (iPhone; CPU iPhone OS 18_6 like Mac OS X) AppleWebKit/605.1.15 (KHTML, like Gecko) Version/26.0 Mobile/15E148 Safari/604.1"
161.142.150.177 - - [08/Oct/2025:03:55:46 +0000] "GET /wp-content/themes/photomania/third-party/font-awesome/webfonts/fa-brands-400.woff2 HTTP/1.1" 200 118686 "https://massageb2bkl.com/massage_b2b_kl/t-78/" "Mozilla/5.0 (iPhone; CPU iPhone OS 18_6 like Mac OS X) AppleWebKit/605.1.15 (KHTML, like Gecko) Version/26.0 Mobile/15E148 Safari/604.1"
161.142.150.177 - - [08/Oct/2025:03:55:47 +0000] "GET /wp-content/themes/photomania/third-party/font-awesome/webfonts/fa-regular-400.woff2 HTTP/1.1" 200 25495 "https://massageb2bkl.com/massage_b2b_kl/t-78/" "Mozilla/5.0 (iPhone; CPU iPhone OS 18_6 like Mac OS X) AppleWebKit/605.1.15 (KHTML, like Gecko) Version/26.0 Mobile/15E148 Safari/604.1"
161.142.150.177 - - [08/Oct/2025:03:55:47 +0000] "GET /wp-content/uploads/2022/04/cropped-iconfinder_kl-elegant-massage-192x192.png HTTP/1.1" 200 42380 "https://massageb2bkl.com/massage_b2b_kl/t-78/" "Mozilla/5.0 (iPhone; CPU iPhone OS 18_6 like Mac OS X) AppleWebKit/605.1.15 (KHTML, like Gecko) Version/26.0 Mobile/15E148 Safari/604.1"
161.142.150.177 - - [08/Oct/2025:03:55:47 +0000] "GET /wp-content/uploads/2022/04/cropped-iconfinder_kl-elegant-massage-32x32.png HTTP/1.1" 200 2697 "https://massageb2bkl.com/massage_b2b_kl/t-78/" "Mozilla/5.0 (iPhone; CPU iPhone OS 18_6 like Mac OS X) AppleWebKit/605.1.15 (KHTML, like Gecko) Version/26.0 Mobile/15E148 Safari/604.1"
203.161.56.247 - - [08/Oct/2025:04:00:07 +0000] "POST /wp-cron.php?doing_wp_cron=1759896007.2324240207672119140625 HTTP/1.1" 200 - "-" "WordPress/6.8.3; https://massageb2bkl.com"
18.97.9.170 - - [08/Oct/2025:04:00:05 +0000] "GET /massage_b2b_kl/t-78/ HTTP/1.1" 200 16473 "-" "CCBot/2.0 (https://commoncrawl.org/faq/)"
203.161.56.247 - - [08/Oct/2025:04:03:15 +0000] "POST /wp-cron.php?doing_wp_cron=1759896195.7363650798797607421875 HTTP/1.1" 200 - "-" "WordPress/6.8.3; https://massageb2bkl.com"
18.97.9.170 - - [08/Oct/2025:04:03:14 +0000] "GET /https-klelegantmasssage-com/ HTTP/1.1" 200 14743 "-" "CCBot/2.0 (https://commoncrawl.org/faq/)"
18.97.9.170 - - [08/Oct/2025:04:04:30 +0000] "GET /massage_b2b_kl/author/massage-b2b-kl/ HTTP/1.1" 200 17494 "-" "CCBot/2.0 (https://commoncrawl.org/faq/)"
203.161.56.247 - - [08/Oct/2025:04:07:27 +0000] "POST /wp-cron.php?doing_wp_cron=1759896447.3546559810638427734375 HTTP/1.1" 200 - "-" "WordPress/6.8.3; https://massageb2bkl.com"
18.97.9.170 - - [08/Oct/2025:04:07:26 +0000] "GET /massage_b2b_kl/m-70/ HTTP/1.1" 200 16499 "-" "CCBot/2.0 (https://commoncrawl.org/faq/)"
203.161.56.247 - - [08/Oct/2025:04:18:39 +0000] "POST /wp-cron.php?doing_wp_cron=1759897119.3065409660339355468750 HTTP/1.1" 200 - "-" "WordPress/6.8.3; https://massageb2bkl.com"
216.73.216.152 - - [08/Oct/2025:04:18:37 +0000] "GET /robots.txt HTTP/1.1" 200 121 "-" "Mozilla/5.0 AppleWebKit/537.36 (KHTML, like Gecko; compatible; ClaudeBot/1.0; +claudebot@anthropic.com)"
216.73.216.152 - - [08/Oct/2025:04:18:39 +0000] "GET /sitemap.xml HTTP/1.1" 200 396 "-" "Mozilla/5.0 AppleWebKit/537.36 (KHTML, like Gecko; compatible; ClaudeBot/1.0; +claudebot@anthropic.com)"
203.161.56.247 - - [08/Oct/2025:04:20:05 +0000] "POST /wp-cron.php?doing_wp_cron=1759897205.5155029296875000000000 HTTP/1.1" 200 - "-" "WordPress/6.8.3; https://massageb2bkl.com"
95.154.198.138 - - [08/Oct/2025:04:20:04 +0000] "POST /xmlrpc.php HTTP/1.1" 200 225 "-" "Mozilla/5.0 (X11; Ubuntu; Linux x86_64; rv:85.0) Gecko/20100101 Firefox/91.0"
113.211.113.136 - - [08/Oct/2025:04:21:52 +0000] "GET /wp-content/plugins/click-to-chat-for-whatsapp/new/inc/assets/css/main.css?ver=4.28 HTTP/1.1" 200 736 "-" "Mozilla/5.0 (Linux; Android 10; K) AppleWebKit/537.36 (KHTML, like Gecko) Chrome/140.0.0.0 Mobile Safari/537.36"
113.211.113.136 - - [08/Oct/2025:04:21:52 +0000] "GET /wp-includes/css/dist/block-library/style.min.css?ver=6.8.2 HTTP/1.1" 200 15315 "-" "Mozilla/5.0 (Linux; Android 10; K) AppleWebKit/537.36 (KHTML, like Gecko) Chrome/140.0.0.0 Mobile Safari/537.36"
113.211.113.136 - - [08/Oct/2025:04:21:53 +0000] "GET /wp-content/plugins/wp-call-button/assets/block/build/index.css?ver=085f82fba130fc4cf3057de5e2dcc820 HTTP/1.1" 200 334 "-" "Mozilla/5.0 (Linux; Android 10; K) AppleWebKit/537.36 (KHTML, like Gecko) Chrome/140.0.0.0 Mobile Safari/537.36"
113.211.113.136 - - [08/Oct/2025:04:21:53 +0000] "GET /wp-content/themes/photomania/third-party/font-awesome/css/all.min.css?ver=6.7.2 HTTP/1.1" 200 21501 "-" "Mozilla/5.0 (Linux; Android 10; K) AppleWebKit/537.36 (KHTML, like Gecko) Chrome/140.0.0.0 Mobile Safari/537.36"
113.211.113.136 - - [08/Oct/2025:04:21:53 +0000] "GET /wp-content/fonts/fba27af34cf8ae03e9e01f2d955da85f.css HTTP/1.1" 200 686 "-" "Mozilla/5.0 (Linux; Android 10; K) AppleWebKit/537.36 (KHTML, like Gecko) Chrome/140.0.0.0 Mobile Safari/537.36"
113.211.113.136 - - [08/Oct/2025:04:21:53 +0000] "GET /wp-content/themes/photomania/third-party/sidr/css/jquery.sidr.dark.min.css?ver=2.2.1 HTTP/1.1" 200 1305 "-" "Mozilla/5.0 (Linux; Android 10; K) AppleWebKit/537.36 (KHTML, like Gecko) Chrome/140.0.0.0 Mobile Safari/537.36"
113.211.113.136 - - [08/Oct/2025:04:21:53 +0000] "GET /wp-content/themes/photomania/third-party/magnific-popup/css/magnific-popup.min.css?ver=1.1.0 HTTP/1.1" 200 1586 "-" "Mozilla/5.0 (Linux; Android 10; K) AppleWebKit/537.36 (KHTML, like Gecko) Chrome/140.0.0.0 Mobile Safari/537.36"
113.211.113.136 - - [08/Oct/2025:04:21:53 +0000] "GET /wp-content/themes/photomania/style.css?ver=20250702-173701 HTTP/1.1" 200 18906 "-" "Mozilla/5.0 (Linux; Android 10; K) AppleWebKit/537.36 (KHTML, like Gecko) Chrome/140.0.0.0 Mobile Safari/537.36"
113.211.113.136 - - [08/Oct/2025:04:21:53 +0000] "GET /wp-content/themes/photomania/css/blocks.css?ver=20250702-173701 HTTP/1.1" 200 2738 "-" "Mozilla/5.0 (Linux; Android 10; K) AppleWebKit/537.36 (KHTML, like Gecko) Chrome/140.0.0.0 Mobile Safari/537.36"
203.161.56.247 - - [08/Oct/2025:04:21:54 +0000] "POST /wp-cron.php?doing_wp_cron=1759897314.3952078819274902343750 HTTP/1.1" 200 - "-" "WordPress/6.8.3; https://massageb2bkl.com"
113.211.113.136 - - [08/Oct/2025:04:21:52 +0000] "GET /massage_b2b_kl/category/kuala-lumpur/ HTTP/1.1" 200 17402 "https://www.google.com/" "Mozilla/5.0 (Linux; Android 10; K) AppleWebKit/537.36 (KHTML, like Gecko) Chrome/140.0.0.0 Mobile Safari/537.36"
113.211.113.136 - - [08/Oct/2025:04:21:54 +0000] "GET /wp-includes/css/dist/block-library/style.min.css?ver=6.8.3 HTTP/1.1" 200 15315 "https://massageb2bkl.com/massage_b2b_kl/category/kuala-lumpur/" "Mozilla/5.0 (Linux; Android 10; K) AppleWebKit/537.36 (KHTML, like Gecko) Chrome/140.0.0.0 Mobile Safari/537.36"
113.211.113.136 - - [08/Oct/2025:04:21:54 +0000] "GET /wp-includes/js/jquery/jquery.min.js?ver=3.7.1 HTTP/1.1" 200 30368 "https://massageb2bkl.com/massage_b2b_kl/category/kuala-lumpur/" "Mozilla/5.0 (Linux; Android 10; K) AppleWebKit/537.36 (KHTML, like Gecko) Chrome/140.0.0.0 Mobile Safari/537.36"
113.211.113.136 - - [08/Oct/2025:04:21:54 +0000] "GET /wp-includes/js/jquery/jquery-migrate.min.js?ver=3.4.1 HTTP/1.1" 200 4872 "https://massageb2bkl.com/massage_b2b_kl/category/kuala-lumpur/" "Mozilla/5.0 (Linux; Android 10; K) AppleWebKit/537.36 (KHTML, like Gecko) Chrome/140.0.0.0 Mobile Safari/537.36"
113.211.113.136 - - [08/Oct/2025:04:21:55 +0000] "GET /wp-content/uploads/2024/02/M22.jpg HTTP/1.1" 200 108819 "https://massageb2bkl.com/massage_b2b_kl/category/kuala-lumpur/" "Mozilla/5.0 (Linux; Android 10; K) AppleWebKit/537.36 (KHTML, like Gecko) Chrome/140.0.0.0 Mobile Safari/537.36"
113.211.113.136 - - [08/Oct/2025:04:21:55 +0000] "GET /wp-content/uploads/2024/02/M21.jpg HTTP/1.1" 200 104998 "https://massageb2bkl.com/massage_b2b_kl/category/kuala-lumpur/" "Mozilla/5.0 (Linux; Android 10; K) AppleWebKit/537.36 (KHTML, like Gecko) Chrome/140.0.0.0 Mobile Safari/537.36"
113.211.113.136 - - [08/Oct/2025:04:21:55 +0000] "GET /wp-content/uploads/2022/04/body-massage-spa-kl-pj.jpg HTTP/1.1" 200 80435 "https://massageb2bkl.com/massage_b2b_kl/category/kuala-lumpur/" "Mozilla/5.0 (Linux; Android 10; K) AppleWebKit/537.36 (KHTML, like Gecko) Chrome/140.0.0.0 Mobile Safari/537.36"
113.211.113.136 - - [08/Oct/2025:04:21:55 +0000] "GET /wp-content/fonts/rajdhani/LDIxapCSOBg7S-QT7p4HM-Y.woff2 HTTP/1.1" 200 14999 "https://massageb2bkl.com/wp-content/fonts/fba27af34cf8ae03e9e01f2d955da85f.css" "Mozilla/5.0 (Linux; Android 10; K) AppleWebKit/537.36 (KHTML, like Gecko) Chrome/140.0.0.0 Mobile Safari/537.36"
113.211.113.136 - - [08/Oct/2025:04:21:55 +0000] "GET /wp-content/uploads/2024/02/VN-11.jpg HTTP/1.1" 200 136396 "https://massageb2bkl.com/massage_b2b_kl/category/kuala-lumpur/" "Mozilla/5.0 (Linux; Android 10; K) AppleWebKit/537.36 (KHTML, like Gecko) Chrome/140.0.0.0 Mobile Safari/537.36"
113.211.113.136 - - [08/Oct/2025:04:21:55 +0000] "GET /wp-content/fonts/rajdhani/LDI2apCSOBg7S-QT7pa8FvOreec.woff2 HTTP/1.1" 200 15711 "https://massageb2bkl.com/wp-content/fonts/fba27af34cf8ae03e9e01f2d955da85f.css" "Mozilla/5.0 (Linux; Android 10; K) AppleWebKit/537.36 (KHTML, like Gecko) Chrome/140.0.0.0 Mobile Safari/537.36"
113.211.113.136 - - [08/Oct/2025:04:21:55 +0000] "GET /wp-content/fonts/rajdhani/LDI2apCSOBg7S-QT7pb0EPOreec.woff2 HTTP/1.1" 200 15107 "https://massageb2bkl.com/wp-content/fonts/fba27af34cf8ae03e9e01f2d955da85f.css" "Mozilla/5.0 (Linux; Android 10; K) AppleWebKit/537.36 (KHTML, like Gecko) Chrome/140.0.0.0 Mobile Safari/537.36"
113.211.113.136 - - [08/Oct/2025:04:21:56 +0000] "GET /wp-content/themes/photomania/third-party/cycle2/js/jquery.cycle2.min.js?ver=2.1.6 HTTP/1.1" 200 6730 "https://massageb2bkl.com/massage_b2b_kl/category/kuala-lumpur/" "Mozilla/5.0 (Linux; Android 10; K) AppleWebKit/537.36 (KHTML, like Gecko) Chrome/140.0.0.0 Mobile Safari/537.36"
113.211.113.136 - - [08/Oct/2025:04:21:56 +0000] "GET /wp-content/themes/photomania/js/skip-link-focus-fix.min.js?ver=20130115 HTTP/1.1" 200 281 "https://massageb2bkl.com/massage_b2b_kl/category/kuala-lumpur/" "Mozilla/5.0 (Linux; Android 10; K) AppleWebKit/537.36 (KHTML, like Gecko) Chrome/140.0.0.0 Mobile Safari/537.36"
113.211.113.136 - - [08/Oct/2025:04:21:55 +0000] "GET /wp-content/themes/photomania/third-party/font-awesome/webfonts/fa-solid-900.woff2 HTTP/1.1" 200 158263 "https://massageb2bkl.com/wp-content/themes/photomania/third-party/font-awesome/css/all.min.css?ver=6.7.2" "Mozilla/5.0 (Linux; Android 10; K) AppleWebKit/537.36 (KHTML, like Gecko) Chrome/140.0.0.0 Mobile Safari/537.36"
113.211.113.136 - - [08/Oct/2025:04:21:56 +0000] "GET /wp-content/themes/photomania/third-party/sidr/js/jquery.sidr.min.js?ver=2.2.1 HTTP/1.1" 200 2478 "https://massageb2bkl.com/massage_b2b_kl/category/kuala-lumpur/" "Mozilla/5.0 (Linux; Android 10; K) AppleWebKit/537.36 (KHTML, like Gecko) Chrome/140.0.0.0 Mobile Safari/537.36"
