124.13.195.10 - - [08/Oct/2025:01:52:06 +0000] "GET /wp-content/themes/photomania/third-party/magnific-popup/js/jquery.magnific-popup.min.js?ver=1.1.0 HTTP/1.1" 200 7182 "https://massageb2bkl.com/massage_b2b_kl/category/bukit-bintang/" "Mozilla/5.0 (iPhone; CPU iPhone OS 17_6_1 like Mac OS X) AppleWebKit/605.1.15 (KHTML, like Gecko) Version/17.6 Mobile/15E148 Safari/604.1"
124.13.195.10 - - [08/Oct/2025:01:52:06 +0000] "GET /wp-includes/js/underscore.min.js?ver=1.13.7 HTTP/1.1" 200 7317 "https://massageb2bkl.com/massage_b2b_kl/category/bukit-bintang/" "Mozilla/5.0 (iPhone; CPU iPhone OS 17_6_1 like Mac OS X) AppleWebKit/605.1.15 (KHTML, like Gecko) Version/17.6 Mobile/15E148 Safari/604.1"
124.13.195.10 - - [08/Oct/2025:01:52:06 +0000] "GET /wp-includes/js/wp-util.min.js?ver=6.8.3 HTTP/1.1" 200 756 "https://massageb2bkl.com/massage_b2b_kl/category/bukit-bintang/" "Mozilla/5.0 (iPhone; CPU iPhone OS 17_6_1 like Mac OS X) AppleWebKit/605.1.15 (KHTML, like Gecko) Version/17.6 Mobile/15E148 Safari/604.1"
124.13.195.10 - - [08/Oct/2025:01:52:06 +0000] "GET /wp-includes/js/imagesloaded.min.js?ver=5.0.0 HTTP/1.1" 200 1803 "https://massageb2bkl.com/massage_b2b_kl/category/bukit-bintang/" "Mozilla/5.0 (iPhone; CPU iPhone OS 17_6_1 like Mac OS X) AppleWebKit/605.1.15 (KHTML, like Gecko) Version/17.6 Mobile/15E148 Safari/604.1"
124.13.195.10 - - [08/Oct/2025:01:52:06 +0000] "GET /wp-includes/js/masonry.min.js?ver=4.2.2 HTTP/1.1" 200 7382 "https://massageb2bkl.com/massage_b2b_kl/category/bukit-bintang/" "Mozilla/5.0 (iPhone; CPU iPhone OS 17_6_1 like Mac OS X) AppleWebKit/605.1.15 (KHTML, like Gecko) Version/17.6 Mobile/15E148 Safari/604.1"
124.13.195.10 - - [08/Oct/2025:01:52:06 +0000] "GET /wp-content/themes/photomania/js/custom.min.js?ver=1.0.0 HTTP/1.1" 200 806 "https://massageb2bkl.com/massage_b2b_kl/category/bukit-bintang/" "Mozilla/5.0 (iPhone; CPU iPhone OS 17_6_1 like Mac OS X) AppleWebKit/605.1.15 (KHTML, like Gecko) Version/17.6 Mobile/15E148 Safari/604.1"
124.13.195.10 - - [08/Oct/2025:01:52:06 +0000] "GET /wp-content/plugins/google-analytics-for-wordpress/assets/js/frontend-gtag.min.js?ver=9.8.0 HTTP/1.1" 200 3277 "https://massageb2bkl.com/massage_b2b_kl/category/bukit-bintang/" "Mozilla/5.0 (iPhone; CPU iPhone OS 17_6_1 like Mac OS X) AppleWebKit/605.1.15 (KHTML, like Gecko) Version/17.6 Mobile/15E148 Safari/604.1"
124.13.195.10 - - [08/Oct/2025:01:52:06 +0000] "GET /wp-content/fonts/rajdhani/LDIxapCSOBg7S-QT7p4HM-Y.woff2 HTTP/1.1" 200 14999 "https://massageb2bkl.com/massage_b2b_kl/category/bukit-bintang/" "Mozilla/5.0 (iPhone; CPU iPhone OS 17_6_1 like Mac OS X) AppleWebKit/605.1.15 (KHTML, like Gecko) Version/17.6 Mobile/15E148 Safari/604.1"
124.13.195.10 - - [08/Oct/2025:01:52:06 +0000] "GET /wp-content/fonts/rajdhani/LDI2apCSOBg7S-QT7pa8FvOreec.woff2 HTTP/1.1" 200 15711 "https://massageb2bkl.com/massage_b2b_kl/category/bukit-bintang/" "Mozilla/5.0 (iPhone; CPU iPhone OS 17_6_1 like Mac OS X) AppleWebKit/605.1.15 (KHTML, like Gecko) Version/17.6 Mobile/15E148 Safari/604.1"
124.13.195.10 - - [08/Oct/2025:01:52:06 +0000] "GET /wp-content/fonts/rajdhani/LDI2apCSOBg7S-QT7pb0EPOreec.woff2 HTTP/1.1" 200 15107 "https://massageb2bkl.com/massage_b2b_kl/category/bukit-bintang/" "Mozilla/5.0 (iPhone; CPU iPhone OS 17_6_1 like Mac OS X) AppleWebKit/605.1.15 (KHTML, like Gecko) Version/17.6 Mobile/15E148 Safari/604.1"
124.13.195.10 - - [08/Oct/2025:01:52:06 +0000] "GET /wp-includes/js/wp-emoji-release.min.js?ver=6.8.3 HTTP/1.1" 200 5163 "https://massageb2bkl.com/massage_b2b_kl/category/bukit-bintang/" "Mozilla/5.0 (iPhone; CPU iPhone OS 17_6_1 like Mac OS X) AppleWebKit/605.1.15 (KHTML, like Gecko) Version/17.6 Mobile/15E148 Safari/604.1"
124.13.195.10 - - [08/Oct/2025:01:52:06 +0000] "GET /wp-content/themes/photomania/third-party/font-awesome/webfonts/fa-brands-400.woff2 HTTP/1.1" 200 118686 "https://massageb2bkl.com/massage_b2b_kl/category/bukit-bintang/" "Mozilla/5.0 (iPhone; CPU iPhone OS 17_6_1 like Mac OS X) AppleWebKit/605.1.15 (KHTML, like Gecko) Version/17.6 Mobile/15E148 Safari/604.1"
124.13.195.10 - - [08/Oct/2025:01:52:06 +0000] "GET /wp-content/uploads/2024/02/M22.jpg HTTP/1.1" 200 108819 "https://massageb2bkl.com/massage_b2b_kl/category/bukit-bintang/" "Mozilla/5.0 (iPhone; CPU iPhone OS 17_6_1 like Mac OS X) AppleWebKit/605.1.15 (KHTML, like Gecko) Version/17.6 Mobile/15E148 Safari/604.1"
124.13.195.10 - - [08/Oct/2025:01:52:07 +0000] "GET /wp-content/themes/photomania/third-party/font-awesome/webfonts/fa-solid-900.woff2 HTTP/1.1" 200 158263 "https://massageb2bkl.com/massage_b2b_kl/category/bukit-bintang/" "Mozilla/5.0 (iPhone; CPU iPhone OS 17_6_1 like Mac OS X) AppleWebKit/605.1.15 (KHTML, like Gecko) Version/17.6 Mobile/15E148 Safari/604.1"
124.13.195.10 - - [08/Oct/2025:01:52:07 +0000] "GET /wp-content/uploads/2022/04/body-massage-spa-kl-pj.jpg HTTP/1.1" 200 80435 "https://massageb2bkl.com/massage_b2b_kl/category/bukit-bintang/" "Mozilla/5.0 (iPhone; CPU iPhone OS 17_6_1 like Mac OS X) AppleWebKit/605.1.15 (KHTML, like Gecko) Version/17.6 Mobile/15E148 Safari/604.1"
124.13.195.10 - - [08/Oct/2025:01:52:07 +0000] "GET /wp-content/uploads/2024/02/M21.jpg HTTP/1.1" 200 104998 "https://massageb2bkl.com/massage_b2b_kl/category/bukit-bintang/" "Mozilla/5.0 (iPhone; CPU iPhone OS 17_6_1 like Mac OS X) AppleWebKit/605.1.15 (KHTML, like Gecko) Version/17.6 Mobile/15E148 Safari/604.1"
124.13.195.10 - - [08/Oct/2025:01:52:07 +0000] "GET /wp-content/uploads/2024/02/VN-11.jpg HTTP/1.1" 200 136396 "https://massageb2bkl.com/massage_b2b_kl/category/bukit-bintang/" "Mozilla/5.0 (iPhone; CPU iPhone OS 17_6_1 like Mac OS X) AppleWebKit/605.1.15 (KHTML, like Gecko) Version/17.6 Mobile/15E148 Safari/604.1"
124.13.195.10 - - [08/Oct/2025:01:52:07 +0000] "GET /wp-content/themes/photomania/third-party/font-awesome/webfonts/fa-regular-400.woff2 HTTP/1.1" 200 25495 "https://massageb2bkl.com/massage_b2b_kl/category/bukit-bintang/" "Mozilla/5.0 (iPhone; CPU iPhone OS 17_6_1 like Mac OS X) AppleWebKit/605.1.15 (KHTML, like Gecko) Version/17.6 Mobile/15E148 Safari/604.1"
124.13.195.10 - - [08/Oct/2025:01:52:08 +0000] "GET /wp-content/uploads/2024/02/T78.jpg HTTP/1.1" 200 161037 "https://massageb2bkl.com/massage_b2b_kl/category/bukit-bintang/" "Mozilla/5.0 (iPhone; CPU iPhone OS 17_6_1 like Mac OS X) AppleWebKit/605.1.15 (KHTML, like Gecko) Version/17.6 Mobile/15E148 Safari/604.1"
124.13.195.10 - - [08/Oct/2025:01:52:08 +0000] "GET /wp-content/uploads/2022/08/M79.jpg HTTP/1.1" 200 148079 "https://massageb2bkl.com/massage_b2b_kl/category/bukit-bintang/" "Mozilla/5.0 (iPhone; CPU iPhone OS 17_6_1 like Mac OS X) AppleWebKit/605.1.15 (KHTML, like Gecko) Version/17.6 Mobile/15E148 Safari/604.1"
124.13.195.10 - - [08/Oct/2025:01:52:08 +0000] "GET /wp-content/uploads/2024/02/M77.jpg HTTP/1.1" 200 124204 "https://massageb2bkl.com/massage_b2b_kl/category/bukit-bintang/" "Mozilla/5.0 (iPhone; CPU iPhone OS 17_6_1 like Mac OS X) AppleWebKit/605.1.15 (KHTML, like Gecko) Version/17.6 Mobile/15E148 Safari/604.1"
124.13.195.10 - - [08/Oct/2025:01:52:08 +0000] "GET /wp-content/uploads/2022/08/M78.jpg HTTP/1.1" 200 112433 "https://massageb2bkl.com/massage_b2b_kl/category/bukit-bintang/" "Mozilla/5.0 (iPhone; CPU iPhone OS 17_6_1 like Mac OS X) AppleWebKit/605.1.15 (KHTML, like Gecko) Version/17.6 Mobile/15E148 Safari/604.1"
124.13.195.10 - - [08/Oct/2025:01:52:08 +0000] "GET /wp-content/uploads/2022/08/M70.jpg HTTP/1.1" 200 122101 "https://massageb2bkl.com/massage_b2b_kl/category/bukit-bintang/" "Mozilla/5.0 (iPhone; CPU iPhone OS 17_6_1 like Mac OS X) AppleWebKit/605.1.15 (KHTML, like Gecko) Version/17.6 Mobile/15E148 Safari/604.1"
124.13.195.10 - - [08/Oct/2025:01:52:08 +0000] "GET /wp-content/uploads/2022/08/M73.jpg HTTP/1.1" 200 137302 "https://massageb2bkl.com/massage_b2b_kl/category/bukit-bintang/" "Mozilla/5.0 (iPhone; CPU iPhone OS 17_6_1 like Mac OS X) AppleWebKit/605.1.15 (KHTML, like Gecko) Version/17.6 Mobile/15E148 Safari/604.1"
124.13.195.10 - - [08/Oct/2025:01:52:08 +0000] "GET /wp-content/uploads/2022/08/I97.jpg HTTP/1.1" 200 179868 "https://massageb2bkl.com/massage_b2b_kl/category/bukit-bintang/" "Mozilla/5.0 (iPhone; CPU iPhone OS 17_6_1 like Mac OS X) AppleWebKit/605.1.15 (KHTML, like Gecko) Version/17.6 Mobile/15E148 Safari/604.1"
124.13.195.10 - - [08/Oct/2025:01:52:08 +0000] "GET /wp-content/uploads/2022/04/C87.jpg HTTP/1.1" 200 98135 "https://massageb2bkl.com/massage_b2b_kl/category/bukit-bintang/" "Mozilla/5.0 (iPhone; CPU iPhone OS 17_6_1 like Mac OS X) AppleWebKit/605.1.15 (KHTML, like Gecko) Version/17.6 Mobile/15E148 Safari/604.1"
124.13.195.10 - - [08/Oct/2025:01:52:08 +0000] "GET /wp-content/uploads/2022/08/T71.jpg HTTP/1.1" 200 110975 "https://massageb2bkl.com/massage_b2b_kl/category/bukit-bintang/" "Mozilla/5.0 (iPhone; CPU iPhone OS 17_6_1 like Mac OS X) AppleWebKit/605.1.15 (KHTML, like Gecko) Version/17.6 Mobile/15E148 Safari/604.1"
124.13.195.10 - - [08/Oct/2025:01:52:08 +0000] "GET /wp-content/uploads/2022/08/T77.jpg HTTP/1.1" 200 133833 "https://massageb2bkl.com/massage_b2b_kl/category/bukit-bintang/" "Mozilla/5.0 (iPhone; CPU iPhone OS 17_6_1 like Mac OS X) AppleWebKit/605.1.15 (KHTML, like Gecko) Version/17.6 Mobile/15E148 Safari/604.1"
124.13.195.10 - - [08/Oct/2025:01:52:08 +0000] "GET /wp-content/uploads/2022/04/C88.jpg HTTP/1.1" 200 108430 "https://massageb2bkl.com/massage_b2b_kl/category/bukit-bintang/" "Mozilla/5.0 (iPhone; CPU iPhone OS 17_6_1 like Mac OS X) AppleWebKit/605.1.15 (KHTML, like Gecko) Version/17.6 Mobile/15E148 Safari/604.1"
124.13.195.10 - - [08/Oct/2025:01:52:09 +0000] "GET /wp-content/uploads/2022/04/C82.jpg HTTP/1.1" 200 116941 "https://massageb2bkl.com/massage_b2b_kl/category/bukit-bintang/" "Mozilla/5.0 (iPhone; CPU iPhone OS 17_6_1 like Mac OS X) AppleWebKit/605.1.15 (KHTML, like Gecko) Version/17.6 Mobile/15E148 Safari/604.1"
124.13.195.10 - - [08/Oct/2025:01:52:09 +0000] "GET /wp-content/uploads/2022/04/V72.jpg HTTP/1.1" 200 100188 "https://massageb2bkl.com/massage_b2b_kl/category/bukit-bintang/" "Mozilla/5.0 (iPhone; CPU iPhone OS 17_6_1 like Mac OS X) AppleWebKit/605.1.15 (KHTML, like Gecko) Version/17.6 Mobile/15E148 Safari/604.1"
124.13.195.10 - - [08/Oct/2025:01:52:09 +0000] "GET /wp-content/uploads/2022/04/V77.jpg HTTP/1.1" 200 114457 "https://massageb2bkl.com/massage_b2b_kl/category/bukit-bintang/" "Mozilla/5.0 (iPhone; CPU iPhone OS 17_6_1 like Mac OS X) AppleWebKit/605.1.15 (KHTML, like Gecko) Version/17.6 Mobile/15E148 Safari/604.1"
124.13.195.10 - - [08/Oct/2025:01:52:09 +0000] "GET /wp-content/uploads/2022/04/V79.jpg HTTP/1.1" 200 146043 "https://massageb2bkl.com/massage_b2b_kl/category/bukit-bintang/" "Mozilla/5.0 (iPhone; CPU iPhone OS 17_6_1 like Mac OS X) AppleWebKit/605.1.15 (KHTML, like Gecko) Version/17.6 Mobile/15E148 Safari/604.1"
124.13.195.10 - - [08/Oct/2025:01:52:09 +0000] "GET /wp-content/uploads/2022/04/V71.jpg HTTP/1.1" 200 104597 "https://massageb2bkl.com/massage_b2b_kl/category/bukit-bintang/" "Mozilla/5.0 (iPhone; CPU iPhone OS 17_6_1 like Mac OS X) AppleWebKit/605.1.15 (KHTML, like Gecko) Version/17.6 Mobile/15E148 Safari/604.1"
124.13.195.10 - - [08/Oct/2025:01:52:09 +0000] "GET /wp-content/uploads/2022/04/VN-18.jpg HTTP/1.1" 200 123263 "https://massageb2bkl.com/massage_b2b_kl/category/bukit-bintang/" "Mozilla/5.0 (iPhone; CPU iPhone OS 17_6_1 like Mac OS X) AppleWebKit/605.1.15 (KHTML, like Gecko) Version/17.6 Mobile/15E148 Safari/604.1"
124.13.195.10 - - [08/Oct/2025:01:52:10 +0000] "GET /wp-content/uploads/2022/04/cropped-iconfinder_kl-elegant-massage-32x32.png HTTP/1.1" 200 2697 "https://massageb2bkl.com/massage_b2b_kl/category/bukit-bintang/" "Mozilla/5.0 (iPhone; CPU iPhone OS 17_6_1 like Mac OS X) AppleWebKit/605.1.15 (KHTML, like Gecko) Version/17.6 Mobile/15E148 Safari/604.1"
124.13.195.10 - - [08/Oct/2025:01:52:10 +0000] "GET /wp-content/uploads/2022/04/cropped-iconfinder_kl-elegant-massage-192x192.png HTTP/1.1" 200 42380 "https://massageb2bkl.com/massage_b2b_kl/category/bukit-bintang/" "Mozilla/5.0 (iPhone; CPU iPhone OS 17_6_1 like Mac OS X) AppleWebKit/605.1.15 (KHTML, like Gecko) Version/17.6 Mobile/15E148 Safari/604.1"
124.13.195.10 - - [08/Oct/2025:01:52:10 +0000] "GET /massage_b2b_kl/vn-11/ HTTP/1.1" 200 16495 "https://massageb2bkl.com/massage_b2b_kl/category/bukit-bintang/" "Mozilla/5.0 (iPhone; CPU iPhone OS 17_6_1 like Mac OS X) AppleWebKit/605.1.15 (KHTML, like Gecko) Version/17.6 Mobile/15E148 Safari/604.1"
124.13.195.10 - - [08/Oct/2025:01:52:11 +0000] "GET /wp-includes/js/comment-reply.min.js?ver=6.8.3 HTTP/1.1" 200 1375 "https://massageb2bkl.com/massage_b2b_kl/vn-11/" "Mozilla/5.0 (iPhone; CPU iPhone OS 17_6_1 like Mac OS X) AppleWebKit/605.1.15 (KHTML, like Gecko) Version/17.6 Mobile/15E148 Safari/604.1"
45.61.185.29 - - [08/Oct/2025:01:52:28 +0000] "GET /wp-login.php HTTP/1.1" 200 2043 "-" "Mozilla/5.0 (Windows NT 6.1; WOW64; rv:24.0) Gecko/20100101 Firefox/24.0"
203.161.56.247 - - [08/Oct/2025:01:58:25 +0000] "POST /wp-cron.php?doing_wp_cron=1759888705.3485450744628906250000 HTTP/1.1" 200 - "-" "WordPress/6.8.3; https://massageb2bkl.com"
216.73.216.152 - - [08/Oct/2025:01:58:24 +0000] "GET /robots.txt HTTP/1.1" 200 121 "-" "Mozilla/5.0 AppleWebKit/537.36 (KHTML, like Gecko; compatible; ClaudeBot/1.0; +claudebot@anthropic.com)"
216.73.216.152 - - [08/Oct/2025:01:58:25 +0000] "GET /sitemap.xml HTTP/1.1" 200 396 "-" "Mozilla/5.0 AppleWebKit/537.36 (KHTML, like Gecko; compatible; ClaudeBot/1.0; +claudebot@anthropic.com)"
203.161.56.247 - - [08/Oct/2025:02:20:53 +0000] "POST /wp-cron.php?doing_wp_cron=1759890053.8190450668334960937500 HTTP/1.1" 200 - "-" "WordPress/6.8.3; https://massageb2bkl.com"
216.73.216.152 - - [08/Oct/2025:02:20:52 +0000] "GET /sitemap.rss HTTP/1.1" 200 993 "-" "Mozilla/5.0 AppleWebKit/537.36 (KHTML, like Gecko; compatible; ClaudeBot/1.0; +claudebot@anthropic.com)"
203.161.56.247 - - [08/Oct/2025:02:21:31 +0000] "POST /wp-cron.php?doing_wp_cron=1759890091.9136350154876708984375 HTTP/1.1" 200 - "-" "WordPress/6.8.3; https://massageb2bkl.com"
66.249.73.70 - - [08/Oct/2025:02:21:31 +0000] "GET /massage_b2b_kl/m-78/?utm_source=rss&utm_medium=rss&utm_campaign=m-78 HTTP/1.1" 200 16520 "-" "Mozilla/5.0 (Linux; Android 6.0.1; Nexus 5X Build/MMB29P) AppleWebKit/537.36 (KHTML, like Gecko) Chrome/140.0.7339.207 Mobile Safari/537.36 (compatible; Googlebot/2.1; +http://www.google.com/bot.html)"
66.249.73.70 - - [08/Oct/2025:02:21:35 +0000] "GET /wp-content/fonts/fba27af34cf8ae03e9e01f2d955da85f.css HTTP/1.1" 200 686 "https://massageb2bkl.com/massage_b2b_kl/m-78/?utm_source=rss&utm_medium=rss&utm_campaign=m-78" "Mozilla/5.0 (Linux; Android 6.0.1; Nexus 5X Build/MMB29P) AppleWebKit/537.36 (KHTML, like Gecko) Chrome/140.0.7339.207 Mobile Safari/537.36 (compatible; Googlebot/2.1; +http://www.google.com/bot.html)"
185.241.208.111 - - [08/Oct/2025:02:36:02 +0000] "GET /wp-content/themes/seotheme/db.php?u HTTP/1.1" 404 50324 "www.google.com" "Mozlila/5.0 (Linux; Android 7.0; SM-G892A Bulid/NRD90M; wv) AppleWebKit/537.36 (KHTML, like Gecko) Version/4.0 Chrome/60.0.3112.107 Moblie Safari/537.36"
185.241.208.111 - - [08/Oct/2025:02:36:03 +0000] "POST /wp-plain.php HTTP/1.1" 404 50049 "www.google.com" "Mozilla/5.0 (Linux; Android 7.0; SM-G892A Bulid/NRD90M; wv) AppleWebKit/537.36 (KHTML, like Gecko) Version/4.0 Chrome/60.0.3112.107 Moblie Safari/537.36"
185.241.208.111 - - [08/Oct/2025:02:36:05 +0000] "GET /hwoyteyr.php?Fox=d3wL7 HTTP/1.1" 404 50134 "www.google.com" "Mozilla/5.0 (Linux; Android 7.0; SM-G892A Bulid/NRD90M; wv) AppleWebKit/537.36 (KHTML, like Gecko) Version/4.0 Chrome/60.0.3112.107 Moblie Safari/537.36"
203.161.56.247 - - [08/Oct/2025:02:37:54 +0000] "POST /wp-cron.php?doing_wp_cron=1759891074.2014369964599609375000 HTTP/1.1" 200 - "-" "WordPress/6.8.3; https://massageb2bkl.com"
216.73.216.152 - - [08/Oct/2025:02:37:52 +0000] "GET /sitemap.xml HTTP/1.1" 200 396 "-" "Mozilla/5.0 AppleWebKit/537.36 (KHTML, like Gecko; compatible; ClaudeBot/1.0; +claudebot@anthropic.com)"
185.9.17.124 - - [08/Oct/2025:02:44:33 +0000] "GET /wp-content/themes/seotheme/db.php?u HTTP/1.1" 404 50324 "www.google.com" "Mozlila/5.0 (Linux; Android 7.0; SM-G892A Bulid/NRD90M; wv) AppleWebKit/537.36 (KHTML, like Gecko) Version/4.0 Chrome/60.0.3112.107 Moblie Safari/537.36"
185.9.17.124 - - [08/Oct/2025:02:44:30 +0000] "POST /ALFA_DATA/alfacgiapi/perl.alfa HTTP/1.1" 404 50212 "www.google.com" "Mozlila/5.0 (Linux; Android 7.0; SM-G892A Bulid/NRD90M; wv) AppleWebKit/537.36 (KHTML, like Gecko) Version/4.0 Chrome/60.0.3112.107 Moblie Safari/537.36"
185.9.17.124 - - [08/Oct/2025:02:44:31 +0000] "GET /wp-content/themes/seotheme/db.php?u HTTP/1.1" 404 50324 "www.google.com" "Mozlila/5.0 (Linux; Android 7.0; SM-G892A Bulid/NRD90M; wv) AppleWebKit/537.36 (KHTML, like Gecko) Version/4.0 Chrome/60.0.3112.107 Moblie Safari/537.36"
203.161.56.247 - - [08/Oct/2025:02:51:15 +0000] "POST /wp-cron.php?doing_wp_cron=1759891875.1830799579620361328125 HTTP/1.1" 200 - "-" "WordPress/6.8.3; https://massageb2bkl.com"
45.251.114.175 - - [08/Oct/2025:02:51:13 +0000] "GET /wp-login.php HTTP/1.1" 200 2043 "-" "Mozilla/5.0 (Windows NT 10.0; Win64; x64) AppleWebKit/537.36 (KHTML, like Gecko) Chrome/120.0.0.0 Safari/537.36"
45.251.114.175 - - [08/Oct/2025:02:51:15 +0000] "POST /wp-login.php HTTP/1.1" 200 2144 "https://massageb2bkl.com/wp-login.php" "Mozilla/5.0 (Windows NT 10.0; Win64; x64) AppleWebKit/537.36 (KHTML, like Gecko) Chrome/120.0.0.0 Safari/537.36"
203.161.56.247 - - [08/Oct/2025:02:55:16 +0000] "POST /wp-cron.php?doing_wp_cron=1759892116.8341929912567138671875 HTTP/1.1" 200 - "-" "WordPress/6.8.3; https://massageb2bkl.com"
51.222.168.74 - - [08/Oct/2025:02:55:15 +0000] "GET /sitemap.rss HTTP/1.1" 200 993 "-" "Mozilla/5.0 (compatible; AhrefsBot/7.0; +http://ahrefs.com/robot/)"
18.97.9.170 - - [08/Oct/2025:03:00:24 +0000] "GET /robots.txt HTTP/1.1" 200 121 "-" "CCBot/2.0 (https://commoncrawl.org/faq/)"
18.97.9.170 - - [08/Oct/2025:03:00:25 +0000] "GET /massage_b2b_kl/v72/ HTTP/1.1" 200 16239 "-" "CCBot/2.0 (https://commoncrawl.org/faq/)"
203.161.56.247 - - [08/Oct/2025:03:01:25 +0000] "POST /wp-cron.php?doing_wp_cron=1759892485.5700550079345703125000 HTTP/1.1" 200 - "-" "WordPress/6.8.3; https://massageb2bkl.com"
66.249.73.71 - - [08/Oct/2025:03:01:24 +0000] "GET /sitemap.xml HTTP/1.1" 200 396 "-" "Mozilla/5.0 (compatible; Googlebot/2.1; +http://www.google.com/bot.html)"
203.161.56.247 - - [08/Oct/2025:03:08:36 +0000] "POST /wp-cron.php?doing_wp_cron=1759892916.8711829185485839843750 HTTP/1.1" 200 - "-" "WordPress/6.8.3; https://massageb2bkl.com"
113.211.142.119 - - [08/Oct/2025:03:08:35 +0000] "GET /massage_b2b_kl/category/sunway-velocity/ HTTP/1.1" 200 17410 "https://www.google.com/" "Mozilla/5.0 (iPhone; CPU iPhone OS 18_7 like Mac OS X) AppleWebKit/605.1.15 (KHTML, like Gecko) Version/26.0.1 Mobile/15E148 Safari/604.1"
113.211.142.119 - - [08/Oct/2025:03:08:37 +0000] "GET /wp-content/themes/photomania/third-party/sidr/css/jquery.sidr.dark.min.css?ver=2.2.1 HTTP/1.1" 200 1305 "https://massageb2bkl.com/massage_b2b_kl/category/sunway-velocity/" "Mozilla/5.0 (iPhone; CPU iPhone OS 18_7 like Mac OS X) AppleWebKit/605.1.15 (KHTML, like Gecko) Version/26.0.1 Mobile/15E148 Safari/604.1"
113.211.142.119 - - [08/Oct/2025:03:08:37 +0000] "GET /wp-content/themes/photomania/third-party/magnific-popup/css/magnific-popup.min.css?ver=1.1.0 HTTP/1.1" 200 1586 "https://massageb2bkl.com/massage_b2b_kl/category/sunway-velocity/" "Mozilla/5.0 (iPhone; CPU iPhone OS 18_7 like Mac OS X) AppleWebKit/605.1.15 (KHTML, like Gecko) Version/26.0.1 Mobile/15E148 Safari/604.1"
113.211.142.119 - - [08/Oct/2025:03:08:37 +0000] "GET /wp-content/plugins/wp-call-button/assets/block/build/index.css?ver=085f82fba130fc4cf3057de5e2dcc820 HTTP/1.1" 200 334 "https://massageb2bkl.com/massage_b2b_kl/category/sunway-velocity/" "Mozilla/5.0 (iPhone; CPU iPhone OS 18_7 like Mac OS X) AppleWebKit/605.1.15 (KHTML, like Gecko) Version/26.0.1 Mobile/15E148 Safari/604.1"
113.211.142.119 - - [08/Oct/2025:03:08:37 +0000] "GET /wp-includes/css/dist/block-library/style.min.css?ver=6.8.3 HTTP/1.1" 200 15315 "https://massageb2bkl.com/massage_b2b_kl/category/sunway-velocity/" "Mozilla/5.0 (iPhone; CPU iPhone OS 18_7 like Mac OS X) AppleWebKit/605.1.15 (KHTML, like Gecko) Version/26.0.1 Mobile/15E148 Safari/604.1"
113.211.142.119 - - [08/Oct/2025:03:08:37 +0000] "GET /wp-content/plugins/click-to-chat-for-whatsapp/new/inc/assets/css/main.css?ver=4.28 HTTP/1.1" 200 736 "https://massageb2bkl.com/massage_b2b_kl/category/sunway-velocity/" "Mozilla/5.0 (iPhone; CPU iPhone OS 18_7 like Mac OS X) AppleWebKit/605.1.15 (KHTML, like Gecko) Version/26.0.1 Mobile/15E148 Safari/604.1"
113.211.142.119 - - [08/Oct/2025:03:08:37 +0000] "GET /wp-content/themes/photomania/third-party/font-awesome/css/all.min.css?ver=6.7.2 HTTP/1.1" 200 21501 "https://massageb2bkl.com/massage_b2b_kl/category/sunway-velocity/" "Mozilla/5.0 (iPhone; CPU iPhone OS 18_7 like Mac OS X) AppleWebKit/605.1.15 (KHTML, like Gecko) Version/26.0.1 Mobile/15E148 Safari/604.1"
113.211.142.119 - - [08/Oct/2025:03:08:37 +0000] "GET /wp-content/fonts/fba27af34cf8ae03e9e01f2d955da85f.css HTTP/1.1" 200 686 "https://massageb2bkl.com/massage_b2b_kl/category/sunway-velocity/" "Mozilla/5.0 (iPhone; CPU iPhone OS 18_7 like Mac OS X) AppleWebKit/605.1.15 (KHTML, like Gecko) Version/26.0.1 Mobile/15E148 Safari/604.1"
113.211.142.119 - - [08/Oct/2025:03:08:38 +0000] "GET /wp-content/themes/photomania/style.css?ver=20250702-173701 HTTP/1.1" 200 18906 "https://massageb2bkl.com/massage_b2b_kl/category/sunway-velocity/" "Mozilla/5.0 (iPhone; CPU iPhone OS 18_7 like Mac OS X) AppleWebKit/605.1.15 (KHTML, like Gecko) Version/26.0.1 Mobile/15E148 Safari/604.1"
113.211.142.119 - - [08/Oct/2025:03:08:38 +0000] "GET /wp-content/themes/photomania/css/blocks.css?ver=20250702-173701 HTTP/1.1" 200 2738 "https://massageb2bkl.com/massage_b2b_kl/category/sunway-velocity/" "Mozilla/5.0 (iPhone; CPU iPhone OS 18_7 like Mac OS X) AppleWebKit/605.1.15 (KHTML, like Gecko) Version/26.0.1 Mobile/15E148 Safari/604.1"
113.211.142.119 - - [08/Oct/2025:03:08:38 +0000] "GET /wp-includes/js/jquery/jquery.min.js?ver=3.7.1 HTTP/1.1" 200 30368 "https://massageb2bkl.com/massage_b2b_kl/category/sunway-velocity/" "Mozilla/5.0 (iPhone; CPU iPhone OS 18_7 like Mac OS X) AppleWebKit/605.1.15 (KHTML, like Gecko) Version/26.0.1 Mobile/15E148 Safari/604.1"
113.211.142.119 - - [08/Oct/2025:03:08:38 +0000] "GET /wp-includes/js/jquery/jquery-migrate.min.js?ver=3.4.1 HTTP/1.1" 200 4872 "https://massageb2bkl.com/massage_b2b_kl/category/sunway-velocity/" "Mozilla/5.0 (iPhone; CPU iPhone OS 18_7 like Mac OS X) AppleWebKit/605.1.15 (KHTML, like Gecko) Version/26.0.1 Mobile/15E148 Safari/604.1"
113.211.142.119 - - [08/Oct/2025:03:08:38 +0000] "GET /wp-content/plugins/google-analytics-for-wordpress/assets/js/frontend-gtag.min.js?ver=9.8.0 HTTP/1.1" 200 3277 "https://massageb2bkl.com/massage_b2b_kl/category/sunway-velocity/" "Mozilla/5.0 (iPhone; CPU iPhone OS 18_7 like Mac OS X) AppleWebKit/605.1.15 (KHTML, like Gecko) Version/26.0.1 Mobile/15E148 Safari/604.1"
113.211.142.119 - - [08/Oct/2025:03:08:38 +0000] "GET /wp-content/plugins/click-to-chat-for-whatsapp/new/inc/assets/js/app.js?ver=4.28 HTTP/1.1" 200 3560 "https://massageb2bkl.com/massage_b2b_kl/category/sunway-velocity/" "Mozilla/5.0 (iPhone; CPU iPhone OS 18_7 like Mac OS X) AppleWebKit/605.1.15 (KHTML, like Gecko) Version/26.0.1 Mobile/15E148 Safari/604.1"
113.211.142.119 - - [08/Oct/2025:03:08:38 +0000] "GET /wp-content/themes/photomania/js/skip-link-focus-fix.min.js?ver=20130115 HTTP/1.1" 200 281 "https://massageb2bkl.com/massage_b2b_kl/category/sunway-velocity/" "Mozilla/5.0 (iPhone; CPU iPhone OS 18_7 like Mac OS X) AppleWebKit/605.1.15 (KHTML, like Gecko) Version/26.0.1 Mobile/15E148 Safari/604.1"
113.211.142.119 - - [08/Oct/2025:03:08:38 +0000] "GET /wp-content/themes/photomania/third-party/cycle2/js/jquery.cycle2.min.js?ver=2.1.6 HTTP/1.1" 200 6730 "https://massageb2bkl.com/massage_b2b_kl/category/sunway-velocity/" "Mozilla/5.0 (iPhone; CPU iPhone OS 18_7 like Mac OS X) AppleWebKit/605.1.15 (KHTML, like Gecko) Version/26.0.1 Mobile/15E148 Safari/604.1"
113.211.142.119 - - [08/Oct/2025:03:08:38 +0000] "GET /wp-content/uploads/2024/02/M22.jpg HTTP/1.1" 200 108819 "https://massageb2bkl.com/massage_b2b_kl/category/sunway-velocity/" "Mozilla/5.0 (iPhone; CPU iPhone OS 18_7 like Mac OS X) AppleWebKit/605.1.15 (KHTML, like Gecko) Version/26.0.1 Mobile/15E148 Safari/604.1"
113.211.142.119 - - [08/Oct/2025:03:08:38 +0000] "GET /wp-content/themes/photomania/third-party/magnific-popup/js/jquery.magnific-popup.min.js?ver=1.1.0 HTTP/1.1" 200 7182 "https://massageb2bkl.com/massage_b2b_kl/category/sunway-velocity/" "Mozilla/5.0 (iPhone; CPU iPhone OS 18_7 like Mac OS X) AppleWebKit/605.1.15 (KHTML, like Gecko) Version/26.0.1 Mobile/15E148 Safari/604.1"
113.211.142.119 - - [08/Oct/2025:03:08:38 +0000] "GET /wp-content/themes/photomania/third-party/sidr/js/jquery.sidr.min.js?ver=2.2.1 HTTP/1.1" 200 2478 "https://massageb2bkl.com/massage_b2b_kl/category/sunway-velocity/" "Mozilla/5.0 (iPhone; CPU iPhone OS 18_7 like Mac OS X) AppleWebKit/605.1.15 (KHTML, like Gecko) Version/26.0.1 Mobile/15E148 Safari/604.1"
113.211.142.119 - - [08/Oct/2025:03:08:38 +0000] "GET /wp-includes/js/wp-util.min.js?ver=6.8.3 HTTP/1.1" 200 756 "https://massageb2bkl.com/massage_b2b_kl/category/sunway-velocity/" "Mozilla/5.0 (iPhone; CPU iPhone OS 18_7 like Mac OS X) AppleWebKit/605.1.15 (KHTML, like Gecko) Version/26.0.1 Mobile/15E148 Safari/604.1"
113.211.142.119 - - [08/Oct/2025:03:08:38 +0000] "GET /wp-includes/js/underscore.min.js?ver=1.13.7 HTTP/1.1" 200 7317 "https://massageb2bkl.com/massage_b2b_kl/category/sunway-velocity/" "Mozilla/5.0 (iPhone; CPU iPhone OS 18_7 like Mac OS X) AppleWebKit/605.1.15 (KHTML, like Gecko) Version/26.0.1 Mobile/15E148 Safari/604.1"
113.211.142.119 - - [08/Oct/2025:03:08:38 +0000] "GET /wp-includes/js/imagesloaded.min.js?ver=5.0.0 HTTP/1.1" 200 1803 "https://massageb2bkl.com/massage_b2b_kl/category/sunway-velocity/" "Mozilla/5.0 (iPhone; CPU iPhone OS 18_7 like Mac OS X) AppleWebKit/605.1.15 (KHTML, like Gecko) Version/26.0.1 Mobile/15E148 Safari/604.1"
113.211.142.119 - - [08/Oct/2025:03:08:38 +0000] "GET /wp-content/themes/photomania/js/custom.min.js?ver=1.0.0 HTTP/1.1" 200 806 "https://massageb2bkl.com/massage_b2b_kl/category/sunway-velocity/" "Mozilla/5.0 (iPhone; CPU iPhone OS 18_7 like Mac OS X) AppleWebKit/605.1.15 (KHTML, like Gecko) Version/26.0.1 Mobile/15E148 Safari/604.1"
113.211.142.119 - - [08/Oct/2025:03:08:38 +0000] "GET /wp-content/fonts/rajdhani/LDIxapCSOBg7S-QT7p4HM-Y.woff2 HTTP/1.1" 200 14999 "https://massageb2bkl.com/massage_b2b_kl/category/sunway-velocity/" "Mozilla/5.0 (iPhone; CPU iPhone OS 18_7 like Mac OS X) AppleWebKit/605.1.15 (KHTML, like Gecko) Version/26.0.1 Mobile/15E148 Safari/604.1"
113.211.142.119 - - [08/Oct/2025:03:08:38 +0000] "GET /wp-includes/js/masonry.min.js?ver=4.2.2 HTTP/1.1" 200 7382 "https://massageb2bkl.com/massage_b2b_kl/category/sunway-velocity/" "Mozilla/5.0 (iPhone; CPU iPhone OS 18_7 like Mac OS X) AppleWebKit/605.1.15 (KHTML, like Gecko) Version/26.0.1 Mobile/15E148 Safari/604.1"
113.211.142.119 - - [08/Oct/2025:03:08:38 +0000] "GET /wp-content/fonts/rajdhani/LDI2apCSOBg7S-QT7pb0EPOreec.woff2 HTTP/1.1" 200 15107 "https://massageb2bkl.com/massage_b2b_kl/category/sunway-velocity/" "Mozilla/5.0 (iPhone; CPU iPhone OS 18_7 like Mac OS X) AppleWebKit/605.1.15 (KHTML, like Gecko) Version/26.0.1 Mobile/15E148 Safari/604.1"
113.211.142.119 - - [08/Oct/2025:03:08:38 +0000] "GET /wp-content/fonts/rajdhani/LDI2apCSOBg7S-QT7pa8FvOreec.woff2 HTTP/1.1" 200 15711 "https://massageb2bkl.com/massage_b2b_kl/category/sunway-velocity/" "Mozilla/5.0 (iPhone; CPU iPhone OS 18_7 like Mac OS X) AppleWebKit/605.1.15 (KHTML, like Gecko) Version/26.0.1 Mobile/15E148 Safari/604.1"
113.211.142.119 - - [08/Oct/2025:03:08:38 +0000] "GET /wp-content/themes/photomania/third-party/font-awesome/webfonts/fa-solid-900.woff2 HTTP/1.1" 200 158263 "https://massageb2bkl.com/massage_b2b_kl/category/sunway-velocity/" "Mozilla/5.0 (iPhone; CPU iPhone OS 18_7 like Mac OS X) AppleWebKit/605.1.15 (KHTML, like Gecko) Version/26.0.1 Mobile/15E148 Safari/604.1"
113.211.142.119 - - [08/Oct/2025:03:08:39 +0000] "GET /wp-content/themes/photomania/third-party/font-awesome/webfonts/fa-brands-400.woff2 HTTP/1.1" 200 118686 "https://massageb2bkl.com/massage_b2b_kl/category/sunway-velocity/" "Mozilla/5.0 (iPhone; CPU iPhone OS 18_7 like Mac OS X) AppleWebKit/605.1.15 (KHTML, like Gecko) Version/26.0.1 Mobile/15E148 Safari/604.1"
113.211.142.119 - - [08/Oct/2025:03:08:39 +0000] "GET /wp-content/uploads/2022/04/body-massage-spa-kl-pj.jpg HTTP/1.1" 200 80435 "https://massageb2bkl.com/massage_b2b_kl/category/sunway-velocity/" "Mozilla/5.0 (iPhone; CPU iPhone OS 18_7 like Mac OS X) AppleWebKit/605.1.15 (KHTML, like Gecko) Version/26.0.1 Mobile/15E148 Safari/604.1"
113.211.142.119 - - [08/Oct/2025:03:08:39 +0000] "GET /wp-content/uploads/2024/02/M21.jpg HTTP/1.1" 200 104998 "https://massageb2bkl.com/massage_b2b_kl/category/sunway-velocity/" "Mozilla/5.0 (iPhone; CPU iPhone OS 18_7 like Mac OS X) AppleWebKit/605.1.15 (KHTML, like Gecko) Version/26.0.1 Mobile/15E148 Safari/604.1"
113.211.142.119 - - [08/Oct/2025:03:08:39 +0000] "GET /wp-content/uploads/2022/08/M79.jpg HTTP/1.1" 200 148079 "https://massageb2bkl.com/massage_b2b_kl/category/sunway-velocity/" "Mozilla/5.0 (iPhone; CPU iPhone OS 18_7 like Mac OS X) AppleWebKit/605.1.15 (KHTML, like Gecko) Version/26.0.1 Mobile/15E148 Safari/604.1"
113.211.142.119 - - [08/Oct/2025:03:08:39 +0000] "GET /wp-content/uploads/2024/02/M77.jpg HTTP/1.1" 200 124204 "https://massageb2bkl.com/massage_b2b_kl/category/sunway-velocity/" "Mozilla/5.0 (iPhone; CPU iPhone OS 18_7 like Mac OS X) AppleWebKit/605.1.15 (KHTML, like Gecko) Version/26.0.1 Mobile/15E148 Safari/604.1"
113.211.142.119 - - [08/Oct/2025:03:08:39 +0000] "GET /wp-content/uploads/2024/02/T78.jpg HTTP/1.1" 200 161037 "https://massageb2bkl.com/massage_b2b_kl/category/sunway-velocity/" "Mozilla/5.0 (iPhone; CPU iPhone OS 18_7 like Mac OS X) AppleWebKit/605.1.15 (KHTML, like Gecko) Version/26.0.1 Mobile/15E148 Safari/604.1"
113.211.142.119 - - [08/Oct/2025:03:08:39 +0000] "GET /wp-content/uploads/2024/02/VN-11.jpg HTTP/1.1" 200 136396 "https://massageb2bkl.com/massage_b2b_kl/category/sunway-velocity/" "Mozilla/5.0 (iPhone; CPU iPhone OS 18_7 like Mac OS X) AppleWebKit/605.1.15 (KHTML, like Gecko) Version/26.0.1 Mobile/15E148 Safari/604.1"
113.211.142.119 - - [08/Oct/2025:03:08:40 +0000] "GET /wp-content/uploads/2022/08/M78.jpg HTTP/1.1" 200 112433 "https://massageb2bkl.com/massage_b2b_kl/category/sunway-velocity/" "Mozilla/5.0 (iPhone; CPU iPhone OS 18_7 like Mac OS X) AppleWebKit/605.1.15 (KHTML, like Gecko) Version/26.0.1 Mobile/15E148 Safari/604.1"
113.211.142.119 - - [08/Oct/2025:03:08:40 +0000] "GET /wp-content/uploads/2022/08/M73.jpg HTTP/1.1" 200 137302 "https://massageb2bkl.com/massage_b2b_kl/category/sunway-velocity/" "Mozilla/5.0 (iPhone; CPU iPhone OS 18_7 like Mac OS X) AppleWebKit/605.1.15 (KHTML, like Gecko) Version/26.0.1 Mobile/15E148 Safari/604.1"
113.211.142.119 - - [08/Oct/2025:03:08:40 +0000] "GET /wp-content/uploads/2022/08/M70.jpg HTTP/1.1" 200 122101 "https://massageb2bkl.com/massage_b2b_kl/category/sunway-velocity/" "Mozilla/5.0 (iPhone; CPU iPhone OS 18_7 like Mac OS X) AppleWebKit/605.1.15 (KHTML, like Gecko) Version/26.0.1 Mobile/15E148 Safari/604.1"
113.211.142.119 - - [08/Oct/2025:03:08:40 +0000] "GET /wp-content/uploads/2022/08/I97.jpg HTTP/1.1" 200 179868 "https://massageb2bkl.com/massage_b2b_kl/category/sunway-velocity/" "Mozilla/5.0 (iPhone; CPU iPhone OS 18_7 like Mac OS X) AppleWebKit/605.1.15 (KHTML, like Gecko) Version/26.0.1 Mobile/15E148 Safari/604.1"
113.211.142.119 - - [08/Oct/2025:03:08:40 +0000] "GET /wp-content/uploads/2022/08/T77.jpg HTTP/1.1" 200 133833 "https://massageb2bkl.com/massage_b2b_kl/category/sunway-velocity/" "Mozilla/5.0 (iPhone; CPU iPhone OS 18_7 like Mac OS X) AppleWebKit/605.1.15 (KHTML, like Gecko) Version/26.0.1 Mobile/15E148 Safari/604.1"
113.211.142.119 - - [08/Oct/2025:03:08:40 +0000] "GET /wp-content/uploads/2022/08/T71.jpg HTTP/1.1" 200 110975 "https://massageb2bkl.com/massage_b2b_kl/category/sunway-velocity/" "Mozilla/5.0 (iPhone; CPU iPhone OS 18_7 like Mac OS X) AppleWebKit/605.1.15 (KHTML, like Gecko) Version/26.0.1 Mobile/15E148 Safari/604.1"
113.211.142.119 - - [08/Oct/2025:03:08:40 +0000] "GET /wp-content/uploads/2022/04/C88.jpg HTTP/1.1" 200 108430 "https://massageb2bkl.com/massage_b2b_kl/category/sunway-velocity/" "Mozilla/5.0 (iPhone; CPU iPhone OS 18_7 like Mac OS X) AppleWebKit/605.1.15 (KHTML, like Gecko) Version/26.0.1 Mobile/15E148 Safari/604.1"
203.161.56.247 - - [08/Oct/2025:03:12:14 +0000] "POST /wp-cron.php?doing_wp_cron=1759893134.1542649269104003906250 HTTP/1.1" 200 - "-" "WordPress/6.8.3; https://massageb2bkl.com"
18.97.9.170 - - [08/Oct/2025:03:12:12 +0000] "GET /massage_b2b_kl/c87/ HTTP/1.1" 200 16236 "-" "CCBot/2.0 (https://commoncrawl.org/faq/)"
203.161.56.247 - - [08/Oct/2025:03:16:39 +0000] "POST /wp-cron.php?doing_wp_cron=1759893399.6298980712890625000000 HTTP/1.1" 200 - "-" "WordPress/6.8.3; https://massageb2bkl.com"
18.97.9.170 - - [08/Oct/2025:03:16:38 +0000] "GET /massage_b2b_kl/tag/outcall-massage-kl/ HTTP/1.1" 200 16510 "-" "CCBot/2.0 (https://commoncrawl.org/faq/)"
203.161.56.247 - - [08/Oct/2025:03:18:52 +0000] "POST /wp-cron.php?doing_wp_cron=1759893532.7671439647674560546875 HTTP/1.1" 200 - "-" "WordPress/6.8.3; https://massageb2bkl.com"
18.97.9.170 - - [08/Oct/2025:03:18:51 +0000] "GET /massage_b2b_kl/m-79/%7B%7B%20data.images.large.url%20%7D%7D HTTP/1.1" 301 - "-" "CCBot/2.0 (https://commoncrawl.org/faq/)"
18.97.9.170 - - [08/Oct/2025:03:18:52 +0000] "GET /massage_b2b_kl/m-79/%7B%7B%20data.images.large.url HTTP/1.1" 404 14655 "-" "CCBot/2.0 (https://commoncrawl.org/faq/)"
203.161.56.247 - - [08/Oct/2025:03:19:32 +0000] "POST /wp-cron.php?doing_wp_cron=1759893572.9522640705108642578125 HTTP/1.1" 200 - "-" "WordPress/6.8.3; https://massageb2bkl.com"
18.97.9.170 - - [08/Oct/2025:03:19:32 +0000] "GET /massage_b2b_kl/v77/%7B%7B%20data.social.pinterest%20%7D%7D HTTP/1.1" 301 - "-" "CCBot/2.0 (https://commoncrawl.org/faq/)"
18.97.9.170 - - [08/Oct/2025:03:19:33 +0000] "GET /massage_b2b_kl/v77/%7B%7B%20data.social.pinterest HTTP/1.1" 404 14655 "-" "CCBot/2.0 (https://commoncrawl.org/faq/)"
159.26.115.63 - - [08/Oct/2025:03:26:51 +0000] "GET /app_porfirioloredanabattistiyezCakc.php HTTP/1.1" 200 1878 "-" "Mozilla/5.0 (Windows NT 10.0; Win64; x64) AppleWebKit/537.36 (KHTML, like Gecko) Chrome/141.0.0.0 Safari/537.36"
110.77.241.31 - - [08/Oct/2025:03:30:54 +0000] "POST /wp-comments-post.php HTTP/1.1" 403 1130 "-" "Mozilla/5.0 (Windows NT 10.0; Win64; x64) AppleWebKit/537.36 (KHTML, like Gecko) Chrome/120.0.0.0 Safari/537.36"
203.161.56.247 - - [08/Oct/2025:03:30:56 +0000] "POST /wp-cron.php?doing_wp_cron=1759894256.8877820968627929687500 HTTP/1.1" 200 - "-" "WordPress/6.8.3; https://massageb2bkl.com"
110.77.241.31 - - [08/Oct/2025:03:30:56 +0000] "POST /wp-comments-post.php HTTP/1.1" 403 1130 "-" "Mozilla/5.0 (Windows NT 10.0; Win64; x64) AppleWebKit/537.36 (KHTML, like Gecko) Chrome/120.0.0.0 Safari/537.36"
110.77.241.31 - - [08/Oct/2025:03:30:58 +0000] "POST /wp-comments-post.php HTTP/1.1" 403 1130 "-" "Mozilla/5.0 (Windows NT 10.0; Win64; x64) AppleWebKit/537.36 (KHTML, like Gecko) Chrome/120.0.0.0 Safari/537.36"
110.77.241.31 - - [08/Oct/2025:03:31:00 +0000] "POST /wp-comments-post.php HTTP/1.1" 403 1130 "-" "Mozilla/5.0 (Windows NT 10.0; Win64; x64) AppleWebKit/537.36 (KHTML, like Gecko) Chrome/120.0.0.0 Safari/537.36"
110.77.241.31 - - [08/Oct/2025:03:31:03 +0000] "POST /wp-comments-post.php HTTP/1.1" 403 1130 "-" "Mozilla/5.0 (Windows NT 10.0; Win64; x64) AppleWebKit/537.36 (KHTML, like Gecko) Chrome/120.0.0.0 Safari/537.36"
110.77.241.31 - - [08/Oct/2025:03:31:05 +0000] "POST /wp-comments-post.php HTTP/1.1" 403 1130 "-" "Mozilla/5.0 (Windows NT 10.0; Win64; x64) AppleWebKit/537.36 (KHTML, like Gecko) Chrome/120.0.0.0 Safari/537.36"
110.77.241.31 - - [08/Oct/2025:03:31:08 +0000] "POST /wp-comments-post.php HTTP/1.1" 403 1130 "-" "Mozilla/5.0 (Windows NT 10.0; Win64; x64) AppleWebKit/537.36 (KHTML, like Gecko) Chrome/120.0.0.0 Safari/537.36"
110.77.241.31 - - [08/Oct/2025:03:31:10 +0000] "POST /wp-comments-post.php HTTP/1.1" 403 1130 "-" "Mozilla/5.0 (Windows NT 10.0; Win64; x64) AppleWebKit/537.36 (KHTML, like Gecko) Chrome/120.0.0.0 Safari/537.36"
110.77.241.31 - - [08/Oct/2025:03:31:12 +0000] "POST /wp-comments-post.php HTTP/1.1" 403 1130 "-" "Mozilla/5.0 (Windows NT 10.0; Win64; x64) AppleWebKit/537.36 (KHTML, like Gecko) Chrome/120.0.0.0 Safari/537.36"
110.77.241.31 - - [08/Oct/2025:03:31:14 +0000] "POST /wp-comments-post.php HTTP/1.1" 403 1130 "-" "Mozilla/5.0 (Windows NT 10.0; Win64; x64) AppleWebKit/537.36 (KHTML, like Gecko) Chrome/120.0.0.0 Safari/537.36"
203.161.56.247 - - [08/Oct/2025:03:38:17 +0000] "POST /wp-cron.php?doing_wp_cron=1759894697.2011680603027343750000 HTTP/1.1" 200 - "-" "WordPress/6.8.3; https://massageb2bkl.com"
18.97.9.170 - - [08/Oct/2025:03:38:16 +0000] "GET /massage_b2b_kl/v79/ HTTP/1.1" 200 16246 "-" "CCBot/2.0 (https://commoncrawl.org/faq/)"
203.161.56.247 - - [08/Oct/2025:03:49:20 +0000] "POST /wp-cron.php?doing_wp_cron=1759895360.7005360126495361328125 HTTP/1.1" 200 - "-" "WordPress/6.8.3; https://massageb2bkl.com"
120.140.8.14 - - [08/Oct/2025:03:49:19 +0000] "GET /massage_b2b_kl/category/petaling-jaya/ HTTP/1.1" 200 17406 "https://www.google.com/" "Mozilla/5.0 (Linux; Android 10; K) AppleWebKit/537.36 (KHTML, like Gecko) Chrome/140.0.0.0 Mobile Safari/537.36"
120.140.8.14 - - [08/Oct/2025:03:49:21 +0000] "GET /wp-content/plugins/click-to-chat-for-whatsapp/new/inc/assets/css/main.css?ver=4.28 HTTP/1.1" 200 736 "https://massageb2bkl.com/massage_b2b_kl/category/petaling-jaya/" "Mozilla/5.0 (Linux; Android 10; K) AppleWebKit/537.36 (KHTML, like Gecko) Chrome/140.0.0.0 Mobile Safari/537.36"
120.140.8.14 - - [08/Oct/2025:03:49:21 +0000] "GET /wp-includes/css/dist/block-library/style.min.css?ver=6.8.3 HTTP/1.1" 200 15315 "https://massageb2bkl.com/massage_b2b_kl/category/petaling-jaya/" "Mozilla/5.0 (Linux; Android 10; K) AppleWebKit/537.36 (KHTML, like Gecko) Chrome/140.0.0.0 Mobile Safari/537.36"
120.140.8.14 - - [08/Oct/2025:03:49:21 +0000] "GET /wp-content/plugins/wp-call-button/assets/block/build/index.css?ver=085f82fba130fc4cf3057de5e2dcc820 HTTP/1.1" 200 334 "https://massageb2bkl.com/massage_b2b_kl/category/petaling-jaya/" "Mozilla/5.0 (Linux; Android 10; K) AppleWebKit/537.36 (KHTML, like Gecko) Chrome/140.0.0.0 Mobile Safari/537.36"
120.140.8.14 - - [08/Oct/2025:03:49:21 +0000] "GET /wp-content/themes/photomania/third-party/font-awesome/css/all.min.css?ver=6.7.2 HTTP/1.1" 200 21501 "https://massageb2bkl.com/massage_b2b_kl/category/petaling-jaya/" "Mozilla/5.0 (Linux; Android 10; K) AppleWebKit/537.36 (KHTML, like Gecko) Chrome/140.0.0.0 Mobile Safari/537.36"
120.140.8.14 - - [08/Oct/2025:03:49:21 +0000] "GET /wp-content/fonts/fba27af34cf8ae03e9e01f2d955da85f.css HTTP/1.1" 200 686 "https://massageb2bkl.com/massage_b2b_kl/category/petaling-jaya/" "Mozilla/5.0 (Linux; Android 10; K) AppleWebKit/537.36 (KHTML, like Gecko) Chrome/140.0.0.0 Mobile Safari/537.36"
120.140.8.14 - - [08/Oct/2025:03:49:21 +0000] "GET /wp-content/themes/photomania/third-party/sidr/css/jquery.sidr.dark.min.css?ver=2.2.1 HTTP/1.1" 200 1305 "https://massageb2bkl.com/massage_b2b_kl/category/petaling-jaya/" "Mozilla/5.0 (Linux; Android 10; K) AppleWebKit/537.36 (KHTML, like Gecko) Chrome/140.0.0.0 Mobile Safari/537.36"
120.140.8.14 - - [08/Oct/2025:03:49:21 +0000] "GET /wp-content/themes/photomania/third-party/magnific-popup/css/magnific-popup.min.css?ver=1.1.0 HTTP/1.1" 200 1586 "https://massageb2bkl.com/massage_b2b_kl/category/petaling-jaya/" "Mozilla/5.0 (Linux; Android 10; K) AppleWebKit/537.36 (KHTML, like Gecko) Chrome/140.0.0.0 Mobile Safari/537.36"
120.140.8.14 - - [08/Oct/2025:03:49:21 +0000] "GET /wp-content/themes/photomania/css/blocks.css?ver=20250702-173701 HTTP/1.1" 200 2738 "https://massageb2bkl.com/massage_b2b_kl/category/petaling-jaya/" "Mozilla/5.0 (Linux; Android 10; K) AppleWebKit/537.36 (KHTML, like Gecko) Chrome/140.0.0.0 Mobile Safari/537.36"
120.140.8.14 - - [08/Oct/2025:03:49:21 +0000] "GET /wp-content/themes/photomania/style.css?ver=20250702-173701 HTTP/1.1" 200 18906 "https://massageb2bkl.com/massage_b2b_kl/category/petaling-jaya/" "Mozilla/5.0 (Linux; Android 10; K) AppleWebKit/537.36 (KHTML, like Gecko) Chrome/140.0.0.0 Mobile Safari/537.36"
120.140.8.14 - - [08/Oct/2025:03:49:23 +0000] "GET /wp-includes/js/jquery/jquery.min.js?ver=3.7.1 HTTP/1.1" 200 30368 "https://massageb2bkl.com/massage_b2b_kl/category/petaling-jaya/" "Mozilla/5.0 (Linux; Android 10; K) AppleWebKit/537.36 (KHTML, like Gecko) Chrome/140.0.0.0 Mobile Safari/537.36"
120.140.8.14 - - [08/Oct/2025:03:49:23 +0000] "GET /wp-includes/js/jquery/jquery-migrate.min.js?ver=3.4.1 HTTP/1.1" 200 4872 "https://massageb2bkl.com/massage_b2b_kl/category/petaling-jaya/" "Mozilla/5.0 (Linux; Android 10; K) AppleWebKit/537.36 (KHTML, like Gecko) Chrome/140.0.0.0 Mobile Safari/537.36"
120.140.8.14 - - [08/Oct/2025:03:49:25 +0000] "GET /wp-content/uploads/2024/02/VN-11.jpg HTTP/1.1" 200 136396 "https://massageb2bkl.com/massage_b2b_kl/category/petaling-jaya/" "Mozilla/5.0 (Linux; Android 10; K) AppleWebKit/537.36 (KHTML, like Gecko) Chrome/140.0.0.0 Mobile Safari/537.36"
120.140.8.14 - - [08/Oct/2025:03:49:25 +0000] "GET /wp-content/themes/photomania/js/skip-link-focus-fix.min.js?ver=20130115 HTTP/1.1" 200 281 "https://massageb2bkl.com/massage_b2b_kl/category/petaling-jaya/" "Mozilla/5.0 (Linux; Android 10; K) AppleWebKit/537.36 (KHTML, like Gecko) Chrome/140.0.0.0 Mobile Safari/537.36"
120.140.8.14 - - [08/Oct/2025:03:49:25 +0000] "GET /wp-content/themes/photomania/third-party/cycle2/js/jquery.cycle2.min.js?ver=2.1.6 HTTP/1.1" 200 6730 "https://massageb2bkl.com/massage_b2b_kl/category/petaling-jaya/" "Mozilla/5.0 (Linux; Android 10; K) AppleWebKit/537.36 (KHTML, like Gecko) Chrome/140.0.0.0 Mobile Safari/537.36"
120.140.8.14 - - [08/Oct/2025:03:49:23 +0000] "GET /wp-content/uploads/2024/02/M22.jpg HTTP/1.1" 200 108819 "https://massageb2bkl.com/massage_b2b_kl/category/petaling-jaya/" "Mozilla/5.0 (Linux; Android 10; K) AppleWebKit/537.36 (KHTML, like Gecko) Chrome/140.0.0.0 Mobile Safari/537.36"
120.140.8.14 - - [08/Oct/2025:03:49:25 +0000] "GET /wp-content/uploads/2022/04/body-massage-spa-kl-pj.jpg HTTP/1.1" 200 80435 "https://massageb2bkl.com/massage_b2b_kl/category/petaling-jaya/" "Mozilla/5.0 (Linux; Android 10; K) AppleWebKit/537.36 (KHTML, like Gecko) Chrome/140.0.0.0 Mobile Safari/537.36"
120.140.8.14 - - [08/Oct/2025:03:49:28 +0000] "GET /wp-content/themes/photomania/third-party/sidr/js/jquery.sidr.min.js?ver=2.2.1 HTTP/1.1" 200 2478 "https://massageb2bkl.com/massage_b2b_kl/category/petaling-jaya/" "Mozilla/5.0 (Linux; Android 10; K) AppleWebKit/537.36 (KHTML, like Gecko) Chrome/140.0.0.0 Mobile Safari/537.36"
120.140.8.14 - - [08/Oct/2025:03:49:26 +0000] "GET /wp-content/uploads/2024/02/M21.jpg HTTP/1.1" 200 104998 "https://massageb2bkl.com/massage_b2b_kl/category/petaling-jaya/" "Mozilla/5.0 (Linux; Android 10; K) AppleWebKit/537.36 (KHTML, like Gecko) Chrome/140.0.0.0 Mobile Safari/537.36"
120.140.8.14 - - [08/Oct/2025:03:49:28 +0000] "GET /wp-content/themes/photomania/third-party/magnific-popup/js/jquery.magnific-popup.min.js?ver=1.1.0 HTTP/1.1" 200 7182 "https://massageb2bkl.com/massage_b2b_kl/category/petaling-jaya/" "Mozilla/5.0 (Linux; Android 10; K) AppleWebKit/537.36 (KHTML, like Gecko) Chrome/140.0.0.0 Mobile Safari/537.36"
120.140.8.14 - - [08/Oct/2025:03:49:28 +0000] "GET /wp-includes/js/underscore.min.js?ver=1.13.7 HTTP/1.1" 200 7317 "https://massageb2bkl.com/massage_b2b_kl/category/petaling-jaya/" "Mozilla/5.0 (Linux; Android 10; K) AppleWebKit/537.36 (KHTML, like Gecko) Chrome/140.0.0.0 Mobile Safari/537.36"
120.140.8.14 - - [08/Oct/2025:03:49:27 +0000] "GET /wp-content/themes/photomania/third-party/font-awesome/webfonts/fa-brands-400.woff2 HTTP/1.1" 200 118686 "https://massageb2bkl.com/wp-content/themes/photomania/third-party/font-awesome/css/all.min.css?ver=6.7.2" "Mozilla/5.0 (Linux; Android 10; K) AppleWebKit/537.36 (KHTML, like Gecko) Chrome/140.0.0.0 Mobile Safari/537.36"
120.140.8.14 - - [08/Oct/2025:03:49:29 +0000] "GET /wp-includes/js/wp-util.min.js?ver=6.8.3 HTTP/1.1" 200 756 "https://massageb2bkl.com/massage_b2b_kl/category/petaling-jaya/" "Mozilla/5.0 (Linux; Android 10; K) AppleWebKit/537.36 (KHTML, like Gecko) Chrome/140.0.0.0 Mobile Safari/537.36"
120.140.8.14 - - [08/Oct/2025:03:49:29 +0000] "GET /wp-includes/js/imagesloaded.min.js?ver=5.0.0 HTTP/1.1" 200 1803 "https://massageb2bkl.com/massage_b2b_kl/category/petaling-jaya/" "Mozilla/5.0 (Linux; Android 10; K) AppleWebKit/537.36 (KHTML, like Gecko) Chrome/140.0.0.0 Mobile Safari/537.36"
120.140.8.14 - - [08/Oct/2025:03:49:28 +0000] "GET /massage_b2b_kl/m-22/ HTTP/1.1" 200 16447 "https://massageb2bkl.com/massage_b2b_kl/category/petaling-jaya/" "Mozilla/5.0 (Linux; Android 10; K) AppleWebKit/537.36 (KHTML, like Gecko) Chrome/140.0.0.0 Mobile Safari/537.36"
120.140.8.14 - - [08/Oct/2025:03:49:29 +0000] "GET /wp-content/themes/photomania/js/custom.min.js?ver=1.0.0 HTTP/1.1" 200 806 "https://massageb2bkl.com/massage_b2b_kl/category/petaling-jaya/" "Mozilla/5.0 (Linux; Android 10; K) AppleWebKit/537.36 (KHTML, like Gecko) Chrome/140.0.0.0 Mobile Safari/537.36"
120.140.8.14 - - [08/Oct/2025:03:49:29 +0000] "GET /wp-includes/js/masonry.min.js?ver=4.2.2 HTTP/1.1" 200 7382 "https://massageb2bkl.com/massage_b2b_kl/category/petaling-jaya/" "Mozilla/5.0 (Linux; Android 10; K) AppleWebKit/537.36 (KHTML, like Gecko) Chrome/140.0.0.0 Mobile Safari/537.36"
120.140.8.14 - - [08/Oct/2025:03:49:27 +0000] "GET /wp-content/themes/photomania/third-party/font-awesome/webfonts/fa-solid-900.woff2 HTTP/1.1" 200 158263 "https://massageb2bkl.com/wp-content/themes/photomania/third-party/font-awesome/css/all.min.css?ver=6.7.2" "Mozilla/5.0 (Linux; Android 10; K) AppleWebKit/537.36 (KHTML, like Gecko) Chrome/140.0.0.0 Mobile Safari/537.36"
120.140.8.14 - - [08/Oct/2025:03:49:29 +0000] "GET /wp-content/plugins/google-analytics-for-wordpress/assets/js/frontend-gtag.min.js?ver=9.8.0 HTTP/1.1" 200 3277 "https://massageb2bkl.com/massage_b2b_kl/category/petaling-jaya/" "Mozilla/5.0 (Linux; Android 10; K) AppleWebKit/537.36 (KHTML, like Gecko) Chrome/140.0.0.0 Mobile Safari/537.36"
120.140.8.14 - - [08/Oct/2025:03:49:29 +0000] "GET /wp-content/plugins/click-to-chat-for-whatsapp/new/inc/assets/js/app.js?ver=4.28 HTTP/1.1" 200 3560 "https://massageb2bkl.com/massage_b2b_kl/category/petaling-jaya/" "Mozilla/5.0 (Linux; Android 10; K) AppleWebKit/537.36 (KHTML, like Gecko) Chrome/140.0.0.0 Mobile Safari/537.36"
120.140.8.14 - - [08/Oct/2025:03:49:30 +0000] "GET /wp-content/uploads/2024/02/T78.jpg HTTP/1.1" 200 161037 "https://massageb2bkl.com/massage_b2b_kl/category/petaling-jaya/" "Mozilla/5.0 (Linux; Android 10; K) AppleWebKit/537.36 (KHTML, like Gecko) Chrome/140.0.0.0 Mobile Safari/537.36"
120.140.8.14 - - [08/Oct/2025:03:49:32 +0000] "GET /wp-content/uploads/2022/08/M78.jpg HTTP/1.1" 200 112433 "https://massageb2bkl.com/massage_b2b_kl/category/petaling-jaya/" "Mozilla/5.0 (Linux; Android 10; K) AppleWebKit/537.36 (KHTML, like Gecko) Chrome/140.0.0.0 Mobile Safari/537.36"
120.140.8.14 - - [08/Oct/2025:03:49:32 +0000] "GET /wp-includes/js/wp-emoji-release.min.js?ver=6.8.3 HTTP/1.1" 200 5163 "https://massageb2bkl.com/massage_b2b_kl/category/petaling-jaya/" "Mozilla/5.0 (Linux; Android 10; K) AppleWebKit/537.36 (KHTML, like Gecko) Chrome/140.0.0.0 Mobile Safari/537.36"
18.97.9.170 - - [08/Oct/2025:03:49:32 +0000] "GET /massage_b2b_kl/category/uncategorized/ HTTP/1.1" 200 15162 "-" "CCBot/2.0 (https://commoncrawl.org/faq/)"
120.140.8.14 - - [08/Oct/2025:03:49:33 +0000] "GET /massage_b2b_kl/m-21/ HTTP/1.1" 200 16490 "https://massageb2bkl.com/massage_b2b_kl/category/petaling-jaya/" "Mozilla/5.0 (Linux; Android 10; K) AppleWebKit/537.36 (KHTML, like Gecko) Chrome/140.0.0.0 Mobile Safari/537.36"
120.140.8.14 - - [08/Oct/2025:03:49:30 +0000] "GET /wp-content/uploads/2024/02/M77.jpg HTTP/1.1" 200 124204 "https://massageb2bkl.com/massage_b2b_kl/category/petaling-jaya/" "Mozilla/5.0 (Linux; Android 10; K) AppleWebKit/537.36 (KHTML, like Gecko) Chrome/140.0.0.0 Mobile Safari/537.36"
120.140.8.14 - - [08/Oct/2025:03:49:33 +0000] "GET /wp-content/uploads/2022/08/M73.jpg HTTP/1.1" 200 137302 "https://massageb2bkl.com/massage_b2b_kl/category/petaling-jaya/" "Mozilla/5.0 (Linux; Android 10; K) AppleWebKit/537.36 (KHTML, like Gecko) Chrome/140.0.0.0 Mobile Safari/537.36"
120.140.8.14 - - [08/Oct/2025:03:49:34 +0000] "GET /wp-content/uploads/2022/08/T77.jpg HTTP/1.1" 200 133833 "https://massageb2bkl.com/massage_b2b_kl/category/petaling-jaya/" "Mozilla/5.0 (Linux; Android 10; K) AppleWebKit/537.36 (KHTML, like Gecko) Chrome/140.0.0.0 Mobile Safari/537.36"
120.140.8.14 - - [08/Oct/2025:03:49:34 +0000] "GET /wp-content/uploads/2022/08/M70.jpg HTTP/1.1" 200 122101 "https://massageb2bkl.com/massage_b2b_kl/category/petaling-jaya/" "Mozilla/5.0 (Linux; Android 10; K) AppleWebKit/537.36 (KHTML, like Gecko) Chrome/140.0.0.0 Mobile Safari/537.36"
120.140.8.14 - - [08/Oct/2025:03:49:34 +0000] "GET /wp-content/uploads/2022/08/T71.jpg HTTP/1.1" 200 110975 "https://massageb2bkl.com/massage_b2b_kl/category/petaling-jaya/" "Mozilla/5.0 (Linux; Android 10; K) AppleWebKit/537.36 (KHTML, like Gecko) Chrome/140.0.0.0 Mobile Safari/537.36"
