27.125.242.140 - - [07/Oct/2025:14:56:40 +0000] "GET /massage_b2b_kl/m-22/ HTTP/1.1" 200 16447 "https://massageb2bkl.com/massage_b2b_kl/category/sri-hartamas/" "Mozilla/5.0 (Linux; Android 10; K) AppleWebKit/537.36 (KHTML, like Gecko) Chrome/140.0.0.0 Mobile Safari/537.36"
27.125.242.140 - - [07/Oct/2025:14:56:44 +0000] "GET /massage_b2b_kl/m-21/ HTTP/1.1" 200 16490 "https://massageb2bkl.com/massage_b2b_kl/category/sri-hartamas/" "Mozilla/5.0 (Linux; Android 10; K) AppleWebKit/537.36 (KHTML, like Gecko) Chrome/140.0.0.0 Mobile Safari/537.36"
27.125.242.140 - - [07/Oct/2025:14:56:46 +0000] "GET /massage_b2b_kl/vn-11/ HTTP/1.1" 200 16496 "https://massageb2bkl.com/massage_b2b_kl/category/sri-hartamas/" "Mozilla/5.0 (Linux; Android 10; K) AppleWebKit/537.36 (KHTML, like Gecko) Chrome/140.0.0.0 Mobile Safari/537.36"
27.125.242.140 - - [07/Oct/2025:14:56:47 +0000] "GET /massage_b2b_kl/t-78/ HTTP/1.1" 200 16491 "https://massageb2bkl.com/massage_b2b_kl/category/sri-hartamas/" "Mozilla/5.0 (Linux; Android 10; K) AppleWebKit/537.36 (KHTML, like Gecko) Chrome/140.0.0.0 Mobile Safari/537.36"
203.161.56.247 - - [07/Oct/2025:15:00:16 +0000] "POST /wp-cron.php?doing_wp_cron=1759849216.7943189144134521484375 HTTP/1.1" 200 - "-" "WordPress/6.8.3; https://massageb2bkl.com"
118.101.169.232 - - [07/Oct/2025:15:00:15 +0000] "GET /massage_b2b_kl/category/petaling-jaya/ HTTP/1.1" 200 17406 "https://www.google.com/" "Mozilla/5.0 (Windows NT 10.0; Win64; x64) AppleWebKit/537.36 (KHTML, like Gecko) Chrome/140.0.0.0 Safari/537.36"
118.101.169.232 - - [07/Oct/2025:15:00:17 +0000] "GET /wp-content/plugins/click-to-chat-for-whatsapp/new/inc/assets/css/main.css?ver=4.28 HTTP/1.1" 200 736 "https://massageb2bkl.com/massage_b2b_kl/category/petaling-jaya/" "Mozilla/5.0 (Windows NT 10.0; Win64; x64) AppleWebKit/537.36 (KHTML, like Gecko) Chrome/140.0.0.0 Safari/537.36"
118.101.169.232 - - [07/Oct/2025:15:00:17 +0000] "GET /wp-includes/css/dist/block-library/style.min.css?ver=6.8.3 HTTP/1.1" 200 15315 "https://massageb2bkl.com/massage_b2b_kl/category/petaling-jaya/" "Mozilla/5.0 (Windows NT 10.0; Win64; x64) AppleWebKit/537.36 (KHTML, like Gecko) Chrome/140.0.0.0 Safari/537.36"
118.101.169.232 - - [07/Oct/2025:15:00:17 +0000] "GET /wp-content/plugins/wp-call-button/assets/block/build/index.css?ver=085f82fba130fc4cf3057de5e2dcc820 HTTP/1.1" 200 334 "https://massageb2bkl.com/massage_b2b_kl/category/petaling-jaya/" "Mozilla/5.0 (Windows NT 10.0; Win64; x64) AppleWebKit/537.36 (KHTML, like Gecko) Chrome/140.0.0.0 Safari/537.36"
118.101.169.232 - - [07/Oct/2025:15:00:17 +0000] "GET /wp-content/themes/photomania/third-party/font-awesome/css/all.min.css?ver=6.7.2 HTTP/1.1" 200 21501 "https://massageb2bkl.com/massage_b2b_kl/category/petaling-jaya/" "Mozilla/5.0 (Windows NT 10.0; Win64; x64) AppleWebKit/537.36 (KHTML, like Gecko) Chrome/140.0.0.0 Safari/537.36"
118.101.169.232 - - [07/Oct/2025:15:00:18 +0000] "GET /wp-content/fonts/fba27af34cf8ae03e9e01f2d955da85f.css HTTP/1.1" 200 686 "https://massageb2bkl.com/massage_b2b_kl/category/petaling-jaya/" "Mozilla/5.0 (Windows NT 10.0; Win64; x64) AppleWebKit/537.36 (KHTML, like Gecko) Chrome/140.0.0.0 Safari/537.36"
118.101.169.232 - - [07/Oct/2025:15:00:18 +0000] "GET /wp-content/themes/photomania/third-party/sidr/css/jquery.sidr.dark.min.css?ver=2.2.1 HTTP/1.1" 200 1305 "https://massageb2bkl.com/massage_b2b_kl/category/petaling-jaya/" "Mozilla/5.0 (Windows NT 10.0; Win64; x64) AppleWebKit/537.36 (KHTML, like Gecko) Chrome/140.0.0.0 Safari/537.36"
118.101.169.232 - - [07/Oct/2025:15:00:18 +0000] "GET /wp-content/themes/photomania/third-party/magnific-popup/css/magnific-popup.min.css?ver=1.1.0 HTTP/1.1" 200 1586 "https://massageb2bkl.com/massage_b2b_kl/category/petaling-jaya/" "Mozilla/5.0 (Windows NT 10.0; Win64; x64) AppleWebKit/537.36 (KHTML, like Gecko) Chrome/140.0.0.0 Safari/537.36"
118.101.169.232 - - [07/Oct/2025:15:00:18 +0000] "GET /wp-content/themes/photomania/style.css?ver=20250702-173701 HTTP/1.1" 200 18906 "https://massageb2bkl.com/massage_b2b_kl/category/petaling-jaya/" "Mozilla/5.0 (Windows NT 10.0; Win64; x64) AppleWebKit/537.36 (KHTML, like Gecko) Chrome/140.0.0.0 Safari/537.36"
118.101.169.232 - - [07/Oct/2025:15:00:18 +0000] "GET /wp-content/themes/photomania/css/blocks.css?ver=20250702-173701 HTTP/1.1" 200 2738 "https://massageb2bkl.com/massage_b2b_kl/category/petaling-jaya/" "Mozilla/5.0 (Windows NT 10.0; Win64; x64) AppleWebKit/537.36 (KHTML, like Gecko) Chrome/140.0.0.0 Safari/537.36"
118.101.169.232 - - [07/Oct/2025:15:00:18 +0000] "GET /wp-includes/js/jquery/jquery-migrate.min.js?ver=3.4.1 HTTP/1.1" 200 4872 "https://massageb2bkl.com/massage_b2b_kl/category/petaling-jaya/" "Mozilla/5.0 (Windows NT 10.0; Win64; x64) AppleWebKit/537.36 (KHTML, like Gecko) Chrome/140.0.0.0 Safari/537.36"
118.101.169.232 - - [07/Oct/2025:15:00:18 +0000] "GET /wp-includes/js/jquery/jquery.min.js?ver=3.7.1 HTTP/1.1" 200 30368 "https://massageb2bkl.com/massage_b2b_kl/category/petaling-jaya/" "Mozilla/5.0 (Windows NT 10.0; Win64; x64) AppleWebKit/537.36 (KHTML, like Gecko) Chrome/140.0.0.0 Safari/537.36"
118.101.169.232 - - [07/Oct/2025:15:00:18 +0000] "GET /wp-content/uploads/2024/02/M22.jpg HTTP/1.1" 200 108819 "https://massageb2bkl.com/massage_b2b_kl/category/petaling-jaya/" "Mozilla/5.0 (Windows NT 10.0; Win64; x64) AppleWebKit/537.36 (KHTML, like Gecko) Chrome/140.0.0.0 Safari/537.36"
118.101.169.232 - - [07/Oct/2025:15:00:18 +0000] "GET /wp-content/uploads/2024/02/M21.jpg HTTP/1.1" 200 104998 "https://massageb2bkl.com/massage_b2b_kl/category/petaling-jaya/" "Mozilla/5.0 (Windows NT 10.0; Win64; x64) AppleWebKit/537.36 (KHTML, like Gecko) Chrome/140.0.0.0 Safari/537.36"
118.101.169.232 - - [07/Oct/2025:15:00:18 +0000] "GET /wp-content/uploads/2024/02/VN-11.jpg HTTP/1.1" 200 136396 "https://massageb2bkl.com/massage_b2b_kl/category/petaling-jaya/" "Mozilla/5.0 (Windows NT 10.0; Win64; x64) AppleWebKit/537.36 (KHTML, like Gecko) Chrome/140.0.0.0 Safari/537.36"
118.101.169.232 - - [07/Oct/2025:15:00:19 +0000] "GET /wp-content/themes/photomania/js/skip-link-focus-fix.min.js?ver=20130115 HTTP/1.1" 200 281 "https://massageb2bkl.com/massage_b2b_kl/category/petaling-jaya/" "Mozilla/5.0 (Windows NT 10.0; Win64; x64) AppleWebKit/537.36 (KHTML, like Gecko) Chrome/140.0.0.0 Safari/537.36"
118.101.169.232 - - [07/Oct/2025:15:00:19 +0000] "GET /wp-content/uploads/2024/02/M77.jpg HTTP/1.1" 200 124204 "https://massageb2bkl.com/massage_b2b_kl/category/petaling-jaya/" "Mozilla/5.0 (Windows NT 10.0; Win64; x64) AppleWebKit/537.36 (KHTML, like Gecko) Chrome/140.0.0.0 Safari/537.36"
118.101.169.232 - - [07/Oct/2025:15:00:19 +0000] "GET /wp-content/uploads/2024/02/T78.jpg HTTP/1.1" 200 161037 "https://massageb2bkl.com/massage_b2b_kl/category/petaling-jaya/" "Mozilla/5.0 (Windows NT 10.0; Win64; x64) AppleWebKit/537.36 (KHTML, like Gecko) Chrome/140.0.0.0 Safari/537.36"
118.101.169.232 - - [07/Oct/2025:15:00:19 +0000] "GET /wp-content/themes/photomania/third-party/cycle2/js/jquery.cycle2.min.js?ver=2.1.6 HTTP/1.1" 200 6730 "https://massageb2bkl.com/massage_b2b_kl/category/petaling-jaya/" "Mozilla/5.0 (Windows NT 10.0; Win64; x64) AppleWebKit/537.36 (KHTML, like Gecko) Chrome/140.0.0.0 Safari/537.36"
118.101.169.232 - - [07/Oct/2025:15:00:20 +0000] "GET /wp-content/themes/photomania/third-party/sidr/js/jquery.sidr.min.js?ver=2.2.1 HTTP/1.1" 200 2478 "https://massageb2bkl.com/massage_b2b_kl/category/petaling-jaya/" "Mozilla/5.0 (Windows NT 10.0; Win64; x64) AppleWebKit/537.36 (KHTML, like Gecko) Chrome/140.0.0.0 Safari/537.36"
118.101.169.232 - - [07/Oct/2025:15:00:20 +0000] "GET /wp-content/themes/photomania/third-party/magnific-popup/js/jquery.magnific-popup.min.js?ver=1.1.0 HTTP/1.1" 200 7182 "https://massageb2bkl.com/massage_b2b_kl/category/petaling-jaya/" "Mozilla/5.0 (Windows NT 10.0; Win64; x64) AppleWebKit/537.36 (KHTML, like Gecko) Chrome/140.0.0.0 Safari/537.36"
118.101.169.232 - - [07/Oct/2025:15:00:20 +0000] "GET /wp-includes/js/underscore.min.js?ver=1.13.7 HTTP/1.1" 200 7317 "https://massageb2bkl.com/massage_b2b_kl/category/petaling-jaya/" "Mozilla/5.0 (Windows NT 10.0; Win64; x64) AppleWebKit/537.36 (KHTML, like Gecko) Chrome/140.0.0.0 Safari/537.36"
118.101.169.232 - - [07/Oct/2025:15:00:20 +0000] "GET /wp-includes/js/wp-util.min.js?ver=6.8.3 HTTP/1.1" 200 756 "https://massageb2bkl.com/massage_b2b_kl/category/petaling-jaya/" "Mozilla/5.0 (Windows NT 10.0; Win64; x64) AppleWebKit/537.36 (KHTML, like Gecko) Chrome/140.0.0.0 Safari/537.36"
118.101.169.232 - - [07/Oct/2025:15:00:20 +0000] "GET /wp-includes/js/imagesloaded.min.js?ver=5.0.0 HTTP/1.1" 200 1803 "https://massageb2bkl.com/massage_b2b_kl/category/petaling-jaya/" "Mozilla/5.0 (Windows NT 10.0; Win64; x64) AppleWebKit/537.36 (KHTML, like Gecko) Chrome/140.0.0.0 Safari/537.36"
118.101.169.232 - - [07/Oct/2025:15:00:20 +0000] "GET /wp-includes/js/masonry.min.js?ver=4.2.2 HTTP/1.1" 200 7382 "https://massageb2bkl.com/massage_b2b_kl/category/petaling-jaya/" "Mozilla/5.0 (Windows NT 10.0; Win64; x64) AppleWebKit/537.36 (KHTML, like Gecko) Chrome/140.0.0.0 Safari/537.36"
118.101.169.232 - - [07/Oct/2025:15:00:20 +0000] "GET /wp-content/themes/photomania/js/custom.min.js?ver=1.0.0 HTTP/1.1" 200 806 "https://massageb2bkl.com/massage_b2b_kl/category/petaling-jaya/" "Mozilla/5.0 (Windows NT 10.0; Win64; x64) AppleWebKit/537.36 (KHTML, like Gecko) Chrome/140.0.0.0 Safari/537.36"
118.101.169.232 - - [07/Oct/2025:15:00:20 +0000] "GET /wp-content/plugins/google-analytics-for-wordpress/assets/js/frontend-gtag.min.js?ver=9.8.0 HTTP/1.1" 200 3277 "https://massageb2bkl.com/massage_b2b_kl/category/petaling-jaya/" "Mozilla/5.0 (Windows NT 10.0; Win64; x64) AppleWebKit/537.36 (KHTML, like Gecko) Chrome/140.0.0.0 Safari/537.36"
118.101.169.232 - - [07/Oct/2025:15:00:20 +0000] "GET /wp-content/fonts/rajdhani/LDIxapCSOBg7S-QT7p4HM-Y.woff2 HTTP/1.1" 200 14999 "https://massageb2bkl.com/wp-content/fonts/fba27af34cf8ae03e9e01f2d955da85f.css" "Mozilla/5.0 (Windows NT 10.0; Win64; x64) AppleWebKit/537.36 (KHTML, like Gecko) Chrome/140.0.0.0 Safari/537.36"
118.101.169.232 - - [07/Oct/2025:15:00:21 +0000] "GET /wp-content/fonts/rajdhani/LDI2apCSOBg7S-QT7pa8FvOreec.woff2 HTTP/1.1" 200 15711 "https://massageb2bkl.com/wp-content/fonts/fba27af34cf8ae03e9e01f2d955da85f.css" "Mozilla/5.0 (Windows NT 10.0; Win64; x64) AppleWebKit/537.36 (KHTML, like Gecko) Chrome/140.0.0.0 Safari/537.36"
118.101.169.232 - - [07/Oct/2025:15:00:21 +0000] "GET /wp-content/fonts/rajdhani/LDI2apCSOBg7S-QT7pb0EPOreec.woff2 HTTP/1.1" 200 15107 "https://massageb2bkl.com/wp-content/fonts/fba27af34cf8ae03e9e01f2d955da85f.css" "Mozilla/5.0 (Windows NT 10.0; Win64; x64) AppleWebKit/537.36 (KHTML, like Gecko) Chrome/140.0.0.0 Safari/537.36"
118.101.169.232 - - [07/Oct/2025:15:00:21 +0000] "GET /wp-content/themes/photomania/third-party/font-awesome/webfonts/fa-brands-400.woff2 HTTP/1.1" 200 118686 "https://massageb2bkl.com/wp-content/themes/photomania/third-party/font-awesome/css/all.min.css?ver=6.7.2" "Mozilla/5.0 (Windows NT 10.0; Win64; x64) AppleWebKit/537.36 (KHTML, like Gecko) Chrome/140.0.0.0 Safari/537.36"
118.101.169.232 - - [07/Oct/2025:15:00:21 +0000] "GET /wp-content/uploads/2022/08/M79.jpg HTTP/1.1" 200 148079 "https://massageb2bkl.com/massage_b2b_kl/category/petaling-jaya/" "Mozilla/5.0 (Windows NT 10.0; Win64; x64) AppleWebKit/537.36 (KHTML, like Gecko) Chrome/140.0.0.0 Safari/537.36"
118.101.169.232 - - [07/Oct/2025:15:00:21 +0000] "GET /wp-content/themes/photomania/third-party/font-awesome/webfonts/fa-solid-900.woff2 HTTP/1.1" 200 158263 "https://massageb2bkl.com/wp-content/themes/photomania/third-party/font-awesome/css/all.min.css?ver=6.7.2" "Mozilla/5.0 (Windows NT 10.0; Win64; x64) AppleWebKit/537.36 (KHTML, like Gecko) Chrome/140.0.0.0 Safari/537.36"
118.101.169.232 - - [07/Oct/2025:15:00:21 +0000] "GET /wp-content/uploads/2022/08/M78.jpg HTTP/1.1" 200 112433 "https://massageb2bkl.com/massage_b2b_kl/category/petaling-jaya/" "Mozilla/5.0 (Windows NT 10.0; Win64; x64) AppleWebKit/537.36 (KHTML, like Gecko) Chrome/140.0.0.0 Safari/537.36"
118.101.169.232 - - [07/Oct/2025:15:00:21 +0000] "GET /wp-content/uploads/2022/08/M73.jpg HTTP/1.1" 200 137302 "https://massageb2bkl.com/massage_b2b_kl/category/petaling-jaya/" "Mozilla/5.0 (Windows NT 10.0; Win64; x64) AppleWebKit/537.36 (KHTML, like Gecko) Chrome/140.0.0.0 Safari/537.36"
118.101.169.232 - - [07/Oct/2025:15:00:21 +0000] "GET /wp-content/uploads/2022/08/M70.jpg HTTP/1.1" 200 122101 "https://massageb2bkl.com/massage_b2b_kl/category/petaling-jaya/" "Mozilla/5.0 (Windows NT 10.0; Win64; x64) AppleWebKit/537.36 (KHTML, like Gecko) Chrome/140.0.0.0 Safari/537.36"
118.101.169.232 - - [07/Oct/2025:15:00:21 +0000] "GET /wp-content/uploads/2022/08/I97.jpg HTTP/1.1" 200 179868 "https://massageb2bkl.com/massage_b2b_kl/category/petaling-jaya/" "Mozilla/5.0 (Windows NT 10.0; Win64; x64) AppleWebKit/537.36 (KHTML, like Gecko) Chrome/140.0.0.0 Safari/537.36"
118.101.169.232 - - [07/Oct/2025:15:00:21 +0000] "GET /wp-content/uploads/2022/08/T77.jpg HTTP/1.1" 200 133833 "https://massageb2bkl.com/massage_b2b_kl/category/petaling-jaya/" "Mozilla/5.0 (Windows NT 10.0; Win64; x64) AppleWebKit/537.36 (KHTML, like Gecko) Chrome/140.0.0.0 Safari/537.36"
118.101.169.232 - - [07/Oct/2025:15:00:22 +0000] "GET /wp-content/uploads/2022/08/T71.jpg HTTP/1.1" 200 110975 "https://massageb2bkl.com/massage_b2b_kl/category/petaling-jaya/" "Mozilla/5.0 (Windows NT 10.0; Win64; x64) AppleWebKit/537.36 (KHTML, like Gecko) Chrome/140.0.0.0 Safari/537.36"
118.101.169.232 - - [07/Oct/2025:15:00:22 +0000] "GET /wp-content/uploads/2022/04/C88.jpg HTTP/1.1" 200 108430 "https://massageb2bkl.com/massage_b2b_kl/category/petaling-jaya/" "Mozilla/5.0 (Windows NT 10.0; Win64; x64) AppleWebKit/537.36 (KHTML, like Gecko) Chrome/140.0.0.0 Safari/537.36"
118.101.169.232 - - [07/Oct/2025:15:00:22 +0000] "GET /wp-content/uploads/2022/04/C87.jpg HTTP/1.1" 200 98135 "https://massageb2bkl.com/massage_b2b_kl/category/petaling-jaya/" "Mozilla/5.0 (Windows NT 10.0; Win64; x64) AppleWebKit/537.36 (KHTML, like Gecko) Chrome/140.0.0.0 Safari/537.36"
118.101.169.232 - - [07/Oct/2025:15:00:22 +0000] "GET /wp-content/uploads/2022/04/C82.jpg HTTP/1.1" 200 116941 "https://massageb2bkl.com/massage_b2b_kl/category/petaling-jaya/" "Mozilla/5.0 (Windows NT 10.0; Win64; x64) AppleWebKit/537.36 (KHTML, like Gecko) Chrome/140.0.0.0 Safari/537.36"
118.101.169.232 - - [07/Oct/2025:15:00:22 +0000] "GET /wp-content/uploads/2022/04/V79.jpg HTTP/1.1" 200 146043 "https://massageb2bkl.com/massage_b2b_kl/category/petaling-jaya/" "Mozilla/5.0 (Windows NT 10.0; Win64; x64) AppleWebKit/537.36 (KHTML, like Gecko) Chrome/140.0.0.0 Safari/537.36"
118.101.169.232 - - [07/Oct/2025:15:00:22 +0000] "GET /wp-content/uploads/2022/04/V77.jpg HTTP/1.1" 200 114457 "https://massageb2bkl.com/massage_b2b_kl/category/petaling-jaya/" "Mozilla/5.0 (Windows NT 10.0; Win64; x64) AppleWebKit/537.36 (KHTML, like Gecko) Chrome/140.0.0.0 Safari/537.36"
118.101.169.232 - - [07/Oct/2025:15:00:22 +0000] "GET /wp-content/uploads/2022/04/V72.jpg HTTP/1.1" 200 100188 "https://massageb2bkl.com/massage_b2b_kl/category/petaling-jaya/" "Mozilla/5.0 (Windows NT 10.0; Win64; x64) AppleWebKit/537.36 (KHTML, like Gecko) Chrome/140.0.0.0 Safari/537.36"
118.101.169.232 - - [07/Oct/2025:15:00:22 +0000] "GET /wp-content/uploads/2022/04/V71.jpg HTTP/1.1" 200 104597 "https://massageb2bkl.com/massage_b2b_kl/category/petaling-jaya/" "Mozilla/5.0 (Windows NT 10.0; Win64; x64) AppleWebKit/537.36 (KHTML, like Gecko) Chrome/140.0.0.0 Safari/537.36"
118.101.169.232 - - [07/Oct/2025:15:00:22 +0000] "GET /wp-content/uploads/2022/04/VN-18.jpg HTTP/1.1" 200 123263 "https://massageb2bkl.com/massage_b2b_kl/category/petaling-jaya/" "Mozilla/5.0 (Windows NT 10.0; Win64; x64) AppleWebKit/537.36 (KHTML, like Gecko) Chrome/140.0.0.0 Safari/537.36"
118.101.169.232 - - [07/Oct/2025:15:00:22 +0000] "GET /wp-content/uploads/2022/04/body-massage-spa-kl-pj.jpg HTTP/1.1" 200 80435 "https://massageb2bkl.com/massage_b2b_kl/category/petaling-jaya/" "Mozilla/5.0 (Windows NT 10.0; Win64; x64) AppleWebKit/537.36 (KHTML, like Gecko) Chrome/140.0.0.0 Safari/537.36"
118.101.169.232 - - [07/Oct/2025:15:00:22 +0000] "GET /wp-content/plugins/click-to-chat-for-whatsapp/new/inc/assets/js/app.js?ver=4.28 HTTP/1.1" 200 3560 "https://massageb2bkl.com/massage_b2b_kl/category/petaling-jaya/" "Mozilla/5.0 (Windows NT 10.0; Win64; x64) AppleWebKit/537.36 (KHTML, like Gecko) Chrome/140.0.0.0 Safari/537.36"
118.101.169.232 - - [07/Oct/2025:15:00:23 +0000] "GET /wp-includes/js/wp-emoji-release.min.js?ver=6.8.3 HTTP/1.1" 200 5163 "https://massageb2bkl.com/massage_b2b_kl/category/petaling-jaya/" "Mozilla/5.0 (Windows NT 10.0; Win64; x64) AppleWebKit/537.36 (KHTML, like Gecko) Chrome/140.0.0.0 Safari/537.36"
118.101.169.232 - - [07/Oct/2025:15:00:23 +0000] "GET /wp-content/uploads/2022/04/cropped-iconfinder_kl-elegant-massage-32x32.png HTTP/1.1" 200 2697 "https://massageb2bkl.com/massage_b2b_kl/category/petaling-jaya/" "Mozilla/5.0 (Windows NT 10.0; Win64; x64) AppleWebKit/537.36 (KHTML, like Gecko) Chrome/140.0.0.0 Safari/537.36"
203.161.56.247 - - [07/Oct/2025:15:02:02 +0000] "POST /wp-cron.php?doing_wp_cron=1759849322.7960579395294189453125 HTTP/1.1" 200 - "-" "WordPress/6.8.3; https://massageb2bkl.com"
118.101.169.232 - - [07/Oct/2025:15:02:01 +0000] "GET / HTTP/1.1" 200 17218 "https://massageb2bkl.com/massage_b2b_kl/category/petaling-jaya/" "Mozilla/5.0 (Windows NT 10.0; Win64; x64) AppleWebKit/537.36 (KHTML, like Gecko) Chrome/140.0.0.0 Safari/537.36"
124.13.193.32 - - [07/Oct/2025:15:06:20 +0000] "GET /wp-content/uploads/2024/02/M77.jpg HTTP/1.1" 200 124204 "https://www.google.com/" "Mozilla/5.0 (Linux; Android 14; SM-A135F Build/UP1A.231005.007; wv) AppleWebKit/537.36 (KHTML, like Gecko) Version/4.0 Chrome/140.0.7339.207 Mobile Safari/537.36 GoogleApp/16.38.63.ve.arm"
124.13.193.32 - - [07/Oct/2025:15:06:29 +0000] "GET /wp-content/uploads/2022/04/V79.jpg HTTP/1.1" 200 146043 "https://www.google.com/" "Mozilla/5.0 (Linux; Android 14; SM-A135F Build/UP1A.231005.007; wv) AppleWebKit/537.36 (KHTML, like Gecko) Version/4.0 Chrome/140.0.7339.207 Mobile Safari/537.36 GoogleApp/16.38.63.ve.arm"
124.13.193.32 - - [07/Oct/2025:15:06:32 +0000] "GET /wp-content/uploads/2022/08/M78.jpg HTTP/1.1" 200 112433 "https://www.google.com/" "Mozilla/5.0 (Linux; Android 14; SM-A135F Build/UP1A.231005.007; wv) AppleWebKit/537.36 (KHTML, like Gecko) Version/4.0 Chrome/140.0.7339.207 Mobile Safari/537.36 GoogleApp/16.38.63.ve.arm"
124.13.193.32 - - [07/Oct/2025:15:06:48 +0000] "GET /wp-content/uploads/2022/08/M73.jpg HTTP/1.1" 200 137302 "https://www.google.com/" "Mozilla/5.0 (Linux; Android 14; SM-A135F Build/UP1A.231005.007; wv) AppleWebKit/537.36 (KHTML, like Gecko) Version/4.0 Chrome/140.0.7339.207 Mobile Safari/537.36 GoogleApp/16.38.63.ve.arm"
115.164.219.67 - - [07/Oct/2025:15:09:18 +0000] "GET /wp-content/plugins/click-to-chat-for-whatsapp/new/inc/assets/css/main.css?ver=4.28 HTTP/1.1" 200 736 "-" "Mozilla/5.0 (Linux; Android 10; K) AppleWebKit/537.36 (KHTML, like Gecko) Chrome/133.0.0.0 Mobile Safari/537.36"
115.164.219.67 - - [07/Oct/2025:15:09:19 +0000] "GET /wp-includes/css/dist/block-library/style.min.css?ver=6.8.3 HTTP/1.1" 200 15315 "-" "Mozilla/5.0 (Linux; Android 10; K) AppleWebKit/537.36 (KHTML, like Gecko) Chrome/133.0.0.0 Mobile Safari/537.36"
115.164.219.67 - - [07/Oct/2025:15:09:19 +0000] "GET /wp-content/plugins/wp-call-button/assets/block/build/index.css?ver=085f82fba130fc4cf3057de5e2dcc820 HTTP/1.1" 200 334 "-" "Mozilla/5.0 (Linux; Android 10; K) AppleWebKit/537.36 (KHTML, like Gecko) Chrome/133.0.0.0 Mobile Safari/537.36"
115.164.219.67 - - [07/Oct/2025:15:09:19 +0000] "GET /wp-content/themes/photomania/third-party/font-awesome/css/all.min.css?ver=6.7.2 HTTP/1.1" 200 21501 "-" "Mozilla/5.0 (Linux; Android 10; K) AppleWebKit/537.36 (KHTML, like Gecko) Chrome/133.0.0.0 Mobile Safari/537.36"
115.164.219.67 - - [07/Oct/2025:15:09:19 +0000] "GET /wp-content/fonts/fba27af34cf8ae03e9e01f2d955da85f.css HTTP/1.1" 200 686 "-" "Mozilla/5.0 (Linux; Android 10; K) AppleWebKit/537.36 (KHTML, like Gecko) Chrome/133.0.0.0 Mobile Safari/537.36"
115.164.219.67 - - [07/Oct/2025:15:09:19 +0000] "GET /wp-content/themes/photomania/third-party/sidr/css/jquery.sidr.dark.min.css?ver=2.2.1 HTTP/1.1" 200 1305 "-" "Mozilla/5.0 (Linux; Android 10; K) AppleWebKit/537.36 (KHTML, like Gecko) Chrome/133.0.0.0 Mobile Safari/537.36"
115.164.219.67 - - [07/Oct/2025:15:09:19 +0000] "GET /wp-content/themes/photomania/third-party/magnific-popup/css/magnific-popup.min.css?ver=1.1.0 HTTP/1.1" 200 1586 "-" "Mozilla/5.0 (Linux; Android 10; K) AppleWebKit/537.36 (KHTML, like Gecko) Chrome/133.0.0.0 Mobile Safari/537.36"
115.164.219.67 - - [07/Oct/2025:15:09:19 +0000] "GET /wp-content/themes/photomania/style.css?ver=20250702-173701 HTTP/1.1" 200 18906 "-" "Mozilla/5.0 (Linux; Android 10; K) AppleWebKit/537.36 (KHTML, like Gecko) Chrome/133.0.0.0 Mobile Safari/537.36"
115.164.219.67 - - [07/Oct/2025:15:09:19 +0000] "GET /wp-content/themes/photomania/css/blocks.css?ver=20250702-173701 HTTP/1.1" 200 2738 "-" "Mozilla/5.0 (Linux; Android 10; K) AppleWebKit/537.36 (KHTML, like Gecko) Chrome/133.0.0.0 Mobile Safari/537.36"
203.161.56.247 - - [07/Oct/2025:15:09:20 +0000] "POST /wp-cron.php?doing_wp_cron=1759849760.1975901126861572265625 HTTP/1.1" 200 - "-" "WordPress/6.8.3; https://massageb2bkl.com"
115.164.219.67 - - [07/Oct/2025:15:09:18 +0000] "GET /massage_b2b_kl/category/petaling-jaya/ HTTP/1.1" 200 17406 "https://www.google.com/" "Mozilla/5.0 (Linux; Android 10; K) AppleWebKit/537.36 (KHTML, like Gecko) Chrome/133.0.0.0 Mobile Safari/537.36"
115.164.219.67 - - [07/Oct/2025:15:09:20 +0000] "GET /wp-includes/js/jquery/jquery-migrate.min.js?ver=3.4.1 HTTP/1.1" 200 4872 "https://massageb2bkl.com/massage_b2b_kl/category/petaling-jaya/" "Mozilla/5.0 (Linux; Android 10; K) AppleWebKit/537.36 (KHTML, like Gecko) Chrome/133.0.0.0 Mobile Safari/537.36"
115.164.219.67 - - [07/Oct/2025:15:09:20 +0000] "GET /wp-includes/js/jquery/jquery.min.js?ver=3.7.1 HTTP/1.1" 200 30368 "https://massageb2bkl.com/massage_b2b_kl/category/petaling-jaya/" "Mozilla/5.0 (Linux; Android 10; K) AppleWebKit/537.36 (KHTML, like Gecko) Chrome/133.0.0.0 Mobile Safari/537.36"
115.164.219.67 - - [07/Oct/2025:15:09:21 +0000] "GET /wp-content/uploads/2024/02/VN-11.jpg HTTP/1.1" 200 136396 "https://massageb2bkl.com/massage_b2b_kl/category/petaling-jaya/" "Mozilla/5.0 (Linux; Android 10; K) AppleWebKit/537.36 (KHTML, like Gecko) Chrome/133.0.0.0 Mobile Safari/537.36"
115.164.219.67 - - [07/Oct/2025:15:09:20 +0000] "GET /wp-content/uploads/2024/02/M22.jpg HTTP/1.1" 200 108819 "https://massageb2bkl.com/massage_b2b_kl/category/petaling-jaya/" "Mozilla/5.0 (Linux; Android 10; K) AppleWebKit/537.36 (KHTML, like Gecko) Chrome/133.0.0.0 Mobile Safari/537.36"
115.164.219.67 - - [07/Oct/2025:15:09:21 +0000] "GET /wp-content/uploads/2022/04/body-massage-spa-kl-pj.jpg HTTP/1.1" 200 80435 "https://massageb2bkl.com/massage_b2b_kl/category/petaling-jaya/" "Mozilla/5.0 (Linux; Android 10; K) AppleWebKit/537.36 (KHTML, like Gecko) Chrome/133.0.0.0 Mobile Safari/537.36"
115.164.219.67 - - [07/Oct/2025:15:09:21 +0000] "GET /wp-content/uploads/2024/02/M21.jpg HTTP/1.1" 200 104998 "https://massageb2bkl.com/massage_b2b_kl/category/petaling-jaya/" "Mozilla/5.0 (Linux; Android 10; K) AppleWebKit/537.36 (KHTML, like Gecko) Chrome/133.0.0.0 Mobile Safari/537.36"
115.164.219.67 - - [07/Oct/2025:15:09:21 +0000] "GET /wp-content/fonts/rajdhani/LDIxapCSOBg7S-QT7p4HM-Y.woff2 HTTP/1.1" 200 14999 "https://massageb2bkl.com/wp-content/fonts/fba27af34cf8ae03e9e01f2d955da85f.css" "Mozilla/5.0 (Linux; Android 10; K) AppleWebKit/537.36 (KHTML, like Gecko) Chrome/133.0.0.0 Mobile Safari/537.36"
115.164.219.67 - - [07/Oct/2025:15:09:21 +0000] "GET /wp-content/fonts/rajdhani/LDI2apCSOBg7S-QT7pa8FvOreec.woff2 HTTP/1.1" 200 15711 "https://massageb2bkl.com/wp-content/fonts/fba27af34cf8ae03e9e01f2d955da85f.css" "Mozilla/5.0 (Linux; Android 10; K) AppleWebKit/537.36 (KHTML, like Gecko) Chrome/133.0.0.0 Mobile Safari/537.36"
115.164.219.67 - - [07/Oct/2025:15:09:21 +0000] "GET /wp-content/fonts/rajdhani/LDI2apCSOBg7S-QT7pb0EPOreec.woff2 HTTP/1.1" 200 15107 "https://massageb2bkl.com/wp-content/fonts/fba27af34cf8ae03e9e01f2d955da85f.css" "Mozilla/5.0 (Linux; Android 10; K) AppleWebKit/537.36 (KHTML, like Gecko) Chrome/133.0.0.0 Mobile Safari/537.36"
115.164.219.67 - - [07/Oct/2025:15:09:21 +0000] "GET /wp-content/themes/photomania/third-party/font-awesome/webfonts/fa-solid-900.woff2 HTTP/1.1" 200 158263 "https://massageb2bkl.com/wp-content/themes/photomania/third-party/font-awesome/css/all.min.css?ver=6.7.2" "Mozilla/5.0 (Linux; Android 10; K) AppleWebKit/537.36 (KHTML, like Gecko) Chrome/133.0.0.0 Mobile Safari/537.36"
115.164.219.67 - - [07/Oct/2025:15:09:22 +0000] "GET /wp-content/themes/photomania/js/skip-link-focus-fix.min.js?ver=20130115 HTTP/1.1" 200 281 "https://massageb2bkl.com/massage_b2b_kl/category/petaling-jaya/" "Mozilla/5.0 (Linux; Android 10; K) AppleWebKit/537.36 (KHTML, like Gecko) Chrome/133.0.0.0 Mobile Safari/537.36"
115.164.219.67 - - [07/Oct/2025:15:09:22 +0000] "GET /wp-content/themes/photomania/third-party/cycle2/js/jquery.cycle2.min.js?ver=2.1.6 HTTP/1.1" 200 6730 "https://massageb2bkl.com/massage_b2b_kl/category/petaling-jaya/" "Mozilla/5.0 (Linux; Android 10; K) AppleWebKit/537.36 (KHTML, like Gecko) Chrome/133.0.0.0 Mobile Safari/537.36"
115.164.219.67 - - [07/Oct/2025:15:09:22 +0000] "GET /wp-content/themes/photomania/third-party/sidr/js/jquery.sidr.min.js?ver=2.2.1 HTTP/1.1" 200 2478 "https://massageb2bkl.com/massage_b2b_kl/category/petaling-jaya/" "Mozilla/5.0 (Linux; Android 10; K) AppleWebKit/537.36 (KHTML, like Gecko) Chrome/133.0.0.0 Mobile Safari/537.36"
115.164.219.67 - - [07/Oct/2025:15:09:21 +0000] "GET /wp-content/themes/photomania/third-party/font-awesome/webfonts/fa-brands-400.woff2 HTTP/1.1" 200 118686 "https://massageb2bkl.com/wp-content/themes/photomania/third-party/font-awesome/css/all.min.css?ver=6.7.2" "Mozilla/5.0 (Linux; Android 10; K) AppleWebKit/537.36 (KHTML, like Gecko) Chrome/133.0.0.0 Mobile Safari/537.36"
115.164.219.67 - - [07/Oct/2025:15:09:22 +0000] "GET /wp-content/themes/photomania/third-party/magnific-popup/js/jquery.magnific-popup.min.js?ver=1.1.0 HTTP/1.1" 200 7182 "https://massageb2bkl.com/massage_b2b_kl/category/petaling-jaya/" "Mozilla/5.0 (Linux; Android 10; K) AppleWebKit/537.36 (KHTML, like Gecko) Chrome/133.0.0.0 Mobile Safari/537.36"
115.164.219.67 - - [07/Oct/2025:15:09:22 +0000] "GET /wp-includes/js/underscore.min.js?ver=1.13.7 HTTP/1.1" 200 7317 "https://massageb2bkl.com/massage_b2b_kl/category/petaling-jaya/" "Mozilla/5.0 (Linux; Android 10; K) AppleWebKit/537.36 (KHTML, like Gecko) Chrome/133.0.0.0 Mobile Safari/537.36"
115.164.219.67 - - [07/Oct/2025:15:09:22 +0000] "GET /wp-includes/js/wp-util.min.js?ver=6.8.3 HTTP/1.1" 200 756 "https://massageb2bkl.com/massage_b2b_kl/category/petaling-jaya/" "Mozilla/5.0 (Linux; Android 10; K) AppleWebKit/537.36 (KHTML, like Gecko) Chrome/133.0.0.0 Mobile Safari/537.36"
115.164.219.67 - - [07/Oct/2025:15:09:22 +0000] "GET /wp-includes/js/imagesloaded.min.js?ver=5.0.0 HTTP/1.1" 200 1803 "https://massageb2bkl.com/massage_b2b_kl/category/petaling-jaya/" "Mozilla/5.0 (Linux; Android 10; K) AppleWebKit/537.36 (KHTML, like Gecko) Chrome/133.0.0.0 Mobile Safari/537.36"
115.164.219.67 - - [07/Oct/2025:15:09:22 +0000] "GET /wp-includes/js/masonry.min.js?ver=4.2.2 HTTP/1.1" 200 7382 "https://massageb2bkl.com/massage_b2b_kl/category/petaling-jaya/" "Mozilla/5.0 (Linux; Android 10; K) AppleWebKit/537.36 (KHTML, like Gecko) Chrome/133.0.0.0 Mobile Safari/537.36"
115.164.219.67 - - [07/Oct/2025:15:09:22 +0000] "GET /wp-content/themes/photomania/js/custom.min.js?ver=1.0.0 HTTP/1.1" 200 806 "https://massageb2bkl.com/massage_b2b_kl/category/petaling-jaya/" "Mozilla/5.0 (Linux; Android 10; K) AppleWebKit/537.36 (KHTML, like Gecko) Chrome/133.0.0.0 Mobile Safari/537.36"
115.164.219.67 - - [07/Oct/2025:15:09:22 +0000] "GET /wp-content/plugins/google-analytics-for-wordpress/assets/js/frontend-gtag.min.js?ver=9.8.0 HTTP/1.1" 200 3277 "https://massageb2bkl.com/massage_b2b_kl/category/petaling-jaya/" "Mozilla/5.0 (Linux; Android 10; K) AppleWebKit/537.36 (KHTML, like Gecko) Chrome/133.0.0.0 Mobile Safari/537.36"
115.164.219.67 - - [07/Oct/2025:15:09:22 +0000] "GET /wp-content/plugins/click-to-chat-for-whatsapp/new/inc/assets/js/app.js?ver=4.28 HTTP/1.1" 200 3560 "https://massageb2bkl.com/massage_b2b_kl/category/petaling-jaya/" "Mozilla/5.0 (Linux; Android 10; K) AppleWebKit/537.36 (KHTML, like Gecko) Chrome/133.0.0.0 Mobile Safari/537.36"
115.164.219.67 - - [07/Oct/2025:15:09:22 +0000] "GET /wp-includes/js/wp-emoji-release.min.js?ver=6.8.3 HTTP/1.1" 200 5163 "https://massageb2bkl.com/massage_b2b_kl/category/petaling-jaya/" "Mozilla/5.0 (Linux; Android 10; K) AppleWebKit/537.36 (KHTML, like Gecko) Chrome/133.0.0.0 Mobile Safari/537.36"
115.164.219.67 - - [07/Oct/2025:15:09:22 +0000] "GET /wp-content/uploads/2024/02/T78.jpg HTTP/1.1" 200 161037 "https://massageb2bkl.com/massage_b2b_kl/category/petaling-jaya/" "Mozilla/5.0 (Linux; Android 10; K) AppleWebKit/537.36 (KHTML, like Gecko) Chrome/133.0.0.0 Mobile Safari/537.36"
115.164.219.67 - - [07/Oct/2025:15:09:23 +0000] "GET /wp-content/uploads/2024/02/M77.jpg HTTP/1.1" 200 124204 "https://massageb2bkl.com/massage_b2b_kl/category/petaling-jaya/" "Mozilla/5.0 (Linux; Android 10; K) AppleWebKit/537.36 (KHTML, like Gecko) Chrome/133.0.0.0 Mobile Safari/537.36"
115.164.219.67 - - [07/Oct/2025:15:09:23 +0000] "GET /wp-content/uploads/2022/08/M78.jpg HTTP/1.1" 200 112433 "https://massageb2bkl.com/massage_b2b_kl/category/petaling-jaya/" "Mozilla/5.0 (Linux; Android 10; K) AppleWebKit/537.36 (KHTML, like Gecko) Chrome/133.0.0.0 Mobile Safari/537.36"
115.164.219.67 - - [07/Oct/2025:15:09:22 +0000] "GET /wp-content/uploads/2022/08/M79.jpg HTTP/1.1" 200 148079 "https://massageb2bkl.com/massage_b2b_kl/category/petaling-jaya/" "Mozilla/5.0 (Linux; Android 10; K) AppleWebKit/537.36 (KHTML, like Gecko) Chrome/133.0.0.0 Mobile Safari/537.36"
115.164.219.67 - - [07/Oct/2025:15:09:23 +0000] "GET /wp-content/uploads/2022/08/M70.jpg HTTP/1.1" 200 122101 "https://massageb2bkl.com/massage_b2b_kl/category/petaling-jaya/" "Mozilla/5.0 (Linux; Android 10; K) AppleWebKit/537.36 (KHTML, like Gecko) Chrome/133.0.0.0 Mobile Safari/537.36"
115.164.219.67 - - [07/Oct/2025:15:09:23 +0000] "GET /wp-content/uploads/2022/08/M73.jpg HTTP/1.1" 200 137302 "https://massageb2bkl.com/massage_b2b_kl/category/petaling-jaya/" "Mozilla/5.0 (Linux; Android 10; K) AppleWebKit/537.36 (KHTML, like Gecko) Chrome/133.0.0.0 Mobile Safari/537.36"
115.164.219.67 - - [07/Oct/2025:15:09:23 +0000] "GET /wp-content/uploads/2022/08/I97.jpg HTTP/1.1" 200 179868 "https://massageb2bkl.com/massage_b2b_kl/category/petaling-jaya/" "Mozilla/5.0 (Linux; Android 10; K) AppleWebKit/537.36 (KHTML, like Gecko) Chrome/133.0.0.0 Mobile Safari/537.36"
115.164.219.67 - - [07/Oct/2025:15:09:23 +0000] "GET /wp-content/uploads/2022/08/T77.jpg HTTP/1.1" 200 133833 "https://massageb2bkl.com/massage_b2b_kl/category/petaling-jaya/" "Mozilla/5.0 (Linux; Android 10; K) AppleWebKit/537.36 (KHTML, like Gecko) Chrome/133.0.0.0 Mobile Safari/537.36"
115.164.219.67 - - [07/Oct/2025:15:09:23 +0000] "GET /wp-content/uploads/2022/08/T71.jpg HTTP/1.1" 200 110975 "https://massageb2bkl.com/massage_b2b_kl/category/petaling-jaya/" "Mozilla/5.0 (Linux; Android 10; K) AppleWebKit/537.36 (KHTML, like Gecko) Chrome/133.0.0.0 Mobile Safari/537.36"
115.164.219.67 - - [07/Oct/2025:15:09:22 +0000] "GET /massage_b2b_kl/m-22/ HTTP/1.1" 200 16448 "https://massageb2bkl.com/massage_b2b_kl/category/petaling-jaya/" "Mozilla/5.0 (Linux; Android 10; K) AppleWebKit/537.36 (KHTML, like Gecko) Chrome/133.0.0.0 Mobile Safari/537.36"
115.164.219.67 - - [07/Oct/2025:15:09:23 +0000] "GET /wp-content/uploads/2022/04/C88.jpg HTTP/1.1" 200 108430 "https://massageb2bkl.com/massage_b2b_kl/category/petaling-jaya/" "Mozilla/5.0 (Linux; Android 10; K) AppleWebKit/537.36 (KHTML, like Gecko) Chrome/133.0.0.0 Mobile Safari/537.36"
115.164.219.67 - - [07/Oct/2025:15:09:23 +0000] "GET /wp-content/uploads/2022/04/C87.jpg HTTP/1.1" 200 98135 "https://massageb2bkl.com/massage_b2b_kl/category/petaling-jaya/" "Mozilla/5.0 (Linux; Android 10; K) AppleWebKit/537.36 (KHTML, like Gecko) Chrome/133.0.0.0 Mobile Safari/537.36"
115.164.219.67 - - [07/Oct/2025:15:09:23 +0000] "GET /wp-content/uploads/2022/04/C82.jpg HTTP/1.1" 200 116941 "https://massageb2bkl.com/massage_b2b_kl/category/petaling-jaya/" "Mozilla/5.0 (Linux; Android 10; K) AppleWebKit/537.36 (KHTML, like Gecko) Chrome/133.0.0.0 Mobile Safari/537.36"
115.164.219.67 - - [07/Oct/2025:15:09:23 +0000] "GET /wp-content/uploads/2022/04/V79.jpg HTTP/1.1" 200 146043 "https://massageb2bkl.com/massage_b2b_kl/category/petaling-jaya/" "Mozilla/5.0 (Linux; Android 10; K) AppleWebKit/537.36 (KHTML, like Gecko) Chrome/133.0.0.0 Mobile Safari/537.36"
115.164.219.67 - - [07/Oct/2025:15:09:23 +0000] "GET /wp-content/uploads/2022/04/V77.jpg HTTP/1.1" 200 114457 "https://massageb2bkl.com/massage_b2b_kl/category/petaling-jaya/" "Mozilla/5.0 (Linux; Android 10; K) AppleWebKit/537.36 (KHTML, like Gecko) Chrome/133.0.0.0 Mobile Safari/537.36"
115.164.219.67 - - [07/Oct/2025:15:09:24 +0000] "GET /wp-content/uploads/2022/04/V72.jpg HTTP/1.1" 200 100188 "https://massageb2bkl.com/massage_b2b_kl/category/petaling-jaya/" "Mozilla/5.0 (Linux; Android 10; K) AppleWebKit/537.36 (KHTML, like Gecko) Chrome/133.0.0.0 Mobile Safari/537.36"
115.164.219.67 - - [07/Oct/2025:15:09:24 +0000] "GET /wp-content/uploads/2022/04/V71.jpg HTTP/1.1" 200 104597 "https://massageb2bkl.com/massage_b2b_kl/category/petaling-jaya/" "Mozilla/5.0 (Linux; Android 10; K) AppleWebKit/537.36 (KHTML, like Gecko) Chrome/133.0.0.0 Mobile Safari/537.36"
115.164.219.67 - - [07/Oct/2025:15:09:24 +0000] "GET /wp-content/uploads/2022/04/VN-18.jpg HTTP/1.1" 200 123263 "https://massageb2bkl.com/massage_b2b_kl/category/petaling-jaya/" "Mozilla/5.0 (Linux; Android 10; K) AppleWebKit/537.36 (KHTML, like Gecko) Chrome/133.0.0.0 Mobile Safari/537.36"
115.164.219.67 - - [07/Oct/2025:15:09:24 +0000] "GET /wp-content/uploads/2022/04/cropped-iconfinder_kl-elegant-massage-192x192.png HTTP/1.1" 200 42380 "https://massageb2bkl.com/massage_b2b_kl/category/petaling-jaya/" "Mozilla/5.0 (Linux; Android 10; K) AppleWebKit/537.36 (KHTML, like Gecko) Chrome/133.0.0.0 Mobile Safari/537.36"
115.164.219.67 - - [07/Oct/2025:15:09:24 +0000] "GET /wp-content/uploads/2022/04/cropped-iconfinder_kl-elegant-massage-180x180.png HTTP/1.1" 200 38136 "https://massageb2bkl.com/massage_b2b_kl/category/petaling-jaya/" "Mozilla/5.0 (Linux; Android 10; K) AppleWebKit/537.36 (KHTML, like Gecko) Chrome/133.0.0.0 Mobile Safari/537.36"
115.164.219.67 - - [07/Oct/2025:15:09:25 +0000] "GET /massage_b2b_kl/m-21/ HTTP/1.1" 200 16491 "https://massageb2bkl.com/massage_b2b_kl/category/petaling-jaya/" "Mozilla/5.0 (Linux; Android 10; K) AppleWebKit/537.36 (KHTML, like Gecko) Chrome/133.0.0.0 Mobile Safari/537.36"
115.164.219.67 - - [07/Oct/2025:15:09:27 +0000] "GET /massage_b2b_kl/vn-11/ HTTP/1.1" 200 16496 "https://massageb2bkl.com/massage_b2b_kl/category/petaling-jaya/" "Mozilla/5.0 (Linux; Android 10; K) AppleWebKit/537.36 (KHTML, like Gecko) Chrome/133.0.0.0 Mobile Safari/537.36"
115.164.219.67 - - [07/Oct/2025:15:09:29 +0000] "GET /massage_b2b_kl/t-78/ HTTP/1.1" 200 16492 "https://massageb2bkl.com/massage_b2b_kl/category/petaling-jaya/" "Mozilla/5.0 (Linux; Android 10; K) AppleWebKit/537.36 (KHTML, like Gecko) Chrome/133.0.0.0 Mobile Safari/537.36"
115.164.219.67 - - [07/Oct/2025:15:09:30 +0000] "GET /massage_b2b_kl/m-77/ HTTP/1.1" 200 16487 "https://massageb2bkl.com/massage_b2b_kl/category/petaling-jaya/" "Mozilla/5.0 (Linux; Android 10; K) AppleWebKit/537.36 (KHTML, like Gecko) Chrome/133.0.0.0 Mobile Safari/537.36"
115.164.219.67 - - [07/Oct/2025:15:09:32 +0000] "GET /massage_b2b_kl/m-79/ HTTP/1.1" 200 16479 "https://massageb2bkl.com/massage_b2b_kl/category/petaling-jaya/" "Mozilla/5.0 (Linux; Android 10; K) AppleWebKit/537.36 (KHTML, like Gecko) Chrome/133.0.0.0 Mobile Safari/537.36"
115.164.219.67 - - [07/Oct/2025:15:09:35 +0000] "GET /massage_b2b_kl/m-78/ HTTP/1.1" 200 16474 "https://massageb2bkl.com/massage_b2b_kl/category/petaling-jaya/" "Mozilla/5.0 (Linux; Android 10; K) AppleWebKit/537.36 (KHTML, like Gecko) Chrome/133.0.0.0 Mobile Safari/537.36"
115.164.219.67 - - [07/Oct/2025:15:09:37 +0000] "GET /massage_b2b_kl/m-73/ HTTP/1.1" 200 16478 "https://massageb2bkl.com/massage_b2b_kl/category/petaling-jaya/" "Mozilla/5.0 (Linux; Android 10; K) AppleWebKit/537.36 (KHTML, like Gecko) Chrome/133.0.0.0 Mobile Safari/537.36"
115.164.219.67 - - [07/Oct/2025:15:09:38 +0000] "GET /massage_b2b_kl/m-70/ HTTP/1.1" 200 16510 "https://massageb2bkl.com/massage_b2b_kl/category/petaling-jaya/" "Mozilla/5.0 (Linux; Android 10; K) AppleWebKit/537.36 (KHTML, like Gecko) Chrome/133.0.0.0 Mobile Safari/537.36"
115.164.219.67 - - [07/Oct/2025:15:09:39 +0000] "GET /massage_b2b_kl/t-77/ HTTP/1.1" 200 16478 "https://massageb2bkl.com/massage_b2b_kl/category/petaling-jaya/" "Mozilla/5.0 (Linux; Android 10; K) AppleWebKit/537.36 (KHTML, like Gecko) Chrome/133.0.0.0 Mobile Safari/537.36"
115.164.219.67 - - [07/Oct/2025:15:09:41 +0000] "GET /massage_b2b_kl/t71/ HTTP/1.1" 200 16469 "https://massageb2bkl.com/massage_b2b_kl/category/petaling-jaya/" "Mozilla/5.0 (Linux; Android 10; K) AppleWebKit/537.36 (KHTML, like Gecko) Chrome/133.0.0.0 Mobile Safari/537.36"
115.164.219.67 - - [07/Oct/2025:15:09:43 +0000] "GET /massage_b2b_kl/c88/ HTTP/1.1" 200 16253 "https://massageb2bkl.com/massage_b2b_kl/category/petaling-jaya/" "Mozilla/5.0 (Linux; Android 10; K) AppleWebKit/537.36 (KHTML, like Gecko) Chrome/133.0.0.0 Mobile Safari/537.36"
115.164.219.67 - - [07/Oct/2025:15:09:46 +0000] "GET /massage_b2b_kl/c87/ HTTP/1.1" 200 16254 "https://massageb2bkl.com/massage_b2b_kl/category/petaling-jaya/" "Mozilla/5.0 (Linux; Android 10; K) AppleWebKit/537.36 (KHTML, like Gecko) Chrome/133.0.0.0 Mobile Safari/537.36"
115.164.219.67 - - [07/Oct/2025:15:09:47 +0000] "GET /massage_b2b_kl/v79/ HTTP/1.1" 200 16263 "https://massageb2bkl.com/massage_b2b_kl/category/petaling-jaya/" "Mozilla/5.0 (Linux; Android 10; K) AppleWebKit/537.36 (KHTML, like Gecko) Chrome/133.0.0.0 Mobile Safari/537.36"
115.164.219.67 - - [07/Oct/2025:15:09:48 +0000] "GET /massage_b2b_kl/v72/ HTTP/1.1" 200 16257 "https://massageb2bkl.com/massage_b2b_kl/category/petaling-jaya/" "Mozilla/5.0 (Linux; Android 10; K) AppleWebKit/537.36 (KHTML, like Gecko) Chrome/133.0.0.0 Mobile Safari/537.36"
115.164.219.67 - - [07/Oct/2025:15:09:50 +0000] "GET /massage_b2b_kl/v71/ HTTP/1.1" 200 16260 "https://massageb2bkl.com/massage_b2b_kl/category/petaling-jaya/" "Mozilla/5.0 (Linux; Android 10; K) AppleWebKit/537.36 (KHTML, like Gecko) Chrome/133.0.0.0 Mobile Safari/537.36"
115.164.219.67 - - [07/Oct/2025:15:09:52 +0000] "GET /massage_b2b_kl/vn-18/ HTTP/1.1" 200 16273 "https://massageb2bkl.com/massage_b2b_kl/category/petaling-jaya/" "Mozilla/5.0 (Linux; Android 10; K) AppleWebKit/537.36 (KHTML, like Gecko) Chrome/133.0.0.0 Mobile Safari/537.36"
203.161.56.247 - - [07/Oct/2025:15:12:37 +0000] "POST /wp-cron.php?doing_wp_cron=1759849957.8344860076904296875000 HTTP/1.1" 200 - "-" "WordPress/6.8.3; https://massageb2bkl.com"
49.37.25.134 - - [07/Oct/2025:15:12:36 +0000] "GET /wp-json/wp/v2/users HTTP/1.1" 200 757 "-" "Mozilla/4.0 (compatible; Win32; WinHttp.WinHttpRequest.5)"
203.161.56.247 - - [07/Oct/2025:15:14:29 +0000] "POST /wp-cron.php?doing_wp_cron=1759850069.8743209838867187500000 HTTP/1.1" 200 - "-" "WordPress/6.8.3; https://massageb2bkl.com"
49.37.25.134 - - [07/Oct/2025:15:14:28 +0000] "POST /xmlrpc.php HTTP/1.1" 200 403 "-" "Mozilla/5.0 (Windows NT 6.3; x86) AppleWebKit/537.36 (KHTML, like Gecko) Firefox/76.0.0.0 Safari/537.36"
203.161.56.247 - - [07/Oct/2025:15:16:07 +0000] "POST /wp-cron.php?doing_wp_cron=1759850167.8298950195312500000000 HTTP/1.1" 200 - "-" "WordPress/6.8.3; https://massageb2bkl.com"
49.37.25.134 - - [07/Oct/2025:15:16:06 +0000] "POST /xmlrpc.php HTTP/1.1" 200 403 "-" "Mozilla/5.0 (Windows NT 6.3; x64) AppleWebKit/537.36 (KHTML, like Gecko) Opera/63.0.0.0 Safari/537.36"
54.39.136.32 - - [07/Oct/2025:15:16:24 +0000] "GET /sitemap.rss HTTP/1.1" 200 993 "-" "Mozilla/5.0 (compatible; AhrefsBot/7.0; +http://ahrefs.com/robot/)"
203.161.56.247 - - [07/Oct/2025:15:17:14 +0000] "POST /wp-cron.php?doing_wp_cron=1759850234.5312120914459228515625 HTTP/1.1" 200 - "-" "WordPress/6.8.3; https://massageb2bkl.com"
216.73.216.9 - - [07/Oct/2025:15:17:13 +0000] "GET /robots.txt HTTP/1.1" 200 121 "-" "Mozilla/5.0 AppleWebKit/537.36 (KHTML, like Gecko; compatible; ClaudeBot/1.0; +claudebot@anthropic.com)"
216.73.216.9 - - [07/Oct/2025:15:17:14 +0000] "GET /sitemap.xml HTTP/1.1" 200 396 "-" "Mozilla/5.0 AppleWebKit/537.36 (KHTML, like Gecko; compatible; ClaudeBot/1.0; +claudebot@anthropic.com)"
49.37.25.134 - - [07/Oct/2025:15:17:37 +0000] "POST /xmlrpc.php HTTP/1.1" 200 403 "-" "Mozilla/5.0 (X11; Ubuntu; Linux x86_64; arm64) AppleWebKit/537.36 (KHTML, like Gecko) Safari/14.0.0.0 Safari/537.36"
203.161.56.247 - - [07/Oct/2025:15:19:17 +0000] "POST /wp-cron.php?doing_wp_cron=1759850357.1689341068267822265625 HTTP/1.1" 200 - "-" "WordPress/6.8.3; https://massageb2bkl.com"
49.37.25.134 - - [07/Oct/2025:15:19:16 +0000] "POST /xmlrpc.php HTTP/1.1" 200 403 "-" "Mozilla/5.0 (X11; Ubuntu; Linux x86_64; x64) AppleWebKit/537.36 (KHTML, like Gecko) Safari/12.0.0.0 Safari/537.36"
203.161.56.247 - - [07/Oct/2025:15:20:46 +0000] "POST /wp-cron.php?doing_wp_cron=1759850446.8722419738769531250000 HTTP/1.1" 200 - "-" "WordPress/6.8.3; https://massageb2bkl.com"
49.37.25.134 - - [07/Oct/2025:15:20:45 +0000] "POST /xmlrpc.php HTTP/1.1" 200 403 "-" "Mozilla/5.0 (Windows NT 6.2; x86) AppleWebKit/537.36 (KHTML, like Gecko) Safari/15.0.0.0 Safari/537.36"
203.161.56.247 - - [07/Oct/2025:15:22:12 +0000] "POST /wp-cron.php?doing_wp_cron=1759850532.1769490242004394531250 HTTP/1.1" 200 - "-" "WordPress/6.8.3; https://massageb2bkl.com"
49.37.25.134 - - [07/Oct/2025:15:22:10 +0000] "POST /xmlrpc.php HTTP/1.1" 200 403 "-" "Mozilla/5.0 (Windows NT 6.3; x86) AppleWebKit/537.36 (KHTML, like Gecko) Safari/11.0.0.0 Safari/537.36"
203.161.56.247 - - [07/Oct/2025:15:23:51 +0000] "POST /wp-cron.php?doing_wp_cron=1759850631.9337439537048339843750 HTTP/1.1" 200 - "-" "WordPress/6.8.3; https://massageb2bkl.com"
49.37.25.134 - - [07/Oct/2025:15:23:50 +0000] "POST /xmlrpc.php HTTP/1.1" 200 403 "-" "Mozilla/5.0 (Windows NT 10.0; x64) AppleWebKit/537.36 (KHTML, like Gecko) Firefox/87.0.0.0 Safari/537.36"
203.161.56.247 - - [07/Oct/2025:15:23:56 +0000] "POST /wp-cron.php?doing_wp_cron=1759850636.3828899860382080078125 HTTP/1.1" 200 - "-" "WordPress/6.8.3; https://massageb2bkl.com"
216.73.216.9 - - [07/Oct/2025:15:23:55 +0000] "GET /sitemap.rss HTTP/1.1" 200 993 "-" "Mozilla/5.0 AppleWebKit/537.36 (KHTML, like Gecko; compatible; ClaudeBot/1.0; +claudebot@anthropic.com)"
203.161.56.247 - - [07/Oct/2025:15:25:29 +0000] "POST /wp-cron.php?doing_wp_cron=1759850729.2293899059295654296875 HTTP/1.1" 200 - "-" "WordPress/6.8.3; https://massageb2bkl.com"
49.37.25.134 - - [07/Oct/2025:15:25:28 +0000] "POST /xmlrpc.php HTTP/1.1" 200 403 "-" "Mozilla/5.0 (Windows NT 6.3; x64) AppleWebKit/537.36 (KHTML, like Gecko) Opera/78.0.0.0 Safari/537.36"
203.161.56.247 - - [07/Oct/2025:15:27:12 +0000] "POST /wp-cron.php?doing_wp_cron=1759850832.6988511085510253906250 HTTP/1.1" 200 - "-" "WordPress/6.8.3; https://massageb2bkl.com"
49.37.25.134 - - [07/Oct/2025:15:27:11 +0000] "POST /xmlrpc.php HTTP/1.1" 200 403 "-" "Mozilla/5.0 (Windows NT 6.2; x64) AppleWebKit/537.36 (KHTML, like Gecko) Chrome/100.0.0.0 Safari/537.36"
203.161.56.247 - - [07/Oct/2025:15:28:48 +0000] "POST /wp-cron.php?doing_wp_cron=1759850928.5590190887451171875000 HTTP/1.1" 200 - "-" "WordPress/6.8.3; https://massageb2bkl.com"
49.37.25.134 - - [07/Oct/2025:15:28:47 +0000] "POST /xmlrpc.php HTTP/1.1" 200 403 "-" "Mozilla/5.0 (Linux; Android 10; arm64) AppleWebKit/537.36 (KHTML, like Gecko) Firefox/96.0.0.0 Safari/537.36"
203.161.56.247 - - [07/Oct/2025:15:30:18 +0000] "POST /wp-cron.php?doing_wp_cron=1759851018.1219499111175537109375 HTTP/1.1" 200 - "-" "WordPress/6.8.3; https://massageb2bkl.com"
103.199.217.2 - - [07/Oct/2025:15:30:16 +0000] "GET / HTTP/1.1" 200 17197 "https://www.google.com/" "Mozilla/5.0 (iPhone; CPU iPhone OS 18_7 like Mac OS X) AppleWebKit/605.1.15 (KHTML, like Gecko) Version/26.0.1 Mobile/15E148 Safari/604.1"
103.199.217.2 - - [07/Oct/2025:15:30:18 +0000] "GET /wp-content/plugins/click-to-chat-for-whatsapp/new/inc/assets/css/main.css?ver=4.28 HTTP/1.1" 200 736 "https://massageb2bkl.com/" "Mozilla/5.0 (iPhone; CPU iPhone OS 18_7 like Mac OS X) AppleWebKit/605.1.15 (KHTML, like Gecko) Version/26.0.1 Mobile/15E148 Safari/604.1"
103.199.217.2 - - [07/Oct/2025:15:30:18 +0000] "GET /wp-content/themes/photomania/third-party/sidr/css/jquery.sidr.dark.min.css?ver=2.2.1 HTTP/1.1" 200 1305 "https://massageb2bkl.com/" "Mozilla/5.0 (iPhone; CPU iPhone OS 18_7 like Mac OS X) AppleWebKit/605.1.15 (KHTML, like Gecko) Version/26.0.1 Mobile/15E148 Safari/604.1"
103.199.217.2 - - [07/Oct/2025:15:30:18 +0000] "GET /wp-content/themes/photomania/third-party/magnific-popup/css/magnific-popup.min.css?ver=1.1.0 HTTP/1.1" 200 1586 "https://massageb2bkl.com/" "Mozilla/5.0 (iPhone; CPU iPhone OS 18_7 like Mac OS X) AppleWebKit/605.1.15 (KHTML, like Gecko) Version/26.0.1 Mobile/15E148 Safari/604.1"
103.199.217.2 - - [07/Oct/2025:15:30:19 +0000] "GET /wp-includes/css/dist/block-library/style.min.css?ver=6.8.3 HTTP/1.1" 200 15315 "https://massageb2bkl.com/" "Mozilla/5.0 (iPhone; CPU iPhone OS 18_7 like Mac OS X) AppleWebKit/605.1.15 (KHTML, like Gecko) Version/26.0.1 Mobile/15E148 Safari/604.1"
103.199.217.2 - - [07/Oct/2025:15:30:19 +0000] "GET /wp-content/plugins/wp-call-button/assets/block/build/index.css?ver=085f82fba130fc4cf3057de5e2dcc820 HTTP/1.1" 200 334 "https://massageb2bkl.com/" "Mozilla/5.0 (iPhone; CPU iPhone OS 18_7 like Mac OS X) AppleWebKit/605.1.15 (KHTML, like Gecko) Version/26.0.1 Mobile/15E148 Safari/604.1"
103.199.217.2 - - [07/Oct/2025:15:30:19 +0000] "GET /wp-content/themes/photomania/style.css?ver=20250702-173701 HTTP/1.1" 200 18906 "https://massageb2bkl.com/" "Mozilla/5.0 (iPhone; CPU iPhone OS 18_7 like Mac OS X) AppleWebKit/605.1.15 (KHTML, like Gecko) Version/26.0.1 Mobile/15E148 Safari/604.1"
103.199.217.2 - - [07/Oct/2025:15:30:19 +0000] "GET /wp-content/fonts/fba27af34cf8ae03e9e01f2d955da85f.css HTTP/1.1" 200 686 "https://massageb2bkl.com/" "Mozilla/5.0 (iPhone; CPU iPhone OS 18_7 like Mac OS X) AppleWebKit/605.1.15 (KHTML, like Gecko) Version/26.0.1 Mobile/15E148 Safari/604.1"
103.199.217.2 - - [07/Oct/2025:15:30:19 +0000] "GET /wp-content/themes/photomania/third-party/font-awesome/css/all.min.css?ver=6.7.2 HTTP/1.1" 200 21501 "https://massageb2bkl.com/" "Mozilla/5.0 (iPhone; CPU iPhone OS 18_7 like Mac OS X) AppleWebKit/605.1.15 (KHTML, like Gecko) Version/26.0.1 Mobile/15E148 Safari/604.1"
103.199.217.2 - - [07/Oct/2025:15:30:19 +0000] "GET /wp-content/themes/photomania/css/blocks.css?ver=20250702-173701 HTTP/1.1" 200 2738 "https://massageb2bkl.com/" "Mozilla/5.0 (iPhone; CPU iPhone OS 18_7 like Mac OS X) AppleWebKit/605.1.15 (KHTML, like Gecko) Version/26.0.1 Mobile/15E148 Safari/604.1"
103.199.217.2 - - [07/Oct/2025:15:30:19 +0000] "GET /wp-includes/js/jquery/jquery.min.js?ver=3.7.1 HTTP/1.1" 200 30368 "https://massageb2bkl.com/" "Mozilla/5.0 (iPhone; CPU iPhone OS 18_7 like Mac OS X) AppleWebKit/605.1.15 (KHTML, like Gecko) Version/26.0.1 Mobile/15E148 Safari/604.1"
103.199.217.2 - - [07/Oct/2025:15:30:19 +0000] "GET /wp-content/plugins/google-analytics-for-wordpress/assets/js/frontend-gtag.min.js?ver=9.8.0 HTTP/1.1" 200 3277 "https://massageb2bkl.com/" "Mozilla/5.0 (iPhone; CPU iPhone OS 18_7 like Mac OS X) AppleWebKit/605.1.15 (KHTML, like Gecko) Version/26.0.1 Mobile/15E148 Safari/604.1"
103.199.217.2 - - [07/Oct/2025:15:30:19 +0000] "GET /wp-includes/js/jquery/jquery-migrate.min.js?ver=3.4.1 HTTP/1.1" 200 4872 "https://massageb2bkl.com/" "Mozilla/5.0 (iPhone; CPU iPhone OS 18_7 like Mac OS X) AppleWebKit/605.1.15 (KHTML, like Gecko) Version/26.0.1 Mobile/15E148 Safari/604.1"
103.199.217.2 - - [07/Oct/2025:15:30:19 +0000] "GET /wp-content/plugins/click-to-chat-for-whatsapp/new/inc/assets/js/app.js?ver=4.28 HTTP/1.1" 200 3560 "https://massageb2bkl.com/" "Mozilla/5.0 (iPhone; CPU iPhone OS 18_7 like Mac OS X) AppleWebKit/605.1.15 (KHTML, like Gecko) Version/26.0.1 Mobile/15E148 Safari/604.1"
103.199.217.2 - - [07/Oct/2025:15:30:19 +0000] "GET /wp-content/themes/photomania/js/skip-link-focus-fix.min.js?ver=20130115 HTTP/1.1" 200 281 "https://massageb2bkl.com/" "Mozilla/5.0 (iPhone; CPU iPhone OS 18_7 like Mac OS X) AppleWebKit/605.1.15 (KHTML, like Gecko) Version/26.0.1 Mobile/15E148 Safari/604.1"
103.199.217.2 - - [07/Oct/2025:15:30:19 +0000] "GET /wp-content/themes/photomania/third-party/cycle2/js/jquery.cycle2.min.js?ver=2.1.6 HTTP/1.1" 200 6730 "https://massageb2bkl.com/" "Mozilla/5.0 (iPhone; CPU iPhone OS 18_7 like Mac OS X) AppleWebKit/605.1.15 (KHTML, like Gecko) Version/26.0.1 Mobile/15E148 Safari/604.1"
103.199.217.2 - - [07/Oct/2025:15:30:19 +0000] "GET /wp-content/themes/photomania/third-party/sidr/js/jquery.sidr.min.js?ver=2.2.1 HTTP/1.1" 200 2478 "https://massageb2bkl.com/" "Mozilla/5.0 (iPhone; CPU iPhone OS 18_7 like Mac OS X) AppleWebKit/605.1.15 (KHTML, like Gecko) Version/26.0.1 Mobile/15E148 Safari/604.1"
103.199.217.2 - - [07/Oct/2025:15:30:19 +0000] "GET /wp-content/uploads/2024/02/M22.jpg HTTP/1.1" 200 108819 "https://massageb2bkl.com/" "Mozilla/5.0 (iPhone; CPU iPhone OS 18_7 like Mac OS X) AppleWebKit/605.1.15 (KHTML, like Gecko) Version/26.0.1 Mobile/15E148 Safari/604.1"
