182.62.19.89 - - [07/Oct/2025:15:49:24 +0000] "GET /wp-content/plugins/click-to-chat-for-whatsapp/new/inc/assets/css/main.css?ver=4.28 HTTP/1.1" 200 736 "https://massageb2bkl.com/massage_b2b_kl/category/bukit-bintang/" "Mozilla/5.0 (Linux; Android 10; K) AppleWebKit/537.36 (KHTML, like Gecko) Chrome/140.0.0.0 Mobile Safari/537.36"
182.62.19.89 - - [07/Oct/2025:15:49:24 +0000] "GET /wp-content/plugins/wp-call-button/assets/block/build/index.css?ver=085f82fba130fc4cf3057de5e2dcc820 HTTP/1.1" 200 334 "https://massageb2bkl.com/massage_b2b_kl/category/bukit-bintang/" "Mozilla/5.0 (Linux; Android 10; K) AppleWebKit/537.36 (KHTML, like Gecko) Chrome/140.0.0.0 Mobile Safari/537.36"
182.62.19.89 - - [07/Oct/2025:15:49:24 +0000] "GET /wp-content/themes/photomania/third-party/sidr/css/jquery.sidr.dark.min.css?ver=2.2.1 HTTP/1.1" 200 1305 "https://massageb2bkl.com/massage_b2b_kl/category/bukit-bintang/" "Mozilla/5.0 (Linux; Android 10; K) AppleWebKit/537.36 (KHTML, like Gecko) Chrome/140.0.0.0 Mobile Safari/537.36"
182.62.19.89 - - [07/Oct/2025:15:49:24 +0000] "GET /wp-includes/css/dist/block-library/style.min.css?ver=6.8.3 HTTP/1.1" 200 15315 "https://massageb2bkl.com/massage_b2b_kl/category/bukit-bintang/" "Mozilla/5.0 (Linux; Android 10; K) AppleWebKit/537.36 (KHTML, like Gecko) Chrome/140.0.0.0 Mobile Safari/537.36"
182.62.19.89 - - [07/Oct/2025:15:49:24 +0000] "GET /wp-content/fonts/fba27af34cf8ae03e9e01f2d955da85f.css HTTP/1.1" 200 686 "https://massageb2bkl.com/massage_b2b_kl/category/bukit-bintang/" "Mozilla/5.0 (Linux; Android 10; K) AppleWebKit/537.36 (KHTML, like Gecko) Chrome/140.0.0.0 Mobile Safari/537.36"
182.62.19.89 - - [07/Oct/2025:15:49:24 +0000] "GET /wp-content/themes/photomania/third-party/font-awesome/css/all.min.css?ver=6.7.2 HTTP/1.1" 200 21501 "https://massageb2bkl.com/massage_b2b_kl/category/bukit-bintang/" "Mozilla/5.0 (Linux; Android 10; K) AppleWebKit/537.36 (KHTML, like Gecko) Chrome/140.0.0.0 Mobile Safari/537.36"
182.62.19.89 - - [07/Oct/2025:15:49:24 +0000] "GET /wp-content/themes/photomania/third-party/magnific-popup/css/magnific-popup.min.css?ver=1.1.0 HTTP/1.1" 200 1586 "https://massageb2bkl.com/massage_b2b_kl/category/bukit-bintang/" "Mozilla/5.0 (Linux; Android 10; K) AppleWebKit/537.36 (KHTML, like Gecko) Chrome/140.0.0.0 Mobile Safari/537.36"
182.62.19.89 - - [07/Oct/2025:15:49:25 +0000] "GET /wp-content/themes/photomania/style.css?ver=20250702-173701 HTTP/1.1" 200 18906 "https://massageb2bkl.com/massage_b2b_kl/category/bukit-bintang/" "Mozilla/5.0 (Linux; Android 10; K) AppleWebKit/537.36 (KHTML, like Gecko) Chrome/140.0.0.0 Mobile Safari/537.36"
182.62.19.89 - - [07/Oct/2025:15:49:25 +0000] "GET /wp-content/themes/photomania/css/blocks.css?ver=20250702-173701 HTTP/1.1" 200 2738 "https://massageb2bkl.com/massage_b2b_kl/category/bukit-bintang/" "Mozilla/5.0 (Linux; Android 10; K) AppleWebKit/537.36 (KHTML, like Gecko) Chrome/140.0.0.0 Mobile Safari/537.36"
182.62.19.89 - - [07/Oct/2025:15:49:25 +0000] "GET /wp-includes/js/jquery/jquery.min.js?ver=3.7.1 HTTP/1.1" 200 30368 "https://massageb2bkl.com/massage_b2b_kl/category/bukit-bintang/" "Mozilla/5.0 (Linux; Android 10; K) AppleWebKit/537.36 (KHTML, like Gecko) Chrome/140.0.0.0 Mobile Safari/537.36"
182.62.19.89 - - [07/Oct/2025:15:49:25 +0000] "GET /wp-includes/js/jquery/jquery-migrate.min.js?ver=3.4.1 HTTP/1.1" 200 4872 "https://massageb2bkl.com/massage_b2b_kl/category/bukit-bintang/" "Mozilla/5.0 (Linux; Android 10; K) AppleWebKit/537.36 (KHTML, like Gecko) Chrome/140.0.0.0 Mobile Safari/537.36"
182.62.19.89 - - [07/Oct/2025:15:49:25 +0000] "GET /wp-content/uploads/2024/02/M22.jpg HTTP/1.1" 200 108819 "https://massageb2bkl.com/massage_b2b_kl/category/bukit-bintang/" "Mozilla/5.0 (Linux; Android 10; K) AppleWebKit/537.36 (KHTML, like Gecko) Chrome/140.0.0.0 Mobile Safari/537.36"
182.62.19.89 - - [07/Oct/2025:15:49:25 +0000] "GET /wp-content/uploads/2024/02/M21.jpg HTTP/1.1" 200 104998 "https://massageb2bkl.com/massage_b2b_kl/category/bukit-bintang/" "Mozilla/5.0 (Linux; Android 10; K) AppleWebKit/537.36 (KHTML, like Gecko) Chrome/140.0.0.0 Mobile Safari/537.36"
182.62.19.89 - - [07/Oct/2025:15:49:25 +0000] "GET /wp-content/uploads/2024/02/VN-11.jpg HTTP/1.1" 200 136396 "https://massageb2bkl.com/massage_b2b_kl/category/bukit-bintang/" "Mozilla/5.0 (Linux; Android 10; K) AppleWebKit/537.36 (KHTML, like Gecko) Chrome/140.0.0.0 Mobile Safari/537.36"
182.62.19.89 - - [07/Oct/2025:15:49:25 +0000] "GET /wp-content/uploads/2022/04/body-massage-spa-kl-pj.jpg HTTP/1.1" 200 80435 "https://massageb2bkl.com/massage_b2b_kl/category/bukit-bintang/" "Mozilla/5.0 (Linux; Android 10; K) AppleWebKit/537.36 (KHTML, like Gecko) Chrome/140.0.0.0 Mobile Safari/537.36"
182.62.19.89 - - [07/Oct/2025:15:49:25 +0000] "GET /wp-content/themes/photomania/third-party/cycle2/js/jquery.cycle2.min.js?ver=2.1.6 HTTP/1.1" 200 6730 "https://massageb2bkl.com/massage_b2b_kl/category/bukit-bintang/" "Mozilla/5.0 (Linux; Android 10; K) AppleWebKit/537.36 (KHTML, like Gecko) Chrome/140.0.0.0 Mobile Safari/537.36"
182.62.19.89 - - [07/Oct/2025:15:49:25 +0000] "GET /wp-content/themes/photomania/js/skip-link-focus-fix.min.js?ver=20130115 HTTP/1.1" 200 281 "https://massageb2bkl.com/massage_b2b_kl/category/bukit-bintang/" "Mozilla/5.0 (Linux; Android 10; K) AppleWebKit/537.36 (KHTML, like Gecko) Chrome/140.0.0.0 Mobile Safari/537.36"
182.62.19.89 - - [07/Oct/2025:15:49:26 +0000] "GET /wp-content/fonts/rajdhani/LDIxapCSOBg7S-QT7p4HM-Y.woff2 HTTP/1.1" 200 14999 "https://massageb2bkl.com/wp-content/fonts/fba27af34cf8ae03e9e01f2d955da85f.css" "Mozilla/5.0 (Linux; Android 10; K) AppleWebKit/537.36 (KHTML, like Gecko) Chrome/140.0.0.0 Mobile Safari/537.36"
182.62.19.89 - - [07/Oct/2025:15:49:26 +0000] "GET /wp-content/fonts/rajdhani/LDI2apCSOBg7S-QT7pa8FvOreec.woff2 HTTP/1.1" 200 15711 "https://massageb2bkl.com/wp-content/fonts/fba27af34cf8ae03e9e01f2d955da85f.css" "Mozilla/5.0 (Linux; Android 10; K) AppleWebKit/537.36 (KHTML, like Gecko) Chrome/140.0.0.0 Mobile Safari/537.36"
182.62.19.89 - - [07/Oct/2025:15:49:26 +0000] "GET /wp-content/fonts/rajdhani/LDI2apCSOBg7S-QT7pb0EPOreec.woff2 HTTP/1.1" 200 15107 "https://massageb2bkl.com/wp-content/fonts/fba27af34cf8ae03e9e01f2d955da85f.css" "Mozilla/5.0 (Linux; Android 10; K) AppleWebKit/537.36 (KHTML, like Gecko) Chrome/140.0.0.0 Mobile Safari/537.36"
182.62.19.89 - - [07/Oct/2025:15:49:26 +0000] "GET /wp-content/themes/photomania/third-party/sidr/js/jquery.sidr.min.js?ver=2.2.1 HTTP/1.1" 200 2478 "https://massageb2bkl.com/massage_b2b_kl/category/bukit-bintang/" "Mozilla/5.0 (Linux; Android 10; K) AppleWebKit/537.36 (KHTML, like Gecko) Chrome/140.0.0.0 Mobile Safari/537.36"
182.62.19.89 - - [07/Oct/2025:15:49:26 +0000] "GET /wp-content/themes/photomania/third-party/font-awesome/webfonts/fa-solid-900.woff2 HTTP/1.1" 200 158263 "https://massageb2bkl.com/wp-content/themes/photomania/third-party/font-awesome/css/all.min.css?ver=6.7.2" "Mozilla/5.0 (Linux; Android 10; K) AppleWebKit/537.36 (KHTML, like Gecko) Chrome/140.0.0.0 Mobile Safari/537.36"
182.62.19.89 - - [07/Oct/2025:15:49:26 +0000] "GET /wp-content/themes/photomania/third-party/magnific-popup/js/jquery.magnific-popup.min.js?ver=1.1.0 HTTP/1.1" 200 7182 "https://massageb2bkl.com/massage_b2b_kl/category/bukit-bintang/" "Mozilla/5.0 (Linux; Android 10; K) AppleWebKit/537.36 (KHTML, like Gecko) Chrome/140.0.0.0 Mobile Safari/537.36"
182.62.19.89 - - [07/Oct/2025:15:49:26 +0000] "GET /wp-includes/js/underscore.min.js?ver=1.13.7 HTTP/1.1" 200 7317 "https://massageb2bkl.com/massage_b2b_kl/category/bukit-bintang/" "Mozilla/5.0 (Linux; Android 10; K) AppleWebKit/537.36 (KHTML, like Gecko) Chrome/140.0.0.0 Mobile Safari/537.36"
182.62.19.89 - - [07/Oct/2025:15:49:26 +0000] "GET /wp-content/themes/photomania/third-party/font-awesome/webfonts/fa-brands-400.woff2 HTTP/1.1" 200 118686 "https://massageb2bkl.com/wp-content/themes/photomania/third-party/font-awesome/css/all.min.css?ver=6.7.2" "Mozilla/5.0 (Linux; Android 10; K) AppleWebKit/537.36 (KHTML, like Gecko) Chrome/140.0.0.0 Mobile Safari/537.36"
182.62.19.89 - - [07/Oct/2025:15:49:26 +0000] "GET /wp-includes/js/wp-util.min.js?ver=6.8.3 HTTP/1.1" 200 756 "https://massageb2bkl.com/massage_b2b_kl/category/bukit-bintang/" "Mozilla/5.0 (Linux; Android 10; K) AppleWebKit/537.36 (KHTML, like Gecko) Chrome/140.0.0.0 Mobile Safari/537.36"
182.62.19.89 - - [07/Oct/2025:15:49:26 +0000] "GET /wp-includes/js/imagesloaded.min.js?ver=5.0.0 HTTP/1.1" 200 1803 "https://massageb2bkl.com/massage_b2b_kl/category/bukit-bintang/" "Mozilla/5.0 (Linux; Android 10; K) AppleWebKit/537.36 (KHTML, like Gecko) Chrome/140.0.0.0 Mobile Safari/537.36"
182.62.19.89 - - [07/Oct/2025:15:49:26 +0000] "GET /wp-includes/js/masonry.min.js?ver=4.2.2 HTTP/1.1" 200 7382 "https://massageb2bkl.com/massage_b2b_kl/category/bukit-bintang/" "Mozilla/5.0 (Linux; Android 10; K) AppleWebKit/537.36 (KHTML, like Gecko) Chrome/140.0.0.0 Mobile Safari/537.36"
182.62.19.89 - - [07/Oct/2025:15:49:26 +0000] "GET /wp-content/themes/photomania/js/custom.min.js?ver=1.0.0 HTTP/1.1" 200 806 "https://massageb2bkl.com/massage_b2b_kl/category/bukit-bintang/" "Mozilla/5.0 (Linux; Android 10; K) AppleWebKit/537.36 (KHTML, like Gecko) Chrome/140.0.0.0 Mobile Safari/537.36"
182.62.19.89 - - [07/Oct/2025:15:49:26 +0000] "GET /wp-content/plugins/google-analytics-for-wordpress/assets/js/frontend-gtag.min.js?ver=9.8.0 HTTP/1.1" 200 3277 "https://massageb2bkl.com/massage_b2b_kl/category/bukit-bintang/" "Mozilla/5.0 (Linux; Android 10; K) AppleWebKit/537.36 (KHTML, like Gecko) Chrome/140.0.0.0 Mobile Safari/537.36"
182.62.19.89 - - [07/Oct/2025:15:49:26 +0000] "GET /wp-content/plugins/click-to-chat-for-whatsapp/new/inc/assets/js/app.js?ver=4.28 HTTP/1.1" 200 3560 "https://massageb2bkl.com/massage_b2b_kl/category/bukit-bintang/" "Mozilla/5.0 (Linux; Android 10; K) AppleWebKit/537.36 (KHTML, like Gecko) Chrome/140.0.0.0 Mobile Safari/537.36"
182.62.19.89 - - [07/Oct/2025:15:49:27 +0000] "GET /wp-includes/js/wp-emoji-release.min.js?ver=6.8.3 HTTP/1.1" 200 5163 "https://massageb2bkl.com/massage_b2b_kl/category/bukit-bintang/" "Mozilla/5.0 (Linux; Android 10; K) AppleWebKit/537.36 (KHTML, like Gecko) Chrome/140.0.0.0 Mobile Safari/537.36"
182.62.19.89 - - [07/Oct/2025:15:49:27 +0000] "GET /wp-content/uploads/2022/08/M73.jpg HTTP/1.1" 200 137302 "https://massageb2bkl.com/massage_b2b_kl/category/bukit-bintang/" "Mozilla/5.0 (Linux; Android 10; K) AppleWebKit/537.36 (KHTML, like Gecko) Chrome/140.0.0.0 Mobile Safari/537.36"
182.62.19.89 - - [07/Oct/2025:15:49:27 +0000] "GET /wp-content/uploads/2024/02/T78.jpg HTTP/1.1" 200 161037 "https://massageb2bkl.com/massage_b2b_kl/category/bukit-bintang/" "Mozilla/5.0 (Linux; Android 10; K) AppleWebKit/537.36 (KHTML, like Gecko) Chrome/140.0.0.0 Mobile Safari/537.36"
182.62.19.89 - - [07/Oct/2025:15:49:27 +0000] "GET /wp-content/uploads/2022/08/M78.jpg HTTP/1.1" 200 112433 "https://massageb2bkl.com/massage_b2b_kl/category/bukit-bintang/" "Mozilla/5.0 (Linux; Android 10; K) AppleWebKit/537.36 (KHTML, like Gecko) Chrome/140.0.0.0 Mobile Safari/537.36"
182.62.19.89 - - [07/Oct/2025:15:49:27 +0000] "GET /wp-content/uploads/2024/02/M77.jpg HTTP/1.1" 200 124204 "https://massageb2bkl.com/massage_b2b_kl/category/bukit-bintang/" "Mozilla/5.0 (Linux; Android 10; K) AppleWebKit/537.36 (KHTML, like Gecko) Chrome/140.0.0.0 Mobile Safari/537.36"
182.62.19.89 - - [07/Oct/2025:15:49:27 +0000] "GET /wp-content/uploads/2022/08/M79.jpg HTTP/1.1" 200 148079 "https://massageb2bkl.com/massage_b2b_kl/category/bukit-bintang/" "Mozilla/5.0 (Linux; Android 10; K) AppleWebKit/537.36 (KHTML, like Gecko) Chrome/140.0.0.0 Mobile Safari/537.36"
182.62.19.89 - - [07/Oct/2025:15:49:27 +0000] "GET /wp-content/uploads/2022/08/M70.jpg HTTP/1.1" 200 122101 "https://massageb2bkl.com/massage_b2b_kl/category/bukit-bintang/" "Mozilla/5.0 (Linux; Android 10; K) AppleWebKit/537.36 (KHTML, like Gecko) Chrome/140.0.0.0 Mobile Safari/537.36"
182.62.19.89 - - [07/Oct/2025:15:49:28 +0000] "GET /wp-content/uploads/2022/08/I97.jpg HTTP/1.1" 200 179868 "https://massageb2bkl.com/massage_b2b_kl/category/bukit-bintang/" "Mozilla/5.0 (Linux; Android 10; K) AppleWebKit/537.36 (KHTML, like Gecko) Chrome/140.0.0.0 Mobile Safari/537.36"
182.62.19.89 - - [07/Oct/2025:15:49:28 +0000] "GET /wp-content/uploads/2022/08/T77.jpg HTTP/1.1" 200 133833 "https://massageb2bkl.com/massage_b2b_kl/category/bukit-bintang/" "Mozilla/5.0 (Linux; Android 10; K) AppleWebKit/537.36 (KHTML, like Gecko) Chrome/140.0.0.0 Mobile Safari/537.36"
182.62.19.89 - - [07/Oct/2025:15:49:28 +0000] "GET /wp-content/uploads/2022/08/T71.jpg HTTP/1.1" 200 110975 "https://massageb2bkl.com/massage_b2b_kl/category/bukit-bintang/" "Mozilla/5.0 (Linux; Android 10; K) AppleWebKit/537.36 (KHTML, like Gecko) Chrome/140.0.0.0 Mobile Safari/537.36"
182.62.19.89 - - [07/Oct/2025:15:49:28 +0000] "GET /wp-content/uploads/2022/04/C88.jpg HTTP/1.1" 200 108430 "https://massageb2bkl.com/massage_b2b_kl/category/bukit-bintang/" "Mozilla/5.0 (Linux; Android 10; K) AppleWebKit/537.36 (KHTML, like Gecko) Chrome/140.0.0.0 Mobile Safari/537.36"
182.62.19.89 - - [07/Oct/2025:15:49:28 +0000] "GET /wp-content/uploads/2022/04/C87.jpg HTTP/1.1" 200 98135 "https://massageb2bkl.com/massage_b2b_kl/category/bukit-bintang/" "Mozilla/5.0 (Linux; Android 10; K) AppleWebKit/537.36 (KHTML, like Gecko) Chrome/140.0.0.0 Mobile Safari/537.36"
182.62.19.89 - - [07/Oct/2025:15:49:28 +0000] "GET /wp-content/uploads/2022/04/C82.jpg HTTP/1.1" 200 116941 "https://massageb2bkl.com/massage_b2b_kl/category/bukit-bintang/" "Mozilla/5.0 (Linux; Android 10; K) AppleWebKit/537.36 (KHTML, like Gecko) Chrome/140.0.0.0 Mobile Safari/537.36"
182.62.19.89 - - [07/Oct/2025:15:49:28 +0000] "GET /wp-content/uploads/2022/04/V79.jpg HTTP/1.1" 200 146043 "https://massageb2bkl.com/massage_b2b_kl/category/bukit-bintang/" "Mozilla/5.0 (Linux; Android 10; K) AppleWebKit/537.36 (KHTML, like Gecko) Chrome/140.0.0.0 Mobile Safari/537.36"
182.62.19.89 - - [07/Oct/2025:15:49:28 +0000] "GET /wp-content/uploads/2022/04/V77.jpg HTTP/1.1" 200 114457 "https://massageb2bkl.com/massage_b2b_kl/category/bukit-bintang/" "Mozilla/5.0 (Linux; Android 10; K) AppleWebKit/537.36 (KHTML, like Gecko) Chrome/140.0.0.0 Mobile Safari/537.36"
182.62.19.89 - - [07/Oct/2025:15:49:28 +0000] "GET /wp-content/uploads/2022/04/V72.jpg HTTP/1.1" 200 100188 "https://massageb2bkl.com/massage_b2b_kl/category/bukit-bintang/" "Mozilla/5.0 (Linux; Android 10; K) AppleWebKit/537.36 (KHTML, like Gecko) Chrome/140.0.0.0 Mobile Safari/537.36"
182.62.19.89 - - [07/Oct/2025:15:49:28 +0000] "GET /wp-content/uploads/2022/04/V71.jpg HTTP/1.1" 200 104597 "https://massageb2bkl.com/massage_b2b_kl/category/bukit-bintang/" "Mozilla/5.0 (Linux; Android 10; K) AppleWebKit/537.36 (KHTML, like Gecko) Chrome/140.0.0.0 Mobile Safari/537.36"
182.62.19.89 - - [07/Oct/2025:15:49:28 +0000] "GET /wp-content/uploads/2022/04/VN-18.jpg HTTP/1.1" 200 123263 "https://massageb2bkl.com/massage_b2b_kl/category/bukit-bintang/" "Mozilla/5.0 (Linux; Android 10; K) AppleWebKit/537.36 (KHTML, like Gecko) Chrome/140.0.0.0 Mobile Safari/537.36"
182.62.19.89 - - [07/Oct/2025:15:49:28 +0000] "GET /massage_b2b_kl/m-22/ HTTP/1.1" 200 16446 "https://massageb2bkl.com/massage_b2b_kl/category/bukit-bintang/" "Mozilla/5.0 (Linux; Android 10; K) AppleWebKit/537.36 (KHTML, like Gecko) Chrome/140.0.0.0 Mobile Safari/537.36"
182.62.19.89 - - [07/Oct/2025:15:49:29 +0000] "GET /wp-content/uploads/2022/04/cropped-iconfinder_kl-elegant-massage-192x192.png HTTP/1.1" 200 42380 "https://massageb2bkl.com/massage_b2b_kl/category/bukit-bintang/" "Mozilla/5.0 (Linux; Android 10; K) AppleWebKit/537.36 (KHTML, like Gecko) Chrome/140.0.0.0 Mobile Safari/537.36"
182.62.19.89 - - [07/Oct/2025:15:49:29 +0000] "GET /wp-content/uploads/2022/04/cropped-iconfinder_kl-elegant-massage-180x180.png HTTP/1.1" 200 38136 "https://massageb2bkl.com/massage_b2b_kl/category/bukit-bintang/" "Mozilla/5.0 (Linux; Android 10; K) AppleWebKit/537.36 (KHTML, like Gecko) Chrome/140.0.0.0 Mobile Safari/537.36"
182.62.19.89 - - [07/Oct/2025:15:49:32 +0000] "GET /massage_b2b_kl/c87/ HTTP/1.1" 200 16252 "https://massageb2bkl.com/massage_b2b_kl/category/bukit-bintang/" "Mozilla/5.0 (Linux; Android 10; K) AppleWebKit/537.36 (KHTML, like Gecko) Chrome/140.0.0.0 Mobile Safari/537.36"
182.62.19.89 - - [07/Oct/2025:15:49:34 +0000] "GET /massage_b2b_kl/c88/ HTTP/1.1" 200 16251 "https://massageb2bkl.com/massage_b2b_kl/category/bukit-bintang/" "Mozilla/5.0 (Linux; Android 10; K) AppleWebKit/537.36 (KHTML, like Gecko) Chrome/140.0.0.0 Mobile Safari/537.36"
182.62.19.89 - - [07/Oct/2025:15:49:35 +0000] "GET /massage_b2b_kl/t71/ HTTP/1.1" 200 16467 "https://massageb2bkl.com/massage_b2b_kl/category/bukit-bintang/" "Mozilla/5.0 (Linux; Android 10; K) AppleWebKit/537.36 (KHTML, like Gecko) Chrome/140.0.0.0 Mobile Safari/537.36"
182.62.19.89 - - [07/Oct/2025:15:49:36 +0000] "GET /massage_b2b_kl/t-77/ HTTP/1.1" 200 16476 "https://massageb2bkl.com/massage_b2b_kl/category/bukit-bintang/" "Mozilla/5.0 (Linux; Android 10; K) AppleWebKit/537.36 (KHTML, like Gecko) Chrome/140.0.0.0 Mobile Safari/537.36"
182.62.19.89 - - [07/Oct/2025:15:49:37 +0000] "GET /massage_b2b_kl/i-97/ HTTP/1.1" 200 16480 "https://massageb2bkl.com/massage_b2b_kl/category/bukit-bintang/" "Mozilla/5.0 (Linux; Android 10; K) AppleWebKit/537.36 (KHTML, like Gecko) Chrome/140.0.0.0 Mobile Safari/537.36"
182.62.19.89 - - [07/Oct/2025:15:49:39 +0000] "GET /wp-includes/js/comment-reply.min.js?ver=6.8.3 HTTP/1.1" 200 1375 "https://massageb2bkl.com/massage_b2b_kl/i-97/" "Mozilla/5.0 (Linux; Android 10; K) AppleWebKit/537.36 (KHTML, like Gecko) Chrome/140.0.0.0 Mobile Safari/537.36"
182.62.19.89 - - [07/Oct/2025:15:49:39 +0000] "GET /massage_b2b_kl/i-97/ HTTP/1.1" 200 16480 "https://massageb2bkl.com/massage_b2b_kl/category/bukit-bintang/" "Mozilla/5.0 (Linux; Android 10; K) AppleWebKit/537.36 (KHTML, like Gecko) Chrome/140.0.0.0 Mobile Safari/537.36"
182.62.19.89 - - [07/Oct/2025:15:49:40 +0000] "GET /massage_b2b_kl/tag/outcall-massage-kl/ HTTP/1.1" 200 16525 "https://massageb2bkl.com/massage_b2b_kl/i-97/" "Mozilla/5.0 (Linux; Android 10; K) AppleWebKit/537.36 (KHTML, like Gecko) Chrome/140.0.0.0 Mobile Safari/537.36"
182.62.19.89 - - [07/Oct/2025:15:49:41 +0000] "GET /massage_b2b_kl/tag/best-spa-in-kuala-lumpur/ HTTP/1.1" 200 16530 "https://massageb2bkl.com/massage_b2b_kl/i-97/" "Mozilla/5.0 (Linux; Android 10; K) AppleWebKit/537.36 (KHTML, like Gecko) Chrome/140.0.0.0 Mobile Safari/537.36"
182.62.19.89 - - [07/Oct/2025:15:49:52 +0000] "GET /massage_b2b_kl/t71/ HTTP/1.1" 200 16467 "https://massageb2bkl.com/massage_b2b_kl/category/bukit-bintang/" "Mozilla/5.0 (Linux; Android 10; K) AppleWebKit/537.36 (KHTML, like Gecko) Chrome/140.0.0.0 Mobile Safari/537.36"
182.62.19.89 - - [07/Oct/2025:15:49:54 +0000] "GET /massage_b2b_kl/c82/ HTTP/1.1" 200 16252 "https://massageb2bkl.com/massage_b2b_kl/category/bukit-bintang/" "Mozilla/5.0 (Linux; Android 10; K) AppleWebKit/537.36 (KHTML, like Gecko) Chrome/140.0.0.0 Mobile Safari/537.36"
182.62.19.89 - - [07/Oct/2025:15:49:55 +0000] "GET /massage_b2b_kl/v77/ HTTP/1.1" 200 16253 "https://massageb2bkl.com/massage_b2b_kl/category/bukit-bintang/" "Mozilla/5.0 (Linux; Android 10; K) AppleWebKit/537.36 (KHTML, like Gecko) Chrome/140.0.0.0 Mobile Safari/537.36"
203.161.56.247 - - [07/Oct/2025:15:49:56 +0000] "POST /wp-cron.php?doing_wp_cron=1759852196.9512150287628173828125 HTTP/1.1" 200 - "-" "WordPress/6.8.3; https://massageb2bkl.com"
182.62.19.89 - - [07/Oct/2025:15:49:56 +0000] "GET /massage_b2b_kl/v72/ HTTP/1.1" 200 16255 "https://massageb2bkl.com/massage_b2b_kl/category/bukit-bintang/" "Mozilla/5.0 (Linux; Android 10; K) AppleWebKit/537.36 (KHTML, like Gecko) Chrome/140.0.0.0 Mobile Safari/537.36"
203.161.56.247 - - [07/Oct/2025:15:54:03 +0000] "POST /wp-cron.php?doing_wp_cron=1759852443.1050519943237304687500 HTTP/1.1" 200 - "-" "WordPress/6.8.3; https://massageb2bkl.com"
183.171.249.59 - - [07/Oct/2025:15:54:01 +0000] "GET /massage_b2b_kl/t-78/ HTTP/1.1" 200 16473 "https://www.google.com/" "Mozilla/5.0 (Linux; Android 10; K) AppleWebKit/537.36 (KHTML, like Gecko) Chrome/141.0.0.0 Mobile Safari/537.36"
183.171.249.59 - - [07/Oct/2025:15:54:03 +0000] "GET /wp-content/plugins/click-to-chat-for-whatsapp/new/inc/assets/css/main.css?ver=4.28 HTTP/1.1" 200 736 "https://massageb2bkl.com/massage_b2b_kl/t-78/" "Mozilla/5.0 (Linux; Android 10; K) AppleWebKit/537.36 (KHTML, like Gecko) Chrome/141.0.0.0 Mobile Safari/537.36"
113.211.138.0 - - [07/Oct/2025:16:02:39 +0000] "GET /wp-includes/css/dist/block-library/style.min.css?ver=6.8.2 HTTP/1.1" 200 15315 "-" "Mozilla/5.0 (Linux; Android 10; K) AppleWebKit/537.36 (KHTML, like Gecko) Chrome/140.0.0.0 Mobile Safari/537.36"
113.211.138.0 - - [07/Oct/2025:16:02:39 +0000] "GET /wp-content/plugins/click-to-chat-for-whatsapp/new/inc/assets/css/main.css?ver=4.27 HTTP/1.1" 200 736 "-" "Mozilla/5.0 (Linux; Android 10; K) AppleWebKit/537.36 (KHTML, like Gecko) Chrome/140.0.0.0 Mobile Safari/537.36"
113.211.138.0 - - [07/Oct/2025:16:02:39 +0000] "GET /wp-content/plugins/wp-call-button/assets/block/build/index.css?ver=085f82fba130fc4cf3057de5e2dcc820 HTTP/1.1" 200 334 "-" "Mozilla/5.0 (Linux; Android 10; K) AppleWebKit/537.36 (KHTML, like Gecko) Chrome/140.0.0.0 Mobile Safari/537.36"
203.161.56.247 - - [07/Oct/2025:16:02:39 +0000] "POST /wp-cron.php?doing_wp_cron=1759852959.6348109245300292968750 HTTP/1.1" 200 - "-" "WordPress/6.8.3; https://massageb2bkl.com"
51.161.65.194 - - [07/Oct/2025:16:02:38 +0000] "GET / HTTP/1.1" 200 17196 "-" "Mozilla/5.0 (compatible; AhrefsBot/7.0; +http://ahrefs.com/robot/)"
113.211.138.0 - - [07/Oct/2025:16:02:39 +0000] "GET /wp-content/themes/photomania/third-party/font-awesome/css/all.min.css?ver=6.7.2 HTTP/1.1" 200 21501 "-" "Mozilla/5.0 (Linux; Android 10; K) AppleWebKit/537.36 (KHTML, like Gecko) Chrome/140.0.0.0 Mobile Safari/537.36"
113.211.138.0 - - [07/Oct/2025:16:02:39 +0000] "GET /wp-content/fonts/fba27af34cf8ae03e9e01f2d955da85f.css HTTP/1.1" 200 686 "-" "Mozilla/5.0 (Linux; Android 10; K) AppleWebKit/537.36 (KHTML, like Gecko) Chrome/140.0.0.0 Mobile Safari/537.36"
113.211.138.0 - - [07/Oct/2025:16:02:40 +0000] "GET /wp-content/themes/photomania/third-party/magnific-popup/css/magnific-popup.min.css?ver=1.1.0 HTTP/1.1" 200 1586 "-" "Mozilla/5.0 (Linux; Android 10; K) AppleWebKit/537.36 (KHTML, like Gecko) Chrome/140.0.0.0 Mobile Safari/537.36"
113.211.138.0 - - [07/Oct/2025:16:02:40 +0000] "GET /wp-content/themes/photomania/third-party/sidr/css/jquery.sidr.dark.min.css?ver=2.2.1 HTTP/1.1" 200 1305 "-" "Mozilla/5.0 (Linux; Android 10; K) AppleWebKit/537.36 (KHTML, like Gecko) Chrome/140.0.0.0 Mobile Safari/537.36"
113.211.138.0 - - [07/Oct/2025:16:02:39 +0000] "GET /massage_b2b_kl/m-70/ HTTP/1.1" 200 16497 "https://www.google.com/" "Mozilla/5.0 (Linux; Android 10; K) AppleWebKit/537.36 (KHTML, like Gecko) Chrome/140.0.0.0 Mobile Safari/537.36"
113.211.138.0 - - [07/Oct/2025:16:02:40 +0000] "GET /wp-content/themes/photomania/css/blocks.css?ver=20250702-173701 HTTP/1.1" 200 2738 "-" "Mozilla/5.0 (Linux; Android 10; K) AppleWebKit/537.36 (KHTML, like Gecko) Chrome/140.0.0.0 Mobile Safari/537.36"
113.211.138.0 - - [07/Oct/2025:16:02:40 +0000] "GET /wp-content/themes/photomania/style.css?ver=20250702-173701 HTTP/1.1" 200 18906 "-" "Mozilla/5.0 (Linux; Android 10; K) AppleWebKit/537.36 (KHTML, like Gecko) Chrome/140.0.0.0 Mobile Safari/537.36"
113.211.138.0 - - [07/Oct/2025:16:02:40 +0000] "GET /wp-content/plugins/click-to-chat-for-whatsapp/new/inc/assets/css/main.css?ver=4.28 HTTP/1.1" 200 736 "https://massageb2bkl.com/massage_b2b_kl/m-70/" "Mozilla/5.0 (Linux; Android 10; K) AppleWebKit/537.36 (KHTML, like Gecko) Chrome/140.0.0.0 Mobile Safari/537.36"
113.211.138.0 - - [07/Oct/2025:16:02:40 +0000] "GET /wp-includes/css/dist/block-library/style.min.css?ver=6.8.3 HTTP/1.1" 200 15315 "https://massageb2bkl.com/massage_b2b_kl/m-70/" "Mozilla/5.0 (Linux; Android 10; K) AppleWebKit/537.36 (KHTML, like Gecko) Chrome/140.0.0.0 Mobile Safari/537.36"
113.211.138.0 - - [07/Oct/2025:16:02:40 +0000] "GET /wp-includes/js/jquery/jquery.min.js?ver=3.7.1 HTTP/1.1" 200 30368 "https://massageb2bkl.com/massage_b2b_kl/m-70/" "Mozilla/5.0 (Linux; Android 10; K) AppleWebKit/537.36 (KHTML, like Gecko) Chrome/140.0.0.0 Mobile Safari/537.36"
113.211.138.0 - - [07/Oct/2025:16:02:41 +0000] "GET /wp-includes/js/jquery/jquery-migrate.min.js?ver=3.4.1 HTTP/1.1" 200 4872 "https://massageb2bkl.com/massage_b2b_kl/m-70/" "Mozilla/5.0 (Linux; Android 10; K) AppleWebKit/537.36 (KHTML, like Gecko) Chrome/140.0.0.0 Mobile Safari/537.36"
113.211.138.0 - - [07/Oct/2025:16:02:41 +0000] "GET /wp-content/uploads/2022/04/body-massage-spa-kl-pj.jpg HTTP/1.1" 200 80435 "https://massageb2bkl.com/massage_b2b_kl/m-70/" "Mozilla/5.0 (Linux; Android 10; K) AppleWebKit/537.36 (KHTML, like Gecko) Chrome/140.0.0.0 Mobile Safari/537.36"
113.211.138.0 - - [07/Oct/2025:16:02:41 +0000] "GET /wp-content/themes/photomania/js/skip-link-focus-fix.min.js?ver=20130115 HTTP/1.1" 200 281 "https://massageb2bkl.com/massage_b2b_kl/m-70/" "Mozilla/5.0 (Linux; Android 10; K) AppleWebKit/537.36 (KHTML, like Gecko) Chrome/140.0.0.0 Mobile Safari/537.36"
113.211.138.0 - - [07/Oct/2025:16:02:41 +0000] "GET /wp-content/uploads/2022/08/M70.jpg HTTP/1.1" 200 122101 "https://massageb2bkl.com/massage_b2b_kl/m-70/" "Mozilla/5.0 (Linux; Android 10; K) AppleWebKit/537.36 (KHTML, like Gecko) Chrome/140.0.0.0 Mobile Safari/537.36"
113.211.138.0 - - [07/Oct/2025:16:02:41 +0000] "GET /wp-content/themes/photomania/third-party/sidr/js/jquery.sidr.min.js?ver=2.2.1 HTTP/1.1" 200 2478 "https://massageb2bkl.com/massage_b2b_kl/m-70/" "Mozilla/5.0 (Linux; Android 10; K) AppleWebKit/537.36 (KHTML, like Gecko) Chrome/140.0.0.0 Mobile Safari/537.36"
113.211.138.0 - - [07/Oct/2025:16:02:41 +0000] "GET /wp-content/themes/photomania/third-party/cycle2/js/jquery.cycle2.min.js?ver=2.1.6 HTTP/1.1" 200 6730 "https://massageb2bkl.com/massage_b2b_kl/m-70/" "Mozilla/5.0 (Linux; Android 10; K) AppleWebKit/537.36 (KHTML, like Gecko) Chrome/140.0.0.0 Mobile Safari/537.36"
113.211.138.0 - - [07/Oct/2025:16:02:41 +0000] "GET /wp-content/themes/photomania/third-party/magnific-popup/js/jquery.magnific-popup.min.js?ver=1.1.0 HTTP/1.1" 200 7182 "https://massageb2bkl.com/massage_b2b_kl/m-70/" "Mozilla/5.0 (Linux; Android 10; K) AppleWebKit/537.36 (KHTML, like Gecko) Chrome/140.0.0.0 Mobile Safari/537.36"
202.8.43.235 - - [07/Oct/2025:16:02:40 +0000] "GET /robots.txt HTTP/1.1" 200 121 "-" "Mozilla/5.0 (compatible; AhrefsBot/7.0; +http://ahrefs.com/robot/)"
113.211.138.0 - - [07/Oct/2025:16:02:41 +0000] "GET /wp-content/fonts/rajdhani/LDIxapCSOBg7S-QT7p4HM-Y.woff2 HTTP/1.1" 200 14999 "https://massageb2bkl.com/wp-content/fonts/fba27af34cf8ae03e9e01f2d955da85f.css" "Mozilla/5.0 (Linux; Android 10; K) AppleWebKit/537.36 (KHTML, like Gecko) Chrome/140.0.0.0 Mobile Safari/537.36"
113.211.138.0 - - [07/Oct/2025:16:02:41 +0000] "GET /wp-content/fonts/rajdhani/LDI2apCSOBg7S-QT7pa8FvOreec.woff2 HTTP/1.1" 200 15711 "https://massageb2bkl.com/wp-content/fonts/fba27af34cf8ae03e9e01f2d955da85f.css" "Mozilla/5.0 (Linux; Android 10; K) AppleWebKit/537.36 (KHTML, like Gecko) Chrome/140.0.0.0 Mobile Safari/537.36"
113.211.138.0 - - [07/Oct/2025:16:02:41 +0000] "GET /wp-content/fonts/rajdhani/LDI2apCSOBg7S-QT7pb0EPOreec.woff2 HTTP/1.1" 200 15107 "https://massageb2bkl.com/wp-content/fonts/fba27af34cf8ae03e9e01f2d955da85f.css" "Mozilla/5.0 (Linux; Android 10; K) AppleWebKit/537.36 (KHTML, like Gecko) Chrome/140.0.0.0 Mobile Safari/537.36"
113.211.138.0 - - [07/Oct/2025:16:02:41 +0000] "GET /wp-includes/js/underscore.min.js?ver=1.13.7 HTTP/1.1" 200 7317 "https://massageb2bkl.com/massage_b2b_kl/m-70/" "Mozilla/5.0 (Linux; Android 10; K) AppleWebKit/537.36 (KHTML, like Gecko) Chrome/140.0.0.0 Mobile Safari/537.36"
113.211.138.0 - - [07/Oct/2025:16:02:41 +0000] "GET /wp-includes/js/wp-util.min.js?ver=6.8.3 HTTP/1.1" 200 756 "https://massageb2bkl.com/massage_b2b_kl/m-70/" "Mozilla/5.0 (Linux; Android 10; K) AppleWebKit/537.36 (KHTML, like Gecko) Chrome/140.0.0.0 Mobile Safari/537.36"
113.211.138.0 - - [07/Oct/2025:16:02:41 +0000] "GET /wp-content/themes/photomania/third-party/font-awesome/webfonts/fa-solid-900.woff2 HTTP/1.1" 200 158263 "https://massageb2bkl.com/wp-content/themes/photomania/third-party/font-awesome/css/all.min.css?ver=6.7.2" "Mozilla/5.0 (Linux; Android 10; K) AppleWebKit/537.36 (KHTML, like Gecko) Chrome/140.0.0.0 Mobile Safari/537.36"
113.211.138.0 - - [07/Oct/2025:16:02:41 +0000] "GET /wp-content/themes/photomania/third-party/font-awesome/webfonts/fa-brands-400.woff2 HTTP/1.1" 200 118686 "https://massageb2bkl.com/wp-content/themes/photomania/third-party/font-awesome/css/all.min.css?ver=6.7.2" "Mozilla/5.0 (Linux; Android 10; K) AppleWebKit/537.36 (KHTML, like Gecko) Chrome/140.0.0.0 Mobile Safari/537.36"
202.8.42.4 - - [07/Oct/2025:16:02:41 +0000] "GET /wp-content/themes/photomania/css/blocks.css?ver=20250702-173701 HTTP/1.1" 200 2738 "https://massageb2bkl.com/" "Mozilla/5.0 (compatible; AhrefsBot/7.0; +http://ahrefs.com/robot/)"
113.211.138.0 - - [07/Oct/2025:16:02:41 +0000] "GET /wp-includes/js/imagesloaded.min.js?ver=5.0.0 HTTP/1.1" 200 1803 "https://massageb2bkl.com/massage_b2b_kl/m-70/" "Mozilla/5.0 (Linux; Android 10; K) AppleWebKit/537.36 (KHTML, like Gecko) Chrome/140.0.0.0 Mobile Safari/537.36"
202.8.42.4 - - [07/Oct/2025:16:02:41 +0000] "GET /wp-content/themes/photomania/third-party/magnific-popup/css/magnific-popup.min.css?ver=1.1.0 HTTP/1.1" 200 1586 "https://massageb2bkl.com/" "Mozilla/5.0 (compatible; AhrefsBot/7.0; +http://ahrefs.com/robot/)"
202.8.42.4 - - [07/Oct/2025:16:02:41 +0000] "GET /wp-content/themes/photomania/third-party/font-awesome/css/all.min.css?ver=6.7.2 HTTP/1.1" 200 21501 "https://massageb2bkl.com/" "Mozilla/5.0 (compatible; AhrefsBot/7.0; +http://ahrefs.com/robot/)"
113.211.138.0 - - [07/Oct/2025:16:02:41 +0000] "GET /wp-includes/js/masonry.min.js?ver=4.2.2 HTTP/1.1" 200 7382 "https://massageb2bkl.com/massage_b2b_kl/m-70/" "Mozilla/5.0 (Linux; Android 10; K) AppleWebKit/537.36 (KHTML, like Gecko) Chrome/140.0.0.0 Mobile Safari/537.36"
202.8.42.4 - - [07/Oct/2025:16:02:41 +0000] "GET /wp-content/fonts/fba27af34cf8ae03e9e01f2d955da85f.css HTTP/1.1" 200 686 "https://massageb2bkl.com/" "Mozilla/5.0 (compatible; AhrefsBot/7.0; +http://ahrefs.com/robot/)"
202.8.42.4 - - [07/Oct/2025:16:02:41 +0000] "GET /wp-includes/css/dist/block-library/style.min.css?ver=6.8.3 HTTP/1.1" 200 15315 "https://massageb2bkl.com/" "Mozilla/5.0 (compatible; AhrefsBot/7.0; +http://ahrefs.com/robot/)"
202.8.42.4 - - [07/Oct/2025:16:02:41 +0000] "GET /wp-content/themes/photomania/style.css?ver=20250702-173701 HTTP/1.1" 200 18906 "https://massageb2bkl.com/" "Mozilla/5.0 (compatible; AhrefsBot/7.0; +http://ahrefs.com/robot/)"
202.8.42.4 - - [07/Oct/2025:16:02:42 +0000] "GET /wp-content/plugins/wp-call-button/assets/block/build/index.css?ver=085f82fba130fc4cf3057de5e2dcc820 HTTP/1.1" 200 334 "https://massageb2bkl.com/" "Mozilla/5.0 (compatible; AhrefsBot/7.0; +http://ahrefs.com/robot/)"
202.8.42.4 - - [07/Oct/2025:16:02:42 +0000] "GET /wp-content/plugins/click-to-chat-for-whatsapp/new/inc/assets/css/main.css?ver=4.28 HTTP/1.1" 200 736 "https://massageb2bkl.com/" "Mozilla/5.0 (compatible; AhrefsBot/7.0; +http://ahrefs.com/robot/)"
202.8.42.4 - - [07/Oct/2025:16:02:42 +0000] "GET /wp-content/themes/photomania/third-party/sidr/css/jquery.sidr.dark.min.css?ver=2.2.1 HTTP/1.1" 200 1305 "https://massageb2bkl.com/" "Mozilla/5.0 (compatible; AhrefsBot/7.0; +http://ahrefs.com/robot/)"
202.8.42.4 - - [07/Oct/2025:16:02:42 +0000] "GET /wp-includes/js/jquery/jquery-migrate.min.js?ver=3.4.1 HTTP/1.1" 200 4872 "https://massageb2bkl.com/" "Mozilla/5.0 (compatible; AhrefsBot/7.0; +http://ahrefs.com/robot/)"
202.8.42.4 - - [07/Oct/2025:16:02:42 +0000] "GET /wp-content/themes/photomania/third-party/cycle2/js/jquery.cycle2.min.js?ver=2.1.6 HTTP/1.1" 200 6730 "https://massageb2bkl.com/" "Mozilla/5.0 (compatible; AhrefsBot/7.0; +http://ahrefs.com/robot/)"
202.8.42.4 - - [07/Oct/2025:16:02:42 +0000] "GET /wp-includes/js/jquery/jquery.min.js?ver=3.7.1 HTTP/1.1" 200 30368 "https://massageb2bkl.com/" "Mozilla/5.0 (compatible; AhrefsBot/7.0; +http://ahrefs.com/robot/)"
202.8.42.4 - - [07/Oct/2025:16:02:42 +0000] "GET /wp-content/themes/photomania/js/skip-link-focus-fix.min.js?ver=20130115 HTTP/1.1" 200 281 "https://massageb2bkl.com/" "Mozilla/5.0 (compatible; AhrefsBot/7.0; +http://ahrefs.com/robot/)"
113.211.138.0 - - [07/Oct/2025:16:02:42 +0000] "GET /wp-content/themes/photomania/js/custom.min.js?ver=1.0.0 HTTP/1.1" 200 806 "https://massageb2bkl.com/massage_b2b_kl/m-70/" "Mozilla/5.0 (Linux; Android 10; K) AppleWebKit/537.36 (KHTML, like Gecko) Chrome/140.0.0.0 Mobile Safari/537.36"
113.211.138.0 - - [07/Oct/2025:16:02:42 +0000] "GET /wp-content/plugins/google-analytics-for-wordpress/assets/js/frontend-gtag.min.js?ver=9.8.0 HTTP/1.1" 200 3277 "https://massageb2bkl.com/massage_b2b_kl/m-70/" "Mozilla/5.0 (Linux; Android 10; K) AppleWebKit/537.36 (KHTML, like Gecko) Chrome/140.0.0.0 Mobile Safari/537.36"
113.211.138.0 - - [07/Oct/2025:16:02:42 +0000] "GET /wp-content/plugins/click-to-chat-for-whatsapp/new/inc/assets/js/app.js?ver=4.28 HTTP/1.1" 200 3560 "https://massageb2bkl.com/massage_b2b_kl/m-70/" "Mozilla/5.0 (Linux; Android 10; K) AppleWebKit/537.36 (KHTML, like Gecko) Chrome/140.0.0.0 Mobile Safari/537.36"
202.8.42.4 - - [07/Oct/2025:16:02:42 +0000] "GET /wp-content/themes/photomania/third-party/sidr/js/jquery.sidr.min.js?ver=2.2.1 HTTP/1.1" 200 2478 "https://massageb2bkl.com/" "Mozilla/5.0 (compatible; AhrefsBot/7.0; +http://ahrefs.com/robot/)"
113.211.138.0 - - [07/Oct/2025:16:02:42 +0000] "GET /wp-includes/js/comment-reply.min.js?ver=6.8.3 HTTP/1.1" 200 1375 "https://massageb2bkl.com/massage_b2b_kl/m-70/" "Mozilla/5.0 (Linux; Android 10; K) AppleWebKit/537.36 (KHTML, like Gecko) Chrome/140.0.0.0 Mobile Safari/537.36"
202.8.42.4 - - [07/Oct/2025:16:02:42 +0000] "GET /wp-content/themes/photomania/third-party/magnific-popup/js/jquery.magnific-popup.min.js?ver=1.1.0 HTTP/1.1" 200 7182 "https://massageb2bkl.com/" "Mozilla/5.0 (compatible; AhrefsBot/7.0; +http://ahrefs.com/robot/)"
202.8.42.4 - - [07/Oct/2025:16:02:42 +0000] "GET /wp-includes/js/imagesloaded.min.js?ver=5.0.0 HTTP/1.1" 200 1803 "https://massageb2bkl.com/" "Mozilla/5.0 (compatible; AhrefsBot/7.0; +http://ahrefs.com/robot/)"
202.8.42.4 - - [07/Oct/2025:16:02:42 +0000] "GET /wp-includes/js/wp-util.min.js?ver=6.8.3 HTTP/1.1" 200 756 "https://massageb2bkl.com/" "Mozilla/5.0 (compatible; AhrefsBot/7.0; +http://ahrefs.com/robot/)"
202.8.42.4 - - [07/Oct/2025:16:02:42 +0000] "GET /wp-includes/js/underscore.min.js?ver=1.13.7 HTTP/1.1" 200 7317 "https://massageb2bkl.com/" "Mozilla/5.0 (compatible; AhrefsBot/7.0; +http://ahrefs.com/robot/)"
202.8.42.4 - - [07/Oct/2025:16:02:42 +0000] "GET /wp-content/themes/photomania/js/custom.min.js?ver=1.0.0 HTTP/1.1" 200 806 "https://massageb2bkl.com/" "Mozilla/5.0 (compatible; AhrefsBot/7.0; +http://ahrefs.com/robot/)"
202.8.42.4 - - [07/Oct/2025:16:02:42 +0000] "GET /wp-includes/js/masonry.min.js?ver=4.2.2 HTTP/1.1" 200 7382 "https://massageb2bkl.com/" "Mozilla/5.0 (compatible; AhrefsBot/7.0; +http://ahrefs.com/robot/)"
202.8.42.4 - - [07/Oct/2025:16:02:42 +0000] "GET /wp-content/plugins/click-to-chat-for-whatsapp/new/inc/assets/js/app.js?ver=4.28 HTTP/1.1" 200 3560 "https://massageb2bkl.com/" "Mozilla/5.0 (compatible; AhrefsBot/7.0; +http://ahrefs.com/robot/)"
202.8.42.4 - - [07/Oct/2025:16:02:42 +0000] "GET /wp-content/fonts/rajdhani/LDI2apCSOBg7S-QT7pb0EPOreec.woff2 HTTP/1.1" 200 15107 "https://massageb2bkl.com/wp-content/fonts/fba27af34cf8ae03e9e01f2d955da85f.css" "Mozilla/5.0 (compatible; AhrefsBot/7.0; +http://ahrefs.com/robot/)"
202.8.42.4 - - [07/Oct/2025:16:02:42 +0000] "GET /wp-content/fonts/rajdhani/LDIxapCSOBg7S-QT7p4HM-Y.woff2 HTTP/1.1" 200 14999 "https://massageb2bkl.com/wp-content/fonts/fba27af34cf8ae03e9e01f2d955da85f.css" "Mozilla/5.0 (compatible; AhrefsBot/7.0; +http://ahrefs.com/robot/)"
202.8.42.4 - - [07/Oct/2025:16:02:42 +0000] "GET /wp-content/fonts/rajdhani/LDI2apCSOBg7S-QT7pa8FvOreec.woff2 HTTP/1.1" 200 15711 "https://massageb2bkl.com/wp-content/fonts/fba27af34cf8ae03e9e01f2d955da85f.css" "Mozilla/5.0 (compatible; AhrefsBot/7.0; +http://ahrefs.com/robot/)"
202.8.42.4 - - [07/Oct/2025:16:02:42 +0000] "GET /wp-includes/js/wp-emoji-release.min.js?ver=6.8.3 HTTP/1.1" 200 5163 "https://massageb2bkl.com/" "Mozilla/5.0 (compatible; AhrefsBot/7.0; +http://ahrefs.com/robot/)"
202.8.42.4 - - [07/Oct/2025:16:02:42 +0000] "GET /wp-content/themes/photomania/third-party/font-awesome/webfonts/fa-solid-900.woff2 HTTP/1.1" 200 158263 "https://massageb2bkl.com/wp-content/themes/photomania/third-party/font-awesome/css/all.min.css?ver=6.7.2" "Mozilla/5.0 (compatible; AhrefsBot/7.0; +http://ahrefs.com/robot/)"
202.8.42.4 - - [07/Oct/2025:16:02:42 +0000] "GET /wp-content/themes/photomania/third-party/font-awesome/webfonts/fa-brands-400.woff2 HTTP/1.1" 200 118686 "https://massageb2bkl.com/wp-content/themes/photomania/third-party/font-awesome/css/all.min.css?ver=6.7.2" "Mozilla/5.0 (compatible; AhrefsBot/7.0; +http://ahrefs.com/robot/)"
113.211.138.0 - - [07/Oct/2025:16:02:42 +0000] "GET /wp-content/uploads/2022/04/cropped-iconfinder_kl-elegant-massage-192x192.png HTTP/1.1" 200 42380 "https://massageb2bkl.com/massage_b2b_kl/m-70/" "Mozilla/5.0 (Linux; Android 10; K) AppleWebKit/537.36 (KHTML, like Gecko) Chrome/140.0.0.0 Mobile Safari/537.36"
113.211.138.0 - - [07/Oct/2025:16:02:42 +0000] "GET /wp-content/uploads/2022/04/cropped-iconfinder_kl-elegant-massage-180x180.png HTTP/1.1" 200 38136 "https://massageb2bkl.com/massage_b2b_kl/m-70/" "Mozilla/5.0 (Linux; Android 10; K) AppleWebKit/537.36 (KHTML, like Gecko) Chrome/140.0.0.0 Mobile Safari/537.36"
203.161.56.247 - - [07/Oct/2025:16:03:04 +0000] "POST /wp-cron.php?doing_wp_cron=1759852984.6340899467468261718750 HTTP/1.1" 200 - "-" "WordPress/6.8.3; https://massageb2bkl.com"
113.211.138.0 - - [07/Oct/2025:16:03:03 +0000] "GET /massage_b2b_kl/category/sunway-velocity/ HTTP/1.1" 200 17421 "https://massageb2bkl.com/massage_b2b_kl/m-70/" "Mozilla/5.0 (Linux; Android 10; K) AppleWebKit/537.36 (KHTML, like Gecko) Chrome/140.0.0.0 Mobile Safari/537.36"
113.211.138.0 - - [07/Oct/2025:16:03:26 +0000] "GET /massage_b2b_kl/tag/massage-near-me/ HTTP/1.1" 200 16523 "https://massageb2bkl.com/massage_b2b_kl/m-70/" "Mozilla/5.0 (Linux; Android 10; K) AppleWebKit/537.36 (KHTML, like Gecko) Chrome/140.0.0.0 Mobile Safari/537.36"
113.211.138.0 - - [07/Oct/2025:16:03:53 +0000] "GET /wp-content/uploads/2022/08/M70.jpg HTTP/1.1" 200 122101 "https://www.google.com/" "Mozilla/5.0 (Linux; Android 15; SM-S928B Build/AP3A.240905.015.A2; wv) AppleWebKit/537.36 (KHTML, like Gecko) Version/4.0 Chrome/140.0.7339.207 Mobile Safari/537.36 GoogleApp/16.38.63.ve.arm64"
113.211.138.0 - - [07/Oct/2025:16:03:55 +0000] "GET /wp-content/uploads/2022/08/M78.jpg HTTP/1.1" 200 112433 "https://www.google.com/" "Mozilla/5.0 (Linux; Android 15; SM-S928B Build/AP3A.240905.015.A2; wv) AppleWebKit/537.36 (KHTML, like Gecko) Version/4.0 Chrome/140.0.7339.207 Mobile Safari/537.36 GoogleApp/16.38.63.ve.arm64"
113.211.138.0 - - [07/Oct/2025:16:04:00 +0000] "GET /wp-content/uploads/2024/02/M22.jpg HTTP/1.1" 200 108819 "https://www.google.com/" "Mozilla/5.0 (Linux; Android 15; SM-S928B Build/AP3A.240905.015.A2; wv) AppleWebKit/537.36 (KHTML, like Gecko) Version/4.0 Chrome/140.0.7339.207 Mobile Safari/537.36 GoogleApp/16.38.63.ve.arm64"
203.161.56.247 - - [07/Oct/2025:16:22:20 +0000] "POST /wp-cron.php?doing_wp_cron=1759854140.5749790668487548828125 HTTP/1.1" 200 - "-" "WordPress/6.8.3; https://massageb2bkl.com"
43.153.27.244 - - [07/Oct/2025:16:22:19 +0000] "GET / HTTP/1.1" 200 17196 "-" "Mozilla/5.0 (iPhone; CPU iPhone OS 13_2_3 like Mac OS X) AppleWebKit/605.1.15 (KHTML, like Gecko) Version/13.0.3 Mobile/15E148 Safari/604.1"
203.161.56.247 - - [07/Oct/2025:16:24:45 +0000] "POST /wp-cron.php?doing_wp_cron=1759854284.9773499965667724609375 HTTP/1.1" 200 - "-" "WordPress/6.8.3; https://massageb2bkl.com"
103.97.126.116 - - [07/Oct/2025:16:24:43 +0000] "POST /xmlrpc.php HTTP/1.1" 200 225 "-" "Mozilla/5.0 (X11; Ubuntu; Linux x86_64; rv:85.0) Gecko/20100101 Firefox/91.0"
216.73.216.152 - - [07/Oct/2025:16:24:48 +0000] "GET /robots.txt HTTP/1.1" 200 121 "-" "Mozilla/5.0 AppleWebKit/537.36 (KHTML, like Gecko; compatible; ClaudeBot/1.0; +claudebot@anthropic.com)"
216.73.216.152 - - [07/Oct/2025:16:24:49 +0000] "GET /sitemap.rss HTTP/1.1" 200 993 "-" "Mozilla/5.0 AppleWebKit/537.36 (KHTML, like Gecko; compatible; ClaudeBot/1.0; +claudebot@anthropic.com)"
203.161.56.247 - - [07/Oct/2025:16:27:05 +0000] "POST /wp-cron.php?doing_wp_cron=1759854425.0417850017547607421875 HTTP/1.1" 200 - "-" "WordPress/6.8.3; https://massageb2bkl.com"
161.142.151.62 - - [07/Oct/2025:16:27:03 +0000] "GET /massage_b2b_kl/category/petaling-jaya/ HTTP/1.1" 200 17407 "https://www.google.com/" "Mozilla/5.0 (iPhone; CPU iPhone OS 18_6_2 like Mac OS X) AppleWebKit/605.1.15 (KHTML, like Gecko) Version/18.6 Mobile/15E148 Safari/604.1"
161.142.151.62 - - [07/Oct/2025:16:27:05 +0000] "GET /wp-content/plugins/click-to-chat-for-whatsapp/new/inc/assets/css/main.css?ver=4.28 HTTP/1.1" 200 736 "https://massageb2bkl.com/massage_b2b_kl/category/petaling-jaya/" "Mozilla/5.0 (iPhone; CPU iPhone OS 18_6_2 like Mac OS X) AppleWebKit/605.1.15 (KHTML, like Gecko) Version/18.6 Mobile/15E148 Safari/604.1"
161.142.151.62 - - [07/Oct/2025:16:27:05 +0000] "GET /wp-content/themes/photomania/third-party/sidr/css/jquery.sidr.dark.min.css?ver=2.2.1 HTTP/1.1" 200 1305 "https://massageb2bkl.com/massage_b2b_kl/category/petaling-jaya/" "Mozilla/5.0 (iPhone; CPU iPhone OS 18_6_2 like Mac OS X) AppleWebKit/605.1.15 (KHTML, like Gecko) Version/18.6 Mobile/15E148 Safari/604.1"
161.142.151.62 - - [07/Oct/2025:16:27:05 +0000] "GET /wp-content/themes/photomania/third-party/magnific-popup/css/magnific-popup.min.css?ver=1.1.0 HTTP/1.1" 200 1586 "https://massageb2bkl.com/massage_b2b_kl/category/petaling-jaya/" "Mozilla/5.0 (iPhone; CPU iPhone OS 18_6_2 like Mac OS X) AppleWebKit/605.1.15 (KHTML, like Gecko) Version/18.6 Mobile/15E148 Safari/604.1"
161.142.151.62 - - [07/Oct/2025:16:27:05 +0000] "GET /wp-content/themes/photomania/style.css?ver=20250702-173701 HTTP/1.1" 200 18906 "https://massageb2bkl.com/massage_b2b_kl/category/petaling-jaya/" "Mozilla/5.0 (iPhone; CPU iPhone OS 18_6_2 like Mac OS X) AppleWebKit/605.1.15 (KHTML, like Gecko) Version/18.6 Mobile/15E148 Safari/604.1"
161.142.151.62 - - [07/Oct/2025:16:27:06 +0000] "GET /wp-content/fonts/fba27af34cf8ae03e9e01f2d955da85f.css HTTP/1.1" 200 686 "https://massageb2bkl.com/massage_b2b_kl/category/petaling-jaya/" "Mozilla/5.0 (iPhone; CPU iPhone OS 18_6_2 like Mac OS X) AppleWebKit/605.1.15 (KHTML, like Gecko) Version/18.6 Mobile/15E148 Safari/604.1"
161.142.151.62 - - [07/Oct/2025:16:27:06 +0000] "GET /wp-includes/css/dist/block-library/style.min.css?ver=6.8.3 HTTP/1.1" 200 15315 "https://massageb2bkl.com/massage_b2b_kl/category/petaling-jaya/" "Mozilla/5.0 (iPhone; CPU iPhone OS 18_6_2 like Mac OS X) AppleWebKit/605.1.15 (KHTML, like Gecko) Version/18.6 Mobile/15E148 Safari/604.1"
161.142.151.62 - - [07/Oct/2025:16:27:06 +0000] "GET /wp-content/themes/photomania/third-party/font-awesome/css/all.min.css?ver=6.7.2 HTTP/1.1" 200 21501 "https://massageb2bkl.com/massage_b2b_kl/category/petaling-jaya/" "Mozilla/5.0 (iPhone; CPU iPhone OS 18_6_2 like Mac OS X) AppleWebKit/605.1.15 (KHTML, like Gecko) Version/18.6 Mobile/15E148 Safari/604.1"
161.142.151.62 - - [07/Oct/2025:16:27:06 +0000] "GET /wp-content/plugins/wp-call-button/assets/block/build/index.css?ver=085f82fba130fc4cf3057de5e2dcc820 HTTP/1.1" 200 334 "https://massageb2bkl.com/massage_b2b_kl/category/petaling-jaya/" "Mozilla/5.0 (iPhone; CPU iPhone OS 18_6_2 like Mac OS X) AppleWebKit/605.1.15 (KHTML, like Gecko) Version/18.6 Mobile/15E148 Safari/604.1"
161.142.151.62 - - [07/Oct/2025:16:27:06 +0000] "GET /wp-includes/js/jquery/jquery-migrate.min.js?ver=3.4.1 HTTP/1.1" 200 4872 "https://massageb2bkl.com/massage_b2b_kl/category/petaling-jaya/" "Mozilla/5.0 (iPhone; CPU iPhone OS 18_6_2 like Mac OS X) AppleWebKit/605.1.15 (KHTML, like Gecko) Version/18.6 Mobile/15E148 Safari/604.1"
161.142.151.62 - - [07/Oct/2025:16:27:06 +0000] "GET /wp-content/plugins/google-analytics-for-wordpress/assets/js/frontend-gtag.min.js?ver=9.8.0 HTTP/1.1" 200 3277 "https://massageb2bkl.com/massage_b2b_kl/category/petaling-jaya/" "Mozilla/5.0 (iPhone; CPU iPhone OS 18_6_2 like Mac OS X) AppleWebKit/605.1.15 (KHTML, like Gecko) Version/18.6 Mobile/15E148 Safari/604.1"
161.142.151.62 - - [07/Oct/2025:16:27:06 +0000] "GET /wp-includes/js/jquery/jquery.min.js?ver=3.7.1 HTTP/1.1" 200 30368 "https://massageb2bkl.com/massage_b2b_kl/category/petaling-jaya/" "Mozilla/5.0 (iPhone; CPU iPhone OS 18_6_2 like Mac OS X) AppleWebKit/605.1.15 (KHTML, like Gecko) Version/18.6 Mobile/15E148 Safari/604.1"
161.142.151.62 - - [07/Oct/2025:16:27:06 +0000] "GET /wp-content/plugins/click-to-chat-for-whatsapp/new/inc/assets/js/app.js?ver=4.28 HTTP/1.1" 200 3560 "https://massageb2bkl.com/massage_b2b_kl/category/petaling-jaya/" "Mozilla/5.0 (iPhone; CPU iPhone OS 18_6_2 like Mac OS X) AppleWebKit/605.1.15 (KHTML, like Gecko) Version/18.6 Mobile/15E148 Safari/604.1"
161.142.151.62 - - [07/Oct/2025:16:27:06 +0000] "GET /wp-content/themes/photomania/js/skip-link-focus-fix.min.js?ver=20130115 HTTP/1.1" 200 281 "https://massageb2bkl.com/massage_b2b_kl/category/petaling-jaya/" "Mozilla/5.0 (iPhone; CPU iPhone OS 18_6_2 like Mac OS X) AppleWebKit/605.1.15 (KHTML, like Gecko) Version/18.6 Mobile/15E148 Safari/604.1"
161.142.151.62 - - [07/Oct/2025:16:27:06 +0000] "GET /wp-content/themes/photomania/third-party/cycle2/js/jquery.cycle2.min.js?ver=2.1.6 HTTP/1.1" 200 6730 "https://massageb2bkl.com/massage_b2b_kl/category/petaling-jaya/" "Mozilla/5.0 (iPhone; CPU iPhone OS 18_6_2 like Mac OS X) AppleWebKit/605.1.15 (KHTML, like Gecko) Version/18.6 Mobile/15E148 Safari/604.1"
161.142.151.62 - - [07/Oct/2025:16:27:06 +0000] "GET /wp-content/themes/photomania/third-party/sidr/js/jquery.sidr.min.js?ver=2.2.1 HTTP/1.1" 200 2478 "https://massageb2bkl.com/massage_b2b_kl/category/petaling-jaya/" "Mozilla/5.0 (iPhone; CPU iPhone OS 18_6_2 like Mac OS X) AppleWebKit/605.1.15 (KHTML, like Gecko) Version/18.6 Mobile/15E148 Safari/604.1"
161.142.151.62 - - [07/Oct/2025:16:27:06 +0000] "GET /wp-content/themes/photomania/css/blocks.css?ver=20250702-173701 HTTP/1.1" 200 2738 "https://massageb2bkl.com/massage_b2b_kl/category/petaling-jaya/" "Mozilla/5.0 (iPhone; CPU iPhone OS 18_6_2 like Mac OS X) AppleWebKit/605.1.15 (KHTML, like Gecko) Version/18.6 Mobile/15E148 Safari/604.1"
161.142.151.62 - - [07/Oct/2025:16:27:06 +0000] "GET /wp-content/themes/photomania/third-party/magnific-popup/js/jquery.magnific-popup.min.js?ver=1.1.0 HTTP/1.1" 200 7182 "https://massageb2bkl.com/massage_b2b_kl/category/petaling-jaya/" "Mozilla/5.0 (iPhone; CPU iPhone OS 18_6_2 like Mac OS X) AppleWebKit/605.1.15 (KHTML, like Gecko) Version/18.6 Mobile/15E148 Safari/604.1"
161.142.151.62 - - [07/Oct/2025:16:27:06 +0000] "GET /wp-includes/js/underscore.min.js?ver=1.13.7 HTTP/1.1" 200 7317 "https://massageb2bkl.com/massage_b2b_kl/category/petaling-jaya/" "Mozilla/5.0 (iPhone; CPU iPhone OS 18_6_2 like Mac OS X) AppleWebKit/605.1.15 (KHTML, like Gecko) Version/18.6 Mobile/15E148 Safari/604.1"
161.142.151.62 - - [07/Oct/2025:16:27:06 +0000] "GET /wp-includes/js/wp-util.min.js?ver=6.8.3 HTTP/1.1" 200 756 "https://massageb2bkl.com/massage_b2b_kl/category/petaling-jaya/" "Mozilla/5.0 (iPhone; CPU iPhone OS 18_6_2 like Mac OS X) AppleWebKit/605.1.15 (KHTML, like Gecko) Version/18.6 Mobile/15E148 Safari/604.1"
161.142.151.62 - - [07/Oct/2025:16:27:07 +0000] "GET /wp-includes/js/imagesloaded.min.js?ver=5.0.0 HTTP/1.1" 200 1803 "https://massageb2bkl.com/massage_b2b_kl/category/petaling-jaya/" "Mozilla/5.0 (iPhone; CPU iPhone OS 18_6_2 like Mac OS X) AppleWebKit/605.1.15 (KHTML, like Gecko) Version/18.6 Mobile/15E148 Safari/604.1"
161.142.151.62 - - [07/Oct/2025:16:27:07 +0000] "GET /wp-includes/js/masonry.min.js?ver=4.2.2 HTTP/1.1" 200 7382 "https://massageb2bkl.com/massage_b2b_kl/category/petaling-jaya/" "Mozilla/5.0 (iPhone; CPU iPhone OS 18_6_2 like Mac OS X) AppleWebKit/605.1.15 (KHTML, like Gecko) Version/18.6 Mobile/15E148 Safari/604.1"
161.142.151.62 - - [07/Oct/2025:16:27:06 +0000] "GET /wp-content/uploads/2024/02/M22.jpg HTTP/1.1" 200 108819 "https://massageb2bkl.com/massage_b2b_kl/category/petaling-jaya/" "Mozilla/5.0 (iPhone; CPU iPhone OS 18_6_2 like Mac OS X) AppleWebKit/605.1.15 (KHTML, like Gecko) Version/18.6 Mobile/15E148 Safari/604.1"
161.142.151.62 - - [07/Oct/2025:16:27:07 +0000] "GET /wp-content/themes/photomania/js/custom.min.js?ver=1.0.0 HTTP/1.1" 200 806 "https://massageb2bkl.com/massage_b2b_kl/category/petaling-jaya/" "Mozilla/5.0 (iPhone; CPU iPhone OS 18_6_2 like Mac OS X) AppleWebKit/605.1.15 (KHTML, like Gecko) Version/18.6 Mobile/15E148 Safari/604.1"
161.142.151.62 - - [07/Oct/2025:16:27:07 +0000] "GET /wp-content/fonts/rajdhani/LDI2apCSOBg7S-QT7pa8FvOreec.woff2 HTTP/1.1" 200 15711 "https://massageb2bkl.com/massage_b2b_kl/category/petaling-jaya/" "Mozilla/5.0 (iPhone; CPU iPhone OS 18_6_2 like Mac OS X) AppleWebKit/605.1.15 (KHTML, like Gecko) Version/18.6 Mobile/15E148 Safari/604.1"
161.142.151.62 - - [07/Oct/2025:16:27:07 +0000] "GET /wp-content/fonts/rajdhani/LDIxapCSOBg7S-QT7p4HM-Y.woff2 HTTP/1.1" 200 14999 "https://massageb2bkl.com/massage_b2b_kl/category/petaling-jaya/" "Mozilla/5.0 (iPhone; CPU iPhone OS 18_6_2 like Mac OS X) AppleWebKit/605.1.15 (KHTML, like Gecko) Version/18.6 Mobile/15E148 Safari/604.1"
